213.186.1.154 - - [15/May/2026:09:05:29 +0000] "GET /cartoons/Other_Studios/D/DreamWorks_Animation/index.html HTTP/1.1" 500 - "-" "Mediatoolkitbot ([email protected])"
187.85.75.157 - - [15/May/2026:09:05:46 +0000] "GET /cartoons/Other_Studios/D/DePatie-Freleng_Enterprises/Pink_Panther/ HTTP/1.1" 500 - "http://www.bcdb.com/" "Mozilla/5.0 (Macintosh; Intel Mac OS X 10_15_7) AppleWebKit/537.36 (KHTML, like Gecko) Chrome/143.0.0.0 Safari/537.36"
72.195.114.184 - - [15/May/2026:09:05:47 +0000] "GET /cartoons/Other_Studios/D/DePatie-Freleng_Enterprises/Pink_Panther/ HTTP/1.1" 500 - "http://www.bcdb.com/" "Mozilla/5.0 (Macintosh; Intel Mac OS X 10_15_7) AppleWebKit/537.36 (KHTML, like Gecko) Chrome/143.0.0.0 Safari/537.36"
216.244.66.244 - - [15/May/2026:09:06:40 +0000] "GET /robots.txt HTTP/1.1" 500 - "-" "Mozilla/5.0 (compatible; DotBot/1.2; +https://opensiteexplorer.org/dotbot; [email protected])"
34.236.37.252 - - [15/May/2026:09:07:24 +0000] "GET //cartoons/static/responsive/images/no_image.jpg HTTP/1.1" 500 - "-" "Mozilla/5.0 (Windows NT 10.0; Win64; x64) AppleWebKit/537.36 (KHTML, like Gecko) Chrome/120.0.0.0 Safari/537.36"
34.236.37.252 - - [15/May/2026:09:07:24 +0000] "GET //cartoons/static/responsive/images/no_image.jpg HTTP/1.1" 500 - "-" "Mozilla/5.0 (Windows NT 10.0; Win64; x64) AppleWebKit/537.36 (KHTML, like Gecko) Chrome/120.0.0.0 Safari/537.36"
34.236.37.252 - - [15/May/2026:09:07:25 +0000] "GET //cartoons/static/responsive/images/no_image.jpg HTTP/1.1" 500 - "-" "Mozilla/5.0 (Windows NT 10.0; Win64; x64) AppleWebKit/537.36 (KHTML, like Gecko) Chrome/120.0.0.0 Safari/537.36"
32.197.55.6 - - [15/May/2026:09:07:54 +0000] "GET /images/cl.gif HTTP/1.1" 500 - "-" "Mozilla/5.0 (Windows NT 10.0; Win64; x64) AppleWebKit/537.36 (KHTML, like Gecko) Chrome/120.0.0.0 Safari/537.36"
32.197.55.6 - - [15/May/2026:09:07:55 +0000] "GET /images/cl.gif HTTP/1.1" 500 - "-" "Mozilla/5.0 (Windows NT 10.0; Win64; x64) AppleWebKit/537.36 (KHTML, like Gecko) Chrome/120.0.0.0 Safari/537.36"
32.197.55.6 - - [15/May/2026:09:07:57 +0000] "GET /images/cl.gif HTTP/1.1" 500 - "-" "Mozilla/5.0 (Windows NT 10.0; Win64; x64) AppleWebKit/537.36 (KHTML, like Gecko) Chrome/120.0.0.0 Safari/537.36"
74.7.244.60 - - [15/May/2026:09:08:11 +0000] "GET /robots.txt HTTP/1.1" 500 - "-" "Mozilla/5.0 (Macintosh; Intel Mac OS X 10_15_7) AppleWebKit/537.36 (KHTML, like Gecko) Chrome/131.0.0.0 Safari/537.36; compatible; OAI-SearchBot/1.3; robots.txt; +https://openai.com/searchbot"
213.186.1.154 - - [15/May/2026:09:08:15 +0000] "GET /cartoons/Paramount_Pictures/Fleischer_Studios/index.html HTTP/1.1" 500 - "-" "Mediatoolkitbot ([email protected])"
35.170.74.138 - - [15/May/2026:09:08:50 +0000] "GET /images/cl.gif HTTP/1.1" 500 - "-" "Mozilla/5.0 (Windows NT 10.0; Win64; x64) AppleWebKit/537.36 (KHTML, like Gecko) Chrome/120.0.0.0 Safari/537.36"
35.170.74.138 - - [15/May/2026:09:08:50 +0000] "GET /images/cl.gif HTTP/1.1" 500 - "-" "Mozilla/5.0 (Windows NT 10.0; Win64; x64) AppleWebKit/537.36 (KHTML, like Gecko) Chrome/120.0.0.0 Safari/537.36"
35.170.74.138 - - [15/May/2026:09:08:51 +0000] "GET /images/cl.gif HTTP/1.1" 500 - "-" "Mozilla/5.0 (Windows NT 10.0; Win64; x64) AppleWebKit/537.36 (KHTML, like Gecko) Chrome/120.0.0.0 Safari/537.36"
213.186.1.154 - - [15/May/2026:09:09:10 +0000] "GET /cartoons/Walt_Disney_Studios/index.html HTTP/1.1" 500 - "-" "Mediatoolkitbot ([email protected])"
213.186.1.154 - - [15/May/2026:09:09:38 +0000] "GET /cartoon/3-The_Lion_King.html HTTP/1.1" 500 - "-" "Mediatoolkitbot ([email protected])"
44.200.31.246 - - [15/May/2026:09:10:59 +0000] "GET /images/cl.gif HTTP/1.1" 500 - "-" "Mozilla/5.0 (Windows NT 10.0; Win64; x64) AppleWebKit/537.36 (KHTML, like Gecko) Chrome/120.0.0.0 Safari/537.36"
44.200.31.246 - - [15/May/2026:09:11:00 +0000] "GET /images/cl.gif HTTP/1.1" 500 - "-" "Mozilla/5.0 (Windows NT 10.0; Win64; x64) AppleWebKit/537.36 (KHTML, like Gecko) Chrome/120.0.0.0 Safari/537.36"
44.200.31.246 - - [15/May/2026:09:11:01 +0000] "GET /images/cl.gif HTTP/1.1" 500 - "-" "Mozilla/5.0 (Windows NT 10.0; Win64; x64) AppleWebKit/537.36 (KHTML, like Gecko) Chrome/120.0.0.0 Safari/537.36"
100.48.62.125 - - [15/May/2026:09:11:14 +0000] "GET //cartoons/static/responsive/images/no_image.jpg HTTP/1.1" 500 - "-" "Mozilla/5.0 (Windows NT 10.0; Win64; x64) AppleWebKit/537.36 (KHTML, like Gecko) Chrome/120.0.0.0 Safari/537.36"
100.48.62.125 - - [15/May/2026:09:11:15 +0000] "GET //cartoons/static/responsive/images/no_image.jpg HTTP/1.1" 500 - "-" "Mozilla/5.0 (Windows NT 10.0; Win64; x64) AppleWebKit/537.36 (KHTML, like Gecko) Chrome/120.0.0.0 Safari/537.36"
100.48.62.125 - - [15/May/2026:09:11:16 +0000] "GET //cartoons/static/responsive/images/no_image.jpg HTTP/1.1" 500 - "-" "Mozilla/5.0 (Windows NT 10.0; Win64; x64) AppleWebKit/537.36 (KHTML, like Gecko) Chrome/120.0.0.0 Safari/537.36"
3.80.213.155 - - [15/May/2026:09:11:39 +0000] "GET //cartoons/static/responsive/images/no_image.jpg HTTP/1.1" 500 - "-" "Mozilla/5.0 (Windows NT 10.0; Win64; x64) AppleWebKit/537.36 (KHTML, like Gecko) Chrome/120.0.0.0 Safari/537.36"
3.80.213.155 - - [15/May/2026:09:11:40 +0000] "GET //cartoons/static/responsive/images/no_image.jpg HTTP/1.1" 500 - "-" "Mozilla/5.0 (Windows NT 10.0; Win64; x64) AppleWebKit/537.36 (KHTML, like Gecko) Chrome/120.0.0.0 Safari/537.36"
3.80.213.155 - - [15/May/2026:09:11:41 +0000] "GET //cartoons/static/responsive/images/no_image.jpg HTTP/1.1" 500 - "-" "Mozilla/5.0 (Windows NT 10.0; Win64; x64) AppleWebKit/537.36 (KHTML, like Gecko) Chrome/120.0.0.0 Safari/537.36"
3.234.222.16 - - [15/May/2026:09:11:49 +0000] "GET /images/cl.gif HTTP/1.1" 500 - "-" "Mozilla/5.0 (Windows NT 10.0; Win64; x64) AppleWebKit/537.36 (KHTML, like Gecko) Chrome/120.0.0.0 Safari/537.36"
3.234.222.16 - - [15/May/2026:09:11:49 +0000] "GET /images/cl.gif HTTP/1.1" 500 - "-" "Mozilla/5.0 (Windows NT 10.0; Win64; x64) AppleWebKit/537.36 (KHTML, like Gecko) Chrome/120.0.0.0 Safari/537.36"
3.234.222.16 - - [15/May/2026:09:11:50 +0000] "GET /images/cl.gif HTTP/1.1" 500 - "-" "Mozilla/5.0 (Windows NT 10.0; Win64; x64) AppleWebKit/537.36 (KHTML, like Gecko) Chrome/120.0.0.0 Safari/537.36"
34.236.187.20 - - [15/May/2026:09:12:54 +0000] "GET //cartoons/static/responsive/images/no_image.jpg HTTP/1.1" 500 - "-" "Mozilla/5.0 (Windows NT 10.0; Win64; x64) AppleWebKit/537.36 (KHTML, like Gecko) Chrome/120.0.0.0 Safari/537.36"
34.236.187.20 - - [15/May/2026:09:12:55 +0000] "GET //cartoons/static/responsive/images/no_image.jpg HTTP/1.1" 500 - "-" "Mozilla/5.0 (Windows NT 10.0; Win64; x64) AppleWebKit/537.36 (KHTML, like Gecko) Chrome/120.0.0.0 Safari/537.36"
34.236.187.20 - - [15/May/2026:09:12:56 +0000] "GET //cartoons/static/responsive/images/no_image.jpg HTTP/1.1" 500 - "-" "Mozilla/5.0 (Windows NT 10.0; Win64; x64) AppleWebKit/537.36 (KHTML, like Gecko) Chrome/120.0.0.0 Safari/537.36"
213.186.1.154 - - [15/May/2026:09:13:58 +0000] "GET /cartoons/Paramount_Pictures/Famous_Studios/index.html HTTP/1.1" 500 - "-" "Mediatoolkitbot ([email protected])"
216.244.66.244 - - [15/May/2026:09:13:59 +0000] "GET /cartoon/15941-Secret-Agent HTTP/1.1" 500 - "-" "Mozilla/5.0 (compatible; DotBot/1.2; +https://opensiteexplorer.org/dotbot; [email protected])"
100.55.153.111 - - [15/May/2026:09:14:11 +0000] "GET /images/cl.gif HTTP/1.1" 500 - "-" "Mozilla/5.0 (Windows NT 10.0; Win64; x64) AppleWebKit/537.36 (KHTML, like Gecko) Chrome/120.0.0.0 Safari/537.36"
100.55.153.111 - - [15/May/2026:09:14:12 +0000] "GET /images/cl.gif HTTP/1.1" 500 - "-" "Mozilla/5.0 (Windows NT 10.0; Win64; x64) AppleWebKit/537.36 (KHTML, like Gecko) Chrome/120.0.0.0 Safari/537.36"
100.55.153.111 - - [15/May/2026:09:14:13 +0000] "GET /images/cl.gif HTTP/1.1" 500 - "-" "Mozilla/5.0 (Windows NT 10.0; Win64; x64) AppleWebKit/537.36 (KHTML, like Gecko) Chrome/120.0.0.0 Safari/537.36"
186.22.253.69 - - [15/May/2026:09:14:41 +0000] "GET /cartoon-characters/39493-All-Along-The-Clock-Tower/ HTTP/1.1" 500 - "-" "Mozilla/5.0 (Windows NT 6.1; Win64; x64) AppleWebKit/537.36 (KHTML, like Gecko) Chrome/95.0.4638.69 Safari/537.36"
3.238.113.218 - - [15/May/2026:09:14:52 +0000] "GET //cartoons/static/responsive/images/no_image.jpg HTTP/1.1" 500 - "-" "Mozilla/5.0 (Windows NT 10.0; Win64; x64) AppleWebKit/537.36 (KHTML, like Gecko) Chrome/120.0.0.0 Safari/537.36"
3.238.113.218 - - [15/May/2026:09:14:53 +0000] "GET //cartoons/static/responsive/images/no_image.jpg HTTP/1.1" 500 - "-" "Mozilla/5.0 (Windows NT 10.0; Win64; x64) AppleWebKit/537.36 (KHTML, like Gecko) Chrome/120.0.0.0 Safari/537.36"
3.238.113.218 - - [15/May/2026:09:14:54 +0000] "GET //cartoons/static/responsive/images/no_image.jpg HTTP/1.1" 500 - "-" "Mozilla/5.0 (Windows NT 10.0; Win64; x64) AppleWebKit/537.36 (KHTML, like Gecko) Chrome/120.0.0.0 Safari/537.36"
34.197.28.78 - - [15/May/2026:09:15:22 +0000] "GET /bcdb/cartoon.cgi?film=40-Rescuers.html HTTP/1.1" 500 - "-" "Mozilla/5.0 AppleWebKit/537.36 (KHTML, like Gecko; compatible; Amazonbot/0.1; +https://developer.amazon.com/support/amazonbot) Chrome/119.0.6045.214 Safari/537.36"
213.186.1.154 - - [15/May/2026:09:16:21 +0000] "GET /cartoons/20th_Century_Fox/TerryToons/index.html HTTP/1.1" 500 - "-" "Mediatoolkitbot ([email protected])"
3.225.45.252 - - [15/May/2026:09:17:10 +0000] "GET /bcdb/page.cgi?d=1&g= HTTP/1.1" 500 - "-" "Mozilla/5.0 AppleWebKit/537.36 (KHTML, like Gecko; compatible; Amazonbot/0.1; +https://developer.amazon.com/support/amazonbot) Chrome/119.0.6045.214 Safari/537.36"
44.208.193.63 - - [15/May/2026:09:17:14 +0000] "GET /cartoon/27854-Rudolph_the_Red-Nosed_Reindeer.html HTTP/1.1" 500 - "-" "Mozilla/5.0 AppleWebKit/537.36 (KHTML, like Gecko; compatible; Amazonbot/0.1; +https://developer.amazon.com/support/amazonbot) Chrome/119.0.6045.214 Safari/537.36"
213.186.1.154 - - [15/May/2026:09:17:17 +0000] "GET /cartoons/Columbia_Pictures/UPA/index.html HTTP/1.1" 500 - "-" "Mediatoolkitbot ([email protected])"
3.234.208.174 - - [15/May/2026:09:17:39 +0000] "GET //cartoons/static/responsive/images/no_image.jpg HTTP/1.1" 500 - "-" "Mozilla/5.0 (Windows NT 10.0; Win64; x64) AppleWebKit/537.36 (KHTML, like Gecko) Chrome/120.0.0.0 Safari/537.36"
3.234.208.174 - - [15/May/2026:09:17:40 +0000] "GET //cartoons/static/responsive/images/no_image.jpg HTTP/1.1" 500 - "-" "Mozilla/5.0 (Windows NT 10.0; Win64; x64) AppleWebKit/537.36 (KHTML, like Gecko) Chrome/120.0.0.0 Safari/537.36"
3.234.208.174 - - [15/May/2026:09:17:41 +0000] "GET //cartoons/static/responsive/images/no_image.jpg HTTP/1.1" 500 - "-" "Mozilla/5.0 (Windows NT 10.0; Win64; x64) AppleWebKit/537.36 (KHTML, like Gecko) Chrome/120.0.0.0 Safari/537.36"
103.131.71.47 - - [15/May/2026:09:17:58 +0000] "GET /robots.txt HTTP/1.1" 500 - "-" "Mozilla/5.0 (compatible; coccocbot-image/1.0; +http://help.coccoc.com/searchengine)"
104.200.66.20 - - [15/May/2026:09:19:31 +0000] "GET /cartoon/16342-Song_Of_The_Birds.html HTTP/1.1" 500 - "-" "Mozilla/5.0 (Macintosh; Intel Mac OS X 10_15_7) AppleWebKit/537.36 (KHTML, like Gecko) Chrome/142.0.0.0 Safari/537.36"
45.94.139.232 - - [15/May/2026:09:19:36 +0000] "GET /cartoon/144219-Tooth-Tale HTTP/1.1" 500 - "-" "Mozilla/5.0 (Macintosh; Intel Mac OS X 10_15_7) AppleWebKit/537.36 (KHTML, like Gecko) Chrome/142.0.0.0 Safari/537.36"
50.114.36.36 - - [15/May/2026:09:19:41 +0000] "GET /cartoon/4247-Winnie_The_Pooh_And_The_Honey_Tree HTTP/1.1" 500 - "-" "Mozilla/5.0 (Macintosh; Intel Mac OS X 10_15_7) AppleWebKit/537.36 (KHTML, like Gecko) Chrome/142.0.0.0 Safari/537.36"
88.216.94.231 - - [15/May/2026:09:19:47 +0000] "GET /cartoon/4698-Like_Father_Like_Klown.html HTTP/1.1" 500 - "-" "Mozilla/5.0 (Macintosh; Intel Mac OS X 10_15_7) AppleWebKit/537.36 (KHTML, like Gecko) Chrome/142.0.0.0 Safari/537.36"
84.37.228.142 - - [15/May/2026:09:19:55 +0000] "GET /cartoon/178883-Nimona HTTP/1.1" 500 - "-" "Mozilla/5.0 (Macintosh; Intel Mac OS X 10_15_7) AppleWebKit/537.36 (KHTML, like Gecko) Chrome/142.0.0.0 Safari/537.36"
45.83.187.95 - - [15/May/2026:09:20:16 +0000] "GET /cartoon/1787-Its-The-Natural-Thing-To-Do HTTP/1.1" 500 - "-" "Mozilla/5.0 (Macintosh; Intel Mac OS X 10_15_7) AppleWebKit/537.36 (KHTML, like Gecko) Chrome/142.0.0.0 Safari/537.36"
51.68.111.208 - - [15/May/2026:09:21:31 +0000] "GET /robots.txt HTTP/1.1" 500 - "-" "Mozilla/5.0 (compatible; MJ12bot/v2.0.5; http://mj12bot.com/)"
213.186.1.154 - - [15/May/2026:09:21:54 +0000] "GET /cartoons/Warner_Bros_/Merrie_Melodies/index.html HTTP/1.1" 500 - "-" "Mediatoolkitbot ([email protected])"
3.235.67.218 - - [15/May/2026:09:22:19 +0000] "GET /images/cl.gif HTTP/1.1" 500 - "-" "Mozilla/5.0 (Windows NT 10.0; Win64; x64) AppleWebKit/537.36 (KHTML, like Gecko) Chrome/120.0.0.0 Safari/537.36"
3.235.67.218 - - [15/May/2026:09:22:20 +0000] "GET /images/cl.gif HTTP/1.1" 500 - "-" "Mozilla/5.0 (Windows NT 10.0; Win64; x64) AppleWebKit/537.36 (KHTML, like Gecko) Chrome/120.0.0.0 Safari/537.36"
3.235.67.218 - - [15/May/2026:09:22:21 +0000] "GET /images/cl.gif HTTP/1.1" 500 - "-" "Mozilla/5.0 (Windows NT 10.0; Win64; x64) AppleWebKit/537.36 (KHTML, like Gecko) Chrome/120.0.0.0 Safari/537.36"
23.254.132.205 - - [15/May/2026:09:22:26 +0000] "GET /.well-known/acme-challenge/J-POMG37_I4-IC5PTN2-NWMXCYV18UOK HTTP/1.1" 200 64 "-" "Cpanel-HTTP-Client/1.0"
23.254.132.205 - - [15/May/2026:09:22:26 +0000] "GET /.well-known/acme-challenge/M72KOQ-GVBR1RFBXK1BOEKJH7LFQMTZN HTTP/1.1" 200 64 "-" "Cpanel-HTTP-Client/1.0"
23.254.132.205 - - [15/May/2026:09:22:26 +0000] "GET /.well-known/acme-challenge/Q47TQJ47ACUJ-707-O0ZD1BELGS6L_OP HTTP/1.1" 200 64 "-" "Cpanel-HTTP-Client/1.0"
3.214.216.95 - - [15/May/2026:09:23:04 +0000] "GET //cartoons/static/responsive/images/no_image.jpg HTTP/1.1" 500 - "-" "Mozilla/5.0 (Windows NT 10.0; Win64; x64) AppleWebKit/537.36 (KHTML, like Gecko) Chrome/120.0.0.0 Safari/537.36"
34.204.189.2 - - [15/May/2026:09:23:24 +0000] "GET //cartoons/static/responsive/images/no_image.jpg HTTP/1.1" 500 - "-" "Mozilla/5.0 (Windows NT 10.0; Win64; x64) AppleWebKit/537.36 (KHTML, like Gecko) Chrome/120.0.0.0 Safari/537.36"
113.181.206.130 - - [15/May/2026:09:24:05 +0000] "GET /cartoon-story/109582-Dawn_Of_The_Dead_Man.html HTTP/1.1" 500 - "-" "Mozilla/5.0 (Windows NT 6.2; Win64; x64) AppleWebKit/537.36 (KHTML, like Gecko) Chrome/87.0.4280.88 Safari/537.36"
17.246.23.41 - - [15/May/2026:09:24:31 +0000] "GET /bcdb/cartoon.cgi?film=63832&cartoon=Innocence%3A%20Kokaku%20Kidotai HTTP/1.1" 500 - "-" "Mozilla/5.0 (Macintosh; Intel Mac OS X 10_15_7) AppleWebKit/605.1.15 (KHTML, like Gecko) Version/17.4 Safari/605.1.15 (Applebot/0.1; +http://www.apple.com/go/applebot)"
44.210.242.118 - - [15/May/2026:09:24:32 +0000] "GET /images/cl.gif HTTP/1.1" 500 - "-" "Mozilla/5.0 (Windows NT 10.0; Win64; x64) AppleWebKit/537.36 (KHTML, like Gecko) Chrome/120.0.0.0 Safari/537.36"
44.210.242.118 - - [15/May/2026:09:24:32 +0000] "GET /images/cl.gif HTTP/1.1" 500 - "-" "Mozilla/5.0 (Windows NT 10.0; Win64; x64) AppleWebKit/537.36 (KHTML, like Gecko) Chrome/120.0.0.0 Safari/537.36"
44.210.242.118 - - [15/May/2026:09:24:33 +0000] "GET /images/cl.gif HTTP/1.1" 500 - "-" "Mozilla/5.0 (Windows NT 10.0; Win64; x64) AppleWebKit/537.36 (KHTML, like Gecko) Chrome/120.0.0.0 Safari/537.36"
136.144.35.94 - - [15/May/2026:09:24:36 +0000] "GET /bcgi/rate.cgi?ID=345 HTTP/1.1" 500 - "-" "Mozilla/5.0 (Macintosh; Intel Mac OS X 14.5; rv:132.0) Gecko/20100101 Firefox/132.0"
213.186.1.154 - - [15/May/2026:09:24:59 +0000] "GET /cartoons/Ratings HTTP/1.1" 500 - "-" "Mediatoolkitbot ([email protected])"
17.241.219.234 - - [15/May/2026:09:25:29 +0000] "GET /cartoons/Other_Studios/J/Jambre-Gallerie/The_Adventures_of_the_Little_Prince/ HTTP/1.1" 500 - "-" "Mozilla/5.0 (Macintosh; Intel Mac OS X 10_15_7) AppleWebKit/605.1.15 (KHTML, like Gecko) Version/17.4 Safari/605.1.15 (Applebot/0.1; +http://www.apple.com/go/applebot)"
213.186.1.154 - - [15/May/2026:09:25:35 +0000] "GET /cartoon/3025-Red_Hot_Riding_Hood.html HTTP/1.1" 500 - "-" "Mediatoolkitbot ([email protected])"
213.186.1.154 - - [15/May/2026:09:25:38 +0000] "GET /cartoons/20th_Century_Fox/index.html HTTP/1.1" 500 - "-" "Mediatoolkitbot ([email protected])"
57.141.6.18 - - [15/May/2026:09:25:44 +0000] "GET /cartoon/149702-Princes-Muddy-Mess HTTP/1.1" 500 - "-" "meta-externalagent/1.1 (+https://developers.facebook.com/docs/sharing/webmasters/crawler)"
136.243.228.182 - - [15/May/2026:09:25:54 +0000] "GET /cartoon/4309-Ballot_Box_Bunny.html HTTP/1.1" 500 - "-" "Mozilla/5.0 (compatible; DataForSeoBot/1.0; +https://dataforseo.com/dataforseo-bot)"
44.212.92.185 - - [15/May/2026:09:26:21 +0000] "GET /images/cl.gif HTTP/1.1" 500 - "-" "Mozilla/5.0 (Windows NT 10.0; Win64; x64) AppleWebKit/537.36 (KHTML, like Gecko) Chrome/120.0.0.0 Safari/537.36"
44.212.92.185 - - [15/May/2026:09:26:22 +0000] "GET /images/cl.gif HTTP/1.1" 500 - "-" "Mozilla/5.0 (Windows NT 10.0; Win64; x64) AppleWebKit/537.36 (KHTML, like Gecko) Chrome/120.0.0.0 Safari/537.36"
44.212.92.185 - - [15/May/2026:09:26:23 +0000] "GET /images/cl.gif HTTP/1.1" 500 - "-" "Mozilla/5.0 (Windows NT 10.0; Win64; x64) AppleWebKit/537.36 (KHTML, like Gecko) Chrome/120.0.0.0 Safari/537.36"
136.111.114.76 - - [15/May/2026:09:27:06 +0000] "GET /cartoon/60183-Hansel_And_Gretel.html HTTP/1.1" 500 - "-" "Mozilla/5.0 AppleWebKit/537.36 (KHTML, like Gecko; compatible; SleepBot/1.0; +http://sleepbot.com/) Chrome/131.0.0.0 Safari/537.36"
213.186.1.154 - - [15/May/2026:09:27:12 +0000] "GET /cartoon/3820-Steamboat_Willie.html HTTP/1.1" 500 - "-" "Mediatoolkitbot ([email protected])"
34.236.37.252 - - [15/May/2026:09:28:32 +0000] "GET //cartoons/static/responsive/images/no_image.jpg HTTP/1.1" 500 - "-" "Mozilla/5.0 (Windows NT 10.0; Win64; x64) AppleWebKit/537.36 (KHTML, like Gecko) Chrome/120.0.0.0 Safari/537.36"
44.200.41.174 - - [15/May/2026:09:28:58 +0000] "GET //cartoons/static/responsive/images/no_image.jpg HTTP/1.1" 500 - "-" "Mozilla/5.0 (Windows NT 10.0; Win64; x64) AppleWebKit/537.36 (KHTML, like Gecko) Chrome/120.0.0.0 Safari/537.36"
216.73.216.242 - - [15/May/2026:09:29:15 +0000] "GET /cartoons/Hanna-Barbera_Studios/T/Tom_and_Jerry HTTP/1.1" 500 - "-" "Mozilla/5.0 AppleWebKit/537.36 (KHTML, like Gecko; compatible; ClaudeBot/1.0; [email protected])"
185.15.56.22 - - [15/May/2026:09:29:29 +0000] "HEAD /cartoon/84910-Pocahontas.html HTTP/1.1" 500 - "-" "IABot/2.0 (+https://meta.wikimedia.org/wiki/InternetArchiveBot/FAQ_for_sysadmins) (Checking if link from Wikipedia is broken and needs removal)"
185.15.56.22 - - [15/May/2026:09:29:29 +0000] "GET /cartoon/84910-Pocahontas.html HTTP/1.1" 500 - "-" "Mozilla/5.0 (Windows NT 10.0; Win64; x64) AppleWebKit/537.36 (KHTML, like Gecko) Chrome/105.0.0.0 Safari/537.36"
98.93.121.29 - - [15/May/2026:09:30:03 +0000] "GET //cartoons/static/responsive/images/no_image.jpg HTTP/1.1" 500 - "-" "Mozilla/5.0 (Windows NT 10.0; Win64; x64) AppleWebKit/537.36 (KHTML, like Gecko) Chrome/120.0.0.0 Safari/537.36"
213.186.1.154 - - [15/May/2026:09:30:18 +0000] "GET /cartoons/Warner_Bros_/Looney_Tunes/index.html HTTP/1.1" 500 - "-" "Mediatoolkitbot ([email protected])"
116.179.32.219 - - [15/May/2026:09:32:49 +0000] "GET /cartoon/103112-Dnevnoj-Svet HTTP/1.1" 500 - "-" "Mozilla/5.0 (compatible; Baiduspider/2.0; +http://www.baidu.com/search/spider.html)"
98.93.183.182 - - [15/May/2026:09:32:58 +0000] "GET //cartoons/static/responsive/images/no_image.jpg HTTP/1.1" 500 - "-" "Mozilla/5.0 (Windows NT 10.0; Win64; x64) AppleWebKit/537.36 (KHTML, like Gecko) Chrome/120.0.0.0 Safari/537.36"
45.138.242.33 - - [15/May/2026:09:33:15 +0000] "GET /favicon.ico HTTP/1.1" 500 - "http://www.bcdb.com/cartoon/2552-She_Done_Him_Right.html" "Mozilla/5.0 (Macintosh; Intel Mac OS X 10_15_7) AppleWebKit/537.36 (KHTML, like Gecko) Chrome/125.0.0.0 Safari/537.36"
212.212.22.160 - - [15/May/2026:09:33:48 +0000] "GET /cartoon/2552-She_Done_Him_Right.html HTTP/1.1" 500 - "http://www.bcdb.com/cartoon/2552-She_Done_Him_Right.html" "Mozilla/5.0 (Macintosh; Intel Mac OS X 10_15_7) AppleWebKit/537.36 (KHTML, like Gecko) Chrome/125.0.0.0 Safari/537.36"
57.141.6.62 - - [15/May/2026:09:34:37 +0000] "GET /cartoon/6450-Prince_and_the_Pauper.html HTTP/1.1" 500 - "-" "meta-externalagent/1.1 (+https://developers.facebook.com/docs/sharing/webmasters/crawler)"
103.151.31.40 - - [15/May/2026:09:34:46 +0000] "GET /cartoon-story/113033-Margins.html HTTP/1.1" 500 - "-" "Mozilla/5.0 (Macintosh; Intel Mac OS X 10_12_6) AppleWebKit/537.36 (KHTML, like Gecko) Brave Chrome/80.0.3987.116 Safari/537.36"
213.186.1.154 - - [15/May/2026:09:35:44 +0000] "GET / HTTP/1.1" 500 - "-" "Mediatoolkitbot ([email protected])"
213.186.1.154 - - [15/May/2026:09:36:05 +0000] "GET /cartoons/Other_Studios/C/Cartoon_Network_Studios/index.html HTTP/1.1" 500 - "-" "Mediatoolkitbot ([email protected])"
98.92.47.42 - - [15/May/2026:09:36:22 +0000] "GET /images/cl.gif HTTP/1.1" 500 - "-" "Mozilla/5.0 (Windows NT 10.0; Win64; x64) AppleWebKit/537.36 (KHTML, like Gecko) Chrome/120.0.0.0 Safari/537.36"
98.92.47.42 - - [15/May/2026:09:36:23 +0000] "GET /images/cl.gif HTTP/1.1" 500 - "-" "Mozilla/5.0 (Windows NT 10.0; Win64; x64) AppleWebKit/537.36 (KHTML, like Gecko) Chrome/120.0.0.0 Safari/537.36"
98.92.47.42 - - [15/May/2026:09:36:24 +0000] "GET /images/cl.gif HTTP/1.1" 500 - "-" "Mozilla/5.0 (Windows NT 10.0; Win64; x64) AppleWebKit/537.36 (KHTML, like Gecko) Chrome/120.0.0.0 Safari/537.36"
213.186.1.154 - - [15/May/2026:09:36:39 +0000] "GET /cartoons/Other_Studios/P/Pixar_Animation_Studios/index.html HTTP/1.1" 500 - "-" "Mediatoolkitbot ([email protected])"
216.73.216.242 - - [15/May/2026:09:37:22 +0000] "GET /cartoons/Hanna-Barbera_Studios/G-J/The_Godzilla_Power_Hour/Jana_of_the_Jungle/ HTTP/1.1" 500 - "-" "Mozilla/5.0 AppleWebKit/537.36 (KHTML, like Gecko; compatible; ClaudeBot/1.0; [email protected])"
3.235.238.144 - - [15/May/2026:09:37:37 +0000] "GET //cartoons/static/responsive/images/no_image.jpg HTTP/1.1" 500 - "-" "Mozilla/5.0 (Windows NT 10.0; Win64; x64) AppleWebKit/537.36 (KHTML, like Gecko) Chrome/120.0.0.0 Safari/537.36"
17.241.227.9 - - [15/May/2026:09:37:53 +0000] "GET /cartoons/Other_Studios/C/CINAR_Animation/The_Wonderful_Wizard_of_Oz/index.html HTTP/1.1" 500 - "-" "Mozilla/5.0 (Macintosh; Intel Mac OS X 10_15_7) AppleWebKit/605.1.15 (KHTML, like Gecko) Version/17.4 Safari/605.1.15 (Applebot/0.1; +http://www.apple.com/go/applebot)"
98.93.54.15 - - [15/May/2026:09:39:31 +0000] "GET /images/cl.gif HTTP/1.1" 500 - "-" "Mozilla/5.0 (Windows NT 10.0; Win64; x64) AppleWebKit/537.36 (KHTML, like Gecko) Chrome/120.0.0.0 Safari/537.36"
98.93.54.15 - - [15/May/2026:09:39:32 +0000] "GET /images/cl.gif HTTP/1.1" 500 - "-" "Mozilla/5.0 (Windows NT 10.0; Win64; x64) AppleWebKit/537.36 (KHTML, like Gecko) Chrome/120.0.0.0 Safari/537.36"
98.93.54.15 - - [15/May/2026:09:39:33 +0000] "GET /images/cl.gif HTTP/1.1" 500 - "-" "Mozilla/5.0 (Windows NT 10.0; Win64; x64) AppleWebKit/537.36 (KHTML, like Gecko) Chrome/120.0.0.0 Safari/537.36"
3.91.106.50 - - [15/May/2026:09:39:47 +0000] "GET /images/cl.gif HTTP/1.1" 500 - "-" "Mozilla/5.0 (Windows NT 10.0; Win64; x64) AppleWebKit/537.36 (KHTML, like Gecko) Chrome/120.0.0.0 Safari/537.36"
3.91.106.50 - - [15/May/2026:09:39:47 +0000] "GET /images/cl.gif HTTP/1.1" 500 - "-" "Mozilla/5.0 (Windows NT 10.0; Win64; x64) AppleWebKit/537.36 (KHTML, like Gecko) Chrome/120.0.0.0 Safari/537.36"
3.91.106.50 - - [15/May/2026:09:39:50 +0000] "GET /images/cl.gif HTTP/1.1" 500 - "-" "Mozilla/5.0 (Windows NT 10.0; Win64; x64) AppleWebKit/537.36 (KHTML, like Gecko) Chrome/120.0.0.0 Safari/537.36"
100.53.149.46 - - [15/May/2026:09:40:20 +0000] "GET //cartoons/static/responsive/images/no_image.jpg HTTP/1.1" 500 - "-" "Mozilla/5.0 (Windows NT 10.0; Win64; x64) AppleWebKit/537.36 (KHTML, like Gecko) Chrome/120.0.0.0 Safari/537.36"
18.232.105.242 - - [15/May/2026:09:40:51 +0000] "GET //cartoons/static/responsive/images/no_image.jpg HTTP/1.1" 500 - "-" "Mozilla/5.0 (Windows NT 10.0; Win64; x64) AppleWebKit/537.36 (KHTML, like Gecko) Chrome/120.0.0.0 Safari/537.36"
44.200.68.255 - - [15/May/2026:09:40:58 +0000] "GET /images/cl.gif HTTP/1.1" 500 - "-" "Mozilla/5.0 (Windows NT 10.0; Win64; x64) AppleWebKit/537.36 (KHTML, like Gecko) Chrome/120.0.0.0 Safari/537.36"
44.200.68.255 - - [15/May/2026:09:40:58 +0000] "GET /images/cl.gif HTTP/1.1" 500 - "-" "Mozilla/5.0 (Windows NT 10.0; Win64; x64) AppleWebKit/537.36 (KHTML, like Gecko) Chrome/120.0.0.0 Safari/537.36"
44.200.68.255 - - [15/May/2026:09:40:59 +0000] "GET /images/cl.gif HTTP/1.1" 500 - "-" "Mozilla/5.0 (Windows NT 10.0; Win64; x64) AppleWebKit/537.36 (KHTML, like Gecko) Chrome/120.0.0.0 Safari/537.36"
74.7.242.5 - - [15/May/2026:09:43:36 +0000] "GET /bcdb/cartoon.cgi?film=100512/ HTTP/1.1" 500 - "https://www.olps.co.za" "Mozilla/5.0 AppleWebKit/537.36 (KHTML, like Gecko; compatible; GPTBot/1.3; +https://openai.com/gptbot)"
213.186.1.154 - - [15/May/2026:09:43:41 +0000] "GET /cartoon/27937-Ice_Age.html HTTP/1.1" 500 - "-" "Mediatoolkitbot ([email protected])"
213.186.1.154 - - [15/May/2026:09:44:31 +0000] "GET /cartoons/Paramount_Pictures/index.html HTTP/1.1" 500 - "-" "Mediatoolkitbot ([email protected])"
35.173.50.208 - - [15/May/2026:09:44:46 +0000] "GET //cartoons/static/responsive/images/no_image.jpg HTTP/1.1" 500 - "-" "Mozilla/5.0 (Windows NT 10.0; Win64; x64) AppleWebKit/537.36 (KHTML, like Gecko) Chrome/120.0.0.0 Safari/537.36"
66.249.72.205 - - [15/May/2026:09:45:11 +0000] "GET /bcdb/cartoon.cgi?film=144286 HTTP/1.1" 500 - "-" "Mozilla/5.0 (compatible; Googlebot/2.1; +http://www.google.com/bot.html)"
100.54.18.206 - - [15/May/2026:09:45:54 +0000] "GET //cartoons/static/responsive/images/no_image.jpg HTTP/1.1" 500 - "-" "Mozilla/5.0 (Windows NT 10.0; Win64; x64) AppleWebKit/537.36 (KHTML, like Gecko) Chrome/120.0.0.0 Safari/537.36"
74.7.242.5 - - [15/May/2026:09:46:10 +0000] "GET /cartoons/Other_Studios/T/TVC-London/ HTTP/1.1" 500 - "https://www.moviemeter.nl" "Mozilla/5.0 AppleWebKit/537.36 (KHTML, like Gecko; compatible; GPTBot/1.3; +https://openai.com/gptbot)"
100.48.50.67 - - [15/May/2026:09:46:15 +0000] "GET /images/cl.gif HTTP/1.1" 500 - "-" "Mozilla/5.0 (Windows NT 10.0; Win64; x64) AppleWebKit/537.36 (KHTML, like Gecko) Chrome/120.0.0.0 Safari/537.36"
100.48.50.67 - - [15/May/2026:09:46:15 +0000] "GET /images/cl.gif HTTP/1.1" 500 - "-" "Mozilla/5.0 (Windows NT 10.0; Win64; x64) AppleWebKit/537.36 (KHTML, like Gecko) Chrome/120.0.0.0 Safari/537.36"
100.48.50.67 - - [15/May/2026:09:46:17 +0000] "GET /images/cl.gif HTTP/1.1" 500 - "-" "Mozilla/5.0 (Windows NT 10.0; Win64; x64) AppleWebKit/537.36 (KHTML, like Gecko) Chrome/120.0.0.0 Safari/537.36"
213.186.1.154 - - [15/May/2026:09:46:18 +0000] "GET /cartoons/Columbia_Pictures/index.html HTTP/1.1" 500 - "-" "Mediatoolkitbot ([email protected])"
20.151.255.144 - - [15/May/2026:09:46:26 +0000] "GET /wp-content/plugins/hellopress/wp_filemanager.php HTTP/1.1" 500 - "-" "-"
20.151.255.144 - - [15/May/2026:09:46:26 +0000] "GET /adminfuns.php HTTP/1.1" 500 - "-" "-"
20.151.255.144 - - [15/May/2026:09:46:27 +0000] "GET /sx_pms.php HTTP/1.1" 500 - "-" "-"
20.151.255.144 - - [15/May/2026:09:46:27 +0000] "GET /wp-info.php HTTP/1.1" 500 - "-" "-"
20.151.255.144 - - [15/May/2026:09:46:27 +0000] "GET /wp-test.php HTTP/1.1" 500 - "-" "-"
20.151.255.144 - - [15/May/2026:09:46:27 +0000] "GET /we.php HTTP/1.1" 500 - "-" "-"
20.151.255.144 - - [15/May/2026:09:46:27 +0000] "GET /wp.php HTTP/1.1" 500 - "-" "-"
20.151.255.144 - - [15/May/2026:09:46:27 +0000] "GET /wp-indx.php HTTP/1.1" 500 - "-" "-"
20.151.255.144 - - [15/May/2026:09:46:27 +0000] "GET /zoo.php HTTP/1.1" 500 - "-" "-"
20.151.255.144 - - [15/May/2026:09:46:28 +0000] "GET /wp-link-spm.php HTTP/1.1" 500 - "-" "-"
20.151.255.144 - - [15/May/2026:09:46:28 +0000] "GET /wp-link-snpm.php HTTP/1.1" 500 - "-" "-"
20.151.255.144 - - [15/May/2026:09:46:28 +0000] "GET /xminie.php HTTP/1.1" 500 - "-" "-"
20.151.255.144 - - [15/May/2026:09:46:28 +0000] "GET /aaa.php HTTP/1.1" 500 - "-" "-"
20.151.255.144 - - [15/May/2026:09:46:28 +0000] "GET /bal.php HTTP/1.1" 500 - "-" "-"
20.151.255.144 - - [15/May/2026:09:46:28 +0000] "GET /ws81.php HTTP/1.1" 500 - "-" "-"
20.151.255.144 - - [15/May/2026:09:46:29 +0000] "GET /drykl.php HTTP/1.1" 500 - "-" "-"
20.151.255.144 - - [15/May/2026:09:46:29 +0000] "GET /av.php HTTP/1.1" 500 - "-" "-"
20.151.255.144 - - [15/May/2026:09:46:29 +0000] "GET /11.php HTTP/1.1" 500 - "-" "-"
20.151.255.144 - - [15/May/2026:09:46:29 +0000] "GET /77.php HTTP/1.1" 500 - "-" "-"
20.151.255.144 - - [15/May/2026:09:46:29 +0000] "GET /x402.php HTTP/1.1" 500 - "-" "-"
20.151.255.144 - - [15/May/2026:09:46:29 +0000] "GET /themes.php HTTP/1.1" 500 - "-" "-"
20.151.255.144 - - [15/May/2026:09:46:29 +0000] "GET /1.php HTTP/1.1" 500 - "-" "-"
20.151.255.144 - - [15/May/2026:09:46:30 +0000] "GET /tiny.php HTTP/1.1" 500 - "-" "-"
20.151.255.144 - - [15/May/2026:09:46:30 +0000] "GET /w.php HTTP/1.1" 500 - "-" "-"
20.151.255.144 - - [15/May/2026:09:46:30 +0000] "GET /test1.php HTTP/1.1" 500 - "-" "-"
20.151.255.144 - - [15/May/2026:09:46:30 +0000] "GET /tires.php HTTP/1.1" 500 - "-" "-"
20.151.255.144 - - [15/May/2026:09:46:30 +0000] "GET /bthil.php HTTP/1.1" 500 - "-" "-"
20.151.255.144 - - [15/May/2026:09:46:30 +0000] "GET /d.php HTTP/1.1" 500 - "-" "-"
20.151.255.144 - - [15/May/2026:09:46:30 +0000] "GET /cu.php HTTP/1.1" 500 - "-" "-"
20.151.255.144 - - [15/May/2026:09:46:30 +0000] "GET /fone1.php HTTP/1.1" 500 - "-" "-"
20.151.255.144 - - [15/May/2026:09:46:31 +0000] "GET /sallu.php HTTP/1.1" 500 - "-" "-"
20.151.255.144 - - [15/May/2026:09:46:31 +0000] "GET /ng.php HTTP/1.1" 500 - "-" "-"
20.151.255.144 - - [15/May/2026:09:46:31 +0000] "GET /link.php HTTP/1.1" 500 - "-" "-"
20.151.255.144 - - [15/May/2026:09:46:31 +0000] "GET /xxx.php HTTP/1.1" 500 - "-" "-"
20.151.255.144 - - [15/May/2026:09:46:31 +0000] "GET /BDKR28WP.php HTTP/1.1" 500 - "-" "-"
20.151.255.144 - - [15/May/2026:09:46:31 +0000] "GET /edit.php HTTP/1.1" 500 - "-" "-"
20.151.255.144 - - [15/May/2026:09:46:32 +0000] "GET /pp.php HTTP/1.1" 500 - "-" "-"
20.151.255.144 - - [15/May/2026:09:46:32 +0000] "GET /one.php HTTP/1.1" 500 - "-" "-"
20.151.255.144 - - [15/May/2026:09:46:32 +0000] "GET /error_log.php HTTP/1.1" 500 - "-" "-"
20.151.255.144 - - [15/May/2026:09:46:32 +0000] "GET /a7.php HTTP/1.1" 500 - "-" "-"
20.151.255.144 - - [15/May/2026:09:46:32 +0000] "GET /roksad1.php HTTP/1.1" 500 - "-" "-"
20.151.255.144 - - [15/May/2026:09:46:32 +0000] "GET /axe.php HTTP/1.1" 500 - "-" "-"
20.151.255.144 - - [15/May/2026:09:46:33 +0000] "GET /de.php HTTP/1.1" 500 - "-" "-"
20.151.255.144 - - [15/May/2026:09:46:33 +0000] "GET /aa.php HTTP/1.1" 500 - "-" "-"
20.151.255.144 - - [15/May/2026:09:46:33 +0000] "GET /100.php HTTP/1.1" 500 - "-" "-"
20.151.255.144 - - [15/May/2026:09:46:33 +0000] "GET /f5.php HTTP/1.1" 500 - "-" "-"
20.151.255.144 - - [15/May/2026:09:46:33 +0000] "GET /view.php HTTP/1.1" 500 - "-" "-"
20.151.255.144 - - [15/May/2026:09:46:33 +0000] "GET /bc.php HTTP/1.1" 500 - "-" "-"
20.151.255.144 - - [15/May/2026:09:46:33 +0000] "GET /tx79.php HTTP/1.1" 500 - "-" "-"
20.151.255.144 - - [15/May/2026:09:46:33 +0000] "GET /moshou.php HTTP/1.1" 500 - "-" "-"
20.151.255.144 - - [15/May/2026:09:46:33 +0000] "GET /lib.php HTTP/1.1" 500 - "-" "-"
20.151.255.144 - - [15/May/2026:09:46:33 +0000] "GET /zoper1.php HTTP/1.1" 500 - "-" "-"
20.151.255.144 - - [15/May/2026:09:46:33 +0000] "GET /19.php HTTP/1.1" 500 - "-" "-"
20.151.255.144 - - [15/May/2026:09:46:34 +0000] "GET /geforce.php HTTP/1.1" 500 - "-" "-"
20.151.255.144 - - [15/May/2026:09:46:34 +0000] "GET /dostshell.php HTTP/1.1" 500 - "-" "-"
20.151.255.144 - - [15/May/2026:09:46:34 +0000] "GET /doc.php HTTP/1.1" 500 - "-" "-"
20.151.255.144 - - [15/May/2026:09:46:34 +0000] "GET /mar.php HTTP/1.1" 500 - "-" "-"
20.151.255.144 - - [15/May/2026:09:46:34 +0000] "GET /casp1.php HTTP/1.1" 500 - "-" "-"
20.151.255.144 - - [15/May/2026:09:46:34 +0000] "GET /a1.php HTTP/1.1" 500 - "-" "-"
20.151.255.144 - - [15/May/2026:09:46:35 +0000] "GET /ms-edit.php HTTP/1.1" 500 - "-" "-"
20.151.255.144 - - [15/May/2026:09:46:35 +0000] "GET /8.php HTTP/1.1" 500 - "-" "-"
20.151.255.144 - - [15/May/2026:09:46:35 +0000] "GET /xltt.php HTTP/1.1" 500 - "-" "-"
20.151.255.144 - - [15/May/2026:09:46:35 +0000] "GET /cilus.php HTTP/1.1" 500 - "-" "-"
20.151.255.144 - - [15/May/2026:09:46:35 +0000] "GET /press.php HTTP/1.1" 500 - "-" "-"
20.151.255.144 - - [15/May/2026:09:46:36 +0000] "GET /file6.php HTTP/1.1" 500 - "-" "-"
20.151.255.144 - - [15/May/2026:09:46:36 +0000] "GET /ss.php HTTP/1.1" 500 - "-" "-"
20.151.255.144 - - [15/May/2026:09:46:37 +0000] "GET /ws78.php HTTP/1.1" 500 - "-" "-"
20.151.255.144 - - [15/May/2026:09:46:37 +0000] "GET /options.php HTTP/1.1" 500 - "-" "-"
20.151.255.144 - - [15/May/2026:09:46:37 +0000] "GET /min.php HTTP/1.1" 500 - "-" "-"
20.151.255.144 - - [15/May/2026:09:46:37 +0000] "GET /img.php HTTP/1.1" 500 - "-" "-"
20.151.255.144 - - [15/May/2026:09:46:37 +0000] "GET /7.php HTTP/1.1" 500 - "-" "-"
20.151.255.144 - - [15/May/2026:09:46:37 +0000] "GET /ggb.php HTTP/1.1" 500 - "-" "-"
20.151.255.144 - - [15/May/2026:09:46:37 +0000] "GET /xxa.php HTTP/1.1" 500 - "-" "-"
20.151.255.144 - - [15/May/2026:09:46:37 +0000] "GET /aj11.php HTTP/1.1" 500 - "-" "-"
20.151.255.144 - - [15/May/2026:09:46:37 +0000] "GET /fs.php HTTP/1.1" 500 - "-" "-"
20.151.255.144 - - [15/May/2026:09:46:37 +0000] "GET /2.php HTTP/1.1" 500 - "-" "-"
20.151.255.144 - - [15/May/2026:09:46:38 +0000] "GET /man.php HTTP/1.1" 500 - "-" "-"
20.151.255.144 - - [15/May/2026:09:46:38 +0000] "GET /12.php HTTP/1.1" 500 - "-" "-"
20.151.255.144 - - [15/May/2026:09:46:38 +0000] "GET /acp.php HTTP/1.1" 500 - "-" "-"
20.151.255.144 - - [15/May/2026:09:46:38 +0000] "GET /wps.php HTTP/1.1" 500 - "-" "-"
20.151.255.144 - - [15/May/2026:09:46:38 +0000] "GET /alpha.php HTTP/1.1" 500 - "-" "-"
20.151.255.144 - - [15/May/2026:09:46:38 +0000] "GET /bob.php HTTP/1.1" 500 - "-" "-"
20.151.255.144 - - [15/May/2026:09:46:38 +0000] "GET /yuzuru1.php HTTP/1.1" 500 - "-" "-"
20.151.255.144 - - [15/May/2026:09:46:38 +0000] "GET /insta.php HTTP/1.1" 500 - "-" "-"
20.151.255.144 - - [15/May/2026:09:46:38 +0000] "GET /wp-kz.php HTTP/1.1" 500 - "-" "-"
20.151.255.144 - - [15/May/2026:09:46:38 +0000] "GET /xs.php HTTP/1.1" 500 - "-" "-"
20.151.255.144 - - [15/May/2026:09:46:40 +0000] "GET /2026w.php HTTP/1.1" 500 - "-" "-"
20.151.255.144 - - [15/May/2026:09:46:40 +0000] "GET /f35.php HTTP/1.1" 500 - "-" "-"
20.151.255.144 - - [15/May/2026:09:46:40 +0000] "GET /xwx1.php HTTP/1.1" 500 - "-" "-"
20.151.255.144 - - [15/May/2026:09:46:40 +0000] "GET /xmu.php HTTP/1.1" 500 - "-" "-"
20.151.255.144 - - [15/May/2026:09:46:40 +0000] "GET /simple.php HTTP/1.1" 500 - "-" "-"
20.151.255.144 - - [15/May/2026:09:46:40 +0000] "GET /ayk.php HTTP/1.1" 500 - "-" "-"
203.162.227.223 - - [15/May/2026:09:46:40 +0000] "GET /cartoons/Other_Studios/B/B-_Miscellany/Bodfilms/Bod/index.html HTTP/1.1" 500 - "-" "Mozilla/5.0 (Windows NT 6.1) AppleWebKit/537.36 (KHTML, like Gecko) Chrome/69.0.3497.100 Safari/537.36"
20.151.255.144 - - [15/May/2026:09:46:40 +0000] "GET /gecko.php HTTP/1.1" 500 - "-" "-"
20.151.255.144 - - [15/May/2026:09:46:40 +0000] "GET /wpxml.php HTTP/1.1" 500 - "-" "-"
20.151.255.144 - - [15/May/2026:09:46:41 +0000] "GET /zo.php HTTP/1.1" 500 - "-" "-"
20.151.255.144 - - [15/May/2026:09:46:41 +0000] "GET /sky.php HTTP/1.1" 500 - "-" "-"
20.151.255.144 - - [15/May/2026:09:46:41 +0000] "GET /rh.php HTTP/1.1" 500 - "-" "-"
20.151.255.144 - - [15/May/2026:09:46:41 +0000] "GET /ortasekerli1.php HTTP/1.1" 500 - "-" "-"
20.151.255.144 - - [15/May/2026:09:46:41 +0000] "GET /xstelth.php HTTP/1.1" 500 - "-" "-"
20.151.255.144 - - [15/May/2026:09:46:41 +0000] "GET /3369.php HTTP/1.1" 500 - "-" "-"
74.7.242.5 - - [15/May/2026:09:47:15 +0000] "GET /bcdb/cartoon.cgi?film=54706-Le_Songe_dun_Garcon_de_Cafe.html HTTP/1.1" 500 - "https://wikipedia.akarpov.ru" "Mozilla/5.0 AppleWebKit/537.36 (KHTML, like Gecko; compatible; GPTBot/1.3; +https://openai.com/gptbot)"
34.229.62.242 - - [15/May/2026:09:47:36 +0000] "GET //cartoons/static/responsive/images/no_image.jpg HTTP/1.1" 500 - "-" "Mozilla/5.0 (Windows NT 10.0; Win64; x64) AppleWebKit/537.36 (KHTML, like Gecko) Chrome/120.0.0.0 Safari/537.36"
3.81.253.213 - - [15/May/2026:09:47:46 +0000] "GET /pages/Other_Studios/C/Celebrity_Productions/Flip_the_Frog/ HTTP/1.1" 500 - "-" "Mozilla/5.0 AppleWebKit/537.36 (KHTML, like Gecko; compatible; Amazonbot/0.1; +https://developer.amazon.com/support/amazonbot) Chrome/119.0.6045.214 Safari/537.36"
34.205.163.103 - - [15/May/2026:09:47:49 +0000] "GET /bcdb/detailed.cgi?film=24040 HTTP/1.1" 500 - "-" "Mozilla/5.0 AppleWebKit/537.36 (KHTML, like Gecko; compatible; Amazonbot/0.1; +https://developer.amazon.com/support/amazonbot) Chrome/119.0.6045.214 Safari/537.36"
18.232.36.1 - - [15/May/2026:09:47:53 +0000] "GET /cartoons/Filmation_Associates/A-G/The_Archie_Show/ HTTP/1.1" 500 - "-" "Mozilla/5.0 AppleWebKit/537.36 (KHTML, like Gecko; compatible; Amazonbot/0.1; +https://developer.amazon.com/support/amazonbot) Chrome/119.0.6045.214 Safari/537.36"
34.194.165.45 - - [15/May/2026:09:48:06 +0000] "GET /bcdb/cartoon.cgi?film=47817 HTTP/1.1" 500 - "-" "Mozilla/5.0 AppleWebKit/537.36 (KHTML, like Gecko; compatible; Amazonbot/0.1; +https://developer.amazon.com/support/amazonbot) Chrome/119.0.6045.214 Safari/537.36"
34.231.45.47 - - [15/May/2026:09:48:10 +0000] "GET /cartoon/5407-Gorilla_Mystery.html HTTP/1.1" 500 - "-" "Mozilla/5.0 AppleWebKit/537.36 (KHTML, like Gecko; compatible; Amazonbot/0.1; +https://developer.amazon.com/support/amazonbot) Chrome/119.0.6045.214 Safari/537.36"
54.225.148.123 - - [15/May/2026:09:48:14 +0000] "GET /cartoons/Hanna-Barbera_Studios/K-O/The_New_Yogi_Bear_Show/ HTTP/1.1" 500 - "-" "Mozilla/5.0 AppleWebKit/537.36 (KHTML, like Gecko; compatible; Amazonbot/0.1; +https://developer.amazon.com/support/amazonbot) Chrome/119.0.6045.214 Safari/537.36"
74.7.242.5 - - [15/May/2026:09:48:17 +0000] "GET /bcdb/cartoon.cgi?film=54706/ HTTP/1.1" 500 - "https://wikipedia.akarpov.ru" "Mozilla/5.0 AppleWebKit/537.36 (KHTML, like Gecko; compatible; GPTBot/1.3; +https://openai.com/gptbot)"
113.162.63.205 - - [15/May/2026:09:48:42 +0000] "GET /cartoon-video/36610-Casey_At_The_Bat.html HTTP/1.1" 500 - "-" "Mozilla/5.0 (Macintosh; Intel Mac OS X 10_14_6) AppleWebKit/537.36 (KHTML, like Gecko) Chrome/107.0.0.0 Safari/537.36"
32.195.203.176 - - [15/May/2026:09:49:44 +0000] "GET /cartoons/static/responsive/images/stars-5-10.gif HTTP/1.1" 500 - "-" "Mozilla/5.0 (Windows NT 10.0; Win64; x64) AppleWebKit/537.36 (KHTML, like Gecko) Chrome/120.0.0.0 Safari/537.36"
32.195.203.176 - - [15/May/2026:09:49:44 +0000] "GET /cartoons/static/responsive/images/stars-5-5.gif HTTP/1.1" 500 - "-" "Mozilla/5.0 (Windows NT 10.0; Win64; x64) AppleWebKit/537.36 (KHTML, like Gecko) Chrome/120.0.0.0 Safari/537.36"
32.195.203.176 - - [15/May/2026:09:49:44 +0000] "GET /cartoons/static/responsive/images/stars-5-10.gif HTTP/1.1" 500 - "-" "Mozilla/5.0 (Windows NT 10.0; Win64; x64) AppleWebKit/537.36 (KHTML, like Gecko) Chrome/120.0.0.0 Safari/537.36"
32.195.203.176 - - [15/May/2026:09:49:45 +0000] "GET /cartoons/static/responsive/images/stars-5-5.gif HTTP/1.1" 500 - "-" "Mozilla/5.0 (Windows NT 10.0; Win64; x64) AppleWebKit/537.36 (KHTML, like Gecko) Chrome/120.0.0.0 Safari/537.36"
32.195.203.176 - - [15/May/2026:09:49:46 +0000] "GET /cartoons/static/responsive/images/stars-5-5.gif HTTP/1.1" 500 - "-" "Mozilla/5.0 (Windows NT 10.0; Win64; x64) AppleWebKit/537.36 (KHTML, like Gecko) Chrome/120.0.0.0 Safari/537.36"
3.92.96.45 - - [15/May/2026:09:49:48 +0000] "GET //cartoons/static/responsive/images/no_image.jpg HTTP/1.1" 500 - "-" "Mozilla/5.0 (Windows NT 10.0; Win64; x64) AppleWebKit/537.36 (KHTML, like Gecko) Chrome/120.0.0.0 Safari/537.36"
100.28.122.59 - - [15/May/2026:09:49:55 +0000] "GET /images/cl.gif HTTP/1.1" 500 - "-" "Mozilla/5.0 (Windows NT 10.0; Win64; x64) AppleWebKit/537.36 (KHTML, like Gecko) Chrome/120.0.0.0 Safari/537.36"
100.28.122.59 - - [15/May/2026:09:49:55 +0000] "GET /images/cl.gif HTTP/1.1" 500 - "-" "Mozilla/5.0 (Windows NT 10.0; Win64; x64) AppleWebKit/537.36 (KHTML, like Gecko) Chrome/120.0.0.0 Safari/537.36"
100.28.122.59 - - [15/May/2026:09:49:57 +0000] "GET /images/cl.gif HTTP/1.1" 500 - "-" "Mozilla/5.0 (Windows NT 10.0; Win64; x64) AppleWebKit/537.36 (KHTML, like Gecko) Chrome/120.0.0.0 Safari/537.36"
14.168.62.112 - - [15/May/2026:09:50:04 +0000] "GET /cartoon-info/140142-Screen_Music_Kokka_Kimigayo.html HTTP/1.1" 500 - "-" "Mozilla/5.0 (Windows NT 10.0; Win64; x64) AppleWebKit/537.36 (KHTML, like Gecko) Chrome/90.0.4430.41 Safari/537.36"
3.227.234.2 - - [15/May/2026:09:50:06 +0000] "GET //cartoons/static/responsive/images/no_image.jpg HTTP/1.1" 500 - "-" "Mozilla/5.0 (Windows NT 10.0; Win64; x64) AppleWebKit/537.36 (KHTML, like Gecko) Chrome/120.0.0.0 Safari/537.36"
216.244.66.244 - - [15/May/2026:09:50:13 +0000] "GET /robots.txt HTTP/1.1" 500 - "-" "Mozilla/5.0 (compatible; DotBot/1.2; +https://opensiteexplorer.org/dotbot; [email protected])"
216.244.66.244 - - [15/May/2026:09:50:13 +0000] "GET /robots.txt HTTP/1.1" 500 - "-" "Mozilla/5.0 (compatible; DotBot/1.2; +https://opensiteexplorer.org/dotbot; [email protected])"
3.238.237.214 - - [15/May/2026:09:50:30 +0000] "GET /images/cl.gif HTTP/1.1" 500 - "-" "Mozilla/5.0 (Windows NT 10.0; Win64; x64) AppleWebKit/537.36 (KHTML, like Gecko) Chrome/120.0.0.0 Safari/537.36"
3.238.237.214 - - [15/May/2026:09:50:30 +0000] "GET /images/cl.gif HTTP/1.1" 500 - "-" "Mozilla/5.0 (Windows NT 10.0; Win64; x64) AppleWebKit/537.36 (KHTML, like Gecko) Chrome/120.0.0.0 Safari/537.36"
3.238.237.214 - - [15/May/2026:09:50:31 +0000] "GET /images/cl.gif HTTP/1.1" 500 - "-" "Mozilla/5.0 (Windows NT 10.0; Win64; x64) AppleWebKit/537.36 (KHTML, like Gecko) Chrome/120.0.0.0 Safari/537.36"
102.206.123.192 - - [15/May/2026:09:50:43 +0000] "GET /cartoons/Hanna-Barbera_Studios/G-J/The_Herculoids/index.html HTTP/1.1" 500 - "-" "Mozilla/5.0 (Windows NT 10.0; Win64; x64) AppleWebKit/537.36 (KHTML, like Gecko) Chrome/89.0.4389.128 Safari/537.36"
44.200.117.132 - - [15/May/2026:09:51:01 +0000] "GET //cartoons/static/responsive/images/no_image.jpg HTTP/1.1" 500 - "-" "Mozilla/5.0 (Windows NT 10.0; Win64; x64) AppleWebKit/537.36 (KHTML, like Gecko) Chrome/120.0.0.0 Safari/537.36"
136.111.215.91 - - [15/May/2026:09:51:14 +0000] "GET /cartoon/8008-Race_Of_The_Tom_Thumb.html HTTP/1.1" 500 - "-" "Mozilla/5.0 AppleWebKit/537.36 (KHTML, like Gecko; compatible; SleepBot/1.0; +http://sleepbot.com/) Chrome/131.0.0.0 Safari/537.36"
213.186.1.154 - - [15/May/2026:09:51:33 +0000] "GET /cartoon/45-Who_Framed_Roger_Rabbit.html HTTP/1.1" 500 - "-" "Mediatoolkitbot ([email protected])"
185.15.56.22 - - [15/May/2026:09:52:00 +0000] "HEAD /cartoon/20695Sen_To_Chihiro_No_Kamikakushi.html HTTP/1.1" 500 - "-" "IABot/2.0 (+https://meta.wikimedia.org/wiki/InternetArchiveBot/FAQ_for_sysadmins) (Checking if link from Wikipedia is broken and needs removal)"
185.15.56.22 - - [15/May/2026:09:52:00 +0000] "GET /cartoon/20695Sen_To_Chihiro_No_Kamikakushi.html HTTP/1.1" 500 - "-" "Mozilla/5.0 (Windows NT 10.0; Win64; x64) AppleWebKit/537.36 (KHTML, like Gecko) Chrome/105.0.0.0 Safari/537.36"
213.186.1.154 - - [15/May/2026:09:52:01 +0000] "GET /cartoons/Other_Studios/B/Blue_Sky_Studios/index.html HTTP/1.1" 500 - "-" "Mediatoolkitbot ([email protected])"
201.40.146.179 - - [15/May/2026:09:52:15 +0000] "GET /bcdb/cartoon.cgi?film=6318 HTTP/1.1" 500 - "-" "Mozilla/5.0 (Macintosh; Intel Mac OS X 10_13_3) AppleWebKit/537.36 (KHTML, like Gecko) Chrome/100.0.4896.75 Safari/537.36"
3.236.227.24 - - [15/May/2026:09:53:53 +0000] "GET //cartoons/static/responsive/images/no_image.jpg HTTP/1.1" 500 - "-" "Mozilla/5.0 (Windows NT 10.0; Win64; x64) AppleWebKit/537.36 (KHTML, like Gecko) Chrome/120.0.0.0 Safari/537.36"
44.192.254.163 - - [15/May/2026:09:54:18 +0000] "GET //cartoons/static/responsive/images/no_image.jpg HTTP/1.1" 500 - "-" "Mozilla/5.0 (Windows NT 10.0; Win64; x64) AppleWebKit/537.36 (KHTML, like Gecko) Chrome/120.0.0.0 Safari/537.36"
54.249.8.242 - - [15/May/2026:09:54:27 +0000] "GET /robots.txt HTTP/1.1" 500 - "-" "Hatena Antenna/2 (https://a.hatena.ne.jp/help; alpha)"
54.249.8.242 - - [15/May/2026:09:54:32 +0000] "GET /bcdb/detailed.cgi?film=63832 HTTP/1.1" 500 - "-" "Hatena Antenna/2 (https://a.hatena.ne.jp/help; alpha)"
14.186.5.236 - - [15/May/2026:09:55:22 +0000] "GET /cartoon-story/14221-Farewell_Mr_Dibble.html HTTP/1.1" 500 - "-" "Mozilla/5.0 (Macintosh; Intel Mac OS X 10_15_7) AppleWebKit/537.36 (KHTML, like Gecko) Chrome/88.0.4324.186 Safari/537.36"
216.244.66.244 - - [15/May/2026:09:57:53 +0000] "GET /cartoon/69871-Episode-1 HTTP/1.1" 500 - "-" "Mozilla/5.0 (compatible; DotBot/1.2; +https://opensiteexplorer.org/dotbot; [email protected])"
216.244.66.244 - - [15/May/2026:09:58:02 +0000] "GET /bcdb/cartoon.cgi?film=4517 HTTP/1.1" 500 - "-" "Mozilla/5.0 (compatible; DotBot/1.2; +https://opensiteexplorer.org/dotbot; [email protected])"
216.244.66.244 - - [15/May/2026:09:58:22 +0000] "GET /bcdb/cartoon.cgi?film=57630 HTTP/1.1" 500 - "-" "Mozilla/5.0 (compatible; DotBot/1.2; +https://opensiteexplorer.org/dotbot; [email protected])"
213.186.1.154 - - [15/May/2026:09:58:59 +0000] "GET /cartoons/Warner_Bros_/index.html HTTP/1.1" 500 - "-" "Mediatoolkitbot ([email protected])"
74.7.242.5 - - [15/May/2026:09:59:04 +0000] "GET /cartoons/Hanna-Barbera_Studios/D-F/Dastardly_and_Muttley_and_Their_Flying_Machines/Dick_Dastardly_Blackouts_And_Wing_Dings/index.html HTTP/1.1" 500 - "http://kiwix.tinku.pe" "Mozilla/5.0 AppleWebKit/537.36 (KHTML, like Gecko; compatible; GPTBot/1.3; +https://openai.com/gptbot)"
136.112.244.145 - - [15/May/2026:09:59:21 +0000] "GET /cartoon_characters/90375-Hansel_And_Gretel.html HTTP/1.1" 500 - "-" "Mozilla/5.0 AppleWebKit/537.36 (KHTML, like Gecko; compatible; SleepBot/1.0; +http://sleepbot.com/) Chrome/131.0.0.0 Safari/537.36"
213.186.1.154 - - [15/May/2026:09:59:32 +0000] "GET /cartoons/MGM/index.html HTTP/1.1" 500 - "-" "Mediatoolkitbot ([email protected])"
213.186.1.154 - - [15/May/2026:10:01:17 +0000] "GET /cartoons/Hanna-Barbera_Studios/index.html HTTP/1.1" 500 - "-" "Mediatoolkitbot ([email protected])"
98.92.72.234 - - [15/May/2026:10:01:34 +0000] "GET //cartoons/static/responsive/images/no_image.jpg HTTP/1.1" 500 - "-" "Mozilla/5.0 (Windows NT 10.0; Win64; x64) AppleWebKit/537.36 (KHTML, like Gecko) Chrome/120.0.0.0 Safari/537.36"
213.186.1.154 - - [15/May/2026:10:01:44 +0000] "GET /cartoons/20th_Century_Fox/TerryToons/index.html HTTP/1.1" 500 - "-" "Mediatoolkitbot ([email protected])"
77.42.3.68 - - [15/May/2026:10:01:54 +0000] "GET /cartoon_video/28426-Yak_Shaving_Day.html HTTP/1.1" 500 - "-" "Mozilla/5.0 (compatible; WebTrackrCrawler/1.0; +https://affsignal.com/bot)"
74.7.242.5 - - [15/May/2026:10:02:15 +0000] "GET /bcdb/cartoon.cgi?film=3983 HTTP/1.1" 500 - "https://ipfs.ssi.eecc.de" "Mozilla/5.0 AppleWebKit/537.36 (KHTML, like Gecko; compatible; GPTBot/1.3; +https://openai.com/gptbot)"
66.249.72.205 - - [15/May/2026:10:02:21 +0000] "GET /cartoon-video/136898-David-Macaulay-Roman-City HTTP/1.1" 500 - "-" "Mozilla/5.0 (Linux; Android 6.0.1; Nexus 5X Build/MMB29P) AppleWebKit/537.36 (KHTML, like Gecko) Chrome/148.0.7778.96 Mobile Safari/537.36 (compatible; GoogleOther)"
213.186.1.154 - - [15/May/2026:10:02:41 +0000] "GET /cartoon/372-One_Froggy_Evening.html HTTP/1.1" 500 - "-" "Mediatoolkitbot ([email protected])"
213.186.1.154 - - [15/May/2026:10:03:11 +0000] "GET /cartoons/Paramount_Pictures/Fleischer_Studios/index.html HTTP/1.1" 500 - "-" "Mediatoolkitbot ([email protected])"
74.7.242.5 - - [15/May/2026:10:03:16 +0000] "GET /bcdb/cartoon.cgi?film=20678 HTTP/1.1" 500 - "https://wikipedia.akarpov.ru" "Mozilla/5.0 AppleWebKit/537.36 (KHTML, like Gecko; compatible; GPTBot/1.3; +https://openai.com/gptbot)"
216.244.66.244 - - [15/May/2026:10:03:20 +0000] "GET /cartoons/Other_Studios/K/Klasky_Csupo/The_Simpsons/more3.html HTTP/1.1" 500 - "-" "Mozilla/5.0 (compatible; DotBot/1.2; +https://opensiteexplorer.org/dotbot; [email protected])"
66.249.72.195 - - [15/May/2026:10:04:46 +0000] "GET /cartoon-video/136898-David-Macaulay-Roman-City HTTP/1.1" 500 - "-" "Mozilla/5.0 (Linux; Android 6.0.1; Nexus 5X Build/MMB29P) AppleWebKit/537.36 (KHTML, like Gecko) Chrome/148.0.7778.96 Mobile Safari/537.36 (compatible; Googlebot/2.1; +http://www.google.com/bot.html)"
185.15.56.29 - - [15/May/2026:10:05:04 +0000] "HEAD /bcdb/cartoon.cgi?film=97300 HTTP/1.1" 500 - "-" "IABot/2.0 (+https://meta.wikimedia.org/wiki/InternetArchiveBot/FAQ_for_sysadmins) (Checking if link from Wikipedia is broken and needs removal)"
185.15.56.29 - - [15/May/2026:10:05:06 +0000] "GET /bcdb/cartoon.cgi?film=97300 HTTP/1.1" 500 - "-" "Mozilla/5.0 (Windows NT 10.0; Win64; x64) AppleWebKit/537.36 (KHTML, like Gecko) Chrome/105.0.0.0 Safari/537.36"
213.186.1.154 - - [15/May/2026:10:06:12 +0000] "GET /cartoons/Other_Studios/D/DreamWorks_Animation/index.html HTTP/1.1" 500 - "-" "Mediatoolkitbot ([email protected])"
66.249.72.194 - - [15/May/2026:10:06:18 +0000] "GET /cast_pn-sitemap6.xml.gz HTTP/1.1" 500 - "-" "Mozilla/5.0 (compatible; Googlebot/2.1; +http://www.google.com/bot.html)"
113.186.170.75 - - [15/May/2026:10:06:42 +0000] "GET /cartoon/27718-Fireballs_Of_Plun-Darr.html HTTP/1.1" 500 - "-" "Mozilla/5.0 (Windows NT 6.1; Win64; x64) AppleWebKit/537.36 (KHTML, like Gecko) Chrome/98.0.4758.102 Safari/537.36"
3.139.62.64 - - [15/May/2026:10:07:03 +0000] "GET /wp-json/gravitysmtp/v1/tests/mock-data?page=gravitysmtp-settings HTTP/1.1" 500 - "-" "Mozilla/5.0 (Windows NT 10.0; Win64; x64) AppleWebKit/537.36"
3.139.62.64 - - [15/May/2026:10:07:03 +0000] "GET /wp-json/gravitysmtp/v1/tests/mock-data?page=gravitysmtp-settings HTTP/1.1" 500 - "-" "Mozilla/5.0 (Windows NT 10.0; Win64; x64) AppleWebKit/537.36"
