PK

ADDRLIN : /home/carfac/access-logs/
FLL :
Current File : /home/carfac/access-logs/moabmonsters.com.carfac.com

192.187.120.74 - - [15/May/2026:08:05:53 +0000] "GET / HTTP/1.1" 403 - "-" "Mozilla/5.0 (Windows NT 10.0; Win64; x64) AppleWebKit/537.36 (KHTML, like Gecko) Chrome/136.0.0.0 Safari/537.36 Edg/136.0.0.0"
2.58.56.244 - - [15/May/2026:08:06:25 +0000] "POST /wp-plain.php HTTP/1.1" 403 - "www.google.com" "Mozilla/5.0 (Linux; Android 7.0; SM-G892A Bulid/NRD90M; wv) AppleWebKit/537.36 (KHTML, like Gecko) Version/4.0 Chrome/60.0.3112.107 Moblie Safari/537.36"
2.58.56.244 - - [15/May/2026:08:06:25 +0000] "GET /wp-content/plugins/fix/up.php HTTP/1.1" 403 - "-" "Mozilla/5.0 (Windows NT 10.0; Win64; x64) AppleWebKit/537.36 (KHTML, like Gecko) Chrome/85.0.4183.102 Safari/537.36"
2.58.56.244 - - [15/May/2026:08:06:25 +0000] "GET /wp-content/themes/seotheme/db.php?u HTTP/1.1" 403 - "www.google.com" "Mozlila/5.0 (Linux; Android 7.0; SM-G892A Bulid/NRD90M; wv) AppleWebKit/537.36 (KHTML, like Gecko) Version/4.0 Chrome/60.0.3112.107 Moblie Safari/537.36"
2.58.56.244 - - [15/May/2026:08:06:25 +0000] "GET / HTTP/1.1" 403 - "-" "Mozlila/5.0 (Linux; Android 7.0; SM-G892A Bulid/NRD90M; wv) AppleWebKit/537.36 (KHTML, like Gecko) Version/4.0 Chrome/60.0.3112.107 Moblie Safari/537.36"
2.58.56.244 - - [15/May/2026:08:06:25 +0000] "POST /ALFA_DATA/alfacgiapi/perl.alfa HTTP/1.1" 403 - "www.google.com" "Mozlila/5.0 (Linux; Android 7.0; SM-G892A Bulid/NRD90M; wv) AppleWebKit/537.36 (KHTML, like Gecko) Version/4.0 Chrome/60.0.3112.107 Moblie Safari/537.36"
2.58.56.244 - - [15/May/2026:08:06:25 +0000] "POST /alfacgiapi/perl.alfa HTTP/1.1" 403 - "www.google.com" "Mozlila/5.0 (Linux; Android 7.0; SM-G892A Bulid/NRD90M; wv) AppleWebKit/537.36 (KHTML, like Gecko) Version/4.0 Chrome/60.0.3112.107 Moblie Safari/537.36"
2.58.56.244 - - [15/May/2026:08:06:25 +0000] "GET /jveshtuu.php?Fox=d3wL7 HTTP/1.1" 403 - "www.google.com" "Mozilla/5.0 (Linux; Android 7.0; SM-G892A Bulid/NRD90M; wv) AppleWebKit/537.36 (KHTML, like Gecko) Version/4.0 Chrome/60.0.3112.107 Moblie Safari/537.36"
20.226.81.141 - - [15/May/2026:08:13:43 +0000] "GET /wp-content/plugins/hellopress/wp_filemanager.php HTTP/1.1" 403 - "-" "-"
20.226.81.141 - - [15/May/2026:08:13:44 +0000] "GET /8.php HTTP/1.1" 403 - "-" "-"
20.226.81.141 - - [15/May/2026:08:13:44 +0000] "GET /gelio1.php HTTP/1.1" 403 - "-" "-"
20.226.81.141 - - [15/May/2026:08:13:44 +0000] "GET /motu.php HTTP/1.1" 403 - "-" "-"
20.226.81.141 - - [15/May/2026:08:13:44 +0000] "GET /tires.php HTTP/1.1" 403 - "-" "-"
20.226.81.141 - - [15/May/2026:08:13:44 +0000] "GET /ax.php HTTP/1.1" 403 - "-" "-"
20.226.81.141 - - [15/May/2026:08:13:44 +0000] "GET /ws83.php HTTP/1.1" 403 - "-" "-"
20.226.81.141 - - [15/May/2026:08:13:45 +0000] "GET /bthil.php HTTP/1.1" 403 - "-" "-"
20.226.81.141 - - [15/May/2026:08:13:45 +0000] "GET /inputs.php HTTP/1.1" 403 - "-" "-"
20.226.81.141 - - [15/May/2026:08:13:45 +0000] "GET /wtiiy.php HTTP/1.1" 403 - "-" "-"
20.226.81.141 - - [15/May/2026:08:13:45 +0000] "GET /drykl.php HTTP/1.1" 403 - "-" "-"
20.226.81.141 - - [15/May/2026:08:13:45 +0000] "GET /kj.php HTTP/1.1" 403 - "-" "-"
20.226.81.141 - - [15/May/2026:08:13:45 +0000] "GET /gettest.php HTTP/1.1" 403 - "-" "-"
20.226.81.141 - - [15/May/2026:08:13:46 +0000] "GET /wp-admin/css/bolt.php HTTP/1.1" 403 - "-" "-"
20.226.81.141 - - [15/May/2026:08:13:46 +0000] "GET /academy.php HTTP/1.1" 403 - "-" "-"
20.226.81.141 - - [15/May/2026:08:13:46 +0000] "GET /classwithtostring.php HTTP/1.1" 403 - "-" "-"
20.226.81.141 - - [15/May/2026:08:13:46 +0000] "GET /green.php HTTP/1.1" 403 - "-" "-"
20.226.81.141 - - [15/May/2026:08:13:46 +0000] "GET /wp-content/radio.php HTTP/1.1" 403 - "-" "-"
20.226.81.141 - - [15/May/2026:08:13:46 +0000] "GET /elp.php HTTP/1.1" 403 - "-" "-"
20.226.81.141 - - [15/May/2026:08:13:46 +0000] "GET /ws85.php HTTP/1.1" 403 - "-" "-"
20.226.81.141 - - [15/May/2026:08:13:47 +0000] "GET /0x.php HTTP/1.1" 403 - "-" "-"
20.226.81.141 - - [15/May/2026:08:13:47 +0000] "GET /a4.php HTTP/1.1" 403 - "-" "-"
20.226.81.141 - - [15/May/2026:08:13:47 +0000] "GET /Sanskrit.php HTTP/1.1" 403 - "-" "-"
20.226.81.141 - - [15/May/2026:08:13:47 +0000] "GET /gk.php HTTP/1.1" 403 - "-" "-"
20.226.81.141 - - [15/May/2026:08:13:47 +0000] "GET /ws88.php HTTP/1.1" 403 - "-" "-"
20.226.81.141 - - [15/May/2026:08:13:47 +0000] "GET /t.php HTTP/1.1" 403 - "-" "-"
20.226.81.141 - - [15/May/2026:08:13:48 +0000] "GET /1.php HTTP/1.1" 403 - "-" "-"
20.226.81.141 - - [15/May/2026:08:13:48 +0000] "GET /abc.php HTTP/1.1" 403 - "-" "-"
20.226.81.141 - - [15/May/2026:08:13:48 +0000] "GET /b.php HTTP/1.1" 403 - "-" "-"
20.226.81.141 - - [15/May/2026:08:13:48 +0000] "GET /tool.php HTTP/1.1" 403 - "-" "-"
20.226.81.141 - - [15/May/2026:08:13:48 +0000] "GET /a80.php HTTP/1.1" 403 - "-" "-"
20.226.81.141 - - [15/May/2026:08:13:48 +0000] "GET /100.php HTTP/1.1" 403 - "-" "-"
20.226.81.141 - - [15/May/2026:08:13:49 +0000] "GET /albin.php HTTP/1.1" 403 - "-" "-"
20.226.81.141 - - [15/May/2026:08:13:49 +0000] "GET /file61.php HTTP/1.1" 403 - "-" "-"
20.226.81.141 - - [15/May/2026:08:13:49 +0000] "GET /wp-blogs.php HTTP/1.1" 403 - "-" "-"
20.226.81.141 - - [15/May/2026:08:13:49 +0000] "GET /xwx1.php HTTP/1.1" 403 - "-" "-"
20.226.81.141 - - [15/May/2026:08:13:49 +0000] "GET /about.php HTTP/1.1" 403 - "-" "-"
20.226.81.141 - - [15/May/2026:08:13:49 +0000] "GET /mh.php HTTP/1.1" 403 - "-" "-"
20.226.81.141 - - [15/May/2026:08:13:49 +0000] "GET /wen.php HTTP/1.1" 403 - "-" "-"
20.226.81.141 - - [15/May/2026:08:13:50 +0000] "GET /term.php HTTP/1.1" 403 - "-" "-"
20.226.81.141 - - [15/May/2026:08:13:50 +0000] "GET /a24.php HTTP/1.1" 403 - "-" "-"
20.226.81.141 - - [15/May/2026:08:13:50 +0000] "GET /public/wp-blog.php HTTP/1.1" 403 - "-" "-"
20.226.81.141 - - [15/May/2026:08:13:50 +0000] "GET /144.php HTTP/1.1" 403 - "-" "-"
20.226.81.141 - - [15/May/2026:08:13:50 +0000] "GET /bgymj.php HTTP/1.1" 403 - "-" "-"
20.226.81.141 - - [15/May/2026:08:13:50 +0000] "GET /fs.php HTTP/1.1" 403 - "-" "-"
20.226.81.141 - - [15/May/2026:08:13:51 +0000] "GET /menu.php HTTP/1.1" 403 - "-" "-"
20.226.81.141 - - [15/May/2026:08:13:51 +0000] "GET /amba5.php HTTP/1.1" 403 - "-" "-"
20.226.81.141 - - [15/May/2026:08:13:51 +0000] "GET /edit.php HTTP/1.1" 403 - "-" "-"
20.226.81.141 - - [15/May/2026:08:13:51 +0000] "GET /atomlib.php HTTP/1.1" 403 - "-" "-"
20.226.81.141 - - [15/May/2026:08:13:51 +0000] "GET /wp-png.php HTTP/1.1" 403 - "-" "-"
20.226.81.141 - - [15/May/2026:08:13:51 +0000] "GET /gifclass.php HTTP/1.1" 403 - "-" "-"
20.226.81.141 - - [15/May/2026:08:13:51 +0000] "GET /cx.php HTTP/1.1" 403 - "-" "-"
20.226.81.141 - - [15/May/2026:08:13:52 +0000] "GET /ioxi-o.php HTTP/1.1" 403 - "-" "-"
20.226.81.141 - - [15/May/2026:08:13:52 +0000] "GET /a7.php HTTP/1.1" 403 - "-" "-"
20.226.81.141 - - [15/May/2026:08:13:52 +0000] "GET /wp-access.php HTTP/1.1" 403 - "-" "-"
20.226.81.141 - - [15/May/2026:08:13:52 +0000] "GET /ms-edit.php HTTP/1.1" 403 - "-" "-"
20.226.81.141 - - [15/May/2026:08:13:52 +0000] "GET /ws75.php HTTP/1.1" 403 - "-" "-"
20.226.81.141 - - [15/May/2026:08:13:52 +0000] "GET /wp-good.php HTTP/1.1" 403 - "-" "-"
20.226.81.141 - - [15/May/2026:08:13:52 +0000] "GET /155.php HTTP/1.1" 403 - "-" "-"
20.226.81.141 - - [15/May/2026:08:13:53 +0000] "GET /ortasekerli1.php HTTP/1.1" 403 - "-" "-"
20.226.81.141 - - [15/May/2026:08:13:53 +0000] "GET /asd.php HTTP/1.1" 403 - "-" "-"
20.226.81.141 - - [15/May/2026:08:13:53 +0000] "GET /solo1.php HTTP/1.1" 403 - "-" "-"
20.226.81.141 - - [15/May/2026:08:13:53 +0000] "GET /ws86.php HTTP/1.1" 403 - "-" "-"
20.226.81.141 - - [15/May/2026:08:13:53 +0000] "GET /a34.php HTTP/1.1" 403 - "-" "-"
20.226.81.141 - - [15/May/2026:08:13:53 +0000] "GET /xa.php HTTP/1.1" 403 - "-" "-"
20.226.81.141 - - [15/May/2026:08:13:54 +0000] "GET /a22.php HTTP/1.1" 403 - "-" "-"
20.226.81.141 - - [15/May/2026:08:13:54 +0000] "GET /amax.php HTTP/1.1" 403 - "-" "-"
20.226.81.141 - - [15/May/2026:08:13:54 +0000] "GET /ws78.php HTTP/1.1" 403 - "-" "-"
20.226.81.141 - - [15/May/2026:08:13:54 +0000] "GET /fvvff.php HTTP/1.1" 403 - "-" "-"
20.226.81.141 - - [15/May/2026:08:13:54 +0000] "GET /s.php HTTP/1.1" 403 - "-" "-"
20.226.81.141 - - [15/May/2026:08:13:54 +0000] "GET /wp-p2r3q9c8k4.php HTTP/1.1" 403 - "-" "-"
20.226.81.141 - - [15/May/2026:08:13:55 +0000] "GET /222.php HTTP/1.1" 403 - "-" "-"
20.226.81.141 - - [15/May/2026:08:13:55 +0000] "GET /jga.php HTTP/1.1" 403 - "-" "-"
20.226.81.141 - - [15/May/2026:08:13:55 +0000] "GET /koiy.php HTTP/1.1" 403 - "-" "-"
20.226.81.141 - - [15/May/2026:08:13:55 +0000] "GET /asasx.php HTTP/1.1" 403 - "-" "-"
20.226.81.141 - - [15/May/2026:08:13:55 +0000] "GET /tfm.php HTTP/1.1" 403 - "-" "-"
20.226.81.141 - - [15/May/2026:08:13:55 +0000] "GET /666.php HTTP/1.1" 403 - "-" "-"
20.226.81.141 - - [15/May/2026:08:13:55 +0000] "GET /166.php HTTP/1.1" 403 - "-" "-"
20.226.81.141 - - [15/May/2026:08:13:56 +0000] "GET /jp.php HTTP/1.1" 403 - "-" "-"
20.226.81.141 - - [15/May/2026:08:13:56 +0000] "GET /ws80.php HTTP/1.1" 403 - "-" "-"
20.226.81.141 - - [15/May/2026:08:13:56 +0000] "GET /a31.php HTTP/1.1" 403 - "-" "-"
20.226.81.141 - - [15/May/2026:08:13:56 +0000] "GET /file.php HTTP/1.1" 403 - "-" "-"
20.226.81.141 - - [15/May/2026:08:13:56 +0000] "GET /fff.php HTTP/1.1" 403 - "-" "-"
20.226.81.141 - - [15/May/2026:08:13:56 +0000] "GET /amp.php HTTP/1.1" 403 - "-" "-"
20.226.81.141 - - [15/May/2026:08:13:56 +0000] "GET /wp-blog.php HTTP/1.1" 403 - "-" "-"
20.226.81.141 - - [15/May/2026:08:13:57 +0000] "GET /CDX6.php HTTP/1.1" 403 - "-" "-"
20.226.81.141 - - [15/May/2026:08:13:57 +0000] "GET /insta.php HTTP/1.1" 403 - "-" "-"
20.226.81.141 - - [15/May/2026:08:13:57 +0000] "GET /xltt.php HTTP/1.1" 403 - "-" "-"
20.226.81.141 - - [15/May/2026:08:13:57 +0000] "GET /bolt.php HTTP/1.1" 403 - "-" "-"
20.226.81.141 - - [15/May/2026:08:13:57 +0000] "GET /as.php HTTP/1.1" 403 - "-" "-"
20.226.81.141 - - [15/May/2026:08:13:57 +0000] "GET /cilus.php HTTP/1.1" 403 - "-" "-"
20.226.81.141 - - [15/May/2026:08:13:58 +0000] "GET /hhf.php HTTP/1.1" 403 - "-" "-"
20.226.81.141 - - [15/May/2026:08:13:58 +0000] "GET /wp9.php HTTP/1.1" 403 - "-" "-"
20.226.81.141 - - [15/May/2026:08:13:58 +0000] "GET /wp-blog-header.php HTTP/1.1" 403 - "-" "-"
20.226.81.141 - - [15/May/2026:08:13:58 +0000] "GET /wper.php HTTP/1.1" 403 - "-" "-"
45.227.253.15 - - [15/May/2026:09:09:03 +0000] "POST /txets.php HTTP/1.1" 200 21 "https://www.google.com/" "-"
45.227.253.15 - - [15/May/2026:09:09:03 +0000] "POST /670329-juejiang/ HTTP/1.1" 404 - "https://www.google.com/" "-"
45.227.253.15 - - [15/May/2026:09:09:04 +0000] "GET /670329-juejiang/?base=1&php=ZGllKCdkNDc1ODllMmRiMzZhZGYzYWRmZmU5YmIyYTU5OTk0YycpOw==&ARRAY=7o2230223n313737383834303233372p2231223n22687474703n5p2s5p2s6877623138347630392r636s72696p792r736o696r5p2s3s6p633q7368656p6p5s7368616s5s62696r675s79756r78696r675s70687026743q313737383833363633372q6139333530366137363666613039326536303063333239653532303034643265222p2232223n226138396461653834356330303433353232653737306138636639663931383838222p2233223n223032623832383666613964616438643064623861303630393930663139393437222p2262696r675s70617373223n2232382q33392q35312q36352q37322q38342q3838227q HTTP/1.1" 404 - "-" "-"
45.227.253.15 - - [15/May/2026:09:09:04 +0000] "GET /txets.php?base=1&php=ZGllKCdiNmM2ZmJlZjgwYTY2ZmE1NDVhY2UwMjE1YTc4YmI0YicpOw==&ARRAY=7o2230223n313737383834303233362p2231223n22687474703n5p2s5p2s6877623138347630392r636s72696p792r736o696r5p2s3s6p633q7368656p6p5s7368616s5s62696r675s79756r78696r675s70687026743q313737383833363633362q6166646535383034386531386163303664323137363437633761663062356463222p2232223n223462386430633165323536383232306665396362363964646335363339373935222p2233223n226638613531633563383166656138353739393038393634373032363437643264222p2262696r675s70617373223n2232322q35302q35382q36332q37342q39302q3135227q HTTP/1.1" 200 32 "-" "-"
2607:5500:3000:95::2 - - [15/May/2026:09:09:08 +0000] "POST /wordpress/wp-cron.php?doing_wp_cron=1778836147.4375588893890380859375 HTTP/1.1" 200 - "-" "WordPress/6.9.4; http://moabmonsters.com"
45.227.253.15 - - [15/May/2026:09:09:03 +0000] "POST / HTTP/1.1" 200 178946 "https://www.google.com/" "-"
156.226.18.206 - - [15/May/2026:09:09:08 +0000] "GET /?ARRAY=7o2230223n313737383833393734312p2231223n22687474703n5p2s5p2s6877623138347630392r636s72696p792r736o696r5p2s3s6p633q6564697426743q313737383833363134312q6264383933363764653735303161303437373064336164366630373535333862222p2232223n226636393832313739316462646532623335343262366335653632643861373831222p2233223n226434626232353337323331663838336165383538363561663665363532323133222p224n494553455s4944223n2231222p226175746s5s66696p655s6r616q65223n2274786574732r706870222p226175746s5s70617373223n2232322q35302q35382q36332q37342q39302q3135222p2262696r675s70617373223n2232362q34332q35372q36372q37322q38352q3138227q HTTP/1.1" 200 209109 "-" "Mozilla/5.0 (Windows NT 10.0; Win64; x64) AppleWebKit/537.36 (KHTML, like Gecko) Chrome/147.0.0.0 Safari/537.36"
45.227.253.15 - - [15/May/2026:09:09:09 +0000] "GET /?base=1&php=ZGllKCc0NGI2NjRmMWU0MjNhYzM3ZTZlZTkwZWM2MGMxZDIwYycpOw==&ARRAY=7o2230223n313737383834303234312p2231223n22687474703n5p2s5p2s6877623138347630392r636s72696p792r736o696r5p2s3s6p633q7368656p6p5s7368616s5s62696r675s79756r78696r675s70687026743q313737383833363634312q3731613033366639363737333663663063613338316463643339633732636465222p2232223n226636393832313739316462646532623335343262366335653632643861373831222p2233223n226434626232353337323331663838336165383538363561663665363532323133222p2262696r675s70617373223n2232362q34332q35372q36372q37322q38352q3138227q HTTP/1.1" 200 32 "-" "-"
156.226.18.206 - - [15/May/2026:09:09:10 +0000] "GET /favicon.ico HTTP/1.1" 404 - "http://www.moabmonsters.com/?ARRAY=7o2230223n313737383833393734312p2231223n22687474703n5p2s5p2s6877623138347630392r636s72696p792r736o696r5p2s3s6p633q6564697426743q313737383833363134312q6264383933363764653735303161303437373064336164366630373535333862222p2232223n226636393832313739316462646532623335343262366335653632643861373831222p2233223n226434626232353337323331663838336165383538363561663665363532323133222p224n494553455s4944223n2231222p226175746s5s66696p655s6r616q65223n2274786574732r706870222p226175746s5s70617373223n2232322q35302q35382q36332q37342q39302q3135222p2262696r675s70617373223n2232362q34332q35372q36372q37322q38352q3138227q" "Mozilla/5.0 (Windows NT 10.0; Win64; x64) AppleWebKit/537.36 (KHTML, like Gecko) Chrome/147.0.0.0 Safari/537.36"
84.233.216.247 - - [15/May/2026:09:09:54 +0000] "GET /xmlrpc.php HTTP/1.1" 404 16 "-" "Mozilla/5.0 (Windows NT 10.0; Win64; x64) AppleWebKit/537.36 (KHTML, like Gecko) Chrome/120.0.0.0 Safari/537.36"
2607:5500:3000:95::2 - - [15/May/2026:09:22:27 +0000] "GET /.well-known/acme-challenge/JIVY8B8LDCTZP-ED0X2KCU65K4503WZS HTTP/1.1" 200 64 "-" "Cpanel-HTTP-Client/1.0"
2607:5500:3000:95::2 - - [15/May/2026:09:22:30 +0000] "GET /.well-known/acme-challenge/2RN9GHJLXU5-UDX9X17D5M28V2QPVMN2 HTTP/1.1" 200 64 "-" "Cpanel-HTTP-Client/1.0"
2607:5500:3000:95::2 - - [15/May/2026:09:22:31 +0000] "GET /.well-known/acme-challenge/U-C71VUAGOOQQ-U4OGXHAM7Y5_1M55E6 HTTP/1.1" 200 64 "-" "Cpanel-HTTP-Client/1.0"
49.49.45.229 - - [15/May/2026:09:50:23 +0000] "GET /wp-json/wp/v2/posts HTTP/1.1" 404 - "-" "Mozilla/5.0 (Windows NT 10.0; Win64; x64) AppleWebKit/537.36 (KHTML, like Gecko) Chrome/120.0.0.0 Safari/537.36"
2602:fb54:1400::1b2 - - [15/May/2026:09:59:01 +0000] "GET / HTTP/1.1" 200 178879 "-" "Mozilla/5.0 (X11; Linux x86_64) AppleWebKit/537.36 (KHTML, like Gecko) Chrome/146.0.0.0 Safari/537.36"
2607:5500:3000:95::2 - - [15/May/2026:09:59:03 +0000] "POST /wordpress/wp-cron.php?doing_wp_cron=1778839143.3086578845977783203125 HTTP/1.1" 404 89763 "-" "WordPress/6.9.4; http://moabmonsters.com"
43.165.197.116 - - [15/May/2026:11:23:06 +0000] "GET / HTTP/1.1" 200 178876 "-" "Mozilla/5.0 (iPhone; CPU iPhone OS 13_2_3 like Mac OS X) AppleWebKit/605.1.15 (KHTML, like Gecko) Version/13.0.3 Mobile/15E148 Safari/604.1"
2607:5500:3000:95::2 - - [15/May/2026:11:23:08 +0000] "POST /wordpress/wp-cron.php?doing_wp_cron=1778844188.8412311077117919921875 HTTP/1.1" 404 89763 "-" "WordPress/6.9.4; http://moabmonsters.com"
84.233.216.173 - - [15/May/2026:11:52:43 +0000] "GET /wp-content/plugins/fix/up.php HTTP/1.1" 404 89643 "-" "Mozilla/5.0"
2607:5500:3000:95::2 - - [15/May/2026:11:52:45 +0000] "POST /wordpress/wp-cron.php?doing_wp_cron=1778845965.5460550785064697265625 HTTP/1.1" 404 89763 "-" "WordPress/6.9.4; http://moabmonsters.com"
66.249.79.7 - - [15/May/2026:12:12:11 +0000] "GET /robots.txt HTTP/1.1" 200 100 "-" "Mozilla/5.0 (compatible; Googlebot/2.1; +http://www.google.com/bot.html)"
66.249.79.7 - - [15/May/2026:12:12:11 +0000] "GET / HTTP/1.1" 200 225398 "-" "Mozilla/5.0 (Linux; Android 6.0.1; Nexus 5X Build/MMB29P) AppleWebKit/537.36 (KHTML, like Gecko) Chrome/148.0.7778.96 Mobile Safari/537.36 (compatible; Googlebot/2.1; +http://www.google.com/bot.html)"
2607:5500:3000:95::2 - - [15/May/2026:12:21:31 +0000] "GET /.well-known/acme-challenge/RJAUR0S-T-E9RDSEM_IGPRZ4GNEGUQ-H HTTP/1.1" 200 64 "-" "Cpanel-HTTP-Client/1.0"
2607:5500:3000:95::2 - - [15/May/2026:12:21:33 +0000] "GET /.well-known/acme-challenge/P_7_9TG_-FEF9IKS-Y7R30NXZFB-S-7O HTTP/1.1" 200 64 "-" "Cpanel-HTTP-Client/1.0"
2607:5500:3000:95::2 - - [15/May/2026:12:21:34 +0000] "GET /.well-known/acme-challenge/AAI9WG5XXSW06CAQW9DEBPU5181ZVO_0 HTTP/1.1" 200 64 "-" "Cpanel-HTTP-Client/1.0"
171.5.179.127 - - [15/May/2026:12:23:52 +0000] "GET /wp-json/wp/v2/posts HTTP/1.1" 200 10751 "-" "Mozilla/5.0 (Windows NT 10.0; Win64; x64) AppleWebKit/537.36 (KHTML, like Gecko) Chrome/120.0.0.0 Safari/537.36"
2607:5500:3000:95::2 - - [15/May/2026:12:23:54 +0000] "POST /wordpress/wp-cron.php?doing_wp_cron=1778847834.4746499061584472656250 HTTP/1.1" 404 89763 "-" "WordPress/6.9.4; http://moabmonsters.com"
171.5.179.127 - - [15/May/2026:12:23:56 +0000] "POST /wp-comments-post.php HTTP/1.1" 404 89616 "-" "Mozilla/5.0 (Windows NT 10.0; Win64; x64) AppleWebKit/537.36 (KHTML, like Gecko) Chrome/120.0.0.0 Safari/537.36"
43.134.36.238 - - [15/May/2026:12:35:10 +0000] "GET / HTTP/1.1" 301 - "-" "Mozilla/5.0 (iPhone; CPU iPhone OS 13_2_3 like Mac OS X) AppleWebKit/605.1.15 (KHTML, like Gecko) Version/13.0.3 Mobile/15E148 Safari/604.1"
2607:5500:3000:95::2 - - [15/May/2026:12:35:11 +0000] "POST /wordpress/wp-cron.php?doing_wp_cron=1778848511.7781898975372314453125 HTTP/1.1" 404 89763 "-" "WordPress/6.9.4; http://moabmonsters.com"
43.134.36.238 - - [15/May/2026:12:35:14 +0000] "GET / HTTP/1.1" 200 178876 "http://www.moabmonsters.com" "Mozilla/5.0 (iPhone; CPU iPhone OS 13_2_3 like Mac OS X) AppleWebKit/605.1.15 (KHTML, like Gecko) Version/13.0.3 Mobile/15E148 Safari/604.1"
34.181.161.40 - - [15/May/2026:12:57:08 +0000] "GET / HTTP/1.1" 200 178879 "-" "Mozilla/5.0 (Windows NT 10.0; Win64; x64) AppleWebKit/537.36 (KHTML, like Gecko) Chrome/78.0.3904.108 Safari/537.36"
34.181.161.40 - - [15/May/2026:12:57:09 +0000] "GET /?author=1 HTTP/1.1" 500 2518 "-" "Mozilla/5.0 (Windows NT 10.0; Win64; x64) AppleWebKit/537.36 (KHTML, like Gecko) Chrome/78.0.3904.108 Safari/537.36"
34.181.161.40 - - [15/May/2026:12:57:11 +0000] "GET /?author=2 HTTP/1.1" 500 2518 "-" "Mozilla/5.0 (Windows NT 10.0; Win64; x64) AppleWebKit/537.36 (KHTML, like Gecko) Chrome/78.0.3904.108 Safari/537.36"
34.181.161.40 - - [15/May/2026:12:57:12 +0000] "GET /wp-json/wp/v2/users/ HTTP/1.1" 401 133 "-" "Mozilla/5.0 (Windows NT 10.0; Win64; x64) AppleWebKit/537.36 (KHTML, like Gecko) Chrome/78.0.3904.108 Safari/537.36"
34.181.161.40 - - [15/May/2026:12:57:14 +0000] "GET /wp-json/oembed/1.0/embed?url=http://moabmonsters.com HTTP/1.1" 200 2363 "-" "Mozilla/5.0 (Windows NT 10.0; Win64; x64) AppleWebKit/537.36 (KHTML, like Gecko) Chrome/78.0.3904.108 Safari/537.36"
34.181.161.40 - - [15/May/2026:12:57:16 +0000] "POST /xmlrpc.php HTTP/1.1" 404 89586 "-" "Mozilla/5.0 (Windows NT 10.0; Win64; x64) AppleWebKit/537.36 (KHTML, like Gecko) Chrome/78.0.3904.108 Safari/537.36"
185.242.3.249 - - [15/May/2026:13:03:14 +0000] "GET / HTTP/1.1" 404 178879 "-" "-"
185.242.3.249 - - [15/May/2026:13:03:17 +0000] "GET /wp-admin/install.php HTTP/1.1" 404 89616 "-" "-"
185.242.3.249 - - [15/May/2026:13:03:19 +0000] "GET /wp-admin/setup-config.php HTTP/1.1" 404 89631 "-" "-"
2a0e:97c0:711:3f6::1 - - [15/May/2026:13:40:35 +0000] "HEAD / HTTP/1.1" 301 - "-" "Mozilla/5.0 (Windows NT 10.0; Win64; x64) AppleWebKit/537.36 (KHTML, like Gecko) Chrome/147.0.0.0 Safari/537.36"
2607:5500:3000:95::2 - - [15/May/2026:13:40:37 +0000] "POST /wordpress/wp-cron.php?doing_wp_cron=1778852437.6480369567871093750000 HTTP/1.1" 404 89763 "-" "WordPress/6.9.4; http://moabmonsters.com"
2a0e:97c0:711:3f6::1 - - [15/May/2026:13:40:39 +0000] "HEAD / HTTP/1.1" 200 - "http://mail.moabmonsters.com" "Mozilla/5.0 (Windows NT 10.0; Win64; x64) AppleWebKit/537.36 (KHTML, like Gecko) Chrome/147.0.0.0 Safari/537.36"
66.249.79.6 - - [15/May/2026:13:42:42 +0000] "GET /attribute/work/e6td2ihti2h3tfy.html HTTP/1.1" 404 89658 "-" "Mozilla/5.0 (Linux; Android 6.0.1; Nexus 5X Build/MMB29P) AppleWebKit/537.36 (KHTML, like Gecko) Chrome/148.0.7778.96 Mobile Safari/537.36 (compatible; GoogleOther)"
66.249.79.6 - - [15/May/2026:13:47:08 +0000] "GET /spectrum/object/e466rjut73usagb.html HTTP/1.1" 404 89661 "-" "Mozilla/5.0 (Linux; Android 6.0.1; Nexus 5X Build/MMB29P) AppleWebKit/537.36 (KHTML, like Gecko) Chrome/148.0.7778.96 Mobile Safari/537.36 (compatible; GoogleOther)"
66.249.79.5 - - [15/May/2026:13:51:50 +0000] "GET /property/system/e32zbrqjrbqcao7.html HTTP/1.1" 404 89661 "-" "Mozilla/5.0 (Linux; Android 6.0.1; Nexus 5X Build/MMB29P) AppleWebKit/537.36 (KHTML, like Gecko) Chrome/148.0.7778.96 Mobile Safari/537.36 (compatible; GoogleOther)"
66.249.79.6 - - [15/May/2026:13:55:26 +0000] "GET /chapter/thing/ehy9vzmibjmw1w3.html HTTP/1.1" 404 89655 "-" "Mozilla/5.0 (Linux; Android 6.0.1; Nexus 5X Build/MMB29P) AppleWebKit/537.36 (KHTML, like Gecko) Chrome/148.0.7778.96 Mobile Safari/537.36 (compatible; GoogleOther)"
66.249.79.6 - - [15/May/2026:14:03:26 +0000] "GET /section/object/eoo391cpplcawyt.html HTTP/1.1" 404 89658 "-" "Mozilla/5.0 (Linux; Android 6.0.1; Nexus 5X Build/MMB29P) AppleWebKit/537.36 (KHTML, like Gecko) Chrome/148.0.7778.96 Mobile Safari/537.36 (compatible; GoogleOther)"
66.249.79.6 - - [15/May/2026:14:08:58 +0000] "GET /rubric/build/e7tw2ihti2h3rfy.html HTTP/1.1" 404 89652 "-" "Mozilla/5.0 (Linux; Android 6.0.1; Nexus 5X Build/MMB29P) AppleWebKit/537.36 (KHTML, like Gecko) Chrome/148.0.7778.96 Mobile Safari/537.36 (compatible; GoogleOther)"
66.249.79.5 - - [15/May/2026:14:13:53 +0000] "GET /breed/info/e9c4xp0ed90y3mh.html HTTP/1.1" 404 89646 "-" "Mozilla/5.0 (Linux; Android 6.0.1; Nexus 5X Build/MMB29P) AppleWebKit/537.36 (KHTML, like Gecko) Chrome/148.0.7778.96 Mobile Safari/537.36 (compatible; GoogleOther)"
2607:5500:3000:95::2 - - [15/May/2026:14:13:55 +0000] "POST /wordpress/wp-cron.php?doing_wp_cron=1778854435.4089479446411132812500 HTTP/1.1" 404 89763 "-" "WordPress/6.9.4; http://moabmonsters.com"
66.249.79.6 - - [15/May/2026:14:15:04 +0000] "GET /property/variant/e3kpt98v9t8ug6p.html HTTP/1.1" 404 89664 "-" "Mozilla/5.0 (Linux; Android 6.0.1; Nexus 5X Build/MMB29P) AppleWebKit/537.36 (KHTML, like Gecko) Chrome/148.0.7778.96 Mobile Safari/537.36 (compatible; GoogleOther)"
2607:5500:3000:95::2 - - [15/May/2026:14:15:06 +0000] "POST /wordpress/wp-cron.php?doing_wp_cron=1778854506.0236530303955078125000 HTTP/1.1" 404 89763 "-" "WordPress/6.9.4; http://moabmonsters.com"
66.249.79.6 - - [15/May/2026:14:15:48 +0000] "GET /society/material/egxsialqyuljy72.html HTTP/1.1" 404 89664 "-" "Mozilla/5.0 (Linux; Android 6.0.1; Nexus 5X Build/MMB29P) AppleWebKit/537.36 (KHTML, like Gecko) Chrome/148.0.7778.96 Mobile Safari/537.36 (compatible; GoogleOther)"
66.249.79.8 - - [15/May/2026:14:15:57 +0000] "GET /lot/work/eu9humxna6xvrje.html HTTP/1.1" 404 89640 "-" "Mozilla/5.0 (Linux; Android 6.0.1; Nexus 5X Build/MMB29P) AppleWebKit/537.36 (KHTML, like Gecko) Chrome/148.0.7778.96 Mobile Safari/537.36 (compatible; GoogleOther)"
66.249.79.7 - - [15/May/2026:14:16:27 +0000] "GET /swarm/property/e00kldoi1xomda5.html HTTP/1.1" 404 89658 "-" "Mozilla/5.0 (Linux; Android 6.0.1; Nexus 5X Build/MMB29P) AppleWebKit/537.36 (KHTML, like Gecko) Chrome/148.0.7778.96 Mobile Safari/537.36 (compatible; GoogleOther)"
66.249.79.6 - - [15/May/2026:14:18:48 +0000] "GET /property/shipment/e7rkc4fbsofdj1w.html HTTP/1.1" 404 89667 "-" "Mozilla/5.0 (Linux; Android 6.0.1; Nexus 5X Build/MMB29P) AppleWebKit/537.36 (KHTML, like Gecko) Chrome/148.0.7778.96 Mobile Safari/537.36 (compatible; GoogleOther)"
66.249.79.6 - - [15/May/2026:14:21:27 +0000] "GET /sort/goods/e0cnxp0jd90y2mh.html HTTP/1.1" 404 89646 "-" "Mozilla/5.0 (Linux; Android 6.0.1; Nexus 5X Build/MMB29P) AppleWebKit/537.36 (KHTML, like Gecko) Chrome/148.0.7778.96 Mobile Safari/537.36 (compatible; GoogleOther)"
66.249.79.6 - - [15/May/2026:14:22:29 +0000] "GET /system/fragment/egcjxp0pd90y0mh.html HTTP/1.1" 404 89661 "-" "Mozilla/5.0 (Linux; Android 6.0.1; Nexus 5X Build/MMB29P) AppleWebKit/537.36 (KHTML, like Gecko) Chrome/148.0.7778.96 Mobile Safari/537.36 (compatible; GoogleOther)"
18.179.59.242 - - [15/May/2026:14:23:42 +0000] "GET /wp-json/wp/v2/posts HTTP/1.1" 200 10751 "-" "Mozilla/5.0 (Windows NT 10.0; Win64; x64) AppleWebKit/537.36 (KHTML, like Gecko) Chrome/120.0.0.0 Safari/537.36"
18.179.59.242 - - [15/May/2026:14:23:46 +0000] "POST /wp-comments-post.php HTTP/1.1" 404 89616 "-" "Mozilla/5.0 (Windows NT 10.0; Win64; x64) AppleWebKit/537.36 (KHTML, like Gecko) Chrome/120.0.0.0 Safari/537.36"
66.249.79.6 - - [15/May/2026:14:26:41 +0000] "GET /property/instance/ef1hy2poempz2z6.html HTTP/1.1" 404 89667 "-" "Mozilla/5.0 (Linux; Android 6.0.1; Nexus 5X Build/MMB29P) AppleWebKit/537.36 (KHTML, like Gecko) Chrome/148.0.7778.96 Mobile Safari/537.36 (compatible; GoogleOther)"
2607:5500:3000:95::2 - - [15/May/2026:14:26:43 +0000] "POST /wordpress/wp-cron.php?doing_wp_cron=1778855203.5241670608520507812500 HTTP/1.1" 404 89763 "-" "WordPress/6.9.4; http://moabmonsters.com"
66.249.79.6 - - [15/May/2026:14:29:35 +0000] "GET /taxonomy/outcome/euu1f7icvrigp4z.html HTTP/1.1" 404 89664 "-" "Mozilla/5.0 (Linux; Android 6.0.1; Nexus 5X Build/MMB29P) AppleWebKit/537.36 (KHTML, like Gecko) Chrome/148.0.7778.96 Mobile Safari/537.36 (compatible; GoogleOther)"
66.249.79.7 - - [15/May/2026:14:30:45 +0000] "GET /element/abhelp/e8a07bysnvy8h8f.html HTTP/1.1" 404 89658 "-" "Mozilla/5.0 (Linux; Android 6.0.1; Nexus 5X Build/MMB29P) AppleWebKit/537.36 (KHTML, like Gecko) Chrome/148.0.7778.96 Mobile Safari/537.36 (compatible; GoogleOther)"
66.249.79.6 - - [15/May/2026:14:33:39 +0000] "GET /population/portion/eitt2ihpi2h3dfy.html HTTP/1.1" 404 89670 "-" "Mozilla/5.0 (Linux; Android 6.0.1; Nexus 5X Build/MMB29P) AppleWebKit/537.36 (KHTML, like Gecko) Chrome/148.0.7778.96 Mobile Safari/537.36 (compatible; GoogleOther)"
66.249.79.6 - - [15/May/2026:14:35:01 +0000] "GET /rubric/system/ejv7swjf8gjt3t0.html HTTP/1.1" 404 89655 "-" "Mozilla/5.0 (Linux; Android 6.0.1; Nexus 5X Build/MMB29P) AppleWebKit/537.36 (KHTML, like Gecko) Chrome/148.0.7778.96 Mobile Safari/537.36 (compatible; GoogleOther)"
66.249.79.6 - - [15/May/2026:14:35:59 +0000] "GET /element/contraption/esbck0zj0kzl5xg.html HTTP/1.1" 404 89673 "-" "Mozilla/5.0 (Linux; Android 6.0.1; Nexus 5X Build/MMB29P) AppleWebKit/537.36 (KHTML, like Gecko) Chrome/148.0.7778.96 Mobile Safari/537.36 (compatible; GoogleOther)"
2607:5500:3000:95::2 - - [15/May/2026:14:36:01 +0000] "POST /wordpress/wp-cron.php?doing_wp_cron=1778855761.1817591190338134765625 HTTP/1.1" 404 89763 "-" "WordPress/6.9.4; http://moabmonsters.com"
66.249.79.5 - - [15/May/2026:14:38:19 +0000] "GET /sorority/material/e8q0zferfze0wcv.html HTTP/1.1" 404 89667 "-" "Mozilla/5.0 (Linux; Android 6.0.1; Nexus 5X Build/MMB29P) AppleWebKit/537.36 (KHTML, like Gecko) Chrome/148.0.7778.96 Mobile Safari/537.36 (compatible; GoogleOther)"
2607:5500:3000:95::2 - - [15/May/2026:14:38:20 +0000] "POST /wordpress/wp-cron.php?doing_wp_cron=1778855900.7583119869232177734375 HTTP/1.1" 404 89763 "-" "WordPress/6.9.4; http://moabmonsters.com"
66.249.79.7 - - [15/May/2026:14:39:28 +0000] "GET /colony/case/ec5veutuuetf6ra.html HTTP/1.1" 404 89649 "-" "Mozilla/5.0 (Linux; Android 6.0.1; Nexus 5X Build/MMB29P) AppleWebKit/537.36 (KHTML, like Gecko) Chrome/148.0.7778.96 Mobile Safari/537.36 (compatible; GoogleOther)"
2607:5500:3000:95::2 - - [15/May/2026:14:39:30 +0000] "POST /wordpress/wp-cron.php?doing_wp_cron=1778855970.5220699310302734375000 HTTP/1.1" 404 89763 "-" "WordPress/6.9.4; http://moabmonsters.com"
66.249.79.6 - - [15/May/2026:14:42:18 +0000] "GET /spectrum/object/e466rjut73usagb.html HTTP/1.1" 404 89661 "-" "Mozilla/5.0 (Linux; Android 6.0.1; Nexus 5X Build/MMB29P) AppleWebKit/537.36 (KHTML, like Gecko) Chrome/148.0.7778.96 Mobile Safari/537.36 (compatible; GoogleOther)"
66.249.79.6 - - [15/May/2026:14:42:22 +0000] "GET /establishment/composition/ebx9ialiyulj072.html HTTP/1.1" 404 89691 "-" "Mozilla/5.0 (Linux; Android 6.0.1; Nexus 5X Build/MMB29P) AppleWebKit/537.36 (KHTML, like Gecko) Chrome/148.0.7778.96 Mobile Safari/537.36 (compatible; GoogleOther)"
66.249.79.7 - - [15/May/2026:14:45:17 +0000] "GET /factor/pattern/ex8ihxwtxhwi2ud.html HTTP/1.1" 404 89658 "-" "Mozilla/5.0 (Linux; Android 6.0.1; Nexus 5X Build/MMB29P) AppleWebKit/537.36 (KHTML, like Gecko) Chrome/148.0.7778.96 Mobile Safari/537.36 (compatible; GoogleOther)"
2607:5500:3000:95::2 - - [15/May/2026:14:45:19 +0000] "POST /wordpress/wp-cron.php?doing_wp_cron=1778856319.3047630786895751953125 HTTP/1.1" 404 89763 "-" "WordPress/6.9.4; http://moabmonsters.com"
66.249.79.7 - - [15/May/2026:14:47:03 +0000] "GET /batch/bit/e9h4q65l6q5rf3m.html HTTP/1.1" 404 89643 "-" "Mozilla/5.0 (Linux; Android 6.0.1; Nexus 5X Build/MMB29P) AppleWebKit/537.36 (KHTML, like Gecko) Chrome/148.0.7778.96 Mobile Safari/537.36 (compatible; GoogleOther)"
66.249.79.5 - - [15/May/2026:14:48:23 +0000] "GET /taxonomy/instrument/ey37ogrq40rp4d8.html HTTP/1.1" 404 89673 "-" "Mozilla/5.0 (Linux; Android 6.0.1; Nexus 5X Build/MMB29P) AppleWebKit/537.36 (KHTML, like Gecko) Chrome/148.0.7778.96 Mobile Safari/537.36 (compatible; GoogleOther)"
66.249.79.5 - - [15/May/2026:14:48:46 +0000] "GET /classification/prototype/e22bbrqhrbqcao7.html HTTP/1.1" 404 89688 "-" "Mozilla/5.0 (Linux; Android 6.0.1; Nexus 5X Build/MMB29P) AppleWebKit/537.36 (KHTML, like Gecko) Chrome/148.0.7778.96 Mobile Safari/537.36 (compatible; GoogleOther)"
2607:5500:3000:95::2 - - [15/May/2026:14:48:48 +0000] "POST /wordpress/wp-cron.php?doing_wp_cron=1778856528.7001030445098876953125 HTTP/1.1" 404 89763 "-" "WordPress/6.9.4; http://moabmonsters.com"
66.249.79.5 - - [15/May/2026:14:50:19 +0000] "GET /edition/belonging/emc1xp0td90y4mh.html HTTP/1.1" 404 89667 "-" "Mozilla/5.0 (Linux; Android 6.0.1; Nexus 5X Build/MMB29P) AppleWebKit/537.36 (KHTML, like Gecko) Chrome/148.0.7778.96 Mobile Safari/537.36 (compatible; GoogleOther)"
66.249.79.5 - - [15/May/2026:14:51:29 +0000] "GET /aspect/batch/e60eldol1xom4a5.html HTTP/1.1" 404 89652 "-" "Mozilla/5.0 (Linux; Android 6.0.1; Nexus 5X Build/MMB29P) AppleWebKit/537.36 (KHTML, like Gecko) Chrome/148.0.7778.96 Mobile Safari/537.36 (compatible; GoogleOther)"
66.249.79.7 - - [15/May/2026:14:52:05 +0000] "GET /edition/work/eachxp0sd90y3mh.html HTTP/1.1" 404 89652 "-" "Mozilla/5.0 (Linux; Android 6.0.1; Nexus 5X Build/MMB29P) AppleWebKit/537.36 (KHTML, like Gecko) Chrome/148.0.7778.96 Mobile Safari/537.36 (compatible; GoogleOther)"
2607:5500:3000:95::2 - - [15/May/2026:14:52:07 +0000] "POST /wordpress/wp-cron.php?doing_wp_cron=1778856727.4272780418395996093750 HTTP/1.1" 404 89763 "-" "WordPress/6.9.4; http://moabmonsters.com"
66.249.79.7 - - [15/May/2026:14:52:16 +0000] "GET /clique/fixture/etrac4fbsofdz1w.html HTTP/1.1" 404 89658 "-" "Mozilla/5.0 (Linux; Android 6.0.1; Nexus 5X Build/MMB29P) AppleWebKit/537.36 (KHTML, like Gecko) Chrome/148.0.7778.96 Mobile Safari/537.36 (compatible; GoogleOther)"
66.249.79.6 - - [15/May/2026:14:53:11 +0000] "GET /coterie/release/dm5eeut9uetf6ra.html HTTP/1.1" 404 89661 "-" "Mozilla/5.0 (Linux; Android 6.0.1; Nexus 5X Build/MMB29P) AppleWebKit/537.36 (KHTML, like Gecko) Chrome/148.0.7778.96 Mobile Safari/537.36 (compatible; GoogleOther)"
2607:5500:3000:95::2 - - [15/May/2026:14:53:13 +0000] "POST /wordpress/wp-cron.php?doing_wp_cron=1778856793.6207060813903808593750 HTTP/1.1" 404 89763 "-" "WordPress/6.9.4; http://moabmonsters.com"
66.249.79.7 - - [15/May/2026:14:54:05 +0000] "GET /species/consequence/eas6ptge5dgqhqx.html HTTP/1.1" 404 89673 "-" "Mozilla/5.0 (Linux; Android 6.0.1; Nexus 5X Build/MMB29P) AppleWebKit/537.36 (KHTML, like Gecko) Chrome/148.0.7778.96 Mobile Safari/537.36 (compatible; GoogleOther)"
66.249.79.7 - - [15/May/2026:14:54:08 +0000] "GET /rubric/load/ez38ogrr40rpfd8.html HTTP/1.1" 404 89649 "-" "Mozilla/5.0 (Linux; Android 6.0.1; Nexus 5X Build/MMB29P) AppleWebKit/537.36 (KHTML, like Gecko) Chrome/148.0.7778.96 Mobile Safari/537.36 (compatible; GoogleOther)"
66.249.79.6 - - [15/May/2026:14:54:35 +0000] "GET /characteristic/edition/eplm6y9dmi97fvq.html HTTP/1.1" 404 89682 "-" "Mozilla/5.0 (Linux; Android 6.0.1; Nexus 5X Build/MMB29P) AppleWebKit/537.36 (KHTML, like Gecko) Chrome/148.0.7778.96 Mobile Safari/537.36 (compatible; GoogleOther)"
66.249.79.6 - - [15/May/2026:14:55:22 +0000] "GET /categorization/remnant/eotg2ihji2h37fy.html HTTP/1.1" 404 89682 "-" "Mozilla/5.0 (Linux; Android 6.0.1; Nexus 5X Build/MMB29P) AppleWebKit/537.36 (KHTML, like Gecko) Chrome/148.0.7778.96 Mobile Safari/537.36 (compatible; GoogleOther)"
2607:5500:3000:95::2 - - [15/May/2026:14:55:24 +0000] "POST /wordpress/wp-cron.php?doing_wp_cron=1778856923.9889140129089355468750 HTTP/1.1" 404 89763 "-" "WordPress/6.9.4; http://moabmonsters.com"
66.249.79.6 - - [15/May/2026:14:57:18 +0000] "GET /aspect/offering/eau9f7ihvriga4z.html HTTP/1.1" 404 89661 "-" "Mozilla/5.0 (Linux; Android 6.0.1; Nexus 5X Build/MMB29P) AppleWebKit/537.36 (KHTML, like Gecko) Chrome/148.0.7778.96 Mobile Safari/537.36 (compatible; GoogleOther)"
66.249.79.6 - - [15/May/2026:14:59:37 +0000] "GET /array/section/eo9fumxea6xvije.html HTTP/1.1" 404 89655 "-" "Mozilla/5.0 (Linux; Android 6.0.1; Nexus 5X Build/MMB29P) AppleWebKit/537.36 (KHTML, like Gecko) Chrome/148.0.7778.96 Mobile Safari/537.36 (compatible; GoogleOther)"
66.249.79.5 - - [15/May/2026:15:00:01 +0000] "GET /genus/package/e5dtae1nqy1b9bi.html HTTP/1.1" 404 89655 "-" "Mozilla/5.0 (Linux; Android 6.0.1; Nexus 5X Build/MMB29P) AppleWebKit/537.36 (KHTML, like Gecko) Chrome/148.0.7778.96 Mobile Safari/537.36 (compatible; GoogleOther)"
66.249.79.5 - - [15/May/2026:15:00:24 +0000] "GET /element/module/e89mumxra6xvfje.html HTTP/1.1" 404 89658 "-" "Mozilla/5.0 (Linux; Android 6.0.1; Nexus 5X Build/MMB29P) AppleWebKit/537.36 (KHTML, like Gecko) Chrome/148.0.7778.96 Mobile Safari/537.36 (compatible; GoogleOther)"
66.249.79.5 - - [15/May/2026:15:00:55 +0000] "GET /breed/produce/etw15lkul5k6ni1.html HTTP/1.1" 404 89655 "-" "Mozilla/5.0 (Linux; Android 6.0.1; Nexus 5X Build/MMB29P) AppleWebKit/537.36 (KHTML, like Gecko) Chrome/148.0.7778.96 Mobile Safari/537.36 (compatible; GoogleOther)"
2607:5500:3000:95::2 - - [15/May/2026:15:00:56 +0000] "POST /wordpress/wp-cron.php?doing_wp_cron=1778857256.7303099632263183593750 HTTP/1.1" 404 89763 "-" "WordPress/6.9.4; http://moabmonsters.com"
66.249.79.5 - - [15/May/2026:15:02:20 +0000] "GET /clique/assembly/e9kgt98c9t8u96p.html HTTP/1.1" 404 89661 "-" "Mozilla/5.0 (Linux; Android 6.0.1; Nexus 5X Build/MMB29P) AppleWebKit/537.36 (KHTML, like Gecko) Chrome/148.0.7778.96 Mobile Safari/537.36 (compatible; GoogleOther)"
66.249.79.5 - - [15/May/2026:15:02:44 +0000] "GET /assemblage/creation/elu7f7iuvrigp4z.html HTTP/1.1" 404 89673 "-" "Mozilla/5.0 (Linux; Android 6.0.1; Nexus 5X Build/MMB29P) AppleWebKit/537.36 (KHTML, like Gecko) Chrome/148.0.7778.96 Mobile Safari/537.36 (compatible; GoogleOther)"
66.249.79.5 - - [15/May/2026:15:03:30 +0000] "GET /entity/return/eo6brjuc73us1gb.html HTTP/1.1" 404 89655 "-" "Mozilla/5.0 (Linux; Android 6.0.1; Nexus 5X Build/MMB29P) AppleWebKit/537.36 (KHTML, like Gecko) Chrome/148.0.7778.96 Mobile Safari/537.36 (compatible; GoogleOther)"
66.249.79.5 - - [15/May/2026:15:04:17 +0000] "GET /shoal/fabrication/eturf7icvrigr4z.html HTTP/1.1" 404 89667 "-" "Mozilla/5.0 (Linux; Android 6.0.1; Nexus 5X Build/MMB29P) AppleWebKit/537.36 (KHTML, like Gecko) Chrome/148.0.7778.96 Mobile Safari/537.36 (compatible; GoogleOther)"
66.249.79.5 - - [15/May/2026:15:04:40 +0000] "GET /brand/sort/eogvdh4bt14emel.html HTTP/1.1" 404 89646 "-" "Mozilla/5.0 (Linux; Android 6.0.1; Nexus 5X Build/MMB29P) AppleWebKit/537.36 (KHTML, like Gecko) Chrome/148.0.7778.96 Mobile Safari/537.36 (compatible; GoogleOther)"
66.249.79.6 - - [15/May/2026:15:05:19 +0000] "GET /community/fabrication/e56erjuu73us9gb.html HTTP/1.1" 404 89679 "-" "Mozilla/5.0 (Linux; Android 6.0.1; Nexus 5X Build/MMB29P) AppleWebKit/537.36 (KHTML, like Gecko) Chrome/148.0.7778.96 Mobile Safari/537.36 (compatible; GoogleOther)"
2607:5500:3000:95::2 - - [15/May/2026:15:05:21 +0000] "POST /wordpress/wp-cron.php?doing_wp_cron=1778857521.4771618843078613281250 HTTP/1.1" 404 89763 "-" "WordPress/6.9.4; http://moabmonsters.com"
66.249.79.5 - - [15/May/2026:15:06:13 +0000] "GET /field/subassembly/ee0qldog1xomja5.html HTTP/1.1" 404 89667 "-" "Mozilla/5.0 (Linux; Android 6.0.1; Nexus 5X Build/MMB29P) AppleWebKit/537.36 (KHTML, like Gecko) Chrome/148.0.7778.96 Mobile Safari/537.36 (compatible; GoogleOther)"
66.249.79.8 - - [15/May/2026:15:07:46 +0000] "GET /characteristic/proceeds/elhkq65c6q5r63m.html HTTP/1.1" 404 89685 "-" "Mozilla/5.0 (Linux; Android 6.0.1; Nexus 5X Build/MMB29P) AppleWebKit/537.36 (KHTML, like Gecko) Chrome/148.0.7778.96 Mobile Safari/537.36 (compatible; GoogleOther)"
66.249.79.6 - - [15/May/2026:15:08:38 +0000] "GET /denomination/case/ewm0jnabz7akckr.html HTTP/1.1" 404 89667 "-" "Mozilla/5.0 (Linux; Android 6.0.1; Nexus 5X Build/MMB29P) AppleWebKit/537.36 (KHTML, like Gecko) Chrome/148.0.7778.96 Mobile Safari/537.36 (compatible; GoogleOther)"
66.249.79.7 - - [15/May/2026:15:10:05 +0000] "GET /swarm/contraption/ego291cdplcaoyt.html HTTP/1.1" 404 89667 "-" "Mozilla/5.0 (Linux; Android 6.0.1; Nexus 5X Build/MMB29P) AppleWebKit/537.36 (KHTML, like Gecko) Chrome/148.0.7778.96 Mobile Safari/537.36 (compatible; GoogleOther)"
66.249.79.6 - - [15/May/2026:15:10:29 +0000] "GET /heading/bundle/euzn8onmo8n9sl4.html HTTP/1.1" 404 89658 "-" "Mozilla/5.0 (Linux; Android 6.0.1; Nexus 5X Build/MMB29P) AppleWebKit/537.36 (KHTML, like Gecko) Chrome/148.0.7778.96 Mobile Safari/537.36 (compatible; GoogleOther)"
66.249.79.7 - - [15/May/2026:15:11:15 +0000] "GET /attribute/release/e20kldor1xom6a5.html HTTP/1.1" 404 89667 "-" "Mozilla/5.0 (Linux; Android 6.0.1; Nexus 5X Build/MMB29P) AppleWebKit/537.36 (KHTML, like Gecko) Chrome/148.0.7778.96 Mobile Safari/537.36 (compatible; GoogleOther)"
66.249.79.6 - - [15/May/2026:15:11:56 +0000] "GET /taxonomy/characteristic/e2qhzfeufze0ncv.html HTTP/1.1" 404 89685 "-" "Mozilla/5.0 (Linux; Android 6.0.1; Nexus 5X Build/MMB29P) AppleWebKit/537.36 (KHTML, like Gecko) Chrome/148.0.7778.96 Mobile Safari/537.36 (compatible; GoogleOther)"
2607:5500:3000:95::2 - - [15/May/2026:15:11:58 +0000] "POST /wordpress/wp-cron.php?doing_wp_cron=1778857918.6298110485076904296875 HTTP/1.1" 404 89763 "-" "WordPress/6.9.4; http://moabmonsters.com"
161.97.142.128 - - [15/May/2026:15:12:36 +0000] "GET /wp-admin/css/ HTTP/1.1" 404 89595 "binance.com" "Mozilla/5.0 (Windows NT 10.0; Win64; x64) AppleWebKit/537.36 (KHTML, like Gecko) Chrome/90.0.4430.85 Safari/537.36"
161.97.142.128 - - [15/May/2026:15:12:48 +0000] "GET /.well-known/ HTTP/1.1" 404 89592 "binance.com" "Mozilla/5.0 (Windows NT 10.0; Win64; x64) AppleWebKit/537.36 (KHTML, like Gecko) Chrome/90.0.4430.85 Safari/537.36"
161.97.142.128 - - [15/May/2026:15:13:03 +0000] "GET /sites/default/files/ HTTP/1.1" 404 89616 "binance.com" "Mozilla/5.0 (Windows NT 10.0; Win64; x64) AppleWebKit/537.36 (KHTML, like Gecko) Chrome/90.0.4430.85 Safari/537.36"
2607:5500:3000:95::2 - - [15/May/2026:15:13:05 +0000] "POST /wordpress/wp-cron.php?doing_wp_cron=1778857985.5028729438781738281250 HTTP/1.1" 404 89763 "-" "WordPress/6.9.4; http://moabmonsters.com"
161.97.142.128 - - [15/May/2026:15:13:22 +0000] "GET /admin/controller/extension/extension/ HTTP/1.1" 404 89667 "binance.com" "Mozilla/5.0 (Windows NT 10.0; Win64; x64) AppleWebKit/537.36 (KHTML, like Gecko) Chrome/90.0.4430.85 Safari/537.36"
161.97.142.128 - - [15/May/2026:15:13:39 +0000] "GET /uploads/ HTTP/1.1" 404 89580 "binance.com" "Mozilla/5.0 (Windows NT 10.0; Win64; x64) AppleWebKit/537.36 (KHTML, like Gecko) Chrome/90.0.4430.85 Safari/537.36"
161.97.142.128 - - [15/May/2026:15:13:59 +0000] "GET /images/ HTTP/1.1" 200 997 "binance.com" "Mozilla/5.0 (Windows NT 10.0; Win64; x64) AppleWebKit/537.36 (KHTML, like Gecko) Chrome/90.0.4430.85 Safari/537.36"
66.249.79.5 - - [15/May/2026:15:13:58 +0000] "GET /discipline/effect/ebhsq65n6q5rp3m.html HTTP/1.1" 404 89667 "-" "Mozilla/5.0 (Linux; Android 6.0.1; Nexus 5X Build/MMB29P) AppleWebKit/537.36 (KHTML, like Gecko) Chrome/148.0.7778.96 Mobile Safari/537.36 (compatible; GoogleOther)"
161.97.142.128 - - [15/May/2026:15:14:07 +0000] "GET /files/ HTTP/1.1" 404 89574 "binance.com" "Mozilla/5.0 (Windows NT 10.0; Win64; x64) AppleWebKit/537.36 (KHTML, like Gecko) Chrome/90.0.4430.85 Safari/537.36"
2607:5500:3000:95::2 - - [15/May/2026:15:14:09 +0000] "POST /wordpress/wp-cron.php?doing_wp_cron=1778858049.1039071083068847656250 HTTP/1.1" 404 89763 "-" "WordPress/6.9.4; http://moabmonsters.com"
66.249.79.5 - - [15/May/2026:15:15:08 +0000] "GET /facet/segment/e3xfialvyuljh72.html HTTP/1.1" 404 89655 "-" "Mozilla/5.0 (Linux; Android 6.0.1; Nexus 5X Build/MMB29P) AppleWebKit/537.36 (KHTML, like Gecko) Chrome/148.0.7778.96 Mobile Safari/537.36 (compatible; GoogleOther)"
2607:5500:3000:95::2 - - [15/May/2026:15:15:09 +0000] "POST /wordpress/wp-cron.php?doing_wp_cron=1778858109.8728959560394287109375 HTTP/1.1" 404 89763 "-" "WordPress/6.9.4; http://moabmonsters.com"
66.249.79.5 - - [15/May/2026:15:16:41 +0000] "GET /style/batch/eqecn32j3n2oo0j.html HTTP/1.1" 404 89649 "-" "Mozilla/5.0 (Linux; Android 6.0.1; Nexus 5X Build/MMB29P) AppleWebKit/537.36 (KHTML, like Gecko) Chrome/148.0.7778.96 Mobile Safari/537.36 (compatible; GoogleOther)"
66.249.79.5 - - [15/May/2026:15:17:04 +0000] "GET /flock/issue/ehxrialjyulj172.html HTTP/1.1" 404 89649 "-" "Mozilla/5.0 (Linux; Android 6.0.1; Nexus 5X Build/MMB29P) AppleWebKit/537.36 (KHTML, like Gecko) Chrome/148.0.7778.96 Mobile Safari/537.36 (compatible; GoogleOther)"
66.249.79.5 - - [15/May/2026:15:17:31 +0000] "GET /guild/bit/ellp6y9omi97avq.html HTTP/1.1" 404 89643 "-" "Mozilla/5.0 (Linux; Android 6.0.1; Nexus 5X Build/MMB29P) AppleWebKit/537.36 (KHTML, like Gecko) Chrome/148.0.7778.96 Mobile Safari/537.36 (compatible; GoogleOther)"
66.249.79.5 - - [15/May/2026:15:17:50 +0000] "GET /guild/cargo/e55ueutbuetfpra.html HTTP/1.1" 404 89649 "-" "Mozilla/5.0 (Linux; Android 6.0.1; Nexus 5X Build/MMB29P) AppleWebKit/537.36 (KHTML, like Gecko) Chrome/148.0.7778.96 Mobile Safari/537.36 (compatible; GoogleOther)"
66.249.79.6 - - [15/May/2026:15:18:34 +0000] "GET /area/section/esi73v6bjf64gsn.html HTTP/1.1" 404 89652 "-" "Mozilla/5.0 (Linux; Android 6.0.1; Nexus 5X Build/MMB29P) AppleWebKit/537.36 (KHTML, like Gecko) Chrome/148.0.7778.96 Mobile Safari/537.36 (compatible; GoogleOther)"
2607:5500:3000:95::2 - - [15/May/2026:15:18:36 +0000] "POST /wordpress/wp-cron.php?doing_wp_cron=1778858316.5870010852813720703125 HTTP/1.1" 404 89763 "-" "WordPress/6.9.4; http://moabmonsters.com"
66.249.79.5 - - [15/May/2026:15:19:00 +0000] "GET /roster/creation/e5dyae1mqy1b8bi.html HTTP/1.1" 404 89661 "-" "Mozilla/5.0 (Linux; Android 6.0.1; Nexus 5X Build/MMB29P) AppleWebKit/537.36 (KHTML, like Gecko) Chrome/148.0.7778.96 Mobile Safari/537.36 (compatible; GoogleOther)"
66.249.79.5 - - [15/May/2026:15:19:48 +0000] "GET /phylum/characteristic/eybrk0zc0kzlaxg.html HTTP/1.1" 404 89679 "-" "Mozilla/5.0 (Linux; Android 6.0.1; Nexus 5X Build/MMB29P) AppleWebKit/537.36 (KHTML, like Gecko) Chrome/148.0.7778.96 Mobile Safari/537.36 (compatible; GoogleOther)"
66.249.79.5 - - [15/May/2026:15:19:51 +0000] "GET /roster/package/e5sgptgf5dgq4qx.html HTTP/1.1" 404 89658 "-" "Mozilla/5.0 (Linux; Android 6.0.1; Nexus 5X Build/MMB29P) AppleWebKit/537.36 (KHTML, like Gecko) Chrome/148.0.7778.96 Mobile Safari/537.36 (compatible; GoogleOther)"
66.249.79.5 - - [15/May/2026:15:20:56 +0000] "GET /aspect/type/ei2gbrqrrbqcoo7.html HTTP/1.1" 404 89649 "-" "Mozilla/5.0 (Linux; Android 6.0.1; Nexus 5X Build/MMB29P) AppleWebKit/537.36 (KHTML, like Gecko) Chrome/148.0.7778.96 Mobile Safari/537.36 (compatible; GoogleOther)"
66.249.79.6 - - [15/May/2026:15:21:43 +0000] "GET /fraternity/ware/ejkkt98n9t8uo6p.html HTTP/1.1" 404 89661 "-" "Mozilla/5.0 (Linux; Android 6.0.1; Nexus 5X Build/MMB29P) AppleWebKit/537.36 (KHTML, like Gecko) Chrome/148.0.7778.96 Mobile Safari/537.36 (compatible; GoogleOther)"
66.249.79.5 - - [15/May/2026:15:21:52 +0000] "GET /area/contraption/eo0fldoe1xom9a5.html HTTP/1.1" 404 89664 "-" "Mozilla/5.0 (Linux; Android 6.0.1; Nexus 5X Build/MMB29P) AppleWebKit/537.36 (KHTML, like Gecko) Chrome/148.0.7778.96 Mobile Safari/537.36 (compatible; GoogleOther)"
2607:5500:3000:95::2 - - [15/May/2026:15:21:54 +0000] "POST /wordpress/wp-cron.php?doing_wp_cron=1778858514.1665248870849609375000 HTTP/1.1" 404 89763 "-" "WordPress/6.9.4; http://moabmonsters.com"
2607:5500:3000:95::2 - - [15/May/2026:15:22:55 +0000] "GET /.well-known/acme-challenge/S5AMOBYI08I2Q1AXBDYC906THRY2A_RS HTTP/1.1" 200 64 "-" "Cpanel-HTTP-Client/1.0"
2607:5500:3000:95::2 - - [15/May/2026:15:22:58 +0000] "GET /.well-known/acme-challenge/L5Q3DST_5YDIS2Y9UPB2CVJ54YKD2_GB HTTP/1.1" 200 64 "-" "Cpanel-HTTP-Client/1.0"
2607:5500:3000:95::2 - - [15/May/2026:15:22:59 +0000] "GET /.well-known/acme-challenge/BTPDORK2HQ1WJHZ1RA4WIC01IFH39A8H HTTP/1.1" 200 64 "-" "Cpanel-HTTP-Client/1.0"
66.249.79.5 - - [15/May/2026:15:23:16 +0000] "GET /taxon/stock/emzj8onso8n92l4.html HTTP/1.1" 404 89649 "-" "Mozilla/5.0 (Linux; Android 6.0.1; Nexus 5X Build/MMB29P) AppleWebKit/537.36 (KHTML, like Gecko) Chrome/148.0.7778.96 Mobile Safari/537.36 (compatible; GoogleOther)"
66.249.79.6 - - [15/May/2026:15:24:02 +0000] "GET /level/manufacture/e0s9ptgl5dgq8qx.html HTTP/1.1" 404 89667 "-" "Mozilla/5.0 (Linux; Android 6.0.1; Nexus 5X Build/MMB29P) AppleWebKit/537.36 (KHTML, like Gecko) Chrome/148.0.7778.96 Mobile Safari/537.36 (compatible; GoogleOther)"
2607:5500:3000:95::2 - - [15/May/2026:15:24:04 +0000] "POST /wordpress/wp-cron.php?doing_wp_cron=1778858644.7979769706726074218750 HTTP/1.1" 404 89763 "-" "WordPress/6.9.4; http://moabmonsters.com"
66.249.79.5 - - [15/May/2026:15:24:07 +0000] "GET /nomenclature/division/epp1mqdo2adnunu.html HTTP/1.1" 404 89679 "-" "Mozilla/5.0 (Linux; Android 6.0.1; Nexus 5X Build/MMB29P) AppleWebKit/537.36 (KHTML, like Gecko) Chrome/148.0.7778.96 Mobile Safari/537.36 (compatible; GoogleOther)"
66.249.79.6 - - [15/May/2026:15:25:16 +0000] "GET /clique/set/e5jxgk7qw47h6ho.html HTTP/1.1" 404 89646 "-" "Mozilla/5.0 (Linux; Android 6.0.1; Nexus 5X Build/MMB29P) AppleWebKit/537.36 (KHTML, like Gecko) Chrome/148.0.7778.96 Mobile Safari/537.36 (compatible; GoogleOther)"
66.249.79.5 - - [15/May/2026:15:26:45 +0000] "GET /index/feature/erk5t98o9t8u96p.html HTTP/1.1" 404 89655 "-" "Mozilla/5.0 (Linux; Android 6.0.1; Nexus 5X Build/MMB29P) AppleWebKit/537.36 (KHTML, like Gecko) Chrome/148.0.7778.96 Mobile Safari/537.36 (compatible; GoogleOther)"
66.249.79.7 - - [15/May/2026:15:27:23 +0000] "GET /module/particle/eaze8ondo8n9zl4.html HTTP/1.1" 404 89661 "-" "Mozilla/5.0 (Linux; Android 6.0.1; Nexus 5X Build/MMB29P) AppleWebKit/537.36 (KHTML, like Gecko) Chrome/148.0.7778.96 Mobile Safari/537.36 (compatible; GoogleOther)"
2607:5500:3000:95::2 - - [15/May/2026:15:27:25 +0000] "POST /wordpress/wp-cron.php?doing_wp_cron=1778858845.1482059955596923828125 HTTP/1.1" 404 89763 "-" "WordPress/6.9.4; http://moabmonsters.com"
66.249.79.6 - - [15/May/2026:15:30:38 +0000] "GET /denomination/parcel/ewnvwcbocwbx29s.html HTTP/1.1" 404 89673 "-" "Mozilla/5.0 (Linux; Android 6.0.1; Nexus 5X Build/MMB29P) AppleWebKit/537.36 (KHTML, like Gecko) Chrome/148.0.7778.96 Mobile Safari/537.36 (compatible; GoogleOther)"
2607:5500:3000:95::2 - - [15/May/2026:15:30:40 +0000] "POST /wordpress/wp-cron.php?doing_wp_cron=1778859040.0459370613098144531250 HTTP/1.1" 404 89763 "-" "WordPress/6.9.4; http://moabmonsters.com"
66.249.79.6 - - [15/May/2026:15:30:42 +0000] "GET /assemblage/issue/exor91chplcaiyt.html HTTP/1.1" 404 89664 "-" "Mozilla/5.0 (Linux; Android 6.0.1; Nexus 5X Build/MMB29P) AppleWebKit/537.36 (KHTML, like Gecko) Chrome/148.0.7778.96 Mobile Safari/537.36 (compatible; GoogleOther)"
66.249.79.7 - - [15/May/2026:15:31:48 +0000] "GET /assemblage/project/e556eutcuetf2ra.html HTTP/1.1" 404 89670 "-" "Mozilla/5.0 (Linux; Android 6.0.1; Nexus 5X Build/MMB29P) AppleWebKit/537.36 (KHTML, like Gecko) Chrome/148.0.7778.96 Mobile Safari/537.36 (compatible; GoogleOther)"
2607:5500:3000:95::2 - - [15/May/2026:15:31:49 +0000] "POST /wordpress/wp-cron.php?doing_wp_cron=1778859109.7979168891906738281250 HTTP/1.1" 404 89763 "-" "WordPress/6.9.4; http://moabmonsters.com"
66.249.79.6 - - [15/May/2026:15:34:30 +0000] "GET /compilation/implement/eo08ldoi1xom1a5.html HTTP/1.1" 404 89679 "-" "Mozilla/5.0 (Linux; Android 6.0.1; Nexus 5X Build/MMB29P) AppleWebKit/537.36 (KHTML, like Gecko) Chrome/148.0.7778.96 Mobile Safari/537.36 (compatible; GoogleOther)"
