66.249.79.5 - - [16/May/2026:00:47:20 +0000] "GET /characteristic/fixture/f02rbrqbrdig64z.html HTTP/1.1" 404 89849 "-" "Mozilla/5.0 (Linux; Android 6.0.1; Nexus 5X Build/MMB29P) AppleWebKit/537.36 (KHTML, like Gecko) Chrome/148.0.7778.96 Mobile Safari/537.36 (compatible; GoogleOther)"
2607:5500:3000:95::2 - - [16/May/2026:00:47:22 +0000] "POST /wordpress/wp-cron.php?doing_wp_cron=1778892442.4544010162353515625000 HTTP/1.1" 404 89930 "-" "WordPress/6.9.4; https://moabmonsters.com"
66.249.79.5 - - [16/May/2026:00:47:26 +0000] "GET /index/element/e7xeialzyuljd72.html HTTP/1.1" 404 89822 "-" "Mozilla/5.0 (Linux; Android 6.0.1; Nexus 5X Build/MMB29P) AppleWebKit/537.36 (KHTML, like Gecko) Chrome/148.0.7778.96 Mobile Safari/537.36 (compatible; GoogleOther)"
66.249.79.6 - - [16/May/2026:00:48:09 +0000] "GET /genre/manufacture/fjpsmqdb28h3ify.html HTTP/1.1" 404 89834 "-" "Mozilla/5.0 (Linux; Android 6.0.1; Nexus 5X Build/MMB29P) AppleWebKit/537.36 (KHTML, like Gecko) Chrome/148.0.7778.96 Mobile Safari/537.36 (compatible; GoogleOther)"
66.249.79.5 - - [16/May/2026:00:48:31 +0000] "GET /hierarchy/project/etpzmqdn2adn9nu.html HTTP/1.1" 404 89834 "-" "Mozilla/5.0 (Linux; Android 6.0.1; Nexus 5X Build/MMB29P) AppleWebKit/537.36 (KHTML, like Gecko) Chrome/148.0.7778.96 Mobile Safari/537.36 (compatible; GoogleOther)"
2607:5500:3000:95::2 - - [16/May/2026:00:48:34 +0000] "POST /wordpress/wp-cron.php?doing_wp_cron=1778892514.1950120925903320312500 HTTP/1.1" 404 89930 "-" "WordPress/6.9.4; https://moabmonsters.com"
66.249.79.6 - - [16/May/2026:00:49:11 +0000] "GET /community/edition/f2haq65b61xvtje.html HTTP/1.1" 404 89834 "-" "Mozilla/5.0 (Linux; Android 6.0.1; Nexus 5X Build/MMB29P) AppleWebKit/537.36 (KHTML, like Gecko) Chrome/148.0.7778.96 Mobile Safari/537.36 (compatible; GoogleOther)"
66.249.79.5 - - [16/May/2026:00:49:19 +0000] "GET /phylum/work/f1hlq65b62xvgje.html HTTP/1.1" 404 89816 "-" "Mozilla/5.0 (Linux; Android 6.0.1; Nexus 5X Build/MMB29P) AppleWebKit/537.36 (KHTML, like Gecko) Chrome/148.0.7778.96 Mobile Safari/537.36 (compatible; GoogleOther)"
66.249.79.6 - - [16/May/2026:00:49:57 +0000] "GET /type/instrument/fdtj2ihbie97svq.html HTTP/1.1" 404 89828 "-" "Mozilla/5.0 (Linux; Android 6.0.1; Nexus 5X Build/MMB29P) AppleWebKit/537.36 (KHTML, like Gecko) Chrome/148.0.7778.96 Mobile Safari/537.36 (compatible; GoogleOther)"
2607:5500:3000:95::2 - - [16/May/2026:00:49:59 +0000] "POST /wordpress/wp-cron.php?doing_wp_cron=1778892599.2664151191711425781250 HTTP/1.1" 404 89930 "-" "WordPress/6.9.4; https://moabmonsters.com"
66.249.79.6 - - [16/May/2026:00:50:01 +0000] "GET /element/craft/f5u1f7ibvcy8r8f.html HTTP/1.1" 404 89822 "-" "Mozilla/5.0 (Linux; Android 6.0.1; Nexus 5X Build/MMB29P) AppleWebKit/537.36 (KHTML, like Gecko) Chrome/148.0.7778.96 Mobile Safari/537.36 (compatible; GoogleOther)"
66.249.79.5 - - [16/May/2026:00:50:14 +0000] "GET /cluster/specification/e84x15s5hps2029.html HTTP/1.1" 404 89846 "-" "Mozilla/5.0 (Linux; Android 6.0.1; Nexus 5X Build/MMB29P) AppleWebKit/537.36 (KHTML, like Gecko) Chrome/148.0.7778.96 Mobile Safari/537.36 (compatible; GoogleOther)"
66.249.79.5 - - [16/May/2026:00:50:23 +0000] "GET /union/resource/fiqtzfebfu643sn.html HTTP/1.1" 404 89825 "-" "Mozilla/5.0 (Linux; Android 6.0.1; Nexus 5X Build/MMB29P) AppleWebKit/537.36 (KHTML, like Gecko) Chrome/148.0.7778.96 Mobile Safari/537.36 (compatible; GoogleOther)"
66.249.79.5 - - [16/May/2026:00:50:27 +0000] "GET /items/L243792204/ HTTP/1.1" 404 89771 "-" "Mozilla/5.0 (Linux; Android 6.0.1; Nexus 5X Build/MMB29P) AppleWebKit/537.36 (KHTML, like Gecko) Chrome/148.0.7778.96 Mobile Safari/537.36 (compatible; GoogleOther)"
66.249.79.6 - - [16/May/2026:00:51:03 +0000] "GET /domain/info/f4knt98b950ygmh.html HTTP/1.1" 404 89816 "-" "Mozilla/5.0 (Linux; Android 6.0.1; Nexus 5X Build/MMB29P) AppleWebKit/537.36 (KHTML, like Gecko) Chrome/148.0.7778.96 Mobile Safari/537.36 (compatible; GoogleOther)"
2607:5500:3000:95::2 - - [16/May/2026:00:51:06 +0000] "POST /wordpress/wp-cron.php?doing_wp_cron=1778892666.1032180786132812500000 HTTP/1.1" 404 89930 "-" "WordPress/6.9.4; https://moabmonsters.com"
66.249.79.5 - - [16/May/2026:00:51:10 +0000] "GET /characteristic/residue/fuwt5lkbldcaoyt.html HTTP/1.1" 404 89849 "-" "Mozilla/5.0 (Linux; Android 6.0.1; Nexus 5X Build/MMB29P) AppleWebKit/537.36 (KHTML, like Gecko) Chrome/148.0.7778.96 Mobile Safari/537.36 (compatible; GoogleOther)"
145.223.130.234 - - [16/May/2026:00:51:20 +0000] "GET /cart/ HTTP/1.1" 200 168147 "-" "Mozilla/5.0 (iPhone; CPU iPhone OS 17_0 like Mac OS X) AppleWebKit/605.1.15 (KHTML, like Gecko) Version/17.0 Mobile/15E148 Safari/260.1"
66.249.79.7 - - [16/May/2026:00:52:09 +0000] "GET /characteristic/fabrication/fsncwcbbc131jpk.html HTTP/1.1" 404 89861 "-" "Mozilla/5.0 (Linux; Android 6.0.1; Nexus 5X Build/MMB29P) AppleWebKit/537.36 (KHTML, like Gecko) Chrome/148.0.7778.96 Mobile Safari/537.36 (compatible; GoogleOther)"
2607:5500:3000:95::2 - - [16/May/2026:00:52:11 +0000] "POST /wordpress/wp-cron.php?doing_wp_cron=1778892731.5291099548339843750000 HTTP/1.1" 404 89930 "-" "WordPress/6.9.4; https://moabmonsters.com"
66.249.79.6 - - [16/May/2026:00:52:14 +0000] "GET /tier/option/euaj7bytnvy8m8f.html HTTP/1.1" 404 89816 "-" "Mozilla/5.0 (Linux; Android 6.0.1; Nexus 5X Build/MMB29P) AppleWebKit/537.36 (KHTML, like Gecko) Chrome/148.0.7778.96 Mobile Safari/537.36 (compatible; GoogleOther)"
66.249.79.5 - - [16/May/2026:00:52:19 +0000] "GET /group/parcel/flnvwcbbcg310pk.html HTTP/1.1" 404 89819 "-" "Mozilla/5.0 (Linux; Android 6.0.1; Nexus 5X Build/MMB29P) AppleWebKit/537.36 (KHTML, like Gecko) Chrome/148.0.7778.96 Mobile Safari/537.36 (compatible; GoogleOther)"
66.249.79.5 - - [16/May/2026:00:52:24 +0000] "GET /society/return/f0ft0s3bggjtyt0.html HTTP/1.1" 404 89825 "-" "Mozilla/5.0 (Linux; Android 6.0.1; Nexus 5X Build/MMB29P) AppleWebKit/537.36 (KHTML, like Gecko) Chrome/148.0.7778.96 Mobile Safari/537.36 (compatible; GoogleOther)"
66.249.79.3 - - [16/May/2026:00:53:15 +0000] "GET /field/option/f71yy2pbe2tf0ra.html HTTP/1.1" 404 89819 "-" "Mozilla/5.0 (Linux; Android 6.0.1; Nexus 5X Build/MMB29P) AppleWebKit/537.36 (KHTML, like Gecko) Chrome/148.0.7778.96 Mobile Safari/537.36 (compatible; GoogleOther)"
2607:5500:3000:95::2 - - [16/May/2026:00:53:19 +0000] "POST /wordpress/wp-cron.php?doing_wp_cron=1778892799.6025509834289550781250 HTTP/1.1" 404 89930 "-" "WordPress/6.9.4; https://moabmonsters.com"
66.249.79.4 - - [16/May/2026:00:53:23 +0000] "GET /department/specimen/ekdwae1yqy1bebi.html HTTP/1.1" 404 89840 "-" "Mozilla/5.0 (Linux; Android 6.0.1; Nexus 5X Build/MMB29P) AppleWebKit/537.36 (KHTML, like Gecko) Chrome/148.0.7778.96 Mobile Safari/537.36 (compatible; GoogleOther)"
66.249.79.3 - - [16/May/2026:00:53:32 +0000] "GET /sphere/derivative/fsai7bybnr2o00j.html HTTP/1.1" 404 89834 "-" "Mozilla/5.0 (Linux; Android 6.0.1; Nexus 5X Build/MMB29P) AppleWebKit/537.36 (KHTML, like Gecko) Chrome/148.0.7778.96 Mobile Safari/537.36 (compatible; GoogleOther)"
66.249.79.4 - - [16/May/2026:00:54:06 +0000] "GET /table/assortment/ermejnapz7akckr.html HTTP/1.1" 404 89831 "-" "Mozilla/5.0 (Linux; Android 6.0.1; Nexus 5X Build/MMB29P) AppleWebKit/537.36 (KHTML, like Gecko) Chrome/148.0.7778.96 Mobile Safari/537.36 (compatible; GoogleOther)"
66.249.79.3 - - [16/May/2026:00:54:13 +0000] "GET /shoal/division/f0oz91cbpps2g29.html HTTP/1.1" 404 89825 "-" "Mozilla/5.0 (Linux; Android 6.0.1; Nexus 5X Build/MMB29P) AppleWebKit/537.36 (KHTML, like Gecko) Chrome/148.0.7778.96 Mobile Safari/537.36 (compatible; GoogleOther)"
66.249.79.3 - - [16/May/2026:00:54:24 +0000] "GET /format/result/f5pimqdb2jh3dfy.html HTTP/1.1" 404 89822 "-" "Mozilla/5.0 (Linux; Android 6.0.1; Nexus 5X Build/MMB29P) AppleWebKit/537.36 (KHTML, like Gecko) Chrome/148.0.7778.96 Mobile Safari/537.36 (compatible; GoogleOther)"
66.249.79.3 - - [16/May/2026:00:54:30 +0000] "GET /entity/object/f3rpc4fbsgv5g5c.html HTTP/1.1" 404 89822 "-" "Mozilla/5.0 (Linux; Android 6.0.1; Nexus 5X Build/MMB29P) AppleWebKit/537.36 (KHTML, like Gecko) Chrome/148.0.7778.96 Mobile Safari/537.36 (compatible; GoogleOther)"
66.249.79.3 - - [16/May/2026:00:54:36 +0000] "GET /field/stock/eusoptgy5dgq9qx.html HTTP/1.1" 404 89816 "-" "Mozilla/5.0 (Linux; Android 6.0.1; Nexus 5X Build/MMB29P) AppleWebKit/537.36 (KHTML, like Gecko) Chrome/148.0.7778.96 Mobile Safari/537.36 (compatible; GoogleOther)"
66.249.79.3 - - [16/May/2026:00:54:57 +0000] "GET /index/element/ejfn0s31gc31xpk.html HTTP/1.1" 404 89822 "-" "Mozilla/5.0 (Linux; Android 6.0.1; Nexus 5X Build/MMB29P) AppleWebKit/537.36 (KHTML, like Gecko) Chrome/148.0.7778.96 Mobile Safari/537.36 (compatible; GoogleOther)"
66.249.79.5 - - [16/May/2026:00:55:07 +0000] "GET /field/belonging/eyfy0s38gc31ypk.html HTTP/1.1" 404 89828 "-" "Mozilla/5.0 (Linux; Android 6.0.1; Nexus 5X Build/MMB29P) AppleWebKit/537.36 (KHTML, like Gecko) Chrome/148.0.7778.96 Mobile Safari/537.36 (compatible; GoogleOther)"
66.249.79.3 - - [16/May/2026:00:55:16 +0000] "GET /assemblage/issue/e9qnzfewfze0bcv.html HTTP/1.1" 404 89831 "-" "Mozilla/5.0 (Linux; Android 6.0.1; Nexus 5X Build/MMB29P) AppleWebKit/537.36 (KHTML, like Gecko) Chrome/148.0.7778.96 Mobile Safari/537.36 (compatible; GoogleOther)"
66.249.79.3 - - [16/May/2026:00:55:50 +0000] "GET /tier/class/ey6irjuu73uszgb.html HTTP/1.1" 404 89813 "-" "Mozilla/5.0 (Linux; Android 6.0.1; Nexus 5X Build/MMB29P) AppleWebKit/537.36 (KHTML, like Gecko) Chrome/148.0.7778.96 Mobile Safari/537.36 (compatible; GoogleOther)"
2607:5500:3000:95::2 - - [16/May/2026:00:55:52 +0000] "POST /wordpress/wp-cron.php?doing_wp_cron=1778892952.2713699340820312500000 HTTP/1.1" 404 89930 "-" "WordPress/6.9.4; https://moabmonsters.com"
66.249.79.3 - - [16/May/2026:00:56:09 +0000] "GET /province/edition/eti33v6tjf64ksn.html HTTP/1.1" 404 89831 "-" "Mozilla/5.0 (Linux; Android 6.0.1; Nexus 5X Build/MMB29P) AppleWebKit/537.36 (KHTML, like Gecko) Chrome/148.0.7778.96 Mobile Safari/537.36 (compatible; GoogleOther)"
66.249.79.3 - - [16/May/2026:00:56:14 +0000] "GET /caste/device/f8quzfebfg64tsn.html HTTP/1.1" 404 89819 "-" "Mozilla/5.0 (Linux; Android 6.0.1; Nexus 5X Build/MMB29P) AppleWebKit/537.36 (KHTML, like Gecko) Chrome/148.0.7778.96 Mobile Safari/537.36 (compatible; GoogleOther)"
212.237.123.39 - - [16/May/2026:00:56:16 +0000] "GET /wordpress/wp-content/uploads/2025/09/8847CCFF-7F41-430C-AF1A-EA9D3971A58DIMG_0918-scaled.jpeg HTTP/1.1" 200 707894 "-" "Mozilla/5.0 (Windows NT 10.0; Win64; x64) AppleWebKit/537.36 (KHTML, like Gecko) Chrome/80.0.3987.122 Safari/537.36"
66.249.68.38 - - [16/May/2026:00:56:18 +0000] "GET /robots.txt HTTP/1.1" 304 - "-" "Mozilla/5.0 (compatible; Googlebot/2.1; +http://www.google.com/bot.html)"
66.249.79.3 - - [16/May/2026:00:56:59 +0000] "GET /flock/range/ethwq65y6q5rc3m.html HTTP/1.1" 404 89816 "-" "Mozilla/5.0 (Linux; Android 6.0.1; Nexus 5X Build/MMB29P) AppleWebKit/537.36 (KHTML, like Gecko) Chrome/148.0.7778.96 Mobile Safari/537.36 (compatible; GoogleOther)"
2607:5500:3000:95::2 - - [16/May/2026:00:57:01 +0000] "POST /wordpress/wp-cron.php?doing_wp_cron=1778893021.1891009807586669921875 HTTP/1.1" 404 89930 "-" "WordPress/6.9.4; https://moabmonsters.com"
66.249.79.3 - - [16/May/2026:00:57:03 +0000] "GET /breed/attribute/fh02ldob114eiel.html HTTP/1.1" 404 89828 "-" "Mozilla/5.0 (Linux; Android 6.0.1; Nexus 5X Build/MMB29P) AppleWebKit/537.36 (KHTML, like Gecko) Chrome/148.0.7778.96 Mobile Safari/537.36 (compatible; GoogleOther)"
66.249.79.3 - - [16/May/2026:00:57:16 +0000] "GET /strain/release/fydqae1bqi5ru3m.html HTTP/1.1" 404 89825 "-" "Mozilla/5.0 (Linux; Android 6.0.1; Nexus 5X Build/MMB29P) AppleWebKit/537.36 (KHTML, like Gecko) Chrome/148.0.7778.96 Mobile Safari/537.36 (compatible; GoogleOther)"
66.249.79.3 - - [16/May/2026:00:57:29 +0000] "GET /genus/package/f0o091cbp9s2s29.html HTTP/1.1" 404 89822 "-" "Mozilla/5.0 (Linux; Android 6.0.1; Nexus 5X Build/MMB29P) AppleWebKit/537.36 (KHTML, like Gecko) Chrome/148.0.7778.96 Mobile Safari/537.36 (compatible; GoogleOther)"
66.249.79.5 - - [16/May/2026:00:58:05 +0000] "GET /kingdom/system/ebar7byunvy818f.html HTTP/1.1" 404 89825 "-" "Mozilla/5.0 (Linux; Android 6.0.1; Nexus 5X Build/MMB29P) AppleWebKit/537.36 (KHTML, like Gecko) Chrome/148.0.7778.96 Mobile Safari/537.36 (compatible; GoogleOther)"
2607:5500:3000:95::2 - - [16/May/2026:00:58:08 +0000] "POST /wordpress/wp-cron.php?doing_wp_cron=1778893088.0525588989257812500000 HTTP/1.1" 404 89930 "-" "WordPress/6.9.4; https://moabmonsters.com"
66.249.79.4 - - [16/May/2026:00:58:16 +0000] "GET /element/specification/fx6nrjub70akjkr.html HTTP/1.1" 404 89846 "-" "Mozilla/5.0 (Linux; Android 6.0.1; Nexus 5X Build/MMB29P) AppleWebKit/537.36 (KHTML, like Gecko) Chrome/148.0.7778.96 Mobile Safari/537.36 (compatible; GoogleOther)"
66.249.79.3 - - [16/May/2026:00:59:11 +0000] "GET /feature/installment/fqaa7bybnc2od0j.html HTTP/1.1" 404 89840 "-" "Mozilla/5.0 (Linux; Android 6.0.1; Nexus 5X Build/MMB29P) AppleWebKit/537.36 (KHTML, like Gecko) Chrome/148.0.7778.96 Mobile Safari/537.36 (compatible; GoogleOther)"
2607:5500:3000:95::2 - - [16/May/2026:00:59:13 +0000] "POST /wordpress/wp-cron.php?doing_wp_cron=1778893153.3754889965057373046875 HTTP/1.1" 404 89930 "-" "WordPress/6.9.4; https://moabmonsters.com"
66.249.79.4 - - [16/May/2026:00:59:16 +0000] "GET /assemblage/division/fplk6y9bmtpznz6.html HTTP/1.1" 404 89840 "-" "Mozilla/5.0 (Linux; Android 6.0.1; Nexus 5X Build/MMB29P) AppleWebKit/537.36 (KHTML, like Gecko) Chrome/148.0.7778.96 Mobile Safari/537.36 (compatible; GoogleOther)"
66.249.79.3 - - [16/May/2026:00:59:28 +0000] "GET /type/portion/fy2bbrqbraig74z.html HTTP/1.1" 404 89819 "-" "Mozilla/5.0 (Linux; Android 6.0.1; Nexus 5X Build/MMB29P) AppleWebKit/537.36 (KHTML, like Gecko) Chrome/148.0.7778.96 Mobile Safari/537.36 (compatible; GoogleOther)"
66.249.79.3 - - [16/May/2026:01:00:02 +0000] "GET /demographic/system/e3dnae1qqy1bsbi.html HTTP/1.1" 404 89837 "-" "Mozilla/5.0 (Linux; Android 6.0.1; Nexus 5X Build/MMB29P) AppleWebKit/537.36 (KHTML, like Gecko) Chrome/148.0.7778.96 Mobile Safari/537.36 (compatible; GoogleOther)"
66.249.79.3 - - [16/May/2026:01:00:06 +0000] "GET /pack/system/fylm6y9bmfpzbz6.html HTTP/1.1" 404 89816 "-" "Mozilla/5.0 (Linux; Android 6.0.1; Nexus 5X Build/MMB29P) AppleWebKit/537.36 (KHTML, like Gecko) Chrome/148.0.7778.96 Mobile Safari/537.36 (compatible; GoogleOther)"
66.249.79.3 - - [16/May/2026:01:00:19 +0000] "GET /continuum/fort-rules/ebi93v64jf64jsn.html HTTP/1.1" 404 89843 "-" "Mozilla/5.0 (Linux; Android 6.0.1; Nexus 5X Build/MMB29P) AppleWebKit/537.36 (KHTML, like Gecko) Chrome/148.0.7778.96 Mobile Safari/537.36 (compatible; GoogleOther)"
2607:5500:3000:95::2 - - [16/May/2026:01:00:21 +0000] "POST /wordpress/wp-cron.php?doing_wp_cron=1778893221.5590360164642333984375 HTTP/1.1" 404 89930 "-" "WordPress/6.9.4; https://moabmonsters.com"
66.249.79.3 - - [16/May/2026:01:00:33 +0000] "GET /matrix/publication/emzo8onoo8n9yl4.html HTTP/1.1" 404 89837 "-" "Mozilla/5.0 (Linux; Android 6.0.1; Nexus 5X Build/MMB29P) AppleWebKit/537.36 (KHTML, like Gecko) Chrome/148.0.7778.96 Mobile Safari/537.36 (compatible; GoogleOther)"
66.249.79.4 - - [16/May/2026:01:01:09 +0000] "GET /continuum/commodity/ezp7mqdl2adnjnu.html HTTP/1.1" 404 89840 "-" "Mozilla/5.0 (Linux; Android 6.0.1; Nexus 5X Build/MMB29P) AppleWebKit/537.36 (KHTML, like Gecko) Chrome/148.0.7778.96 Mobile Safari/537.36 (compatible; GoogleOther)"
66.249.79.4 - - [16/May/2026:01:01:12 +0000] "GET /strain/stock/fjls6y9bm2pzkz6.html HTTP/1.1" 404 89819 "-" "Mozilla/5.0 (Linux; Android 6.0.1; Nexus 5X Build/MMB29P) AppleWebKit/537.36 (KHTML, like Gecko) Chrome/148.0.7778.96 Mobile Safari/537.36 (compatible; GoogleOther)"
66.249.79.4 - - [16/May/2026:01:01:15 +0000] "GET /realm/material/f7il3v6bj0mwbw3.html HTTP/1.1" 404 89825 "-" "Mozilla/5.0 (Linux; Android 6.0.1; Nexus 5X Build/MMB29P) AppleWebKit/537.36 (KHTML, like Gecko) Chrome/148.0.7778.96 Mobile Safari/537.36 (compatible; GoogleOther)"
2a03:2880:15ff:41:: - - [16/May/2026:01:01:19 +0000] "GET /robots.txt HTTP/1.1" 304 - "-" "facebookexternalhit/1.1 (+http://www.facebook.com/externalhit_uatext.php)"
66.249.79.5 - - [16/May/2026:01:02:14 +0000] "GET /brand/section/f9svptgb5sk6hi1.html HTTP/1.1" 404 89822 "-" "Mozilla/5.0 (Linux; Android 6.0.1; Nexus 5X Build/MMB29P) AppleWebKit/537.36 (KHTML, like Gecko) Chrome/148.0.7778.96 Mobile Safari/537.36 (compatible; GoogleOther)"
2607:5500:3000:95::2 - - [16/May/2026:01:02:16 +0000] "POST /wordpress/wp-cron.php?doing_wp_cron=1778893336.7217259407043457031250 HTTP/1.1" 404 89930 "-" "WordPress/6.9.4; https://moabmonsters.com"
66.249.79.3 - - [16/May/2026:01:02:24 +0000] "GET /framework/prototype/f79rumxbamdnwnu.html HTTP/1.1" 404 89840 "-" "Mozilla/5.0 (Linux; Android 6.0.1; Nexus 5X Build/MMB29P) AppleWebKit/537.36 (KHTML, like Gecko) Chrome/148.0.7778.96 Mobile Safari/537.36 (compatible; GoogleOther)"
66.249.79.3 - - [16/May/2026:01:02:29 +0000] "GET /realm/specimen/f89tumxba4dn0nu.html HTTP/1.1" 404 89825 "-" "Mozilla/5.0 (Linux; Android 6.0.1; Nexus 5X Build/MMB29P) AppleWebKit/537.36 (KHTML, like Gecko) Chrome/148.0.7778.96 Mobile Safari/537.36 (compatible; GoogleOther)"
66.249.79.3 - - [16/May/2026:01:02:48 +0000] "GET /club/range/etsrptge5dgqrqx.html HTTP/1.1" 404 89813 "-" "Mozilla/5.0 (Linux; Android 6.0.1; Nexus 5X Build/MMB29P) AppleWebKit/537.36 (KHTML, like Gecko) Chrome/148.0.7778.96 Mobile Safari/537.36 (compatible; GoogleOther)"
66.249.79.4 - - [16/May/2026:01:03:06 +0000] "GET /sort/yield/f32ubrqbrgigr4z.html HTTP/1.1" 404 89813 "-" "Mozilla/5.0 (Linux; Android 6.0.1; Nexus 5X Build/MMB29P) AppleWebKit/537.36 (KHTML, like Gecko) Chrome/148.0.7778.96 Mobile Safari/537.36 (compatible; GoogleOther)"
66.249.79.4 - - [16/May/2026:01:03:10 +0000] "GET /establishment/fort-rules/ebyavzm3bjmwmw3.html HTTP/1.1" 404 89855 "-" "Mozilla/5.0 (Linux; Android 6.0.1; Nexus 5X Build/MMB29P) AppleWebKit/537.36 (KHTML, like Gecko) Chrome/148.0.7778.96 Mobile Safari/537.36 (compatible; GoogleOther)"
66.249.79.3 - - [16/May/2026:01:04:11 +0000] "GET /pack/element/fatf2ihbi397vvq.html HTTP/1.1" 404 89819 "-" "Mozilla/5.0 (Linux; Android 6.0.1; Nexus 5X Build/MMB29P) AppleWebKit/537.36 (KHTML, like Gecko) Chrome/148.0.7778.96 Mobile Safari/537.36 (compatible; GoogleOther)"
2607:5500:3000:95::2 - - [16/May/2026:01:04:13 +0000] "POST /wordpress/wp-cron.php?doing_wp_cron=1778893453.9148559570312500000000 HTTP/1.1" 404 89930 "-" "WordPress/6.9.4; https://moabmonsters.com"
66.249.79.3 - - [16/May/2026:01:04:16 +0000] "GET /component/instance/f3tn2ihbiz97xvq.html HTTP/1.1" 404 89837 "-" "Mozilla/5.0 (Linux; Android 6.0.1; Nexus 5X Build/MMB29P) AppleWebKit/537.36 (KHTML, like Gecko) Chrome/148.0.7778.96 Mobile Safari/537.36 (compatible; GoogleOther)"
66.249.79.3 - - [16/May/2026:01:04:21 +0000] "GET /taxonomy/batch/ffoj91cbpms2729.html HTTP/1.1" 404 89825 "-" "Mozilla/5.0 (Linux; Android 6.0.1; Nexus 5X Build/MMB29P) AppleWebKit/537.36 (KHTML, like Gecko) Chrome/148.0.7778.96 Mobile Safari/537.36 (compatible; GoogleOther)"
3.139.62.64 - - [16/May/2026:01:04:54 +0000] "GET /wp-json/gravitysmtp/v1/tests/mock-data?page=gravitysmtp-settings HTTP/1.1" 404 114 "-" "Mozilla/5.0 (Windows NT 10.0; Win64; x64) AppleWebKit/537.36"
66.249.79.3 - - [16/May/2026:01:05:01 +0000] "GET /genus/possession/d2xdialoyuljp72.html HTTP/1.1" 404 89831 "-" "Mozilla/5.0 (Linux; Android 6.0.1; Nexus 5X Build/MMB29P) AppleWebKit/537.36 (KHTML, like Gecko) Chrome/148.0.7778.96 Mobile Safari/537.36 (compatible; GoogleOther)"
66.249.79.3 - - [16/May/2026:01:05:05 +0000] "GET /assemblage/produce/fabpk0zb05rp7d8.html HTTP/1.1" 404 89837 "-" "Mozilla/5.0 (Linux; Android 6.0.1; Nexus 5X Build/MMB29P) AppleWebKit/537.36 (KHTML, like Gecko) Chrome/148.0.7778.96 Mobile Safari/537.36 (compatible; GoogleOther)"
66.249.79.5 - - [16/May/2026:01:06:06 +0000] "GET /unit/fabrication/ftil3v6bjhmwcw3.html HTTP/1.1" 404 89831 "-" "Mozilla/5.0 (Linux; Android 6.0.1; Nexus 5X Build/MMB29P) AppleWebKit/537.36 (KHTML, like Gecko) Chrome/148.0.7778.96 Mobile Safari/537.36 (compatible; GoogleOther)"
2607:5500:3000:95::2 - - [16/May/2026:01:06:09 +0000] "POST /wordpress/wp-cron.php?doing_wp_cron=1778893569.3516941070556640625000 HTTP/1.1" 404 89930 "-" "WordPress/6.9.4; https://moabmonsters.com"
66.249.79.3 - - [16/May/2026:01:06:11 +0000] "GET /pack/segment/e37f48vwksv5g5c.html HTTP/1.1" 404 89819 "-" "Mozilla/5.0 (Linux; Android 6.0.1; Nexus 5X Build/MMB29P) AppleWebKit/537.36 (KHTML, like Gecko) Chrome/148.0.7778.96 Mobile Safari/537.36 (compatible; GoogleOther)"
66.249.79.4 - - [16/May/2026:01:07:12 +0000] "GET /department/goods/fh90umxbaodnunu.html HTTP/1.1" 404 89831 "-" "Mozilla/5.0 (Linux; Android 6.0.1; Nexus 5X Build/MMB29P) AppleWebKit/537.36 (KHTML, like Gecko) Chrome/148.0.7778.96 Mobile Safari/537.36 (compatible; GoogleOther)"
2607:5500:3000:95::2 - - [16/May/2026:01:07:15 +0000] "POST /wordpress/wp-cron.php?doing_wp_cron=1778893635.0226080417633056640625 HTTP/1.1" 404 89930 "-" "WordPress/6.9.4; https://moabmonsters.com"
66.249.79.3 - - [16/May/2026:01:07:18 +0000] "GET /array/goods/e8in3v6yjf64vsn.html HTTP/1.1" 404 89816 "-" "Mozilla/5.0 (Linux; Android 6.0.1; Nexus 5X Build/MMB29P) AppleWebKit/537.36 (KHTML, like Gecko) Chrome/148.0.7778.96 Mobile Safari/537.36 (compatible; GoogleOther)"
66.249.79.5 - - [16/May/2026:01:08:02 +0000] "GET /categorization/contraption/f6jxgk7bwsbxq9s.html HTTP/1.1" 404 89861 "-" "Mozilla/5.0 (Linux; Android 6.0.1; Nexus 5X Build/MMB29P) AppleWebKit/537.36 (KHTML, like Gecko) Chrome/148.0.7778.96 Mobile Safari/537.36 (compatible; GoogleOther)"
66.249.79.3 - - [16/May/2026:01:08:07 +0000] "GET /graph/utensil/e1a37bybnvy8e8f.html HTTP/1.1" 404 89822 "-" "Mozilla/5.0 (Linux; Android 6.0.1; Nexus 5X Build/MMB29P) AppleWebKit/537.36 (KHTML, like Gecko) Chrome/148.0.7778.96 Mobile Safari/537.36 (compatible; GoogleOther)"
66.249.79.3 - - [16/May/2026:01:08:19 +0000] "GET /heading/instrument/eej7gk7ow47hmho.html HTTP/1.1" 404 89837 "-" "Mozilla/5.0 (Linux; Android 6.0.1; Nexus 5X Build/MMB29P) AppleWebKit/537.36 (KHTML, like Gecko) Chrome/148.0.7778.96 Mobile Safari/537.36 (compatible; GoogleOther)"
2607:5500:3000:95::2 - - [16/May/2026:01:08:21 +0000] "POST /wordpress/wp-cron.php?doing_wp_cron=1778893701.1286699771881103515625 HTTP/1.1" 404 89930 "-" "WordPress/6.9.4; https://moabmonsters.com"
66.249.79.3 - - [16/May/2026:01:08:25 +0000] "GET /realm/version/ek4w15s8hps2r29.html HTTP/1.1" 404 89822 "-" "Mozilla/5.0 (Linux; Android 6.0.1; Nexus 5X Build/MMB29P) AppleWebKit/537.36 (KHTML, like Gecko) Chrome/148.0.7778.96 Mobile Safari/537.36 (compatible; GoogleOther)"
66.249.79.4 - - [16/May/2026:01:09:08 +0000] "GET /array/deliverable/f6crxp0bdggq7qx.html HTTP/1.1" 404 89834 "-" "Mozilla/5.0 (Linux; Android 6.0.1; Nexus 5X Build/MMB29P) AppleWebKit/537.36 (KHTML, like Gecko) Chrome/148.0.7778.96 Mobile Safari/537.36 (compatible; GoogleOther)"
66.249.79.3 - - [16/May/2026:01:09:12 +0000] "GET /fraternity/segment/fiewn32b37uscgb.html HTTP/1.1" 404 89837 "-" "Mozilla/5.0 (Linux; Android 6.0.1; Nexus 5X Build/MMB29P) AppleWebKit/537.36 (KHTML, like Gecko) Chrome/148.0.7778.96 Mobile Safari/537.36 (compatible; GoogleOther)"
66.249.79.5 - - [16/May/2026:01:09:36 +0000] "GET /faq-page/ HTTP/1.1" 200 221409 "-" "Mozilla/5.0 (Linux; Android 6.0.1; Nexus 5X Build/MMB29P) AppleWebKit/537.36 (KHTML, like Gecko) Chrome/148.0.7778.96 Mobile Safari/537.36 (compatible; Googlebot/2.1; +http://www.google.com/bot.html)"
66.249.79.5 - - [16/May/2026:01:09:36 +0000] "GET /lot/particle/fxxpialbyu1b4bi.html HTTP/1.1" 404 89819 "-" "Mozilla/5.0 (Linux; Android 6.0.1; Nexus 5X Build/MMB29P) AppleWebKit/537.36 (KHTML, like Gecko) Chrome/148.0.7778.96 Mobile Safari/537.36 (compatible; GoogleOther)"
2607:5500:3000:95::2 - - [16/May/2026:01:09:38 +0000] "POST /wordpress/wp-cron.php?doing_wp_cron=1778893778.0005478858947753906250 HTTP/1.1" 404 89930 "-" "WordPress/6.9.4; https://moabmonsters.com"
66.249.79.5 - - [16/May/2026:01:09:40 +0000] "GET /structure/segment/fyfp0s3bgzjttt0.html HTTP/1.1" 404 89834 "-" "Mozilla/5.0 (Linux; Android 6.0.1; Nexus 5X Build/MMB29P) AppleWebKit/537.36 (KHTML, like Gecko) Chrome/148.0.7778.96 Mobile Safari/537.36 (compatible; GoogleOther)"
66.249.79.5 - - [16/May/2026:01:12:45 +0000] "GET /ilk/effect/fgrhc4fbs7v5h5c.html HTTP/1.1" 404 89813 "-" "Mozilla/5.0 (Linux; Android 6.0.1; Nexus 5X Build/MMB29P) AppleWebKit/537.36 (KHTML, like Gecko) Chrome/148.0.7778.96 Mobile Safari/537.36 (compatible; GoogleOther)"
66.249.79.6 - - [16/May/2026:01:14:08 +0000] "GET /catalogue/fixture/exjrgk7bw47hjho.html HTTP/1.1" 404 77928 "-" "Mozilla/5.0 (Linux; Android 6.0.1; Nexus 5X Build/MMB29P) AppleWebKit/537.36 (KHTML, like Gecko) Chrome/148.0.7778.96 Mobile Safari/537.36 (compatible; GoogleOther)"
2607:5500:3000:95::2 - - [16/May/2026:01:14:10 +0000] "POST /wordpress/wp-cron.php?doing_wp_cron=1778894050.1397719383239746093750 HTTP/1.1" 404 78024 "-" "WordPress/6.9.4; https://moabmonsters.com"
66.249.79.5 - - [16/May/2026:01:14:29 +0000] "GET /area/remnant/e41cy2pvempz7z6.html HTTP/1.1" 404 77913 "-" "Mozilla/5.0 (Linux; Android 6.0.1; Nexus 5X Build/MMB29P) AppleWebKit/537.36 (KHTML, like Gecko) Chrome/148.0.7778.96 Mobile Safari/537.36 (compatible; GoogleOther)"
2607:5500:3000:95::2 - - [16/May/2026:01:14:31 +0000] "POST /wordpress/wp-cron.php?doing_wp_cron=1778894070.9812560081481933593750 HTTP/1.1" 404 78024 "-" "WordPress/6.9.4; https://moabmonsters.com"
66.249.79.4 - - [16/May/2026:01:16:01 +0000] "GET /caste/component/es1ny2p3empz3z6.html HTTP/1.1" 404 89828 "-" "Mozilla/5.0 (Linux; Android 6.0.1; Nexus 5X Build/MMB29P) AppleWebKit/537.36 (KHTML, like Gecko) Chrome/148.0.7778.96 Mobile Safari/537.36 (compatible; GoogleOther)"
66.249.79.5 - - [16/May/2026:01:22:02 +0000] "GET /denomination/implement/f480hxwbxwomja5.html HTTP/1.1" 404 89849 "-" "Mozilla/5.0 (Linux; Android 6.0.1; Nexus 5X Build/MMB29P) AppleWebKit/537.36 (KHTML, like Gecko) Chrome/148.0.7778.96 Mobile Safari/537.36 (compatible; GoogleOther)"
66.249.79.3 - - [16/May/2026:01:22:29 +0000] "GET /items/U139610901/ HTTP/1.1" 404 89771 "-" "Mozilla/5.0 (Linux; Android 6.0.1; Nexus 5X Build/MMB29P) AppleWebKit/537.36 (KHTML, like Gecko) Chrome/148.0.7778.96 Mobile Safari/537.36 (compatible; GoogleOther)"
66.249.79.5 - - [16/May/2026:01:24:12 +0000] "GET /echelon/issue/eldhae10qy1bebi.html HTTP/1.1" 404 89822 "-" "Mozilla/5.0 (Linux; Android 6.0.1; Nexus 5X Build/MMB29P) AppleWebKit/537.36 (KHTML, like Gecko) Chrome/148.0.7778.96 Mobile Safari/537.36 (compatible; GoogleOther)"
66.249.79.4 - - [16/May/2026:01:25:05 +0000] "GET /colony/device/e0nrwcbccwbx69s.html HTTP/1.1" 404 89822 "-" "Mozilla/5.0 (Linux; Android 6.0.1; Nexus 5X Build/MMB29P) AppleWebKit/537.36 (KHTML, like Gecko) Chrome/148.0.7778.96 Mobile Safari/537.36 (compatible; GoogleOther)"
66.249.79.4 - - [16/May/2026:01:25:21 +0000] "GET /kingdom/brand/ezrgc4fdsofdd1w.html HTTP/1.1" 404 89822 "-" "Mozilla/5.0 (Linux; Android 6.0.1; Nexus 5X Build/MMB29P) AppleWebKit/537.36 (KHTML, like Gecko) Chrome/148.0.7778.96 Mobile Safari/537.36 (compatible; GoogleOther)"
66.249.79.7 - - [16/May/2026:01:26:05 +0000] "GET /clade/yield/e40hldob1xomya5.html HTTP/1.1" 404 89816 "-" "Mozilla/5.0 (Linux; Android 6.0.1; Nexus 5X Build/MMB29P) AppleWebKit/537.36 (KHTML, like Gecko) Chrome/148.0.7778.96 Mobile Safari/537.36 (compatible; GoogleOther)"
66.249.79.5 - - [16/May/2026:01:28:16 +0000] "GET /clique/fabrication/fd4u15sbhtwiuud.html HTTP/1.1" 404 89837 "-" "Mozilla/5.0 (Linux; Android 6.0.1; Nexus 5X Build/MMB29P) AppleWebKit/537.36 (KHTML, like Gecko) Chrome/148.0.7778.96 Mobile Safari/537.36 (compatible; GoogleOther)"
2607:5500:3000:95::2 - - [16/May/2026:01:28:18 +0000] "POST /wordpress/wp-cron.php?doing_wp_cron=1778894898.5495998859405517578125 HTTP/1.1" 404 89930 "-" "WordPress/6.9.4; https://moabmonsters.com"
66.249.79.5 - - [16/May/2026:01:28:22 +0000] "GET /guild/produce/e5pbmqdx2adn7nu.html HTTP/1.1" 404 89822 "-" "Mozilla/5.0 (Linux; Android 6.0.1; Nexus 5X Build/MMB29P) AppleWebKit/537.36 (KHTML, like Gecko) Chrome/148.0.7778.96 Mobile Safari/537.36 (compatible; GoogleOther)"
74.114.151.202 - - [16/May/2026:01:28:47 +0000] "GET / HTTP/1.1" 200 179161 "-" "Mozilla/5.0 (Windows NT 10.0; Win64; x64) AppleWebKit/537.36 (KHTML, like Gecko) Chrome/143.0.0.0 Safari/537.36 OPR/127.0.0.0"
74.114.151.202 - - [16/May/2026:01:28:53 +0000] "GET /wordpress/wp-content/plugins/instagram-feed/css/sbi-styles.min.css?ver=6.10.1 HTTP/1.1" 304 - "https://moabmonsters.com/" "Mozilla/5.0 (Windows NT 10.0; Win64; x64) AppleWebKit/537.36 (KHTML, like Gecko) Chrome/145.0.0.0 Safari/537.36"
74.114.151.202 - - [16/May/2026:01:28:54 +0000] "GET /wordpress/wp-content/plugins/kamperen-core/inc/icons/dripicons/assets/css/dripicons.min.css?ver=1.2.5 HTTP/1.1" 304 - "https://moabmonsters.com/" "Mozilla/5.0 (Windows NT 10.0; Win64; x64) AppleWebKit/537.36 (KHTML, like Gecko) Chrome/145.0.0.0 Safari/537.36"
74.114.151.202 - - [16/May/2026:01:28:56 +0000] "GET /wordpress/wp-content/plugins/kamperen-core/inc/icons/elegant-icons/assets/css/elegant-icons.min.css?ver=1.2.5 HTTP/1.1" 304 - "https://moabmonsters.com/" "Mozilla/5.0 (Windows NT 10.0; Win64; x64) AppleWebKit/537.36 (KHTML, like Gecko) Chrome/145.0.0.0 Safari/537.36"
74.114.151.202 - - [16/May/2026:01:28:59 +0000] "GET /wordpress/wp-content/plugins/kamperen-core/inc/icons/font-awesome/assets/css/all.min.css?ver=1.2.5 HTTP/1.1" 304 - "https://moabmonsters.com/" "Mozilla/5.0 (Windows NT 10.0; Win64; x64) AppleWebKit/537.36 (KHTML, like Gecko) Chrome/145.0.0.0 Safari/537.36"
74.114.151.202 - - [16/May/2026:01:29:01 +0000] "GET /wordpress/wp-content/plugins/kamperen-core/inc/icons/ionicons/assets/css/ionicons.min.css?ver=1.2.5 HTTP/1.1" 304 - "https://moabmonsters.com/" "Mozilla/5.0 (Windows NT 10.0; Win64; x64) AppleWebKit/537.36 (KHTML, like Gecko) Chrome/145.0.0.0 Safari/537.36"
74.114.151.202 - - [16/May/2026:01:29:02 +0000] "GET /wordpress/wp-content/plugins/kamperen-core/inc/icons/linea-icons/assets/css/linea-icons.min.css?ver=1.2.5 HTTP/1.1" 304 - "https://moabmonsters.com/" "Mozilla/5.0 (Windows NT 10.0; Win64; x64) AppleWebKit/537.36 (KHTML, like Gecko) Chrome/145.0.0.0 Safari/537.36"
74.114.151.202 - - [16/May/2026:01:29:03 +0000] "GET /wordpress/wp-content/plugins/kamperen-core/inc/icons/linear-icons/assets/css/linear-icons.min.css?ver=1.2.5 HTTP/1.1" 304 - "https://moabmonsters.com/" "Mozilla/5.0 (Windows NT 10.0; Win64; x64) AppleWebKit/537.36 (KHTML, like Gecko) Chrome/145.0.0.0 Safari/537.36"
74.114.151.202 - - [16/May/2026:01:29:04 +0000] "GET /wordpress/wp-content/plugins/kamperen-core/inc/icons/simple-line-icons/assets/css/simple-line-icons.min.css?ver=1.2.5 HTTP/1.1" 304 - "https://moabmonsters.com/" "Mozilla/5.0 (Windows NT 10.0; Win64; x64) AppleWebKit/537.36 (KHTML, like Gecko) Chrome/145.0.0.0 Safari/537.36"
74.114.151.202 - - [16/May/2026:01:29:05 +0000] "GET /wordpress/wp-content/plugins/contact-form-7/includes/css/styles.css?ver=6.1.5 HTTP/1.1" 304 - "https://moabmonsters.com/" "Mozilla/5.0 (Windows NT 10.0; Win64; x64) AppleWebKit/537.36 (KHTML, like Gecko) Chrome/145.0.0.0 Safari/537.36"
74.114.151.202 - - [16/May/2026:01:29:06 +0000] "GET /wordpress/wp-content/plugins/revslider/public/css/sr7.css?ver=6.7.29 HTTP/1.1" 304 - "https://moabmonsters.com/" "Mozilla/5.0 (Windows NT 10.0; Win64; x64) AppleWebKit/537.36 (KHTML, like Gecko) Chrome/145.0.0.0 Safari/537.36"
74.114.151.202 - - [16/May/2026:01:29:07 +0000] "GET /wordpress/wp-content/plugins/qi-addons-for-elementor/assets/css/grid.min.css?ver=1.9.6 HTTP/1.1" 304 - "https://moabmonsters.com/" "Mozilla/5.0 (Windows NT 10.0; Win64; x64) AppleWebKit/537.36 (KHTML, like Gecko) Chrome/145.0.0.0 Safari/537.36"
66.249.79.6 - - [16/May/2026:01:29:06 +0000] "GET /compilation/object/fwj2gk7bwsbxa9s.html HTTP/1.1" 404 89837 "-" "Mozilla/5.0 (Linux; Android 6.0.1; Nexus 5X Build/MMB29P) AppleWebKit/537.36 (KHTML, like Gecko) Chrome/148.0.7778.96 Mobile Safari/537.36 (compatible; GoogleOther)"
74.114.151.202 - - [16/May/2026:01:29:08 +0000] "GET /wordpress/wp-content/plugins/qi-addons-for-elementor/assets/css/helper-parts.min.css?ver=1.9.6 HTTP/1.1" 304 - "https://moabmonsters.com/" "Mozilla/5.0 (Windows NT 10.0; Win64; x64) AppleWebKit/537.36 (KHTML, like Gecko) Chrome/145.0.0.0 Safari/537.36"
74.114.151.202 - - [16/May/2026:01:29:09 +0000] "GET /wordpress/wp-content/plugins/qi-addons-for-elementor/assets/css/main.min.css?ver=1.9.6 HTTP/1.1" 304 - "https://moabmonsters.com/" "Mozilla/5.0 (Windows NT 10.0; Win64; x64) AppleWebKit/537.36 (KHTML, like Gecko) Chrome/145.0.0.0 Safari/537.36"
74.114.151.202 - - [16/May/2026:01:29:11 +0000] "GET /wordpress/wp-content/plugins/qi-addons-for-elementor/assets/plugins/swiper/8.4.5/swiper.min.css?ver=8.4.5 HTTP/1.1" 304 - "https://moabmonsters.com/" "Mozilla/5.0 (Windows NT 10.0; Win64; x64) AppleWebKit/537.36 (KHTML, like Gecko) Chrome/145.0.0.0 Safari/537.36"
66.249.79.7 - - [16/May/2026:01:29:09 +0000] "GET /coterie/byproduct/e66irjux73usagb.html HTTP/1.1" 404 89834 "-" "Mozilla/5.0 (Linux; Android 6.0.1; Nexus 5X Build/MMB29P) AppleWebKit/537.36 (KHTML, like Gecko) Chrome/148.0.7778.96 Mobile Safari/537.36 (compatible; GoogleOther)"
74.114.151.202 - - [16/May/2026:01:29:12 +0000] "GET /wordpress/wp-content/themes/kamperen/assets/css/main.min.css?ver=7b42d7a904609cfa79643e4c7034635f HTTP/1.1" 304 - "https://moabmonsters.com/" "Mozilla/5.0 (Windows NT 10.0; Win64; x64) AppleWebKit/537.36 (KHTML, like Gecko) Chrome/145.0.0.0 Safari/537.36"
74.114.151.202 - - [16/May/2026:01:29:14 +0000] "GET /wordpress/wp-content/plugins/kamperen-core/assets/css/kamperen-core.min.css?ver=7b42d7a904609cfa79643e4c7034635f HTTP/1.1" 304 - "https://moabmonsters.com/" "Mozilla/5.0 (Windows NT 10.0; Win64; x64) AppleWebKit/537.36 (KHTML, like Gecko) Chrome/145.0.0.0 Safari/537.36"
74.114.151.202 - - [16/May/2026:01:29:18 +0000] "GET /wordpress/wp-content/plugins/kamperen-membership/assets/css/kamperen-membership.min.css?ver=7b42d7a904609cfa79643e4c7034635f HTTP/1.1" 304 - "https://moabmonsters.com/" "Mozilla/5.0 (Windows NT 10.0; Win64; x64) AppleWebKit/537.36 (KHTML, like Gecko) Chrome/145.0.0.0 Safari/537.36"
74.114.151.202 - - [16/May/2026:01:29:21 +0000] "GET /wordpress/wp-content/themes/kamperen-child/style.css?ver=7b42d7a904609cfa79643e4c7034635f HTTP/1.1" 304 - "https://moabmonsters.com/" "Mozilla/5.0 (Windows NT 10.0; Win64; x64) AppleWebKit/537.36 (KHTML, like Gecko) Chrome/145.0.0.0 Safari/537.36"
74.114.151.202 - - [16/May/2026:01:29:22 +0000] "GET /wordpress/wp-content/themes/kamperen/style.css?ver=7b42d7a904609cfa79643e4c7034635f HTTP/1.1" 304 - "https://moabmonsters.com/" "Mozilla/5.0 (Windows NT 10.0; Win64; x64) AppleWebKit/537.36 (KHTML, like Gecko) Chrome/145.0.0.0 Safari/537.36"
74.114.151.202 - - [16/May/2026:01:29:26 +0000] "GET /wordpress/wp-content/plugins/mailchimp/assets/css/flick/flick.css?ver=2.0.1 HTTP/1.1" 304 - "https://moabmonsters.com/" "Mozilla/5.0 (Windows NT 10.0; Win64; x64) AppleWebKit/537.36 (KHTML, like Gecko) Chrome/145.0.0.0 Safari/537.36"
74.114.151.202 - - [16/May/2026:01:29:28 +0000] "GET /wordpress/wp-content/plugins/mailchimp/assets/css/frontend.css?ver=2.0.1 HTTP/1.1" 304 - "https://moabmonsters.com/" "Mozilla/5.0 (Windows NT 10.0; Win64; x64) AppleWebKit/537.36 (KHTML, like Gecko) Chrome/145.0.0.0 Safari/537.36"
74.114.151.202 - - [16/May/2026:01:29:29 +0000] "GET /wordpress/wp-content/plugins/kamperen-core/inc/plugins/elementor/assets/css/elementor.min.css?ver=7b42d7a904609cfa79643e4c7034635f HTTP/1.1" 304 - "https://moabmonsters.com/" "Mozilla/5.0 (Windows NT 10.0; Win64; x64) AppleWebKit/537.36 (KHTML, like Gecko) Chrome/145.0.0.0 Safari/537.36"
74.114.151.202 - - [16/May/2026:01:29:30 +0000] "GET /wordpress/wp-content/plugins/elementor/assets/css/frontend.min.css?ver=4.0.7 HTTP/1.1" 304 - "https://moabmonsters.com/" "Mozilla/5.0 (Windows NT 10.0; Win64; x64) AppleWebKit/537.36 (KHTML, like Gecko) Chrome/145.0.0.0 Safari/537.36"
74.114.151.202 - - [16/May/2026:01:29:32 +0000] "GET /wordpress/wp-content/uploads/elementor/css/post-11.css?ver=1778545415 HTTP/1.1" 304 - "https://moabmonsters.com/" "Mozilla/5.0 (Windows NT 10.0; Win64; x64) AppleWebKit/537.36 (KHTML, like Gecko) Chrome/145.0.0.0 Safari/537.36"
74.114.151.202 - - [16/May/2026:01:29:36 +0000] "GET /wordpress/wp-content/plugins/kamperen-core/assets/plugins/magnific-popup/magnific-popup.css?ver=7b42d7a904609cfa79643e4c7034635f HTTP/1.1" 304 - "https://moabmonsters.com/" "Mozilla/5.0 (Windows NT 10.0; Win64; x64) AppleWebKit/537.36 (KHTML, like Gecko) Chrome/145.0.0.0 Safari/537.36"
74.114.151.202 - - [16/May/2026:01:29:37 +0000] "GET /wordpress/wp-content/plugins/elementor/assets/css/widget-image.min.css?ver=4.0.7 HTTP/1.1" 304 - "https://moabmonsters.com/" "Mozilla/5.0 (Windows NT 10.0; Win64; x64) AppleWebKit/537.36 (KHTML, like Gecko) Chrome/145.0.0.0 Safari/537.36"
74.114.151.202 - - [16/May/2026:01:29:38 +0000] "GET /wordpress/wp-content/plugins/elementor/assets/css/widget-heading.min.css?ver=4.0.7 HTTP/1.1" 304 - "https://moabmonsters.com/" "Mozilla/5.0 (Windows NT 10.0; Win64; x64) AppleWebKit/537.36 (KHTML, like Gecko) Chrome/145.0.0.0 Safari/537.36"
74.114.151.202 - - [16/May/2026:01:29:39 +0000] "GET /wordpress/wp-includes/js/mediaelement/mediaelementplayer-legacy.min.css?ver=4.2.17 HTTP/1.1" 304 - "https://moabmonsters.com/" "Mozilla/5.0 (Windows NT 10.0; Win64; x64) AppleWebKit/537.36 (KHTML, like Gecko) Chrome/145.0.0.0 Safari/537.36"
74.114.151.202 - - [16/May/2026:01:29:41 +0000] "GET /wordpress/wp-includes/js/mediaelement/wp-mediaelement.min.css?ver=7b42d7a904609cfa79643e4c7034635f HTTP/1.1" 304 - "https://moabmonsters.com/" "Mozilla/5.0 (Windows NT 10.0; Win64; x64) AppleWebKit/537.36 (KHTML, like Gecko) Chrome/145.0.0.0 Safari/537.36"
74.114.151.202 - - [16/May/2026:01:29:45 +0000] "GET /wordpress/wp-content/uploads/elementor/css/post-7917.css?ver=1778548624 HTTP/1.1" 304 - "https://moabmonsters.com/" "Mozilla/5.0 (Windows NT 10.0; Win64; x64) AppleWebKit/537.36 (KHTML, like Gecko) Chrome/145.0.0.0 Safari/537.36"
74.114.151.202 - - [16/May/2026:01:29:46 +0000] "GET /wordpress/wp-content/uploads/elementor/google-fonts/css/roboto.css?ver=1756764558 HTTP/1.1" 304 - "https://moabmonsters.com/" "Mozilla/5.0 (Windows NT 10.0; Win64; x64) AppleWebKit/537.36 (KHTML, like Gecko) Chrome/145.0.0.0 Safari/537.36"
74.114.151.202 - - [16/May/2026:01:29:50 +0000] "GET /wordpress/wp-content/uploads/elementor/google-fonts/css/robotoslab.css?ver=1756764574 HTTP/1.1" 304 - "https://moabmonsters.com/" "Mozilla/5.0 (Windows NT 10.0; Win64; x64) AppleWebKit/537.36 (KHTML, like Gecko) Chrome/145.0.0.0 Safari/537.36"
74.114.151.202 - - [16/May/2026:01:29:53 +0000] "GET /wordpress/wp-content/plugins/woocommerce-gateway-stripe/build/upe-blocks.css?ver=f2371901e73cb7e29721 HTTP/1.1" 304 - "https://moabmonsters.com/" "Mozilla/5.0 (Windows NT 10.0; Win64; x64) AppleWebKit/537.36 (KHTML, like Gecko) Chrome/145.0.0.0 Safari/537.36"
74.114.151.202 - - [16/May/2026:01:29:55 +0000] "GET /wordpress/wp-content/plugins/woocommerce/assets/client/blocks/wc-blocks.css?ver=wc-10.7.0 HTTP/1.1" 304 - "https://moabmonsters.com/" "Mozilla/5.0 (Windows NT 10.0; Win64; x64) AppleWebKit/537.36 (KHTML, like Gecko) Chrome/145.0.0.0 Safari/537.36"
74.114.151.202 - - [16/May/2026:01:29:56 +0000] "POST / HTTP/1.1" 200 179294 "https://moabmonsters.com/" "Mozilla/5.0 (Windows NT 6.3; Win64; x64) AppleWebKit/537.36 (KHTML, like Gecko) Chrome/103.0.0.0 Safari/537.36"
2607:5500:3000:95::2 - - [16/May/2026:01:29:58 +0000] "POST /wordpress/wp-cron.php?doing_wp_cron=1778894998.0935330390930175781250 HTTP/1.1" 404 89930 "-" "WordPress/6.9.4; https://moabmonsters.com"
74.114.151.202 - - [16/May/2026:01:30:00 +0000] "GET /xmlrpc.php HTTP/1.1" 404 89753 "https://moabmonsters.com/" "Mozilla/5.0 (Windows NT 6.3; Win64; x64) AppleWebKit/537.36 (KHTML, like Gecko) Chrome/103.0.0.0 Safari/537.36"
74.114.151.202 - - [16/May/2026:01:30:02 +0000] "GET / HTTP/1.1" 200 179161 "https://moabmonsters.com/xmlrpc.php" "Mozilla/5.0 (Windows NT 6.3; Win64; x64) AppleWebKit/537.36 (KHTML, like Gecko) Chrome/103.0.0.0 Safari/537.36"
74.114.151.202 - - [16/May/2026:01:30:06 +0000] "GET /wp-admin/post-new.php HTTP/1.1" 404 89786 "https://moabmonsters.com/" "Mozilla/5.0 (Windows NT 6.3; Win64; x64) AppleWebKit/537.36 (KHTML, like Gecko) Chrome/103.0.0.0 Safari/537.36"
74.114.151.202 - - [16/May/2026:01:30:09 +0000] "GET /wp-admin/edit-tags.php?taxonomy=category HTTP/1.1" 404 89843 "https://moabmonsters.com/wp-admin/post-new.php" "Mozilla/5.0 (Windows NT 6.3; Win64; x64) AppleWebKit/537.36 (KHTML, like Gecko) Chrome/103.0.0.0 Safari/537.36"
66.249.79.5 - - [16/May/2026:01:30:11 +0000] "GET /sphere/load/eve4n32q3n2o90j.html HTTP/1.1" 404 89816 "-" "Mozilla/5.0 (Linux; Android 6.0.1; Nexus 5X Build/MMB29P) AppleWebKit/537.36 (KHTML, like Gecko) Chrome/148.0.7778.96 Mobile Safari/537.36 (compatible; GoogleOther)"
66.249.79.7 - - [16/May/2026:01:30:15 +0000] "GET /characteristic/proceeds/elfm0s38gc31cpk.html HTTP/1.1" 404 89852 "-" "Mozilla/5.0 (Linux; Android 6.0.1; Nexus 5X Build/MMB29P) AppleWebKit/537.36 (KHTML, like Gecko) Chrome/148.0.7778.96 Mobile Safari/537.36 (compatible; GoogleOther)"
74.114.151.202 - - [16/May/2026:01:30:25 +0000] "GET /wordpress/wp-includes/css/dist/block-library/style.min.css?ver=7b42d7a904609cfa79643e4c7034635f HTTP/1.1" 304 - "https://moabmonsters.com/wp-admin/edit-tags.php?taxonomy=category" "Mozilla/5.0 (Windows NT 10.0; Win64; x64) AppleWebKit/537.36 (KHTML, like Gecko) Chrome/145.0.0.0 Safari/537.36"
74.114.151.202 - - [16/May/2026:01:30:41 +0000] "POST /wp-admin/edit-tags.php?taxonomy=category HTTP/1.1" 404 89976 "https://moabmonsters.com/wp-admin/edit-tags.php?taxonomy=category" "Mozilla/5.0 (Windows NT 6.3; Win64; x64) AppleWebKit/537.36 (KHTML, like Gecko) Chrome/103.0.0.0 Safari/537.36"
74.114.151.202 - - [16/May/2026:01:30:43 +0000] "POST /wp-admin/edit-tags.php?taxonomy=category HTTP/1.1" 404 89976 "https://moabmonsters.com/wp-admin/edit-tags.php?taxonomy=category" "Mozilla/5.0 (Windows NT 6.3; Win64; x64) AppleWebKit/537.36 (KHTML, like Gecko) Chrome/103.0.0.0 Safari/537.36"
74.114.151.202 - - [16/May/2026:01:30:46 +0000] "POST /wp-admin/edit-tags.php?taxonomy=category HTTP/1.1" 404 89976 "https://moabmonsters.com/wp-admin/edit-tags.php?taxonomy=category" "Mozilla/5.0 (Windows NT 6.3; Win64; x64) AppleWebKit/537.36 (KHTML, like Gecko) Chrome/103.0.0.0 Safari/537.36"
74.114.151.202 - - [16/May/2026:01:30:49 +0000] "POST /wp-admin/edit-tags.php?taxonomy=category HTTP/1.1" 404 89976 "https://moabmonsters.com/wp-admin/edit-tags.php?taxonomy=category" "Mozilla/5.0 (Windows NT 6.3; Win64; x64) AppleWebKit/537.36 (KHTML, like Gecko) Chrome/103.0.0.0 Safari/537.36"
74.114.151.202 - - [16/May/2026:01:30:52 +0000] "GET /wp-admin/post-new.php HTTP/1.1" 404 89786 "https://moabmonsters.com/wp-admin/edit-tags.php?taxonomy=category" "Mozilla/5.0 (Windows NT 6.3; Win64; x64) AppleWebKit/537.36 (KHTML, like Gecko) Chrome/103.0.0.0 Safari/537.36"
66.249.79.6 - - [16/May/2026:01:31:01 +0000] "GET /style/outcome/fg0eldob1i4e5el.html HTTP/1.1" 404 89822 "-" "Mozilla/5.0 (Linux; Android 6.0.1; Nexus 5X Build/MMB29P) AppleWebKit/537.36 (KHTML, like Gecko) Chrome/148.0.7778.96 Mobile Safari/537.36 (compatible; GoogleOther)"
2607:5500:3000:95::2 - - [16/May/2026:01:31:03 +0000] "POST /wordpress/wp-cron.php?doing_wp_cron=1778895063.0942180156707763671875 HTTP/1.1" 404 89930 "-" "WordPress/6.9.4; https://moabmonsters.com"
66.249.79.5 - - [16/May/2026:01:31:05 +0000] "GET /department/section/fa8mhxwbx8omva5.html HTTP/1.1" 404 89837 "-" "Mozilla/5.0 (Linux; Android 6.0.1; Nexus 5X Build/MMB29P) AppleWebKit/537.36 (KHTML, like Gecko) Chrome/148.0.7778.96 Mobile Safari/537.36 (compatible; GoogleOther)"
66.249.79.7 - - [16/May/2026:01:31:09 +0000] "GET /continuum/fort-rules/fjit3v6bj7mw2w3.html HTTP/1.1" 404 89843 "-" "Mozilla/5.0 (Linux; Android 6.0.1; Nexus 5X Build/MMB29P) AppleWebKit/537.36 (KHTML, like Gecko) Chrome/148.0.7778.96 Mobile Safari/537.36 (compatible; GoogleOther)"
66.249.79.6 - - [16/May/2026:01:31:18 +0000] "GET /class/bit/fcsqptgb5tk6ki1.html HTTP/1.1" 404 89810 "-" "Mozilla/5.0 (Linux; Android 6.0.1; Nexus 5X Build/MMB29P) AppleWebKit/537.36 (KHTML, like Gecko) Chrome/148.0.7778.96 Mobile Safari/537.36 (compatible; GoogleOther)"
66.249.79.5 - - [16/May/2026:01:31:58 +0000] "GET /territory/subassembly/f5yvvzmbbqqcdo7.html HTTP/1.1" 404 89846 "-" "Mozilla/5.0 (Linux; Android 6.0.1; Nexus 5X Build/MMB29P) AppleWebKit/537.36 (KHTML, like Gecko) Chrome/148.0.7778.96 Mobile Safari/537.36 (compatible; GoogleOther)"
66.249.79.6 - - [16/May/2026:01:32:02 +0000] "GET /flock/package/fblw6y9bmhpzrz6.html HTTP/1.1" 404 89822 "-" "Mozilla/5.0 (Linux; Android 6.0.1; Nexus 5X Build/MMB29P) AppleWebKit/537.36 (KHTML, like Gecko) Chrome/148.0.7778.96 Mobile Safari/537.36 (compatible; GoogleOther)"
2607:5500:3000:95::2 - - [16/May/2026:01:32:04 +0000] "POST /wordpress/wp-cron.php?doing_wp_cron=1778895123.9700140953063964843750 HTTP/1.1" 404 89930 "-" "WordPress/6.9.4; https://moabmonsters.com"
66.249.79.5 - - [16/May/2026:01:32:19 +0000] "GET /index/tool/ferjc4fbsnv5l5c.html HTTP/1.1" 500 2653 "-" "Mozilla/5.0 (Linux; Android 6.0.1; Nexus 5X Build/MMB29P) AppleWebKit/537.36 (KHTML, like Gecko) Chrome/148.0.7778.96 Mobile Safari/537.36 (compatible; GoogleOther)"
66.249.79.5 - - [16/May/2026:01:32:24 +0000] "GET /conglomeration/shipment/fqwo5lkbljcaqyt.html HTTP/1.1" 404 89852 "-" "Mozilla/5.0 (Linux; Android 6.0.1; Nexus 5X Build/MMB29P) AppleWebKit/537.36 (KHTML, like Gecko) Chrome/148.0.7778.96 Mobile Safari/537.36 (compatible; GoogleOther)"
66.249.79.6 - - [16/May/2026:01:33:05 +0000] "GET /sorority/make/ecsmptgz5dgqaqx.html HTTP/1.1" 404 89822 "-" "Mozilla/5.0 (Linux; Android 6.0.1; Nexus 5X Build/MMB29P) AppleWebKit/537.36 (KHTML, like Gecko) Chrome/148.0.7778.96 Mobile Safari/537.36 (compatible; GoogleOther)"
2607:5500:3000:95::2 - - [16/May/2026:01:33:07 +0000] "POST /wordpress/wp-cron.php?doing_wp_cron=1778895187.0881669521331787109375 HTTP/1.1" 404 89930 "-" "WordPress/6.9.4; https://moabmonsters.com"
66.249.79.5 - - [16/May/2026:01:33:09 +0000] "GET /faction/module/e8kvt9829t8ud6p.html HTTP/1.1" 404 89825 "-" "Mozilla/5.0 (Linux; Android 6.0.1; Nexus 5X Build/MMB29P) AppleWebKit/537.36 (KHTML, like Gecko) Chrome/148.0.7778.96 Mobile Safari/537.36 (compatible; GoogleOther)"
66.249.79.5 - - [16/May/2026:01:33:13 +0000] "GET /items/I167044688/ HTTP/1.1" 404 89771 "-" "Mozilla/5.0 (Linux; Android 6.0.1; Nexus 5X Build/MMB29P) AppleWebKit/537.36 (KHTML, like Gecko) Chrome/148.0.7778.96 Mobile Safari/537.36 (compatible; GoogleOther)"
66.249.79.7 - - [16/May/2026:01:34:16 +0000] "GET /framework/prototype/e689hxwpxhwi4ud.html HTTP/1.1" 404 89840 "-" "Mozilla/5.0 (Linux; Android 6.0.1; Nexus 5X Build/MMB29P) AppleWebKit/537.36 (KHTML, like Gecko) Chrome/148.0.7778.96 Mobile Safari/537.36 (compatible; GoogleOther)"
66.249.79.5 - - [16/May/2026:01:35:00 +0000] "GET /realm/version/e8am7by6nvy878f.html HTTP/1.1" 404 89822 "-" "Mozilla/5.0 (Linux; Android 6.0.1; Nexus 5X Build/MMB29P) AppleWebKit/537.36 (KHTML, like Gecko) Chrome/148.0.7778.96 Mobile Safari/537.36 (compatible; GoogleOther)"
66.249.79.5 - - [16/May/2026:01:35:05 +0000] "GET /heading/harvest/f69uumxbaednynu.html HTTP/1.1" 404 89828 "-" "Mozilla/5.0 (Linux; Android 6.0.1; Nexus 5X Build/MMB29P) AppleWebKit/537.36 (KHTML, like Gecko) Chrome/148.0.7778.96 Mobile Safari/537.36 (compatible; GoogleOther)"
66.249.79.5 - - [16/May/2026:01:35:10 +0000] "GET /discipline/variant/fsox91cbp3s2229.html HTTP/1.1" 404 89837 "-" "Mozilla/5.0 (Linux; Android 6.0.1; Nexus 5X Build/MMB29P) AppleWebKit/537.36 (KHTML, like Gecko) Chrome/148.0.7778.96 Mobile Safari/537.36 (compatible; GoogleOther)"
66.249.79.5 - - [16/May/2026:01:35:15 +0000] "GET /division/inventory/frckxp0bdjgq4qx.html HTTP/1.1" 404 89837 "-" "Mozilla/5.0 (Linux; Android 6.0.1; Nexus 5X Build/MMB29P) AppleWebKit/537.36 (KHTML, like Gecko) Chrome/148.0.7778.96 Mobile Safari/537.36 (compatible; GoogleOther)"
2607:5500:3000:95::2 - - [16/May/2026:01:35:17 +0000] "POST /wordpress/wp-cron.php?doing_wp_cron=1778895317.3329110145568847656250 HTTP/1.1" 404 89930 "-" "WordPress/6.9.4; https://moabmonsters.com"
66.249.79.5 - - [16/May/2026:01:35:20 +0000] "GET /breed/merchandise/f3kyt98b990yumh.html HTTP/1.1" 404 89834 "-" "Mozilla/5.0 (Linux; Android 6.0.1; Nexus 5X Build/MMB29P) AppleWebKit/537.36 (KHTML, like Gecko) Chrome/148.0.7778.96 Mobile Safari/537.36 (compatible; GoogleOther)"
66.249.79.5 - - [16/May/2026:01:35:41 +0000] "GET /department/property/fadrae1bqc5rc3m.html HTTP/1.1" 404 89840 "-" "Mozilla/5.0 (Linux; Android 6.0.1; Nexus 5X Build/MMB29P) AppleWebKit/537.36 (KHTML, like Gecko) Chrome/148.0.7778.96 Mobile Safari/537.36 (compatible; GoogleOther)"
66.249.79.5 - - [16/May/2026:01:35:59 +0000] "GET /quality/section/f6lt6y9bmopzgz6.html HTTP/1.1" 404 89828 "-" "Mozilla/5.0 (Linux; Android 6.0.1; Nexus 5X Build/MMB29P) AppleWebKit/537.36 (KHTML, like Gecko) Chrome/148.0.7778.96 Mobile Safari/537.36 (compatible; GoogleOther)"
66.249.79.5 - - [16/May/2026:01:36:03 +0000] "GET /institution/class/folm6y9bmapzmz6.html HTTP/1.1" 404 89834 "-" "Mozilla/5.0 (Linux; Android 6.0.1; Nexus 5X Build/MMB29P) AppleWebKit/537.36 (KHTML, like Gecko) Chrome/148.0.7778.96 Mobile Safari/537.36 (compatible; GoogleOther)"
66.249.79.3 - - [16/May/2026:01:36:16 +0000] "GET /fraternity/composition/frmljnabzne0qcv.html HTTP/1.1" 404 89849 "-" "Mozilla/5.0 (Linux; Android 6.0.1; Nexus 5X Build/MMB29P) AppleWebKit/537.36 (KHTML, like Gecko) Chrome/148.0.7778.96 Mobile Safari/537.36 (compatible; GoogleOther)"
2607:5500:3000:95::2 - - [16/May/2026:01:36:19 +0000] "POST /wordpress/wp-cron.php?doing_wp_cron=1778895379.0144679546356201171875 HTTP/1.1" 404 89930 "-" "WordPress/6.9.4; https://moabmonsters.com"
