185.220.101.130 - - [15/May/2026:09:29:38 +0000] "HEAD /wp-content/plugins/wp-enum-sentinel-1778837377933544700-0/wp-enum-sentinel-1778837377933544700-0.php HTTP/1.1" 404 - "-" "Mozilla/5.0"
185.220.101.130 - - [15/May/2026:09:29:38 +0000] "HEAD /wp-content/plugins/wp-enum-sentinel-1778837377933544700-0/ HTTP/1.1" 404 - "-" "Mozilla/5.0"
185.220.101.130 - - [15/May/2026:09:29:38 +0000] "GET /wp-content/plugins/wp-enum-sentinel-1778837377933544700-0/readme.txt HTTP/1.1" 404 - "-" "Mozilla/5.0"
185.220.101.130 - - [15/May/2026:09:29:39 +0000] "GET /wp-content/plugins/wp-enum-sentinel-1778837377933544700-0/readme.md HTTP/1.1" 404 - "-" "Mozilla/5.0"
185.220.101.130 - - [15/May/2026:09:29:39 +0000] "HEAD /wp-content/plugins/wp-enum-sentinel-1778837377933544700-0/wp-enum-sentinel-1778837377933544700-0.php HTTP/1.1" 404 - "-" "Mozilla/5.0"
185.220.101.130 - - [15/May/2026:09:29:39 +0000] "HEAD /wp-content/plugins/wp-enum-sentinel-1778837377933544700-0/assets/ HTTP/1.1" 404 - "-" "Mozilla/5.0"
185.220.101.130 - - [15/May/2026:09:29:40 +0000] "HEAD /wp-content/plugins/wp-enum-sentinel-1778837377933544700-0/js/ HTTP/1.1" 404 - "-" "Mozilla/5.0"
185.220.101.130 - - [15/May/2026:09:29:40 +0000] "HEAD /wp-content/plugins/wp-enum-sentinel-1778837377933544700-0/css/ HTTP/1.1" 404 - "-" "Mozilla/5.0"
185.220.101.130 - - [15/May/2026:09:29:40 +0000] "HEAD /wp-content/plugins/wp-enum-sentinel-1778837377933544700-0/build/ HTTP/1.1" 404 - "-" "Mozilla/5.0"
185.220.101.130 - - [15/May/2026:09:29:40 +0000] "HEAD /wp-content/plugins/wp-enum-sentinel-1778837377933544700-0/dist/ HTTP/1.1" 404 - "-" "Mozilla/5.0"
185.220.101.130 - - [15/May/2026:09:29:41 +0000] "HEAD /wp-content/plugins/wp-enum-sentinel-1778837377933544700-0/includes/ HTTP/1.1" 404 - "-" "Mozilla/5.0"
185.220.101.130 - - [15/May/2026:09:29:41 +0000] "HEAD /wp-content/plugins/wp-enum-sentinel-1778837377933544700-0/vendor/ HTTP/1.1" 404 - "-" "Mozilla/5.0"
185.220.101.130 - - [15/May/2026:09:29:41 +0000] "HEAD /wp-content/plugins/wp-enum-sentinel-1778837382168338600-1/ HTTP/1.1" 404 - "-" "Mozilla/5.0"
185.220.101.130 - - [15/May/2026:09:29:42 +0000] "GET /wp-content/plugins/wp-enum-sentinel-1778837382168338600-1/readme.txt HTTP/1.1" 404 - "-" "Mozilla/5.0"
185.220.101.130 - - [15/May/2026:09:29:42 +0000] "HEAD /wp-content/plugins/wp-enum-sentinel-1778837382168338600-1/wp-enum-sentinel-1778837382168338600-1.php HTTP/1.1" 404 - "-" "Mozilla/5.0"
185.220.101.130 - - [15/May/2026:09:29:42 +0000] "HEAD /wp-content/plugins/wp-enum-sentinel-1778837382168338600-1/ HTTP/1.1" 404 - "-" "Mozilla/5.0"
185.220.101.130 - - [15/May/2026:09:29:42 +0000] "GET /wp-content/plugins/wp-enum-sentinel-1778837382168338600-1/readme.txt HTTP/1.1" 404 - "-" "Mozilla/5.0"
66.249.79.5 - - [15/May/2026:09:29:47 +0000] "GET /graph/part/epw75lksl5k6ti1.html HTTP/1.1" 404 - "-" "Mozilla/5.0 (Linux; Android 6.0.1; Nexus 5X Build/MMB29P) AppleWebKit/537.36 (KHTML, like Gecko) Chrome/148.0.7778.96 Mobile Safari/537.36 (compatible; GoogleOther)"
2a03:2880:f806:4a:: - - [15/May/2026:09:29:51 +0000] "GET /items/F230682911/ HTTP/1.1" 404 - "-" "meta-externalagent/1.1 (+https://developers.facebook.com/docs/sharing/webmasters/crawler)"
66.249.79.3 - - [15/May/2026:09:30:00 +0000] "GET /sorority/deliverable/fzjngk7bwwbxg9s.html HTTP/1.1" 404 - "-" "Mozilla/5.0 (Linux; Android 6.0.1; Nexus 5X Build/MMB29P) AppleWebKit/537.36 (KHTML, like Gecko) Chrome/148.0.7778.96 Mobile Safari/537.36 (compatible; GoogleOther)"
2a03:2880:f806:26:: - - [15/May/2026:09:30:44 +0000] "GET /items/F263634486/ HTTP/1.1" 404 - "-" "meta-externalagent/1.1 (+https://developers.facebook.com/docs/sharing/webmasters/crawler)"
2607:5500:3000:95::2 - - [15/May/2026:09:31:03 +0000] "POST /wordpress/wp-cron.php?doing_wp_cron=1778837463.7727270126342773437500 HTTP/1.1" 200 - "-" "WordPress/6.9.4; https://moabmonsters.com"
66.249.79.7 - - [15/May/2026:09:31:19 +0000] "GET /items/X163328476/ HTTP/1.1" 404 - "-" "Mozilla/5.0 (Linux; Android 6.0.1; Nexus 5X Build/MMB29P) AppleWebKit/537.36 (KHTML, like Gecko) Chrome/148.0.7778.96 Mobile Safari/537.36 (compatible; GoogleOther)"
2a03:2880:f806:8:: - - [15/May/2026:09:31:36 +0000] "GET /items/F250309870/ HTTP/1.1" 404 - "-" "meta-externalagent/1.1 (+https://developers.facebook.com/docs/sharing/webmasters/crawler)"
66.249.79.6 - - [15/May/2026:09:31:43 +0000] "GET /items/J215796123/ HTTP/1.1" 404 - "-" "Mozilla/5.0 (Linux; Android 6.0.1; Nexus 5X Build/MMB29P) AppleWebKit/537.36 (KHTML, like Gecko) Chrome/148.0.7778.96 Mobile Safari/537.36 (compatible; GoogleOther)"
2a03:2880:f806:41:: - - [15/May/2026:09:32:29 +0000] "GET /items/F199993921/ HTTP/1.1" 404 - "-" "meta-externalagent/1.1 (+https://developers.facebook.com/docs/sharing/webmasters/crawler)"
2a03:2880:f806:13:: - - [15/May/2026:09:33:21 +0000] "GET /items/F161608688/ HTTP/1.1" 404 - "-" "meta-externalagent/1.1 (+https://developers.facebook.com/docs/sharing/webmasters/crawler)"
104.210.140.134 - - [15/May/2026:09:34:11 +0000] "GET /robots.txt HTTP/1.1" 200 100 "-" "Mozilla/5.0 (Macintosh; Intel Mac OS X 10_15_7) AppleWebKit/537.36 (KHTML, like Gecko) Chrome/131.0.0.0 Safari/537.36; compatible; OAI-SearchBot/1.0; +https://openai.com/searchbot"
2a03:2880:f806:1f:: - - [15/May/2026:09:34:14 +0000] "GET /items/F274225022/ HTTP/1.1" 404 - "-" "meta-externalagent/1.1 (+https://developers.facebook.com/docs/sharing/webmasters/crawler)"
2a03:2880:f806:46:: - - [15/May/2026:09:35:06 +0000] "GET /items/F276231012/ HTTP/1.1" 404 - "-" "meta-externalagent/1.1 (+https://developers.facebook.com/docs/sharing/webmasters/crawler)"
2a03:2880:f806:21:: - - [15/May/2026:09:35:59 +0000] "GET /items/F288571921/ HTTP/1.1" 404 - "-" "meta-externalagent/1.1 (+https://developers.facebook.com/docs/sharing/webmasters/crawler)"
66.249.79.7 - - [15/May/2026:09:36:15 +0000] "GET /items/Z179178618/ HTTP/1.1" 404 - "-" "Mozilla/5.0 (Linux; Android 6.0.1; Nexus 5X Build/MMB29P) AppleWebKit/537.36 (KHTML, like Gecko) Chrome/148.0.7778.96 Mobile Safari/537.36 (compatible; GoogleOther)"
66.249.79.6 - - [15/May/2026:09:36:30 +0000] "GET /items/Z147838355/ HTTP/1.1" 404 - "-" "Mozilla/5.0 (Linux; Android 6.0.1; Nexus 5X Build/MMB29P) AppleWebKit/537.36 (KHTML, like Gecko) Chrome/148.0.7778.96 Mobile Safari/537.36 (compatible; GoogleOther)"
2a03:2880:f806:44:: - - [15/May/2026:09:36:51 +0000] "GET /items/F184643961/ HTTP/1.1" 404 - "-" "meta-externalagent/1.1 (+https://developers.facebook.com/docs/sharing/webmasters/crawler)"
2a03:2880:f806:4d:: - - [15/May/2026:09:37:44 +0000] "GET /items/F164777476/ HTTP/1.1" 404 - "-" "meta-externalagent/1.1 (+https://developers.facebook.com/docs/sharing/webmasters/crawler)"
2a03:2880:f806:4a:: - - [15/May/2026:09:38:37 +0000] "GET /items/F92087961/ HTTP/1.1" 404 - "-" "meta-externalagent/1.1 (+https://developers.facebook.com/docs/sharing/webmasters/crawler)"
2a03:2880:f806:43:: - - [15/May/2026:09:39:29 +0000] "GET /items/F312255204/ HTTP/1.1" 404 - "-" "meta-externalagent/1.1 (+https://developers.facebook.com/docs/sharing/webmasters/crawler)"
66.249.79.6 - - [15/May/2026:09:40:17 +0000] "GET /typology/trait/fbghdh4bt38us6p.html HTTP/1.1" 404 - "-" "Mozilla/5.0 (Linux; Android 6.0.1; Nexus 5X Build/MMB29P) AppleWebKit/537.36 (KHTML, like Gecko) Chrome/148.0.7778.96 Mobile Safari/537.36 (compatible; GoogleOther)"
2a03:2880:f806:7:: - - [15/May/2026:09:40:22 +0000] "GET /items/F36281557/ HTTP/1.1" 404 - "-" "meta-externalagent/1.1 (+https://developers.facebook.com/docs/sharing/webmasters/crawler)"
66.249.79.6 - - [15/May/2026:09:40:48 +0000] "GET /items/V229504688/ HTTP/1.1" 404 - "-" "Mozilla/5.0 (Linux; Android 6.0.1; Nexus 5X Build/MMB29P) AppleWebKit/537.36 (KHTML, like Gecko) Chrome/148.0.7778.96 Mobile Safari/537.36 (compatible; GoogleOther)"
2a03:2880:f806:28:: - - [15/May/2026:09:41:14 +0000] "GET /items/F210110820/ HTTP/1.1" 404 - "-" "meta-externalagent/1.1 (+https://developers.facebook.com/docs/sharing/webmasters/crawler)"
66.249.79.6 - - [15/May/2026:09:41:40 +0000] "GET /items/V108719062/ HTTP/1.1" 404 - "-" "Mozilla/5.0 (Linux; Android 6.0.1; Nexus 5X Build/MMB29P) AppleWebKit/537.36 (KHTML, like Gecko) Chrome/148.0.7778.96 Mobile Safari/537.36 (compatible; GoogleOther)"
2a03:2880:f806:19:: - - [15/May/2026:09:42:07 +0000] "GET /items/F310248183/ HTTP/1.1" 404 - "-" "meta-externalagent/1.1 (+https://developers.facebook.com/docs/sharing/webmasters/crawler)"
2a03:2880:f806:: - - [15/May/2026:09:43:01 +0000] "GET /items/F301875486/ HTTP/1.1" 404 - "-" "meta-externalagent/1.1 (+https://developers.facebook.com/docs/sharing/webmasters/crawler)"
66.249.79.6 - - [15/May/2026:09:43:25 +0000] "GET /trait/item/fyn0wcbbc531jpk.html HTTP/1.1" 404 - "-" "Mozilla/5.0 (Linux; Android 6.0.1; Nexus 5X Build/MMB29P) AppleWebKit/537.36 (KHTML, like Gecko) Chrome/148.0.7778.96 Mobile Safari/537.36 (compatible; GoogleOther)"
114.119.152.204 - - [15/May/2026:09:43:38 +0000] "GET /wp-sitemap-posts-product-1.xml HTTP/1.1" 404 - "https://moabmonsters.com/wp-sitemap-posts-product-1.xml" "Mozilla/5.0 (Linux; Android 7.0;) AppleWebKit/537.36 (HTML, like Gecko) Mobile Safari/537.36 (compatible; PetalBot;+https://webmaster.petalsearch.com/site/petalbot)"
2a03:2880:f806:28:: - - [15/May/2026:09:43:52 +0000] "GET /items/F224388426/ HTTP/1.1" 404 - "-" "meta-externalagent/1.1 (+https://developers.facebook.com/docs/sharing/webmasters/crawler)"
2a03:2880:f806:19:: - - [15/May/2026:09:44:44 +0000] "GET /items/F68164517/ HTTP/1.1" 404 - "-" "meta-externalagent/1.1 (+https://developers.facebook.com/docs/sharing/webmasters/crawler)"
66.249.79.7 - - [15/May/2026:09:45:21 +0000] "GET /items/W144807042/ HTTP/1.1" 404 - "-" "Mozilla/5.0 (Linux; Android 6.0.1; Nexus 5X Build/MMB29P) AppleWebKit/537.36 (KHTML, like Gecko) Chrome/148.0.7778.96 Mobile Safari/537.36 (compatible; GoogleOther)"
2a03:2880:f806:20:: - - [15/May/2026:09:45:37 +0000] "GET /items/F87204456/ HTTP/1.1" 404 - "-" "meta-externalagent/1.1 (+https://developers.facebook.com/docs/sharing/webmasters/crawler)"
2a03:2880:f806:8:: - - [15/May/2026:09:46:30 +0000] "GET /items/F290452577/ HTTP/1.1" 404 - "-" "meta-externalagent/1.1 (+https://developers.facebook.com/docs/sharing/webmasters/crawler)"
66.249.79.3 - - [15/May/2026:09:46:50 +0000] "GET /items/W110038688/ HTTP/1.1" 404 - "-" "Mozilla/5.0 (Linux; Android 6.0.1; Nexus 5X Build/MMB29P) AppleWebKit/537.36 (KHTML, like Gecko) Chrome/148.0.7778.96 Mobile Safari/537.36 (compatible; GoogleOther)"
66.249.79.4 - - [15/May/2026:09:47:03 +0000] "GET /items/J107335325/ HTTP/1.1" 404 - "-" "Mozilla/5.0 (Linux; Android 6.0.1; Nexus 5X Build/MMB29P) AppleWebKit/537.36 (KHTML, like Gecko) Chrome/148.0.7778.96 Mobile Safari/537.36 (compatible; GoogleOther)"
2a03:2880:f806:29:: - - [15/May/2026:09:47:22 +0000] "GET /items/F300165618/ HTTP/1.1" 404 - "-" "meta-externalagent/1.1 (+https://developers.facebook.com/docs/sharing/webmasters/crawler)"
114.119.150.120 - - [15/May/2026:09:47:57 +0000] "GET /wp-sitemap.xml HTTP/1.1" 404 - "-" "Mozilla/5.0 (Linux; Android 7.0;) AppleWebKit/537.36 (KHTML, like Gecko) Mobile Safari/537.36 (compatible; PetalBot;+https://webmaster.petalsearch.com/site/petalbot)"
2a03:2880:f806:3d:: - - [15/May/2026:09:48:16 +0000] "GET /items/F282607628/ HTTP/1.1" 404 - "-" "meta-externalagent/1.1 (+https://developers.facebook.com/docs/sharing/webmasters/crawler)"
2a03:2880:f806:24:: - - [15/May/2026:09:49:07 +0000] "GET /items/F217631335/ HTTP/1.1" 404 - "-" "meta-externalagent/1.1 (+https://developers.facebook.com/docs/sharing/webmasters/crawler)"
66.249.79.4 - - [15/May/2026:09:49:53 +0000] "GET /items/X113146628/ HTTP/1.1" 404 - "-" "Mozilla/5.0 (Linux; Android 6.0.1; Nexus 5X Build/MMB29P) AppleWebKit/537.36 (KHTML, like Gecko) Chrome/148.0.7778.96 Mobile Safari/537.36 (compatible; GoogleOther)"
2a03:2880:f806:3e:: - - [15/May/2026:09:50:00 +0000] "GET /items/F265517527/ HTTP/1.1" 404 - "-" "meta-externalagent/1.1 (+https://developers.facebook.com/docs/sharing/webmasters/crawler)"
2a03:2880:f806:18:: - - [15/May/2026:09:50:53 +0000] "GET /items/F162445244/ HTTP/1.1" 404 - "-" "meta-externalagent/1.1 (+https://developers.facebook.com/docs/sharing/webmasters/crawler)"
66.249.79.5 - - [15/May/2026:09:50:54 +0000] "GET /items/S187918840/ HTTP/1.1" 404 - "-" "Mozilla/5.0 (Linux; Android 6.0.1; Nexus 5X Build/MMB29P) AppleWebKit/537.36 (KHTML, like Gecko) Chrome/148.0.7778.96 Mobile Safari/537.36 (compatible; GoogleOther)"
2a03:2880:f806:22:: - - [15/May/2026:09:51:46 +0000] "GET /items/F89648527/ HTTP/1.1" 404 89769 "-" "meta-externalagent/1.1 (+https://developers.facebook.com/docs/sharing/webmasters/crawler)"
2607:5500:3000:95::2 - - [15/May/2026:09:51:49 +0000] "POST /wordpress/wp-cron.php?doing_wp_cron=1778838709.8981449604034423828125 HTTP/1.1" 404 89928 "-" "WordPress/6.9.4; https://moabmonsters.com"
2a03:2880:f806:50:: - - [15/May/2026:09:52:40 +0000] "GET /items/F133496961/ HTTP/1.1" 404 89772 "-" "meta-externalagent/1.1 (+https://developers.facebook.com/docs/sharing/webmasters/crawler)"
66.249.79.4 - - [15/May/2026:09:52:51 +0000] "GET /items/G292355416/ HTTP/1.1" 404 89769 "-" "Mozilla/5.0 (Linux; Android 6.0.1; Nexus 5X Build/MMB29P) AppleWebKit/537.36 (KHTML, like Gecko) Chrome/148.0.7778.96 Mobile Safari/537.36 (compatible; GoogleOther)"
2607:5500:3000:95::2 - - [15/May/2026:09:52:52 +0000] "POST /wordpress/wp-cron.php?doing_wp_cron=1778838772.9413990974426269531250 HTTP/1.1" 404 89928 "-" "WordPress/6.9.4; https://moabmonsters.com"
2a03:2880:f806:26:: - - [15/May/2026:09:53:32 +0000] "GET /items/F112159103/ HTTP/1.1" 404 89772 "-" "meta-externalagent/1.1 (+https://developers.facebook.com/docs/sharing/webmasters/crawler)"
2a03:2880:f806:23:: - - [15/May/2026:09:54:23 +0000] "GET /items/F262620971/ HTTP/1.1" 404 89772 "-" "meta-externalagent/1.1 (+https://developers.facebook.com/docs/sharing/webmasters/crawler)"
2607:5500:3000:95::2 - - [15/May/2026:09:54:25 +0000] "POST /wordpress/wp-cron.php?doing_wp_cron=1778838865.4433660507202148437500 HTTP/1.1" 404 89928 "-" "WordPress/6.9.4; https://moabmonsters.com"
66.249.79.3 - - [15/May/2026:09:54:57 +0000] "GET /items/P136861385/ HTTP/1.1" 404 89769 "-" "Mozilla/5.0 (Linux; Android 6.0.1; Nexus 5X Build/MMB29P) AppleWebKit/537.36 (KHTML, like Gecko) Chrome/148.0.7778.96 Mobile Safari/537.36 (compatible; GoogleOther)"
2a03:2880:f806:7:: - - [15/May/2026:09:55:16 +0000] "GET /items/F42887557/ HTTP/1.1" 404 89769 "-" "meta-externalagent/1.1 (+https://developers.facebook.com/docs/sharing/webmasters/crawler)"
2a03:2880:f806:27:: - - [15/May/2026:09:56:08 +0000] "GET /items/F236228719/ HTTP/1.1" 404 89772 "-" "meta-externalagent/1.1 (+https://developers.facebook.com/docs/sharing/webmasters/crawler)"
2607:5500:3000:95::2 - - [15/May/2026:09:56:10 +0000] "POST /wordpress/wp-cron.php?doing_wp_cron=1778838970.6280670166015625000000 HTTP/1.1" 404 89928 "-" "WordPress/6.9.4; https://moabmonsters.com"
66.249.79.4 - - [15/May/2026:09:56:36 +0000] "GET /items/S293543173/ HTTP/1.1" 404 89769 "-" "Mozilla/5.0 (Linux; Android 6.0.1; Nexus 5X Build/MMB29P) AppleWebKit/537.36 (KHTML, like Gecko) Chrome/148.0.7778.96 Mobile Safari/537.36 (compatible; GoogleOther)"
2a03:2880:f806:4b:: - - [15/May/2026:09:57:01 +0000] "GET /items/F229114103/ HTTP/1.1" 404 89772 "-" "meta-externalagent/1.1 (+https://developers.facebook.com/docs/sharing/webmasters/crawler)"
2a03:2880:f806:49:: - - [15/May/2026:09:57:53 +0000] "GET /items/F90309345/ HTTP/1.1" 404 89769 "-" "meta-externalagent/1.1 (+https://developers.facebook.com/docs/sharing/webmasters/crawler)"
2607:5500:3000:95::2 - - [15/May/2026:09:57:55 +0000] "POST /wordpress/wp-cron.php?doing_wp_cron=1778839075.2422599792480468750000 HTTP/1.1" 404 89928 "-" "WordPress/6.9.4; https://moabmonsters.com"
2a03:2880:f806:e:: - - [15/May/2026:09:58:46 +0000] "GET /items/F20688042/ HTTP/1.1" 404 89769 "-" "meta-externalagent/1.1 (+https://developers.facebook.com/docs/sharing/webmasters/crawler)"
66.249.79.5 - - [15/May/2026:09:59:00 +0000] "GET /items/D152277153/ HTTP/1.1" 404 89769 "-" "Mozilla/5.0 (Linux; Android 6.0.1; Nexus 5X Build/MMB29P) AppleWebKit/537.36 (KHTML, like Gecko) Chrome/148.0.7778.96 Mobile Safari/537.36 (compatible; GoogleOther)"
2602:fb54:1400::1b2 - - [15/May/2026:09:59:01 +0000] "GET / HTTP/1.1" 200 179157 "-" "Mozilla/5.0 (Windows NT 10.0; Win64; x64; rv:150.0) Gecko/20100101 Firefox/150.0"
2607:5500:3000:95::2 - - [15/May/2026:09:59:02 +0000] "POST /wordpress/wp-cron.php?doing_wp_cron=1778839142.8723769187927246093750 HTTP/1.1" 404 89928 "-" "WordPress/6.9.4; https://moabmonsters.com"
2607:5500:3000:95::2 - - [15/May/2026:09:59:03 +0000] "POST /wordpress/wp-cron.php?doing_wp_cron=1778839143.3031959533691406250000 HTTP/1.1" 404 89928 "-" "WordPress/6.9.4; https://moabmonsters.com"
2602:fb54:1400::1b2 - - [15/May/2026:09:59:04 +0000] "GET /.aws/credentials HTTP/1.1" 404 89769 "-" "Mozilla/5.0 (Macintosh; Intel Mac OS X 10_15_7) AppleWebKit/605.1.15 (KHTML, like Gecko) Version/18.4 Safari/605.1.15"
2602:fb54:1400::1b2 - - [15/May/2026:09:59:04 +0000] "GET /serviceAccountKey.json HTTP/1.1" 404 89787 "-" "Mozilla/5.0 (Macintosh; Intel Mac OS X 10_15_7) AppleWebKit/605.1.15 (KHTML, like Gecko) Version/18.3 Safari/605.1.15"
2602:fb54:1400::1b2 - - [15/May/2026:09:59:04 +0000] "GET /service-account.json HTTP/1.1" 404 89781 "-" "Mozilla/5.0 (X11; Linux x86_64) AppleWebKit/537.36 (KHTML, like Gecko) Chrome/147.0.0.0 Safari/537.36"
2602:fb54:1400::1b2 - - [15/May/2026:09:59:04 +0000] "GET /secrets.json HTTP/1.1" 404 89757 "-" "Mozilla/5.0 (X11; Linux x86_64; rv:149.0) Gecko/20100101 Firefox/149.0"
2602:fb54:1400::1b2 - - [15/May/2026:09:59:04 +0000] "GET /credentials.json HTTP/1.1" 404 89766 "-" "Mozilla/5.0 (iPhone; CPU iPhone OS 18_4 like Mac OS X) AppleWebKit/605.1.15 (KHTML, like Gecko) Version/18.4 Mobile/15E148 Safari/604.1"
2602:fb54:1400::1b2 - - [15/May/2026:09:59:04 +0000] "GET /backend/.env HTTP/1.1" 404 89757 "-" "Mozilla/5.0 (Windows NT 10.0; Win64; x64) AppleWebKit/537.36 (KHTML, like Gecko) Chrome/146.0.0.0 Safari/537.36 Edg/146.0.0.0"
2602:fb54:1400::1b2 - - [15/May/2026:09:59:04 +0000] "GET /.env.production HTTP/1.1" 404 89766 "-" "Mozilla/5.0 (Windows NT 10.0; Win64; x64; rv:149.0) Gecko/20100101 Firefox/149.0"
2602:fb54:1400::1b2 - - [15/May/2026:09:59:04 +0000] "GET /api/.env HTTP/1.1" 404 89745 "-" "Mozilla/5.0 (Macintosh; Intel Mac OS X 10_15_7) AppleWebKit/537.36 (KHTML, like Gecko) Chrome/147.0.0.0 Safari/537.36 Edg/147.0.0.0"
2602:fb54:1400::1b2 - - [15/May/2026:09:59:04 +0000] "GET /firebase-service-account.json HTTP/1.1" 404 89808 "-" "Mozilla/5.0 (Macintosh; Intel Mac OS X 10_15_7) AppleWebKit/537.36 (KHTML, like Gecko) Chrome/147.0.0.0 Safari/537.36"
2602:fb54:1400::1b2 - - [15/May/2026:09:59:04 +0000] "GET /google-service-account.json HTTP/1.1" 404 89802 "-" "Mozilla/5.0 (Windows NT 10.0; Win64; x64) AppleWebKit/537.36 (KHTML, like Gecko) Chrome/147.0.0.0 Safari/537.36"
2602:fb54:1400::1b2 - - [15/May/2026:09:59:04 +0000] "GET /.env.local HTTP/1.1" 404 89751 "-" "Mozilla/5.0 (X11; Linux x86_64; rv:150.0) Gecko/20100101 Firefox/150.0"
2602:fb54:1400::1b2 - - [15/May/2026:09:59:04 +0000] "GET /app/.env HTTP/1.1" 404 89745 "-" "Mozilla/5.0 (X11; Linux x86_64; rv:149.0) Gecko/20100101 Firefox/149.0"
2602:fb54:1400::1b2 - - [15/May/2026:09:59:05 +0000] "GET /.env HTTP/1.1" 404 89733 "-" "Mozilla/5.0 (Macintosh; Intel Mac OS X 10.15; rv:150.0) Gecko/20100101 Firefox/150.0"
2602:fb54:1400::1b2 - - [15/May/2026:09:59:12 +0000] "GET / HTTP/1.1" 200 179159 "-" "Mozilla/5.0 (Macintosh; Intel Mac OS X 10_15_7) AppleWebKit/537.36 (KHTML, like Gecko) Chrome/147.0.0.0 Safari/537.36"
2602:fb54:1400::1b2 - - [15/May/2026:09:59:15 +0000] "GET /wp-content/debug.log HTTP/1.1" 404 89781 "-" "Mozilla/5.0 (X11; Linux x86_64; rv:149.0) Gecko/20100101 Firefox/149.0"
2602:fb54:1400::1b2 - - [15/May/2026:09:59:17 +0000] "GET /.git/FETCH_HEAD HTTP/1.1" 404 89766 "-" "Mozilla/5.0 (X11; Linux x86_64) AppleWebKit/537.36 (KHTML, like Gecko) Chrome/146.0.0.0 Safari/537.36"
2602:fb54:1400::1b2 - - [15/May/2026:09:59:17 +0000] "GET /.git/HEAD HTTP/1.1" 404 89748 "-" "Mozilla/5.0 (Windows NT 10.0; Win64; x64) AppleWebKit/537.36 (KHTML, like Gecko) Chrome/146.0.0.0 Safari/537.36"
2602:fb54:1400::1b2 - - [15/May/2026:09:59:17 +0000] "GET /.env.production.copy HTTP/1.1" 404 89781 "-" "Mozilla/5.0 (X11; Linux x86_64; rv:149.0) Gecko/20100101 Firefox/149.0"
2602:fb54:1400::1b2 - - [15/May/2026:09:59:17 +0000] "GET /.git/config HTTP/1.1" 404 89754 "-" "Mozilla/5.0 (Macintosh; Intel Mac OS X 10_15_7) AppleWebKit/537.36 (KHTML, like Gecko) Chrome/146.0.0.0 Safari/537.36"
2602:fb54:1400::1b2 - - [15/May/2026:09:59:17 +0000] "GET /.env.local.orig HTTP/1.1" 404 89766 "-" "Mozilla/5.0 (X11; Linux x86_64) AppleWebKit/537.36 (KHTML, like Gecko) Chrome/146.0.0.0 Safari/537.36"
2602:fb54:1400::1b2 - - [15/May/2026:09:59:17 +0000] "GET /.env.local.bak HTTP/1.1" 404 89763 "-" "Mozilla/5.0 (Macintosh; Intel Mac OS X 10_15_7) AppleWebKit/605.1.15 (KHTML, like Gecko) Version/18.3 Safari/605.1.15"
2602:fb54:1400::1b2 - - [15/May/2026:09:59:17 +0000] "GET /.env.production.bak HTTP/1.1" 404 89778 "-" "Mozilla/5.0 (Windows NT 10.0; Win64; x64; rv:150.0) Gecko/20100101 Firefox/150.0"
2602:fb54:1400::1b2 - - [15/May/2026:09:59:17 +0000] "GET /.env.local.swp HTTP/1.1" 404 89763 "-" "Mozilla/5.0 (Macintosh; Intel Mac OS X 10_15_7) AppleWebKit/537.36 (KHTML, like Gecko) Chrome/146.0.0.0 Safari/537.36"
2602:fb54:1400::1b2 - - [15/May/2026:09:59:17 +0000] "GET /.git/refs/heads/master HTTP/1.1" 404 89787 "-" "Mozilla/5.0 (Windows NT 10.0; Win64; x64; rv:150.0) Gecko/20100101 Firefox/150.0"
2602:fb54:1400::1b2 - - [15/May/2026:09:59:17 +0000] "GET /.env.old HTTP/1.1" 404 89745 "-" "Mozilla/5.0 (Windows NT 10.0; Win64; x64; rv:149.0) Gecko/20100101 Firefox/149.0"
2602:fb54:1400::1b2 - - [15/May/2026:09:59:17 +0000] "GET /.env.backup HTTP/1.1" 404 89754 "-" "Mozilla/5.0 (X11; Linux x86_64; rv:149.0) Gecko/20100101 Firefox/149.0"
2602:fb54:1400::1b2 - - [15/May/2026:09:59:17 +0000] "GET /.git/refs/heads/main HTTP/1.1" 404 89781 "-" "Mozilla/5.0 (Windows NT 10.0; Win64; x64) AppleWebKit/537.36 (KHTML, like Gecko) Chrome/145.0.0.0 Safari/537.36"
2602:fb54:1400::1b2 - - [15/May/2026:09:59:17 +0000] "GET /.env.local.copy HTTP/1.1" 404 89766 "-" "Mozilla/5.0 (Windows NT 10.0; Win64; x64) AppleWebKit/537.36 (KHTML, like Gecko) Chrome/145.0.0.0 Safari/537.36"
2602:fb54:1400::1b2 - - [15/May/2026:09:59:17 +0000] "GET /.env.save HTTP/1.1" 404 89748 "-" "Mozilla/5.0 (Windows NT 10.0; Win64; x64) AppleWebKit/537.36 (KHTML, like Gecko) Chrome/147.0.0.0 Safari/537.36 Edg/147.0.0.0"
2602:fb54:1400::1b2 - - [15/May/2026:09:59:17 +0000] "GET /.env~ HTTP/1.1" 404 89736 "-" "Mozilla/5.0 (Macintosh; Intel Mac OS X 10_15_7) AppleWebKit/537.36 (KHTML, like Gecko) Chrome/147.0.0.0 Safari/537.36 Edg/147.0.0.0"
2602:fb54:1400::1b2 - - [15/May/2026:09:59:17 +0000] "GET /.env.swp HTTP/1.1" 404 89745 "-" "Mozilla/5.0 (Windows NT 10.0; Win64; x64) AppleWebKit/537.36 (KHTML, like Gecko) Chrome/146.0.0.0 Safari/537.36 Edg/146.0.0.0"
2602:fb54:1400::1b2 - - [15/May/2026:09:59:17 +0000] "GET /.env.copy HTTP/1.1" 404 89745 "-" "Mozilla/5.0 (iPhone; CPU iPhone OS 18_4 like Mac OS X) AppleWebKit/605.1.15 (KHTML, like Gecko) Version/18.4 Mobile/15E148 Safari/604.1"
2602:fb54:1400::1b2 - - [15/May/2026:09:59:17 +0000] "GET /.env.local~ HTTP/1.1" 404 89754 "-" "Mozilla/5.0 (Windows NT 10.0; Win64; x64) AppleWebKit/537.36 (KHTML, like Gecko) Chrome/146.0.0.0 Safari/537.36"
2602:fb54:1400::1b2 - - [15/May/2026:09:59:17 +0000] "GET /.env.local.backup HTTP/1.1" 404 89772 "-" "Mozilla/5.0 (Macintosh; Intel Mac OS X 10_15_7) AppleWebKit/537.36 (KHTML, like Gecko) Chrome/147.0.0.0 Safari/537.36"
2602:fb54:1400::1b2 - - [15/May/2026:09:59:17 +0000] "GET /.env.local.old HTTP/1.1" 404 89763 "-" "Mozilla/5.0 (Windows NT 10.0; Win64; x64) AppleWebKit/537.36 (KHTML, like Gecko) Chrome/147.0.0.0 Safari/537.36"
2602:fb54:1400::1b2 - - [15/May/2026:09:59:18 +0000] "GET /.env.local.save HTTP/1.1" 404 89766 "-" "Mozilla/5.0 (X11; Linux x86_64) AppleWebKit/537.36 (KHTML, like Gecko) Chrome/147.0.0.0 Safari/537.36"
2602:fb54:1400::1b2 - - [15/May/2026:09:59:18 +0000] "GET /.env.orig HTTP/1.1" 404 89748 "-" "Mozilla/5.0 (Macintosh; Intel Mac OS X 10_15_7) AppleWebKit/605.1.15 (KHTML, like Gecko) Version/18.4 Safari/605.1.15"
2602:fb54:1400::1b2 - - [15/May/2026:09:59:18 +0000] "GET /.env.production~ HTTP/1.1" 404 89769 "-" "Mozilla/5.0 (X11; Linux x86_64; rv:149.0) Gecko/20100101 Firefox/149.0"
2602:fb54:1400::1b2 - - [15/May/2026:09:59:19 +0000] "GET /.git/logs/HEAD HTTP/1.1" 404 89763 "-" "Mozilla/5.0 (Macintosh; Intel Mac OS X 10.15; rv:150.0) Gecko/20100101 Firefox/150.0"
2602:fb54:1400::1b2 - - [15/May/2026:09:59:20 +0000] "GET /.env.production.swp HTTP/1.1" 404 89778 "-" "Mozilla/5.0 (Windows NT 10.0; Win64; x64) AppleWebKit/537.36 (KHTML, like Gecko) Chrome/147.0.0.0 Safari/537.36 Edg/147.0.0.0"
2602:fb54:1400::1b2 - - [15/May/2026:09:59:20 +0000] "GET /.env.production.backup HTTP/1.1" 404 89787 "-" "Mozilla/5.0 (X11; Linux x86_64; rv:150.0) Gecko/20100101 Firefox/150.0"
2602:fb54:1400::1b2 - - [15/May/2026:09:59:20 +0000] "GET /.env.production.save HTTP/1.1" 404 89781 "-" "Mozilla/5.0 (Windows NT 10.0; Win64; x64; rv:149.0) Gecko/20100101 Firefox/149.0"
2602:fb54:1400::1b2 - - [15/May/2026:09:59:21 +0000] "GET /.env.bak HTTP/1.1" 404 89745 "-" "Mozilla/5.0 (X11; Linux x86_64; rv:150.0) Gecko/20100101 Firefox/150.0"
2602:fb54:1400::1b2 - - [15/May/2026:09:59:20 +0000] "GET /.env.production.orig HTTP/1.1" 404 89781 "-" "Mozilla/5.0 (Macintosh; Intel Mac OS X 10_15_7) AppleWebKit/537.36 (KHTML, like Gecko) Chrome/147.0.0.0 Safari/537.36 Edg/147.0.0.0"
2602:fb54:1400::1b2 - - [15/May/2026:09:59:20 +0000] "GET /.env.production.old HTTP/1.1" 404 89778 "-" "Mozilla/5.0 (Macintosh; Intel Mac OS X 10.15; rv:150.0) Gecko/20100101 Firefox/150.0"
2602:fb54:1400::1b2 - - [15/May/2026:09:59:32 +0000] "GET / HTTP/1.1" 200 179159 "-" "Mozilla/5.0 (Windows NT 10.0; Win64; x64; rv:149.0) Gecko/20100101 Firefox/149.0"
2602:fb54:1400::1b2 - - [15/May/2026:09:59:35 +0000] "GET /wordpress/wp-content/plugins/woocommerce/assets/js/js-cookie/js.cookie.min.js?ver=2.1.4-wc.10.7.0 HTTP/1.1" 304 - "-" "Mozilla/5.0 (iPhone; CPU iPhone OS 18_4 like Mac OS X) AppleWebKit/605.1.15 (KHTML, like Gecko) Version/18.4 Mobile/15E148 Safari/604.1"
2602:fb54:1400::1b2 - - [15/May/2026:09:59:36 +0000] "GET /wordpress/wp-content/plugins/contact-form-7/includes/swv/js/index.js?ver=6.1.5 HTTP/1.1" 304 - "-" "Mozilla/5.0 (iPhone; CPU iPhone OS 18_4 like Mac OS X) AppleWebKit/605.1.15 (KHTML, like Gecko) Version/18.4 Mobile/15E148 Safari/604.1"
2602:fb54:1400::1b2 - - [15/May/2026:09:59:36 +0000] "GET /wordpress/wp-content/plugins/contact-form-7/includes/js/index.js?ver=6.1.5 HTTP/1.1" 304 - "-" "Mozilla/5.0 (Macintosh; Intel Mac OS X 10_15_7) AppleWebKit/605.1.15 (KHTML, like Gecko) Version/18.3 Safari/605.1.15"
2602:fb54:1400::1b2 - - [15/May/2026:09:59:36 +0000] "GET /wordpress/wp-content/plugins/qi-addons-for-elementor/assets/js/main.min.js?ver=1.9.6 HTTP/1.1" 304 - "-" "Mozilla/5.0 (Macintosh; Intel Mac OS X 10_15_7) AppleWebKit/537.36 (KHTML, like Gecko) Chrome/147.0.0.0 Safari/537.36"
2602:fb54:1400::1b2 - - [15/May/2026:09:59:36 +0000] "GET /wordpress/wp-content/plugins/revslider/public/js/sr7.js?ver=6.7.29 HTTP/1.1" 304 - "-" "Mozilla/5.0 (Macintosh; Intel Mac OS X 10_15_7) AppleWebKit/537.36 (KHTML, like Gecko) Chrome/146.0.0.0 Safari/537.36"
2602:fb54:1400::1b2 - - [15/May/2026:09:59:36 +0000] "GET /wordpress/wp-content/plugins/revslider/public/js/libs/tptools.js?ver=6.7.29 HTTP/1.1" 304 - "-" "Mozilla/5.0 (Windows NT 10.0; Win64; x64) AppleWebKit/537.36 (KHTML, like Gecko) Chrome/146.0.0.0 Safari/537.36"
2602:fb54:1400::1b2 - - [15/May/2026:09:59:36 +0000] "GET /wordpress/wp-content/themes/kamperen/assets/js/main.min.js?ver=7b42d7a904609cfa79643e4c7034635f HTTP/1.1" 304 - "-" "Mozilla/5.0 (X11; Linux x86_64) AppleWebKit/537.36 (KHTML, like Gecko) Chrome/147.0.0.0 Safari/537.36"
2602:fb54:1400::1b2 - - [15/May/2026:09:59:36 +0000] "GET /wordpress/wp-content/plugins/woocommerce/assets/js/jquery-blockui/jquery.blockUI.min.js?ver=2.7.0-wc.10.7.0 HTTP/1.1" 304 - "-" "Mozilla/5.0 (Windows NT 10.0; Win64; x64) AppleWebKit/537.36 (KHTML, like Gecko) Chrome/145.0.0.0 Safari/537.36"
2602:fb54:1400::1b2 - - [15/May/2026:09:59:36 +0000] "GET /wordpress/wp-content/plugins/woocommerce/assets/js/frontend/add-to-cart.min.js?ver=10.7.0 HTTP/1.1" 304 - "-" "Mozilla/5.0 (Windows NT 10.0; Win64; x64; rv:150.0) Gecko/20100101 Firefox/150.0"
2602:fb54:1400::1b2 - - [15/May/2026:09:59:36 +0000] "GET /wordpress/wp-content/plugins/woocommerce/assets/js/frontend/woocommerce.min.js?ver=10.7.0 HTTP/1.1" 304 - "-" "Mozilla/5.0 (Macintosh; Intel Mac OS X 10_15_7) AppleWebKit/537.36 (KHTML, like Gecko) Chrome/146.0.0.0 Safari/537.36"
2602:fb54:1400::1b2 - - [15/May/2026:09:59:36 +0000] "GET /wordpress/wp-includes/js/jquery/jquery-migrate.min.js?ver=3.4.1 HTTP/1.1" 304 - "-" "Mozilla/5.0 (X11; Linux x86_64) AppleWebKit/537.36 (KHTML, like Gecko) Chrome/146.0.0.0 Safari/537.36"
2602:fb54:1400::1b2 - - [15/May/2026:09:59:36 +0000] "GET /wordpress/wp-content/plugins/woocommerce/assets/js/select2/select2.full.min.js?ver=4.0.3-wc.10.7.0 HTTP/1.1" 304 - "-" "Mozilla/5.0 (Macintosh; Intel Mac OS X 10_15_7) AppleWebKit/537.36 (KHTML, like Gecko) Chrome/147.0.0.0 Safari/537.36 Edg/147.0.0.0"
2602:fb54:1400::1b2 - - [15/May/2026:09:59:36 +0000] "GET /wordpress/wp-content/themes/kamperen/inc/justified-gallery/assets/js/plugins/jquery.justifiedGallery.min.js?ver=1 HTTP/1.1" 200 19285 "-" "Mozilla/5.0 (Windows NT 10.0; Win64; x64) AppleWebKit/537.36 (KHTML, like Gecko) Chrome/146.0.0.0 Safari/537.36"
2602:fb54:1400::1b2 - - [15/May/2026:09:59:36 +0000] "GET /wordpress/wp-includes/js/dist/i18n.min.js?ver=c26c3dc7bed366793375 HTTP/1.1" 304 - "-" "Mozilla/5.0 (Windows NT 10.0; Win64; x64) AppleWebKit/537.36 (KHTML, like Gecko) Chrome/147.0.0.0 Safari/537.36"
2602:fb54:1400::1b2 - - [15/May/2026:09:59:36 +0000] "GET /wordpress/wp-includes/js/dist/hooks.min.js?ver=dd5603f07f9220ed27f1 HTTP/1.1" 304 - "-" "Mozilla/5.0 (Macintosh; Intel Mac OS X 10_15_7) AppleWebKit/605.1.15 (KHTML, like Gecko) Version/18.3 Safari/605.1.15"
2602:fb54:1400::1b2 - - [15/May/2026:09:59:36 +0000] "GET /wordpress/wp-includes/js/jquery/ui/core.min.js?ver=1.13.3 HTTP/1.1" 304 - "-" "Mozilla/5.0 (Macintosh; Intel Mac OS X 10_15_7) AppleWebKit/537.36 (KHTML, like Gecko) Chrome/147.0.0.0 Safari/537.36"
2602:fb54:1400::1b2 - - [15/May/2026:09:59:37 +0000] "GET /wordpress/wp-includes/js/hoverIntent.min.js?ver=1.10.2 HTTP/1.1" 304 - "-" "Mozilla/5.0 (Macintosh; Intel Mac OS X 10_15_7) AppleWebKit/537.36 (KHTML, like Gecko) Chrome/147.0.0.0 Safari/537.36 Edg/147.0.0.0"
2602:fb54:1400::1b2 - - [15/May/2026:09:59:37 +0000] "GET /wordpress/wp-content/plugins/kamperen-core/assets/plugins/gsap/ScrollTrigger.min.js?ver=7b42d7a904609cfa79643e4c7034635f HTTP/1.1" 304 - "-" "Mozilla/5.0 (Windows NT 10.0; Win64; x64) AppleWebKit/537.36 (KHTML, like Gecko) Chrome/145.0.0.0 Safari/537.36"
2602:fb54:1400::1b2 - - [15/May/2026:09:59:37 +0000] "GET /wordpress/wp-content/plugins/kamperen-core/assets/plugins/modernizr/modernizr.js?ver=7b42d7a904609cfa79643e4c7034635f HTTP/1.1" 304 - "-" "Mozilla/5.0 (Macintosh; Intel Mac OS X 10_15_7) AppleWebKit/537.36 (KHTML, like Gecko) Chrome/146.0.0.0 Safari/537.36"
2602:fb54:1400::1b2 - - [15/May/2026:09:59:37 +0000] "GET /wordpress/wp-content/plugins/kamperen-core/assets/js/kamperen-core.min.js?ver=7b42d7a904609cfa79643e4c7034635f HTTP/1.1" 304 - "-" "Mozilla/5.0 (Windows NT 10.0; Win64; x64; rv:150.0) Gecko/20100101 Firefox/150.0"
2602:fb54:1400::1b2 - - [15/May/2026:09:59:37 +0000] "GET /wordpress/wp-includes/js/jquery/ui/tabs.min.js?ver=1.13.3 HTTP/1.1" 304 - "-" "Mozilla/5.0 (Windows NT 10.0; Win64; x64) AppleWebKit/537.36 (KHTML, like Gecko) Chrome/146.0.0.0 Safari/537.36"
2602:fb54:1400::1b2 - - [15/May/2026:09:59:37 +0000] "GET /wordpress/wp-content/plugins/kamperen-membership/assets/js/kamperen-membership.min.js?ver=7b42d7a904609cfa79643e4c7034635f HTTP/1.1" 304 - "-" "Mozilla/5.0 (X11; Linux x86_64; rv:150.0) Gecko/20100101 Firefox/150.0"
2602:fb54:1400::1b2 - - [15/May/2026:09:59:37 +0000] "GET /wordpress/wp-content/themes/kamperen/assets/plugins/waitforimages/jquery.waitforimages.js?ver=7b42d7a904609cfa79643e4c7034635f HTTP/1.1" 304 - "-" "Mozilla/5.0 (X11; Linux x86_64; rv:150.0) Gecko/20100101 Firefox/150.0"
2602:fb54:1400::1b2 - - [15/May/2026:09:59:37 +0000] "GET /wordpress/wp-includes/js/jquery/jquery.form.min.js?ver=4.3.0 HTTP/1.1" 304 - "-" "Mozilla/5.0 (Macintosh; Intel Mac OS X 10.15; rv:150.0) Gecko/20100101 Firefox/150.0"
2602:fb54:1400::1b2 - - [15/May/2026:09:59:37 +0000] "GET /wordpress/wp-includes/js/jquery/ui/datepicker.min.js?ver=1.13.3 HTTP/1.1" 304 - "-" "Mozilla/5.0 (Windows NT 10.0; Win64; x64; rv:149.0) Gecko/20100101 Firefox/149.0"
2602:fb54:1400::1b2 - - [15/May/2026:09:59:37 +0000] "GET /wordpress/wp-content/plugins/mailchimp/assets/js/mailchimp.js?ver=2.0.1 HTTP/1.1" 304 - "-" "Mozilla/5.0 (Macintosh; Intel Mac OS X 10_15_7) AppleWebKit/605.1.15 (KHTML, like Gecko) Version/18.3 Safari/605.1.15"
2602:fb54:1400::1b2 - - [15/May/2026:09:59:37 +0000] "GET /wordpress/wp-content/plugins/woocommerce/assets/js/sourcebuster/sourcebuster.min.js?ver=10.7.0 HTTP/1.1" 304 - "-" "Mozilla/5.0 (Macintosh; Intel Mac OS X 10.15; rv:150.0) Gecko/20100101 Firefox/150.0"
2602:fb54:1400::1b2 - - [15/May/2026:09:59:37 +0000] "GET /wordpress/wp-content/plugins/woocommerce/assets/js/frontend/order-attribution.min.js?ver=10.7.0 HTTP/1.1" 304 - "-" "Mozilla/5.0 (Windows NT 10.0; Win64; x64) AppleWebKit/537.36 (KHTML, like Gecko) Chrome/146.0.0.0 Safari/537.36 Edg/146.0.0.0"
2602:fb54:1400::1b2 - - [15/May/2026:09:59:37 +0000] "GET /wordpress/wp-content/plugins/wp-statistics/assets/js/tracker.js?ver=14.16.6 HTTP/1.1" 304 - "-" "Mozilla/5.0 (Macintosh; Intel Mac OS X 10_15_7) AppleWebKit/605.1.15 (KHTML, like Gecko) Version/18.4 Safari/605.1.15"
2a03:2880:f806:1c:: - - [15/May/2026:09:59:38 +0000] "GET /items/F141429789/ HTTP/1.1" 404 89772 "-" "meta-externalagent/1.1 (+https://developers.facebook.com/docs/sharing/webmasters/crawler)"
66.249.79.5 - - [15/May/2026:10:00:21 +0000] "GET /items/J204537012/ HTTP/1.1" 404 89769 "-" "Mozilla/5.0 (Linux; Android 6.0.1; Nexus 5X Build/MMB29P) AppleWebKit/537.36 (KHTML, like Gecko) Chrome/148.0.7778.96 Mobile Safari/537.36 (compatible; GoogleOther)"
2607:5500:3000:95::2 - - [15/May/2026:10:00:23 +0000] "POST /wordpress/wp-cron.php?doing_wp_cron=1778839223.0097649097442626953125 HTTP/1.1" 404 89928 "-" "WordPress/6.9.4; https://moabmonsters.com"
2a03:2880:f806:47:: - - [15/May/2026:10:00:31 +0000] "GET /items/F290517375/ HTTP/1.1" 404 89772 "-" "meta-externalagent/1.1 (+https://developers.facebook.com/docs/sharing/webmasters/crawler)"
2607:5500:3000:95::2 - - [15/May/2026:10:01:24 +0000] "POST /wordpress/wp-cron.php?doing_wp_cron=1778839284.1871950626373291015625 HTTP/1.1" 404 89928 "-" "WordPress/6.9.4; https://moabmonsters.com"
2a03:2880:f806:17:: - - [15/May/2026:10:01:23 +0000] "GET /items/F310377567/ HTTP/1.1" 404 89772 "-" "meta-externalagent/1.1 (+https://developers.facebook.com/docs/sharing/webmasters/crawler)"
2607:5500:3000:95::2 - - [15/May/2026:10:01:25 +0000] "POST /wordpress/wp-cron.php?doing_wp_cron=1778839285.6780400276184082031250 HTTP/1.1" 404 89928 "-" "WordPress/6.9.4; https://moabmonsters.com"
2a03:2880:f806:9:: - - [15/May/2026:10:02:16 +0000] "GET /items/F44468062/ HTTP/1.1" 404 89769 "-" "meta-externalagent/1.1 (+https://developers.facebook.com/docs/sharing/webmasters/crawler)"
66.249.79.4 - - [15/May/2026:10:03:03 +0000] "GET /items/K176443951/ HTTP/1.1" 404 89769 "-" "Mozilla/5.0 (Linux; Android 6.0.1; Nexus 5X Build/MMB29P) AppleWebKit/537.36 (KHTML, like Gecko) Chrome/148.0.7778.96 Mobile Safari/537.36 (compatible; GoogleOther)"
2607:5500:3000:95::2 - - [15/May/2026:10:03:05 +0000] "POST /wordpress/wp-cron.php?doing_wp_cron=1778839385.7064950466156005859375 HTTP/1.1" 404 89928 "-" "WordPress/6.9.4; https://moabmonsters.com"
2a03:2880:f806:c:: - - [15/May/2026:10:03:09 +0000] "GET /items/F274664113/ HTTP/1.1" 404 89772 "-" "meta-externalagent/1.1 (+https://developers.facebook.com/docs/sharing/webmasters/crawler)"
2a03:2880:f806:25:: - - [15/May/2026:10:04:02 +0000] "GET /items/F54686446/ HTTP/1.1" 404 89769 "-" "meta-externalagent/1.1 (+https://developers.facebook.com/docs/sharing/webmasters/crawler)"
66.249.79.7 - - [15/May/2026:10:04:07 +0000] "GET /items/D280021688/ HTTP/1.1" 404 89769 "-" "Mozilla/5.0 (Linux; Android 6.0.1; Nexus 5X Build/MMB29P) AppleWebKit/537.36 (KHTML, like Gecko) Chrome/148.0.7778.96 Mobile Safari/537.36 (compatible; GoogleOther)"
2607:5500:3000:95::2 - - [15/May/2026:10:04:09 +0000] "POST /wordpress/wp-cron.php?doing_wp_cron=1778839449.2484230995178222656250 HTTP/1.1" 404 89928 "-" "WordPress/6.9.4; https://moabmonsters.com"
66.249.79.6 - - [15/May/2026:10:04:51 +0000] "GET /register/object/ffly6y9bmkpzyz6.html HTTP/1.1" 404 89826 "-" "Mozilla/5.0 (Linux; Android 6.0.1; Nexus 5X Build/MMB29P) AppleWebKit/537.36 (KHTML, like Gecko) Chrome/148.0.7778.96 Mobile Safari/537.36 (compatible; GoogleOther)"
2a03:2880:f806:40:: - - [15/May/2026:10:04:55 +0000] "GET /items/F157505931/ HTTP/1.1" 404 89772 "-" "meta-externalagent/1.1 (+https://developers.facebook.com/docs/sharing/webmasters/crawler)"
2a03:2880:f806:28:: - - [15/May/2026:10:05:47 +0000] "GET /items/F95689103/ HTTP/1.1" 404 89769 "-" "meta-externalagent/1.1 (+https://developers.facebook.com/docs/sharing/webmasters/crawler)"
2607:5500:3000:95::2 - - [15/May/2026:10:05:48 +0000] "POST /wordpress/wp-cron.php?doing_wp_cron=1778839548.8165650367736816406250 HTTP/1.1" 404 89928 "-" "WordPress/6.9.4; https://moabmonsters.com"
2a03:2880:f806:39:: - - [15/May/2026:10:06:39 +0000] "GET /items/F276962931/ HTTP/1.1" 404 89772 "-" "meta-externalagent/1.1 (+https://developers.facebook.com/docs/sharing/webmasters/crawler)"
66.249.79.6 - - [15/May/2026:10:07:07 +0000] "GET /items/W156060860/ HTTP/1.1" 404 89769 "-" "Mozilla/5.0 (Linux; Android 6.0.1; Nexus 5X Build/MMB29P) AppleWebKit/537.36 (KHTML, like Gecko) Chrome/148.0.7778.96 Mobile Safari/537.36 (compatible; GoogleOther)"
2607:5500:3000:95::2 - - [15/May/2026:10:07:08 +0000] "POST /wordpress/wp-cron.php?doing_wp_cron=1778839628.8162870407104492187500 HTTP/1.1" 404 89928 "-" "WordPress/6.9.4; https://moabmonsters.com"
2a03:2880:f806:4a:: - - [15/May/2026:10:07:32 +0000] "GET /items/F279760466/ HTTP/1.1" 404 89772 "-" "meta-externalagent/1.1 (+https://developers.facebook.com/docs/sharing/webmasters/crawler)"
66.249.79.6 - - [15/May/2026:10:07:51 +0000] "GET /items/G301185971/ HTTP/1.1" 404 89769 "-" "Mozilla/5.0 (Linux; Android 6.0.1; Nexus 5X Build/MMB29P) AppleWebKit/537.36 (KHTML, like Gecko) Chrome/148.0.7778.96 Mobile Safari/537.36 (compatible; GoogleOther)"
2a03:2880:f806:24:: - - [15/May/2026:10:08:24 +0000] "GET /items/F208602426/ HTTP/1.1" 404 89772 "-" "meta-externalagent/1.1 (+https://developers.facebook.com/docs/sharing/webmasters/crawler)"
2607:5500:3000:95::2 - - [15/May/2026:10:08:26 +0000] "POST /wordpress/wp-cron.php?doing_wp_cron=1778839706.4679749011993408203125 HTTP/1.1" 404 89928 "-" "WordPress/6.9.4; https://moabmonsters.com"
2a03:2880:f806:c:: - - [15/May/2026:10:09:17 +0000] "GET /items/F284815082/ HTTP/1.1" 404 89772 "-" "meta-externalagent/1.1 (+https://developers.facebook.com/docs/sharing/webmasters/crawler)"
2a03:2880:f806:10:: - - [15/May/2026:10:10:09 +0000] "GET /items/F18761608/ HTTP/1.1" 404 89769 "-" "meta-externalagent/1.1 (+https://developers.facebook.com/docs/sharing/webmasters/crawler)"
2607:5500:3000:95::2 - - [15/May/2026:10:10:11 +0000] "POST /wordpress/wp-cron.php?doing_wp_cron=1778839811.6495099067687988281250 HTTP/1.1" 404 89928 "-" "WordPress/6.9.4; https://moabmonsters.com"
2a03:2880:f806:1:: - - [15/May/2026:10:11:01 +0000] "GET /items/F197751456/ HTTP/1.1" 404 89772 "-" "meta-externalagent/1.1 (+https://developers.facebook.com/docs/sharing/webmasters/crawler)"
66.249.79.3 - - [15/May/2026:10:11:10 +0000] "GET /items/D138548113/ HTTP/1.1" 404 89769 "-" "Mozilla/5.0 (Linux; Android 6.0.1; Nexus 5X Build/MMB29P) AppleWebKit/537.36 (KHTML, like Gecko) Chrome/148.0.7778.96 Mobile Safari/537.36 (compatible; GoogleOther)"
2607:5500:3000:95::2 - - [15/May/2026:10:11:12 +0000] "POST /wordpress/wp-cron.php?doing_wp_cron=1778839872.1138830184936523437500 HTTP/1.1" 404 89928 "-" "WordPress/6.9.4; https://moabmonsters.com"
66.249.79.4 - - [15/May/2026:10:11:36 +0000] "GET /items/L143361537/ HTTP/1.1" 404 89769 "-" "Mozilla/5.0 (Linux; Android 6.0.1; Nexus 5X Build/MMB29P) AppleWebKit/537.36 (KHTML, like Gecko) Chrome/148.0.7778.96 Mobile Safari/537.36 (compatible; GoogleOther)"
2a03:2880:f806:22:: - - [15/May/2026:10:11:54 +0000] "GET /items/F241159466/ HTTP/1.1" 404 89772 "-" "meta-externalagent/1.1 (+https://developers.facebook.com/docs/sharing/webmasters/crawler)"
2a03:2880:f806:4d:: - - [15/May/2026:10:12:47 +0000] "GET /items/F145113375/ HTTP/1.1" 404 89772 "-" "meta-externalagent/1.1 (+https://developers.facebook.com/docs/sharing/webmasters/crawler)"
2607:5500:3000:95::2 - - [15/May/2026:10:12:49 +0000] "POST /wordpress/wp-cron.php?doing_wp_cron=1778839969.0430750846862792968750 HTTP/1.1" 404 89928 "-" "WordPress/6.9.4; https://moabmonsters.com"
2a03:2880:f806:2:: - - [15/May/2026:10:13:40 +0000] "GET /items/F179389082/ HTTP/1.1" 404 89772 "-" "meta-externalagent/1.1 (+https://developers.facebook.com/docs/sharing/webmasters/crawler)"
2a03:2880:f806:3f:: - - [15/May/2026:10:14:32 +0000] "GET /items/F105778981/ HTTP/1.1" 404 89772 "-" "meta-externalagent/1.1 (+https://developers.facebook.com/docs/sharing/webmasters/crawler)"
2607:5500:3000:95::2 - - [15/May/2026:10:14:34 +0000] "POST /wordpress/wp-cron.php?doing_wp_cron=1778840074.6498169898986816406250 HTTP/1.1" 404 89928 "-" "WordPress/6.9.4; https://moabmonsters.com"
66.249.79.4 - - [15/May/2026:10:15:13 +0000] "GET /items/P178169143/ HTTP/1.1" 404 89769 "-" "Mozilla/5.0 (Linux; Android 6.0.1; Nexus 5X Build/MMB29P) AppleWebKit/537.36 (KHTML, like Gecko) Chrome/148.0.7778.96 Mobile Safari/537.36 (compatible; GoogleOther)"
66.249.79.4 - - [15/May/2026:10:15:21 +0000] "GET /items/V189683638/ HTTP/1.1" 404 89769 "-" "Mozilla/5.0 (Linux; Android 6.0.1; Nexus 5X Build/MMB29P) AppleWebKit/537.36 (KHTML, like Gecko) Chrome/148.0.7778.96 Mobile Safari/537.36 (compatible; GoogleOther)"
2a03:2880:f806:b:: - - [15/May/2026:10:15:24 +0000] "GET /items/F186153153/ HTTP/1.1" 404 89772 "-" "meta-externalagent/1.1 (+https://developers.facebook.com/docs/sharing/webmasters/crawler)"
2a03:2880:f806:4:: - - [15/May/2026:10:16:18 +0000] "GET /items/F18704224/ HTTP/1.1" 404 89769 "-" "meta-externalagent/1.1 (+https://developers.facebook.com/docs/sharing/webmasters/crawler)"
2607:5500:3000:95::2 - - [15/May/2026:10:16:20 +0000] "POST /wordpress/wp-cron.php?doing_wp_cron=1778840179.9606730937957763671875 HTTP/1.1" 404 89928 "-" "WordPress/6.9.4; https://moabmonsters.com"
2a03:2880:f806:1c:: - - [15/May/2026:10:17:10 +0000] "GET /items/F228918345/ HTTP/1.1" 404 89772 "-" "meta-externalagent/1.1 (+https://developers.facebook.com/docs/sharing/webmasters/crawler)"
2a03:2880:f806:16:: - - [15/May/2026:10:18:03 +0000] "GET /items/F300125446/ HTTP/1.1" 404 89772 "-" "meta-externalagent/1.1 (+https://developers.facebook.com/docs/sharing/webmasters/crawler)"
2607:5500:3000:95::2 - - [15/May/2026:10:18:05 +0000] "POST /wordpress/wp-cron.php?doing_wp_cron=1778840285.0925869941711425781250 HTTP/1.1" 404 89928 "-" "WordPress/6.9.4; https://moabmonsters.com"
2.56.72.36 - - [15/May/2026:10:18:52 +0000] "GET / HTTP/1.1" 200 179156 "-" "Mozilla/5.0 (iPhone; CPU iPhone OS 26_3 like Mac OS X) AppleWebKit/605.1.15 (KHTML, like Gecko) CriOS/144.0.7559.95 Mobile/15E148 Safari/604.1"
2.56.72.36 - - [15/May/2026:10:18:54 +0000] "GET /wordpress/wp-content/plugins/revslider/public/css/sr7.css?ver=6.7.29 HTTP/1.1" 200 3994 "https://moabmonsters.com/" "Mozilla/5.0 (iPhone; CPU iPhone OS 26_3 like Mac OS X) AppleWebKit/605.1.15 (KHTML, like Gecko) CriOS/144.0.7559.95 Mobile/15E148 Safari/604.1"
2.56.72.36 - - [15/May/2026:10:18:54 +0000] "GET /wordpress/wp-content/plugins/kamperen-core/inc/icons/dripicons/assets/css/dripicons.min.css?ver=1.2.5 HTTP/1.1" 200 9130 "https://moabmonsters.com/" "Mozilla/5.0 (iPhone; CPU iPhone OS 26_3 like Mac OS X) AppleWebKit/605.1.15 (KHTML, like Gecko) CriOS/144.0.7559.95 Mobile/15E148 Safari/604.1"
2.56.72.36 - - [15/May/2026:10:18:54 +0000] "GET /wordpress/wp-content/plugins/kamperen-core/inc/icons/elegant-icons/assets/css/elegant-icons.min.css?ver=1.2.5 HTTP/1.1" 200 22518 "https://moabmonsters.com/" "Mozilla/5.0 (iPhone; CPU iPhone OS 26_3 like Mac OS X) AppleWebKit/605.1.15 (KHTML, like Gecko) CriOS/144.0.7559.95 Mobile/15E148 Safari/604.1"
2.56.72.36 - - [15/May/2026:10:18:54 +0000] "GET /wordpress/wp-content/plugins/kamperen-core/inc/icons/ionicons/assets/css/ionicons.min.css?ver=1.2.5 HTTP/1.1" 200 45219 "https://moabmonsters.com/" "Mozilla/5.0 (iPhone; CPU iPhone OS 26_3 like Mac OS X) AppleWebKit/605.1.15 (KHTML, like Gecko) CriOS/144.0.7559.95 Mobile/15E148 Safari/604.1"
2.56.72.36 - - [15/May/2026:10:18:54 +0000] "GET /wordpress/wp-content/plugins/kamperen-core/inc/icons/simple-line-icons/assets/css/simple-line-icons.min.css?ver=1.2.5 HTTP/1.1" 200 10943 "https://moabmonsters.com/" "Mozilla/5.0 (iPhone; CPU iPhone OS 26_3 like Mac OS X) AppleWebKit/605.1.15 (KHTML, like Gecko) CriOS/144.0.7559.95 Mobile/15E148 Safari/604.1"
2.56.72.36 - - [15/May/2026:10:18:54 +0000] "GET /wordpress/wp-content/plugins/kamperen-core/inc/icons/font-awesome/assets/css/all.min.css?ver=1.2.5 HTTP/1.1" 304 - "https://moabmonsters.com/" "Mozilla/5.0 (iPhone; CPU iPhone OS 26_3 like Mac OS X) AppleWebKit/605.1.15 (KHTML, like Gecko) CriOS/144.0.7559.95 Mobile/15E148 Safari/604.1"
2.56.72.36 - - [15/May/2026:10:18:54 +0000] "GET /wordpress/wp-content/plugins/instagram-feed/css/sbi-styles.min.css?ver=6.10.1 HTTP/1.1" 304 - "https://moabmonsters.com/" "Mozilla/5.0 (iPhone; CPU iPhone OS 26_3 like Mac OS X) AppleWebKit/605.1.15 (KHTML, like Gecko) CriOS/144.0.7559.95 Mobile/15E148 Safari/604.1"
2.56.72.36 - - [15/May/2026:10:18:54 +0000] "GET /wordpress/wp-content/plugins/contact-form-7/includes/css/styles.css?ver=6.1.5 HTTP/1.1" 200 2947 "https://moabmonsters.com/" "Mozilla/5.0 (iPhone; CPU iPhone OS 26_3 like Mac OS X) AppleWebKit/605.1.15 (KHTML, like Gecko) CriOS/144.0.7559.95 Mobile/15E148 Safari/604.1"
2.56.72.36 - - [15/May/2026:10:18:54 +0000] "GET /wordpress/wp-content/plugins/kamperen-core/inc/icons/linear-icons/assets/css/linear-icons.min.css?ver=1.2.5 HTTP/1.1" 304 - "https://moabmonsters.com/" "Mozilla/5.0 (iPhone; CPU iPhone OS 26_3 like Mac OS X) AppleWebKit/605.1.15 (KHTML, like Gecko) CriOS/144.0.7559.95 Mobile/15E148 Safari/604.1"
2.56.72.36 - - [15/May/2026:10:18:54 +0000] "GET /wordpress/wp-content/plugins/kamperen-core/inc/icons/linea-icons/assets/css/linea-icons.min.css?ver=1.2.5 HTTP/1.1" 304 - "https://moabmonsters.com/" "Mozilla/5.0 (iPhone; CPU iPhone OS 26_3 like Mac OS X) AppleWebKit/605.1.15 (KHTML, like Gecko) CriOS/144.0.7559.95 Mobile/15E148 Safari/604.1"
2.56.72.36 - - [15/May/2026:10:18:54 +0000] "GET /wordpress/wp-content/plugins/kamperen-membership/assets/css/kamperen-membership.min.css?ver=7b42d7a904609cfa79643e4c7034635f HTTP/1.1" 200 14415 "https://moabmonsters.com/" "Mozilla/5.0 (iPhone; CPU iPhone OS 26_3 like Mac OS X) AppleWebKit/605.1.15 (KHTML, like Gecko) CriOS/144.0.7559.95 Mobile/15E148 Safari/604.1"
2.56.72.36 - - [15/May/2026:10:18:54 +0000] "GET /wordpress/wp-content/plugins/qi-addons-for-elementor/assets/css/helper-parts.min.css?ver=1.9.6 HTTP/1.1" 200 31211 "https://moabmonsters.com/" "Mozilla/5.0 (iPhone; CPU iPhone OS 26_3 like Mac OS X) AppleWebKit/605.1.15 (KHTML, like Gecko) CriOS/144.0.7559.95 Mobile/15E148 Safari/604.1"
2.56.72.36 - - [15/May/2026:10:18:54 +0000] "GET /wordpress/wp-content/plugins/qi-addons-for-elementor/assets/plugins/swiper/8.4.5/swiper.min.css?ver=8.4.5 HTTP/1.1" 304 - "https://moabmonsters.com/" "Mozilla/5.0 (iPhone; CPU iPhone OS 26_3 like Mac OS X) AppleWebKit/605.1.15 (KHTML, like Gecko) CriOS/144.0.7559.95 Mobile/15E148 Safari/604.1"
2.56.72.36 - - [15/May/2026:10:18:54 +0000] "GET /wordpress/wp-content/themes/kamperen-child/style.css?ver=7b42d7a904609cfa79643e4c7034635f HTTP/1.1" 304 - "https://moabmonsters.com/" "Mozilla/5.0 (iPhone; CPU iPhone OS 26_3 like Mac OS X) AppleWebKit/605.1.15 (KHTML, like Gecko) CriOS/144.0.7559.95 Mobile/15E148 Safari/604.1"
2.56.72.36 - - [15/May/2026:10:18:55 +0000] "GET /wordpress/wp-content/plugins/elementor/assets/css/frontend.min.css?ver=4.0.7 HTTP/1.1" 200 54666 "https://moabmonsters.com/" "Mozilla/5.0 (iPhone; CPU iPhone OS 26_3 like Mac OS X) AppleWebKit/605.1.15 (KHTML, like Gecko) CriOS/144.0.7559.95 Mobile/15E148 Safari/604.1"
2.56.72.36 - - [15/May/2026:10:18:55 +0000] "GET /wordpress/wp-content/plugins/mailchimp/assets/css/flick/flick.css?ver=2.0.1 HTTP/1.1" 200 23044 "https://moabmonsters.com/" "Mozilla/5.0 (iPhone; CPU iPhone OS 26_3 like Mac OS X) AppleWebKit/605.1.15 (KHTML, like Gecko) CriOS/144.0.7559.95 Mobile/15E148 Safari/604.1"
2.56.72.36 - - [15/May/2026:10:18:55 +0000] "GET /wordpress/wp-content/plugins/kamperen-core/assets/plugins/magnific-popup/magnific-popup.css?ver=7b42d7a904609cfa79643e4c7034635f HTTP/1.1" 200 6940 "https://moabmonsters.com/" "Mozilla/5.0 (iPhone; CPU iPhone OS 26_3 like Mac OS X) AppleWebKit/605.1.15 (KHTML, like Gecko) CriOS/144.0.7559.95 Mobile/15E148 Safari/604.1"
