66.249.79.5 - - [16/May/2026:02:53:58 +0000] "GET /kind/detail/ez7e48veksv565c.html HTTP/1.1" 200 233131 "-" "Mozilla/5.0 (Linux; Android 6.0.1; Nexus 5X Build/MMB29P) AppleWebKit/537.36 (KHTML, like Gecko) Chrome/148.0.7778.96 Mobile Safari/537.36 (compatible; Googlebot/2.1; +http://www.google.com/bot.html)"
66.249.79.6 - - [16/May/2026:02:54:06 +0000] "GET /rubric/accomplishment/e3xyialgyuljq72.html HTTP/1.1" 404 89846 "-" "Mozilla/5.0 (Linux; Android 6.0.1; Nexus 5X Build/MMB29P) AppleWebKit/537.36 (KHTML, like Gecko) Chrome/148.0.7778.96 Mobile Safari/537.36 (compatible; GoogleOther)"
2607:5500:3000:95::2 - - [16/May/2026:02:54:08 +0000] "POST /wordpress/wp-cron.php?doing_wp_cron=1778900048.8055260181427001953125 HTTP/1.1" 404 89930 "-" "WordPress/6.9.4; https://moabmonsters.com"
66.249.79.5 - - [16/May/2026:02:54:10 +0000] "GET /division/system/erak7byqnvy8d8f.html HTTP/1.1" 404 89828 "-" "Mozilla/5.0 (Linux; Android 6.0.1; Nexus 5X Build/MMB29P) AppleWebKit/537.36 (KHTML, like Gecko) Chrome/148.0.7778.96 Mobile Safari/537.36 (compatible; GoogleOther)"
66.249.79.3 - - [16/May/2026:02:54:22 +0000] "GET /section/module/eotf2ihki2h3wfy.html HTTP/1.1" 404 89825 "-" "Mozilla/5.0 (Linux; Android 6.0.1; Nexus 5X Build/MMB29P) AppleWebKit/537.36 (KHTML, like Gecko) Chrome/148.0.7778.96 Mobile Safari/537.36 (compatible; GoogleOther)"
66.249.79.3 - - [16/May/2026:02:55:03 +0000] "GET /edition/article/eu2pbrqtrbqcqo7.html HTTP/1.1" 404 89828 "-" "Mozilla/5.0 (Linux; Android 6.0.1; Nexus 5X Build/MMB29P) AppleWebKit/537.36 (KHTML, like Gecko) Chrome/148.0.7778.96 Mobile Safari/537.36 (compatible; GoogleOther)"
66.249.79.3 - - [16/May/2026:02:55:07 +0000] "GET /rubric/derivative/evi43v6ljf64wsn.html HTTP/1.1" 404 89834 "-" "Mozilla/5.0 (Linux; Android 6.0.1; Nexus 5X Build/MMB29P) AppleWebKit/537.36 (KHTML, like Gecko) Chrome/148.0.7778.96 Mobile Safari/537.36 (compatible; GoogleOther)"
2607:5500:3000:95::2 - - [16/May/2026:02:55:09 +0000] "POST /wordpress/wp-cron.php?doing_wp_cron=1778900109.5260028839111328125000 HTTP/1.1" 404 89930 "-" "WordPress/6.9.4; https://moabmonsters.com"
66.249.79.3 - - [16/May/2026:02:55:19 +0000] "GET /taxonomy/appliance/d83sogrb40rp6d8.html HTTP/1.1" 404 89837 "-" "Mozilla/5.0 (Linux; Android 6.0.1; Nexus 5X Build/MMB29P) AppleWebKit/537.36 (KHTML, like Gecko) Chrome/148.0.7778.96 Mobile Safari/537.36 (compatible; GoogleOther)"
66.249.79.3 - - [16/May/2026:02:55:23 +0000] "GET /chapter/issue/e1mtjnadz7akskr.html HTTP/1.1" 404 89822 "-" "Mozilla/5.0 (Linux; Android 6.0.1; Nexus 5X Build/MMB29P) AppleWebKit/537.36 (KHTML, like Gecko) Chrome/148.0.7778.96 Mobile Safari/537.36 (compatible; GoogleOther)"
66.249.79.3 - - [16/May/2026:02:55:41 +0000] "GET /genus/apparatus/e5y0vzmubjmw1w3.html HTTP/1.1" 200 219295 "-" "Mozilla/5.0 (Linux; Android 6.0.1; Nexus 5X Build/MMB29P) AppleWebKit/537.36 (KHTML, like Gecko) Chrome/148.0.7778.96 Mobile Safari/537.36 (compatible; Googlebot/2.1; +http://www.google.com/bot.html)"
66.249.79.5 - - [16/May/2026:02:56:02 +0000] "GET /shoal/produce/e57w48vsksv5w5c.html HTTP/1.1" 404 89822 "-" "Mozilla/5.0 (Linux; Android 6.0.1; Nexus 5X Build/MMB29P) AppleWebKit/537.36 (KHTML, like Gecko) Chrome/148.0.7778.96 Mobile Safari/537.36 (compatible; GoogleOther)"
66.249.79.3 - - [16/May/2026:02:56:06 +0000] "GET /heading/article/eif20s3tgc31rpk.html HTTP/1.1" 404 89828 "-" "Mozilla/5.0 (Linux; Android 6.0.1; Nexus 5X Build/MMB29P) AppleWebKit/537.36 (KHTML, like Gecko) Chrome/148.0.7778.96 Mobile Safari/537.36 (compatible; GoogleOther)"
66.249.79.3 - - [16/May/2026:02:56:10 +0000] "GET /version/mechanism/elypvzmrbjmw2w3.html HTTP/1.1" 404 89834 "-" "Mozilla/5.0 (Linux; Android 6.0.1; Nexus 5X Build/MMB29P) AppleWebKit/537.36 (KHTML, like Gecko) Chrome/148.0.7778.96 Mobile Safari/537.36 (compatible; GoogleOther)"
2607:5500:3000:95::2 - - [16/May/2026:02:56:12 +0000] "POST /wordpress/wp-cron.php?doing_wp_cron=1778900172.5435590744018554687500 HTTP/1.1" 404 89930 "-" "WordPress/6.9.4; https://moabmonsters.com"
66.249.79.3 - - [16/May/2026:02:56:14 +0000] "GET /element/specimen/e00nldoc1xom7a5.html HTTP/1.1" 404 89831 "-" "Mozilla/5.0 (Linux; Android 6.0.1; Nexus 5X Build/MMB29P) AppleWebKit/537.36 (KHTML, like Gecko) Chrome/148.0.7778.96 Mobile Safari/537.36 (compatible; GoogleOther)"
66.249.79.3 - - [16/May/2026:02:56:19 +0000] "GET /community/fixture/eprzc4fbsofdj1w.html HTTP/1.1" 404 89834 "-" "Mozilla/5.0 (Linux; Android 6.0.1; Nexus 5X Build/MMB29P) AppleWebKit/537.36 (KHTML, like Gecko) Chrome/148.0.7778.96 Mobile Safari/537.36 (compatible; GoogleOther)"
66.249.79.3 - - [16/May/2026:02:56:23 +0000] "GET /rubric/ware/envpswjk8gjt0t0.html HTTP/1.1" 404 89816 "-" "Mozilla/5.0 (Linux; Android 6.0.1; Nexus 5X Build/MMB29P) AppleWebKit/537.36 (KHTML, like Gecko) Chrome/148.0.7778.96 Mobile Safari/537.36 (compatible; GoogleOther)"
66.249.79.3 - - [16/May/2026:02:56:27 +0000] "GET /society/sort/eg0vldod1xomca5.html HTTP/1.1" 404 89819 "-" "Mozilla/5.0 (Linux; Android 6.0.1; Nexus 5X Build/MMB29P) AppleWebKit/537.36 (KHTML, like Gecko) Chrome/148.0.7778.96 Mobile Safari/537.36 (compatible; GoogleOther)"
66.249.79.3 - - [16/May/2026:02:57:01 +0000] "GET /section/sort/eovbswjc8gjt2t0.html HTTP/1.1" 404 89819 "-" "Mozilla/5.0 (Linux; Android 6.0.1; Nexus 5X Build/MMB29P) AppleWebKit/537.36 (KHTML, like Gecko) Chrome/148.0.7778.96 Mobile Safari/537.36 (compatible; GoogleOther)"
66.249.79.3 - - [16/May/2026:02:57:05 +0000] "GET /version/fixture/edncwcbecwbxi9s.html HTTP/1.1" 404 89828 "-" "Mozilla/5.0 (Linux; Android 6.0.1; Nexus 5X Build/MMB29P) AppleWebKit/537.36 (KHTML, like Gecko) Chrome/148.0.7778.96 Mobile Safari/537.36 (compatible; GoogleOther)"
66.249.79.3 - - [16/May/2026:02:57:17 +0000] "GET /edition/equipment/eey4vzmhbjmwiw3.html HTTP/1.1" 404 89834 "-" "Mozilla/5.0 (Linux; Android 6.0.1; Nexus 5X Build/MMB29P) AppleWebKit/537.36 (KHTML, like Gecko) Chrome/148.0.7778.96 Mobile Safari/537.36 (compatible; GoogleOther)"
2607:5500:3000:95::2 - - [16/May/2026:02:57:19 +0000] "POST /wordpress/wp-cron.php?doing_wp_cron=1778900239.4918529987335205078125 HTTP/1.1" 404 89930 "-" "WordPress/6.9.4; https://moabmonsters.com"
66.249.79.3 - - [16/May/2026:02:57:21 +0000] "GET /taxonomy/publication/eymqjnapz7akakr.html HTTP/1.1" 404 89843 "-" "Mozilla/5.0 (Linux; Android 6.0.1; Nexus 5X Build/MMB29P) AppleWebKit/537.36 (KHTML, like Gecko) Chrome/148.0.7778.96 Mobile Safari/537.36 (compatible; GoogleOther)"
66.249.79.3 - - [16/May/2026:02:57:26 +0000] "GET /heading/class/eurnc4fssofd21w.html HTTP/1.1" 200 216042 "-" "Mozilla/5.0 (Linux; Android 6.0.1; Nexus 5X Build/MMB29P) AppleWebKit/537.36 (KHTML, like Gecko) Chrome/148.0.7778.96 Mobile Safari/537.36 (compatible; Googlebot/2.1; +http://www.google.com/bot.html)"
66.249.79.3 - - [16/May/2026:02:57:57 +0000] "GET /species/portion/eu18y2pgempzcz6.html HTTP/1.1" 200 233207 "-" "Mozilla/5.0 (Linux; Android 6.0.1; Nexus 5X Build/MMB29P) AppleWebKit/537.36 (KHTML, like Gecko) Chrome/148.0.7778.96 Mobile Safari/537.36 (compatible; Googlebot/2.1; +http://www.google.com/bot.html)"
66.249.79.3 - - [16/May/2026:02:58:00 +0000] "GET /taxonomy/particle/eyuuf7ihvrigy4z.html HTTP/1.1" 404 89834 "-" "Mozilla/5.0 (Linux; Android 6.0.1; Nexus 5X Build/MMB29P) AppleWebKit/537.36 (KHTML, like Gecko) Chrome/148.0.7778.96 Mobile Safari/537.36 (compatible; GoogleOther)"
66.249.79.3 - - [16/May/2026:02:58:04 +0000] "GET /version/proceeds/ehfk0s3jgc31vpk.html HTTP/1.1" 404 89831 "-" "Mozilla/5.0 (Linux; Android 6.0.1; Nexus 5X Build/MMB29P) AppleWebKit/537.36 (KHTML, like Gecko) Chrome/148.0.7778.96 Mobile Safari/537.36 (compatible; GoogleOther)"
66.249.79.3 - - [16/May/2026:02:58:15 +0000] "GET /cultivar/pattern/ed8khxwixhwivud.html HTTP/1.1" 404 89831 "-" "Mozilla/5.0 (Linux; Android 6.0.1; Nexus 5X Build/MMB29P) AppleWebKit/537.36 (KHTML, like Gecko) Chrome/148.0.7778.96 Mobile Safari/537.36 (compatible; GoogleOther)"
66.249.79.3 - - [16/May/2026:02:58:19 +0000] "GET /property/gear/en7c48viksv5y5c.html HTTP/1.1" 404 89822 "-" "Mozilla/5.0 (Linux; Android 6.0.1; Nexus 5X Build/MMB29P) AppleWebKit/537.36 (KHTML, like Gecko) Chrome/148.0.7778.96 Mobile Safari/537.36 (compatible; GoogleOther)"
2607:5500:3000:95::2 - - [16/May/2026:02:58:21 +0000] "POST /wordpress/wp-cron.php?doing_wp_cron=1778900301.1699891090393066406250 HTTP/1.1" 404 89930 "-" "WordPress/6.9.4; https://moabmonsters.com"
66.249.79.3 - - [16/May/2026:02:58:23 +0000] "GET /caste/property/ew8hhxwvxhwiuud.html HTTP/1.1" 404 89825 "-" "Mozilla/5.0 (Linux; Android 6.0.1; Nexus 5X Build/MMB29P) AppleWebKit/537.36 (KHTML, like Gecko) Chrome/148.0.7778.96 Mobile Safari/537.36 (compatible; GoogleOther)"
66.249.79.3 - - [16/May/2026:02:59:00 +0000] "GET /matrix/article/eichxp0kd90yfmh.html HTTP/1.1" 404 89825 "-" "Mozilla/5.0 (Linux; Android 6.0.1; Nexus 5X Build/MMB29P) AppleWebKit/537.36 (KHTML, like Gecko) Chrome/148.0.7778.96 Mobile Safari/537.36 (compatible; GoogleOther)"
66.249.79.3 - - [16/May/2026:02:59:03 +0000] "GET /tier/article/eqtw2ihdi2h39fy.html HTTP/1.1" 404 89819 "-" "Mozilla/5.0 (Linux; Android 6.0.1; Nexus 5X Build/MMB29P) AppleWebKit/537.36 (KHTML, like Gecko) Chrome/148.0.7778.96 Mobile Safari/537.36 (compatible; GoogleOther)"
66.249.79.3 - - [16/May/2026:02:59:16 +0000] "GET /set/handicraft/ed0qldoh1xomma5.html HTTP/1.1" 404 89825 "-" "Mozilla/5.0 (Linux; Android 6.0.1; Nexus 5X Build/MMB29P) AppleWebKit/537.36 (KHTML, like Gecko) Chrome/148.0.7778.96 Mobile Safari/537.36 (compatible; GoogleOther)"
66.249.79.3 - - [16/May/2026:02:59:20 +0000] "GET /society/section/e4ww5lktl5k60i1.html HTTP/1.1" 404 89828 "-" "Mozilla/5.0 (Linux; Android 6.0.1; Nexus 5X Build/MMB29P) AppleWebKit/537.36 (KHTML, like Gecko) Chrome/148.0.7778.96 Mobile Safari/537.36 (compatible; GoogleOther)"
2607:5500:3000:95::2 - - [16/May/2026:02:59:22 +0000] "POST /wordpress/wp-cron.php?doing_wp_cron=1778900361.9701519012451171875000 HTTP/1.1" 404 89930 "-" "WordPress/6.9.4; https://moabmonsters.com"
66.249.79.3 - - [16/May/2026:02:59:46 +0000] "GET /union/release/eevcswjw8gjt6t0.html HTTP/1.1" 404 89822 "-" "Mozilla/5.0 (Linux; Android 6.0.1; Nexus 5X Build/MMB29P) AppleWebKit/537.36 (KHTML, like Gecko) Chrome/148.0.7778.96 Mobile Safari/537.36 (compatible; GoogleOther)"
66.249.79.4 - - [16/May/2026:03:00:01 +0000] "GET /sphere/inventory/evhaq65f6q5rd3m.html HTTP/1.1" 404 89831 "-" "Mozilla/5.0 (Linux; Android 6.0.1; Nexus 5X Build/MMB29P) AppleWebKit/537.36 (KHTML, like Gecko) Chrome/148.0.7778.96 Mobile Safari/537.36 (compatible; GoogleOther)"
66.249.79.3 - - [16/May/2026:03:00:05 +0000] "GET /society/specification/ecnbwcblcwbx39s.html HTTP/1.1" 404 89846 "-" "Mozilla/5.0 (Linux; Android 6.0.1; Nexus 5X Build/MMB29P) AppleWebKit/537.36 (KHTML, like Gecko) Chrome/148.0.7778.96 Mobile Safari/537.36 (compatible; GoogleOther)"
66.249.79.3 - - [16/May/2026:03:00:09 +0000] "GET /population/consequence/dip1mqdd2adninu.html HTTP/1.1" 404 89849 "-" "Mozilla/5.0 (Linux; Android 6.0.1; Nexus 5X Build/MMB29P) AppleWebKit/537.36 (KHTML, like Gecko) Chrome/148.0.7778.96 Mobile Safari/537.36 (compatible; GoogleOther)"
66.249.79.3 - - [16/May/2026:03:00:15 +0000] "GET /ambit/division/etcsxp0kd90ytmh.html HTTP/1.1" 404 89825 "-" "Mozilla/5.0 (Linux; Android 6.0.1; Nexus 5X Build/MMB29P) AppleWebKit/537.36 (KHTML, like Gecko) Chrome/148.0.7778.96 Mobile Safari/537.36 (compatible; GoogleOther)"
66.249.79.3 - - [16/May/2026:03:00:19 +0000] "GET /system/consignment/esctxp0cd90ybmh.html HTTP/1.1" 404 89837 "-" "Mozilla/5.0 (Linux; Android 6.0.1; Nexus 5X Build/MMB29P) AppleWebKit/537.36 (KHTML, like Gecko) Chrome/148.0.7778.96 Mobile Safari/537.36 (compatible; GoogleOther)"
66.249.79.3 - - [16/May/2026:03:00:21 +0000] "GET /the-experience/ HTTP/1.1" 200 218305 "-" "Mozilla/5.0 (Linux; Android 6.0.1; Nexus 5X Build/MMB29P) AppleWebKit/537.36 (KHTML, like Gecko) Chrome/148.0.7778.96 Mobile Safari/537.36 (compatible; Googlebot/2.1; +http://www.google.com/bot.html)"
66.249.79.3 - - [16/May/2026:03:00:23 +0000] "GET /version/range/exw35lkol5k6xi1.html HTTP/1.1" 404 89822 "-" "Mozilla/5.0 (Linux; Android 6.0.1; Nexus 5X Build/MMB29P) AppleWebKit/537.36 (KHTML, like Gecko) Chrome/148.0.7778.96 Mobile Safari/537.36 (compatible; GoogleOther)"
2607:5500:3000:95::2 - - [16/May/2026:03:00:25 +0000] "POST /wordpress/wp-cron.php?doing_wp_cron=1778900425.2933220863342285156250 HTTP/1.1" 404 89930 "-" "WordPress/6.9.4; https://moabmonsters.com"
66.249.79.3 - - [16/May/2026:03:01:00 +0000] "GET /area/fragment/dwr4c4fxsofds1w.html HTTP/1.1" 404 89822 "-" "Mozilla/5.0 (Linux; Android 6.0.1; Nexus 5X Build/MMB29P) AppleWebKit/537.36 (KHTML, like Gecko) Chrome/148.0.7778.96 Mobile Safari/537.36 (compatible; GoogleOther)"
66.249.79.4 - - [16/May/2026:03:01:04 +0000] "GET /society/section/e0zf8onvo8n9dl4.html HTTP/1.1" 404 89828 "-" "Mozilla/5.0 (Linux; Android 6.0.1; Nexus 5X Build/MMB29P) AppleWebKit/537.36 (KHTML, like Gecko) Chrome/148.0.7778.96 Mobile Safari/537.36 (compatible; GoogleOther)"
66.249.79.3 - - [16/May/2026:03:01:14 +0000] "GET /version/fixture/etdqae1qqy1b0bi.html HTTP/1.1" 404 89828 "-" "Mozilla/5.0 (Linux; Android 6.0.1; Nexus 5X Build/MMB29P) AppleWebKit/537.36 (KHTML, like Gecko) Chrome/148.0.7778.96 Mobile Safari/537.36 (compatible; GoogleOther)"
66.249.79.3 - - [16/May/2026:03:01:18 +0000] "GET /property/result/e7efn32k3n2or0j.html HTTP/1.1" 404 89828 "-" "Mozilla/5.0 (Linux; Android 6.0.1; Nexus 5X Build/MMB29P) AppleWebKit/537.36 (KHTML, like Gecko) Chrome/148.0.7778.96 Mobile Safari/537.36 (compatible; GoogleOther)"
66.249.79.3 - - [16/May/2026:03:01:22 +0000] "GET /herd/prototype/ei3bogrb40rpxd8.html HTTP/1.1" 404 89825 "-" "Mozilla/5.0 (Linux; Android 6.0.1; Nexus 5X Build/MMB29P) AppleWebKit/537.36 (KHTML, like Gecko) Chrome/148.0.7778.96 Mobile Safari/537.36 (compatible; GoogleOther)"
66.249.79.3 - - [16/May/2026:03:01:25 +0000] "GET /property/system/en7548vkksv505c.html HTTP/1.1" 404 89828 "-" "Mozilla/5.0 (Linux; Android 6.0.1; Nexus 5X Build/MMB29P) AppleWebKit/537.36 (KHTML, like Gecko) Chrome/148.0.7778.96 Mobile Safari/537.36 (compatible; GoogleOther)"
2607:5500:3000:95::2 - - [16/May/2026:03:01:27 +0000] "POST /wordpress/wp-cron.php?doing_wp_cron=1778900487.6649401187896728515625 HTTP/1.1" 404 89930 "-" "WordPress/6.9.4; https://moabmonsters.com"
66.249.79.3 - - [16/May/2026:03:01:59 +0000] "GET /establishment/system/ev2gbrqmrbqcho7.html HTTP/1.1" 404 89843 "-" "Mozilla/5.0 (Linux; Android 6.0.1; Nexus 5X Build/MMB29P) AppleWebKit/537.36 (KHTML, like Gecko) Chrome/148.0.7778.96 Mobile Safari/537.36 (compatible; GoogleOther)"
66.249.79.3 - - [16/May/2026:03:02:03 +0000] "GET /categorization/property/eof10s3pgc31bpk.html HTTP/1.1" 404 89852 "-" "Mozilla/5.0 (Linux; Android 6.0.1; Nexus 5X Build/MMB29P) AppleWebKit/537.36 (KHTML, like Gecko) Chrome/148.0.7778.96 Mobile Safari/537.36 (compatible; GoogleOther)"
66.249.79.3 - - [16/May/2026:03:02:16 +0000] "GET /section/supply/ewon91cbplcaeyt.html HTTP/1.1" 404 89825 "-" "Mozilla/5.0 (Linux; Android 6.0.1; Nexus 5X Build/MMB29P) AppleWebKit/537.36 (KHTML, like Gecko) Chrome/148.0.7778.96 Mobile Safari/537.36 (compatible; GoogleOther)"
66.249.79.3 - - [16/May/2026:03:02:24 +0000] "GET /rubric/crop/efig3v6hjf640sn.html HTTP/1.1" 404 89816 "-" "Mozilla/5.0 (Linux; Android 6.0.1; Nexus 5X Build/MMB29P) AppleWebKit/537.36 (KHTML, like Gecko) Chrome/148.0.7778.96 Mobile Safari/537.36 (compatible; GoogleOther)"
66.249.79.3 - - [16/May/2026:03:02:58 +0000] "GET /faction/remnant/ewow91cnplcaqyt.html HTTP/1.1" 404 89828 "-" "Mozilla/5.0 (Linux; Android 6.0.1; Nexus 5X Build/MMB29P) AppleWebKit/537.36 (KHTML, like Gecko) Chrome/148.0.7778.96 Mobile Safari/537.36 (compatible; GoogleOther)"
2607:5500:3000:95::2 - - [16/May/2026:03:03:00 +0000] "POST /wordpress/wp-cron.php?doing_wp_cron=1778900580.6654019355773925781250 HTTP/1.1" 404 89930 "-" "WordPress/6.9.4; https://moabmonsters.com"
66.249.79.3 - - [16/May/2026:03:03:02 +0000] "GET /sector/stock/eu7i48vhksv5j5c.html HTTP/1.1" 404 89819 "-" "Mozilla/5.0 (Linux; Android 6.0.1; Nexus 5X Build/MMB29P) AppleWebKit/537.36 (KHTML, like Gecko) Chrome/148.0.7778.96 Mobile Safari/537.36 (compatible; GoogleOther)"
66.249.79.3 - - [16/May/2026:03:03:07 +0000] "GET /lot/stock/em3yogrf40rptd8.html HTTP/1.1" 404 89810 "-" "Mozilla/5.0 (Linux; Android 6.0.1; Nexus 5X Build/MMB29P) AppleWebKit/537.36 (KHTML, like Gecko) Chrome/148.0.7778.96 Mobile Safari/537.36 (compatible; GoogleOther)"
66.249.79.3 - - [16/May/2026:03:03:11 +0000] "GET /breed/outgrowth/el4b15sghps2x29.html HTTP/1.1" 404 89828 "-" "Mozilla/5.0 (Linux; Android 6.0.1; Nexus 5X Build/MMB29P) AppleWebKit/537.36 (KHTML, like Gecko) Chrome/148.0.7778.96 Mobile Safari/537.36 (compatible; GoogleOther)"
66.249.79.3 - - [16/May/2026:03:03:15 +0000] "GET /society/installment/ekaj7byinvy8v8f.html HTTP/1.1" 404 89840 "-" "Mozilla/5.0 (Linux; Android 6.0.1; Nexus 5X Build/MMB29P) AppleWebKit/537.36 (KHTML, like Gecko) Chrome/148.0.7778.96 Mobile Safari/537.36 (compatible; GoogleOther)"
66.249.79.3 - - [16/May/2026:03:03:24 +0000] "GET /community/cargo/ep2obrqyrbqcho7.html HTTP/1.1" 404 89828 "-" "Mozilla/5.0 (Linux; Android 6.0.1; Nexus 5X Build/MMB29P) AppleWebKit/537.36 (KHTML, like Gecko) Chrome/148.0.7778.96 Mobile Safari/537.36 (compatible; GoogleOther)"
66.249.79.3 - - [16/May/2026:03:03:28 +0000] "GET /element/contraption/ekp7mqdr2adnjnu.html HTTP/1.1" 404 89840 "-" "Mozilla/5.0 (Linux; Android 6.0.1; Nexus 5X Build/MMB29P) AppleWebKit/537.36 (KHTML, like Gecko) Chrome/148.0.7778.96 Mobile Safari/537.36 (compatible; GoogleOther)"
66.249.79.3 - - [16/May/2026:03:03:50 +0000] "GET /colony/device/e8ak7byfnvy848f.html HTTP/1.1" 200 222575 "-" "Mozilla/5.0 (Linux; Android 6.0.1; Nexus 5X Build/MMB29P) AppleWebKit/537.36 (KHTML, like Gecko) Chrome/148.0.7778.96 Mobile Safari/537.36 (compatible; Googlebot/2.1; +http://www.google.com/bot.html)"
66.249.79.3 - - [16/May/2026:03:04:10 +0000] "GET /population/belonging/eabck0zh0kzlfxg.html HTTP/1.1" 404 89843 "-" "Mozilla/5.0 (Linux; Android 6.0.1; Nexus 5X Build/MMB29P) AppleWebKit/537.36 (KHTML, like Gecko) Chrome/148.0.7778.96 Mobile Safari/537.36 (compatible; GoogleOther)"
2607:5500:3000:95::2 - - [16/May/2026:03:04:12 +0000] "POST /wordpress/wp-cron.php?doing_wp_cron=1778900652.6892590522766113281250 HTTP/1.1" 404 89930 "-" "WordPress/6.9.4; https://moabmonsters.com"
66.249.79.4 - - [16/May/2026:03:04:15 +0000] "GET /factor/part/ehxfialeyulj872.html HTTP/1.1" 404 89816 "-" "Mozilla/5.0 (Linux; Android 6.0.1; Nexus 5X Build/MMB29P) AppleWebKit/537.36 (KHTML, like Gecko) Chrome/148.0.7778.96 Mobile Safari/537.36 (compatible; GoogleOther)"
66.249.79.5 - - [16/May/2026:03:05:06 +0000] "GET /batch/set/e9l66y9hmi97rvq.html HTTP/1.1" 404 89810 "-" "Mozilla/5.0 (Linux; Android 6.0.1; Nexus 5X Build/MMB29P) AppleWebKit/537.36 (KHTML, like Gecko) Chrome/148.0.7778.96 Mobile Safari/537.36 (compatible; GoogleOther)"
66.249.79.6 - - [16/May/2026:03:05:11 +0000] "GET /design/article/eivgswjm8gjtct0.html HTTP/1.1" 404 89825 "-" "Mozilla/5.0 (Linux; Android 6.0.1; Nexus 5X Build/MMB29P) AppleWebKit/537.36 (KHTML, like Gecko) Chrome/148.0.7778.96 Mobile Safari/537.36 (compatible; GoogleOther)"
2607:5500:3000:95::2 - - [16/May/2026:03:05:12 +0000] "POST /wordpress/wp-cron.php?doing_wp_cron=1778900712.8586258888244628906250 HTTP/1.1" 404 89930 "-" "WordPress/6.9.4; https://moabmonsters.com"
66.249.79.5 - - [16/May/2026:03:05:21 +0000] "GET /sort/chattel/dkfy0s39gc31spk.html HTTP/1.1" 404 89819 "-" "Mozilla/5.0 (Linux; Android 6.0.1; Nexus 5X Build/MMB29P) AppleWebKit/537.36 (KHTML, like Gecko) Chrome/148.0.7778.96 Mobile Safari/537.36 (compatible; GoogleOther)"
66.249.79.5 - - [16/May/2026:03:05:26 +0000] "GET /breed/cargo/exhwq65c6q5ri3m.html HTTP/1.1" 404 89816 "-" "Mozilla/5.0 (Linux; Android 6.0.1; Nexus 5X Build/MMB29P) AppleWebKit/537.36 (KHTML, like Gecko) Chrome/148.0.7778.96 Mobile Safari/537.36 (compatible; GoogleOther)"
66.249.79.7 - - [16/May/2026:03:06:03 +0000] "GET /grouping/lot/e91jy2psempz6z6.html HTTP/1.1" 404 89819 "-" "Mozilla/5.0 (Linux; Android 6.0.1; Nexus 5X Build/MMB29P) AppleWebKit/537.36 (KHTML, like Gecko) Chrome/148.0.7778.96 Mobile Safari/537.36 (compatible; GoogleOther)"
66.249.79.5 - - [16/May/2026:03:06:08 +0000] "GET /factor/apparatus/exq6zfepfze04cv.html HTTP/1.1" 404 89831 "-" "Mozilla/5.0 (Linux; Android 6.0.1; Nexus 5X Build/MMB29P) AppleWebKit/537.36 (KHTML, like Gecko) Chrome/148.0.7778.96 Mobile Safari/537.36 (compatible; GoogleOther)"
66.249.79.5 - - [16/May/2026:03:06:19 +0000] "GET /division/composition/ezscptgs5dgqhqx.html HTTP/1.1" 404 89843 "-" "Mozilla/5.0 (Linux; Android 6.0.1; Nexus 5X Build/MMB29P) AppleWebKit/537.36 (KHTML, like Gecko) Chrome/148.0.7778.96 Mobile Safari/537.36 (compatible; GoogleOther)"
2607:5500:3000:95::2 - - [16/May/2026:03:06:21 +0000] "POST /wordpress/wp-cron.php?doing_wp_cron=1778900781.1314489841461181640625 HTTP/1.1" 404 89930 "-" "WordPress/6.9.4; https://moabmonsters.com"
66.249.79.5 - - [16/May/2026:03:06:23 +0000] "GET /discipline/tool/enn5wcbscwbxo9s.html HTTP/1.1" 404 89828 "-" "Mozilla/5.0 (Linux; Android 6.0.1; Nexus 5X Build/MMB29P) AppleWebKit/537.36 (KHTML, like Gecko) Chrome/148.0.7778.96 Mobile Safari/537.36 (compatible; GoogleOther)"
66.249.79.7 - - [16/May/2026:03:07:01 +0000] "GET /division/gear/ej3qogrr40rpzd8.html HTTP/1.1" 404 89822 "-" "Mozilla/5.0 (Linux; Android 6.0.1; Nexus 5X Build/MMB29P) AppleWebKit/537.36 (KHTML, like Gecko) Chrome/148.0.7778.96 Mobile Safari/537.36 (compatible; GoogleOther)"
66.249.79.6 - - [16/May/2026:03:07:05 +0000] "GET /factor/fabrication/e98lhxwexhwizud.html HTTP/1.1" 404 89837 "-" "Mozilla/5.0 (Linux; Android 6.0.1; Nexus 5X Build/MMB29P) AppleWebKit/537.36 (KHTML, like Gecko) Chrome/148.0.7778.96 Mobile Safari/537.36 (compatible; GoogleOther)"
66.249.79.5 - - [16/May/2026:03:07:16 +0000] "GET /taxonomy/appliance/e2im3v6ijf64rsn.html HTTP/1.1" 404 89837 "-" "Mozilla/5.0 (Linux; Android 6.0.1; Nexus 5X Build/MMB29P) AppleWebKit/537.36 (KHTML, like Gecko) Chrome/148.0.7778.96 Mobile Safari/537.36 (compatible; GoogleOther)"
66.249.79.5 - - [16/May/2026:03:07:20 +0000] "GET /institution/freight/eibrk0zk0kzlqxg.html HTTP/1.1" 200 216497 "-" "Mozilla/5.0 (Linux; Android 6.0.1; Nexus 5X Build/MMB29P) AppleWebKit/537.36 (KHTML, like Gecko) Chrome/148.0.7778.96 Mobile Safari/537.36 (compatible; Googlebot/2.1; +http://www.google.com/bot.html)"
66.249.79.5 - - [16/May/2026:03:07:21 +0000] "GET /structure/gear/ez9rumxca6xvuje.html HTTP/1.1" 404 89825 "-" "Mozilla/5.0 (Linux; Android 6.0.1; Nexus 5X Build/MMB29P) AppleWebKit/537.36 (KHTML, like Gecko) Chrome/148.0.7778.96 Mobile Safari/537.36 (compatible; GoogleOther)"
2607:5500:3000:95::2 - - [16/May/2026:03:07:23 +0000] "POST /wordpress/wp-cron.php?doing_wp_cron=1778900842.8148739337921142578125 HTTP/1.1" 404 89930 "-" "WordPress/6.9.4; https://moabmonsters.com"
66.249.79.5 - - [16/May/2026:03:07:47 +0000] "GET /sorority/return/es4n15sphps2429.html HTTP/1.1" 404 89828 "-" "Mozilla/5.0 (Linux; Android 6.0.1; Nexus 5X Build/MMB29P) AppleWebKit/537.36 (KHTML, like Gecko) Chrome/148.0.7778.96 Mobile Safari/537.36 (compatible; GoogleOther)"
66.249.79.6 - - [16/May/2026:03:08:02 +0000] "GET /version/part/etm8jnafz7akakr.html HTTP/1.1" 404 89819 "-" "Mozilla/5.0 (Linux; Android 6.0.1; Nexus 5X Build/MMB29P) AppleWebKit/537.36 (KHTML, like Gecko) Chrome/148.0.7778.96 Mobile Safari/537.36 (compatible; GoogleOther)"
66.249.79.6 - - [16/May/2026:03:08:09 +0000] "GET /union/work/ei9humxna6xvfje.html HTTP/1.1" 404 89813 "-" "Mozilla/5.0 (Linux; Android 6.0.1; Nexus 5X Build/MMB29P) AppleWebKit/537.36 (KHTML, like Gecko) Chrome/148.0.7778.96 Mobile Safari/537.36 (compatible; GoogleOther)"
66.249.79.5 - - [16/May/2026:03:08:19 +0000] "GET /cultivar/fixture/etlk6y9dmi977vq.html HTTP/1.1" 404 89831 "-" "Mozilla/5.0 (Linux; Android 6.0.1; Nexus 5X Build/MMB29P) AppleWebKit/537.36 (KHTML, like Gecko) Chrome/148.0.7778.96 Mobile Safari/537.36 (compatible; GoogleOther)"
66.249.79.5 - - [16/May/2026:03:08:29 +0000] "GET /cultivar/division/el3cogrt40rpxd8.html HTTP/1.1" 404 89834 "-" "Mozilla/5.0 (Linux; Android 6.0.1; Nexus 5X Build/MMB29P) AppleWebKit/537.36 (KHTML, like Gecko) Chrome/148.0.7778.96 Mobile Safari/537.36 (compatible; GoogleOther)"
2607:5500:3000:95::2 - - [16/May/2026:03:08:31 +0000] "POST /wordpress/wp-cron.php?doing_wp_cron=1778900911.7504920959472656250000 HTTP/1.1" 404 89930 "-" "WordPress/6.9.4; https://moabmonsters.com"
66.249.79.7 - - [16/May/2026:03:09:01 +0000] "GET /hierarchy/possession/epz58onco8n9sl4.html HTTP/1.1" 404 89843 "-" "Mozilla/5.0 (Linux; Android 6.0.1; Nexus 5X Build/MMB29P) AppleWebKit/537.36 (KHTML, like Gecko) Chrome/148.0.7778.96 Mobile Safari/537.36 (compatible; GoogleOther)"
66.249.79.6 - - [16/May/2026:03:09:06 +0000] "GET /lot/outcome/emi53v6ejf64jsn.html HTTP/1.1" 404 89816 "-" "Mozilla/5.0 (Linux; Android 6.0.1; Nexus 5X Build/MMB29P) AppleWebKit/537.36 (KHTML, like Gecko) Chrome/148.0.7778.96 Mobile Safari/537.36 (compatible; GoogleOther)"
66.249.79.5 - - [16/May/2026:03:09:17 +0000] "GET /property/accomplishment/ej04ldoo1xom5a5.html HTTP/1.1" 404 89852 "-" "Mozilla/5.0 (Linux; Android 6.0.1; Nexus 5X Build/MMB29P) AppleWebKit/537.36 (KHTML, like Gecko) Chrome/148.0.7778.96 Mobile Safari/537.36 (compatible; GoogleOther)"
66.249.79.5 - - [16/May/2026:03:09:21 +0000] "GET /bracket/inventory/ejm5jnagz7akvkr.html HTTP/1.1" 404 89834 "-" "Mozilla/5.0 (Linux; Android 6.0.1; Nexus 5X Build/MMB29P) AppleWebKit/537.36 (KHTML, like Gecko) Chrome/148.0.7778.96 Mobile Safari/537.36 (compatible; GoogleOther)"
66.249.79.5 - - [16/May/2026:03:10:00 +0000] "GET /sorority/material/ewow91ckplcanyt.html HTTP/1.1" 404 89834 "-" "Mozilla/5.0 (Linux; Android 6.0.1; Nexus 5X Build/MMB29P) AppleWebKit/537.36 (KHTML, like Gecko) Chrome/148.0.7778.96 Mobile Safari/537.36 (compatible; GoogleOther)"
2607:5500:3000:95::2 - - [16/May/2026:03:10:03 +0000] "POST /wordpress/wp-cron.php?doing_wp_cron=1778901003.2144360542297363281250 HTTP/1.1" 404 89930 "-" "WordPress/6.9.4; https://moabmonsters.com"
66.249.79.6 - - [16/May/2026:03:10:05 +0000] "GET /section/manufacture/ewwt5lknl5k6mi1.html HTTP/1.1" 404 89840 "-" "Mozilla/5.0 (Linux; Android 6.0.1; Nexus 5X Build/MMB29P) AppleWebKit/537.36 (KHTML, like Gecko) Chrome/148.0.7778.96 Mobile Safari/537.36 (compatible; GoogleOther)"
66.249.79.5 - - [16/May/2026:03:10:09 +0000] "GET /catalog/stock/eq7h48vtksv535c.html HTTP/1.1" 404 89822 "-" "Mozilla/5.0 (Linux; Android 6.0.1; Nexus 5X Build/MMB29P) AppleWebKit/537.36 (KHTML, like Gecko) Chrome/148.0.7778.96 Mobile Safari/537.36 (compatible; GoogleOther)"
66.249.79.5 - - [16/May/2026:03:10:16 +0000] "GET /taxonomy/instrument/eijigk7ow47h2ho.html HTTP/1.1" 404 89840 "-" "Mozilla/5.0 (Linux; Android 6.0.1; Nexus 5X Build/MMB29P) AppleWebKit/537.36 (KHTML, like Gecko) Chrome/148.0.7778.96 Mobile Safari/537.36 (compatible; GoogleOther)"
66.249.79.5 - - [16/May/2026:03:10:20 +0000] "GET /sector/prototype/em2gbrqerbqc3o7.html HTTP/1.1" 404 89831 "-" "Mozilla/5.0 (Linux; Android 6.0.1; Nexus 5X Build/MMB29P) AppleWebKit/537.36 (KHTML, like Gecko) Chrome/148.0.7778.96 Mobile Safari/537.36 (compatible; GoogleOther)"
66.249.79.5 - - [16/May/2026:03:10:49 +0000] "GET /level/module/ekbtk0zo0kzl2xg.html HTTP/1.1" 200 224520 "-" "Mozilla/5.0 (Linux; Android 6.0.1; Nexus 5X Build/MMB29P) AppleWebKit/537.36 (KHTML, like Gecko) Chrome/148.0.7778.96 Mobile Safari/537.36 (compatible; Googlebot/2.1; +http://www.google.com/bot.html)"
66.249.79.5 - - [16/May/2026:03:10:59 +0000] "GET /swarm/supply/e4t62ihoi2h3sfy.html HTTP/1.1" 404 89819 "-" "Mozilla/5.0 (Linux; Android 6.0.1; Nexus 5X Build/MMB29P) AppleWebKit/537.36 (KHTML, like Gecko) Chrome/148.0.7778.96 Mobile Safari/537.36 (compatible; GoogleOther)"
66.249.79.5 - - [16/May/2026:03:11:04 +0000] "GET /pride/article/ea83hxwlxhwisud.html HTTP/1.1" 404 89822 "-" "Mozilla/5.0 (Linux; Android 6.0.1; Nexus 5X Build/MMB29P) AppleWebKit/537.36 (KHTML, like Gecko) Chrome/148.0.7778.96 Mobile Safari/537.36 (compatible; GoogleOther)"
2607:5500:3000:95::2 - - [16/May/2026:03:11:06 +0000] "POST /wordpress/wp-cron.php?doing_wp_cron=1778901066.2618761062622070312500 HTTP/1.1" 404 89930 "-" "WordPress/6.9.4; https://moabmonsters.com"
66.249.79.5 - - [16/May/2026:03:11:17 +0000] "GET /categorization/supply/e82pbrqnrbqcgo7.html HTTP/1.1" 404 89846 "-" "Mozilla/5.0 (Linux; Android 6.0.1; Nexus 5X Build/MMB29P) AppleWebKit/537.36 (KHTML, like Gecko) Chrome/148.0.7778.96 Mobile Safari/537.36 (compatible; GoogleOther)"
66.249.79.5 - - [16/May/2026:03:11:21 +0000] "GET /quality/consignment/ecle6y9vmi97zvq.html HTTP/1.1" 404 89840 "-" "Mozilla/5.0 (Linux; Android 6.0.1; Nexus 5X Build/MMB29P) AppleWebKit/537.36 (KHTML, like Gecko) Chrome/148.0.7778.96 Mobile Safari/537.36 (compatible; GoogleOther)"
66.249.79.7 - - [16/May/2026:03:12:05 +0000] "GET /union/particle/e669rjuc73uspgb.html HTTP/1.1" 404 89825 "-" "Mozilla/5.0 (Linux; Android 6.0.1; Nexus 5X Build/MMB29P) AppleWebKit/537.36 (KHTML, like Gecko) Chrome/148.0.7778.96 Mobile Safari/537.36 (compatible; GoogleOther)"
2607:5500:3000:95::2 - - [16/May/2026:03:12:07 +0000] "POST /wordpress/wp-cron.php?doing_wp_cron=1778901127.7230389118194580078125 HTTP/1.1" 404 89930 "-" "WordPress/6.9.4; https://moabmonsters.com"
66.249.79.5 - - [16/May/2026:03:12:10 +0000] "GET /breed/issue/e5ygvzmvbjmw2w3.html HTTP/1.1" 404 89816 "-" "Mozilla/5.0 (Linux; Android 6.0.1; Nexus 5X Build/MMB29P) AppleWebKit/537.36 (KHTML, like Gecko) Chrome/148.0.7778.96 Mobile Safari/537.36 (compatible; GoogleOther)"
66.249.79.5 - - [16/May/2026:03:12:21 +0000] "GET /batch/bit/du1ny2pwempzdz6.html HTTP/1.1" 404 89810 "-" "Mozilla/5.0 (Linux; Android 6.0.1; Nexus 5X Build/MMB29P) AppleWebKit/537.36 (KHTML, like Gecko) Chrome/148.0.7778.96 Mobile Safari/537.36 (compatible; GoogleOther)"
66.249.79.5 - - [16/May/2026:03:12:25 +0000] "GET /association/segment/erpimqdv2adn9nu.html HTTP/1.1" 404 89840 "-" "Mozilla/5.0 (Linux; Android 6.0.1; Nexus 5X Build/MMB29P) AppleWebKit/537.36 (KHTML, like Gecko) Chrome/148.0.7778.96 Mobile Safari/537.36 (compatible; GoogleOther)"
66.249.79.5 - - [16/May/2026:03:12:42 +0000] "GET /model/contraption/ewlf6y9fmi97fvq.html HTTP/1.1" 404 89834 "-" "Mozilla/5.0 (Linux; Android 6.0.1; Nexus 5X Build/MMB29P) AppleWebKit/537.36 (KHTML, like Gecko) Chrome/148.0.7778.96 Mobile Safari/537.36 (compatible; GoogleOther)"
66.249.79.5 - - [16/May/2026:03:12:46 +0000] "GET /herd/subassembly/em4o15svhps2a29.html HTTP/1.1" 404 89831 "-" "Mozilla/5.0 (Linux; Android 6.0.1; Nexus 5X Build/MMB29P) AppleWebKit/537.36 (KHTML, like Gecko) Chrome/148.0.7778.96 Mobile Safari/537.36 (compatible; GoogleOther)"
66.249.79.7 - - [16/May/2026:03:13:01 +0000] "GET /denomination/version/e0jugk7nw47hpho.html HTTP/1.1" 404 89843 "-" "Mozilla/5.0 (Linux; Android 6.0.1; Nexus 5X Build/MMB29P) AppleWebKit/537.36 (KHTML, like Gecko) Chrome/148.0.7778.96 Mobile Safari/537.36 (compatible; GoogleOther)"
66.249.79.6 - - [16/May/2026:03:13:05 +0000] "GET /population/prototype/e2m8jnabz7akckr.html HTTP/1.1" 404 89843 "-" "Mozilla/5.0 (Linux; Android 6.0.1; Nexus 5X Build/MMB29P) AppleWebKit/537.36 (KHTML, like Gecko) Chrome/148.0.7778.96 Mobile Safari/537.36 (compatible; GoogleOther)"
66.249.79.5 - - [16/May/2026:03:13:10 +0000] "GET /club/division/etwo5lkql5k6ji1.html HTTP/1.1" 404 89822 "-" "Mozilla/5.0 (Linux; Android 6.0.1; Nexus 5X Build/MMB29P) AppleWebKit/537.36 (KHTML, like Gecko) Chrome/148.0.7778.96 Mobile Safari/537.36 (compatible; GoogleOther)"
2607:5500:3000:95::2 - - [16/May/2026:03:13:11 +0000] "POST /wordpress/wp-cron.php?doing_wp_cron=1778901191.8358290195465087890625 HTTP/1.1" 404 89930 "-" "WordPress/6.9.4; https://moabmonsters.com"
192.187.120.74 - - [16/May/2026:03:13:15 +0000] "GET /222.php HTTP/1.1" 301 - "-" "Mozilla/5.0 (Windows NT 10.0; Win64; x64) AppleWebKit/537.36 (KHTML, like Gecko) Chrome/148.0.0.0 Safari/537.36"
192.187.120.74 - - [16/May/2026:03:13:16 +0000] "GET /222.php HTTP/1.1" 404 89744 "-" "Mozilla/5.0 (Windows NT 10.0; Win64; x64) AppleWebKit/537.36 (KHTML, like Gecko) Chrome/148.0.0.0 Safari/537.36"
192.187.120.74 - - [16/May/2026:03:13:18 +0000] "GET /222.php HTTP/1.1" 404 89744 "-" "Mozilla/5.0 (Windows NT 10.0; Win64; x64) AppleWebKit/537.36 (KHTML, like Gecko) Chrome/148.0.0.0 Safari/537.36"
192.187.120.74 - - [16/May/2026:03:13:20 +0000] "GET /wordpress/wp-content/plugins/instagram-feed/css/sbi-styles.min.css?ver=6.10.1 HTTP/1.1" 304 - "https://moabmonsters.com/222.php" "Mozilla/5.0 (Windows NT 10.0; Win64; x64) AppleWebKit/537.36 (KHTML, like Gecko) Chrome/148.0.0.0 Safari/537.36"
192.187.120.74 - - [16/May/2026:03:13:20 +0000] "GET /wordpress/wp-content/plugins/kamperen-core/inc/icons/dripicons/assets/css/dripicons.min.css?ver=1.2.5 HTTP/1.1" 304 - "https://moabmonsters.com/222.php" "Mozilla/5.0 (Windows NT 10.0; Win64; x64) AppleWebKit/537.36 (KHTML, like Gecko) Chrome/148.0.0.0 Safari/537.36"
192.187.120.74 - - [16/May/2026:03:13:20 +0000] "GET /wordpress/wp-content/plugins/kamperen-core/inc/icons/elegant-icons/assets/css/elegant-icons.min.css?ver=1.2.5 HTTP/1.1" 304 - "https://moabmonsters.com/222.php" "Mozilla/5.0 (Windows NT 10.0; Win64; x64) AppleWebKit/537.36 (KHTML, like Gecko) Chrome/148.0.0.0 Safari/537.36"
192.187.120.74 - - [16/May/2026:03:13:20 +0000] "GET /wordpress/wp-content/plugins/kamperen-core/inc/icons/linea-icons/assets/css/linea-icons.min.css?ver=1.2.5 HTTP/1.1" 200 42983 "https://moabmonsters.com/222.php" "Mozilla/5.0 (Windows NT 10.0; Win64; x64) AppleWebKit/537.36 (KHTML, like Gecko) Chrome/148.0.0.0 Safari/537.36"
192.187.120.74 - - [16/May/2026:03:13:20 +0000] "GET /wordpress/wp-content/plugins/kamperen-core/inc/icons/font-awesome/assets/css/all.min.css?ver=1.2.5 HTTP/1.1" 304 - "https://moabmonsters.com/222.php" "Mozilla/5.0 (Windows NT 10.0; Win64; x64) AppleWebKit/537.36 (KHTML, like Gecko) Chrome/148.0.0.0 Safari/537.36"
192.187.120.74 - - [16/May/2026:03:13:20 +0000] "GET /wordpress/wp-content/plugins/kamperen-core/inc/icons/ionicons/assets/css/ionicons.min.css?ver=1.2.5 HTTP/1.1" 304 - "https://moabmonsters.com/222.php" "Mozilla/5.0 (Windows NT 10.0; Win64; x64) AppleWebKit/537.36 (KHTML, like Gecko) Chrome/148.0.0.0 Safari/537.36"
192.187.120.74 - - [16/May/2026:03:13:20 +0000] "GET /wordpress/wp-content/plugins/kamperen-core/inc/icons/linear-icons/assets/css/linear-icons.min.css?ver=1.2.5 HTTP/1.1" 304 - "https://moabmonsters.com/222.php" "Mozilla/5.0 (Windows NT 10.0; Win64; x64) AppleWebKit/537.36 (KHTML, like Gecko) Chrome/148.0.0.0 Safari/537.36"
192.187.120.74 - - [16/May/2026:03:13:20 +0000] "GET /wordpress/wp-content/plugins/kamperen-core/inc/icons/simple-line-icons/assets/css/simple-line-icons.min.css?ver=1.2.5 HTTP/1.1" 200 10943 "https://moabmonsters.com/222.php" "Mozilla/5.0 (Windows NT 10.0; Win64; x64) AppleWebKit/537.36 (KHTML, like Gecko) Chrome/148.0.0.0 Safari/537.36"
192.187.120.74 - - [16/May/2026:03:13:20 +0000] "GET /wordpress/wp-includes/css/dist/block-library/style.min.css?ver=7b42d7a904609cfa79643e4c7034635f HTTP/1.1" 200 119358 "https://moabmonsters.com/222.php" "Mozilla/5.0 (Windows NT 10.0; Win64; x64) AppleWebKit/537.36 (KHTML, like Gecko) Chrome/148.0.0.0 Safari/537.36"
66.249.79.5 - - [16/May/2026:03:13:19 +0000] "GET /factor/package/e93kogrb40rpfd8.html HTTP/1.1" 404 89825 "-" "Mozilla/5.0 (Linux; Android 6.0.1; Nexus 5X Build/MMB29P) AppleWebKit/537.36 (KHTML, like Gecko) Chrome/148.0.7778.96 Mobile Safari/537.36 (compatible; GoogleOther)"
192.187.120.74 - - [16/May/2026:03:13:21 +0000] "GET /wordpress/wp-content/plugins/revslider/public/css/sr7.css?ver=6.7.29 HTTP/1.1" 304 - "https://moabmonsters.com/222.php" "Mozilla/5.0 (Windows NT 10.0; Win64; x64) AppleWebKit/537.36 (KHTML, like Gecko) Chrome/148.0.0.0 Safari/537.36"
192.187.120.74 - - [16/May/2026:03:13:21 +0000] "GET /wordpress/wp-content/plugins/contact-form-7/includes/css/styles.css?ver=6.1.5 HTTP/1.1" 304 - "https://moabmonsters.com/222.php" "Mozilla/5.0 (Windows NT 10.0; Win64; x64) AppleWebKit/537.36 (KHTML, like Gecko) Chrome/148.0.0.0 Safari/537.36"
192.187.120.74 - - [16/May/2026:03:13:21 +0000] "GET /wordpress/wp-content/plugins/qi-addons-for-elementor/assets/css/grid.min.css?ver=1.9.6 HTTP/1.1" 304 - "https://moabmonsters.com/222.php" "Mozilla/5.0 (Windows NT 10.0; Win64; x64) AppleWebKit/537.36 (KHTML, like Gecko) Chrome/148.0.0.0 Safari/537.36"
192.187.120.74 - - [16/May/2026:03:13:22 +0000] "GET /wordpress/wp-content/plugins/qi-addons-for-elementor/assets/css/main.min.css?ver=1.9.6 HTTP/1.1" 304 - "https://moabmonsters.com/222.php" "Mozilla/5.0 (Windows NT 10.0; Win64; x64) AppleWebKit/537.36 (KHTML, like Gecko) Chrome/148.0.0.0 Safari/537.36"
192.187.120.74 - - [16/May/2026:03:13:22 +0000] "GET /wordpress/wp-content/plugins/qi-addons-for-elementor/assets/css/helper-parts.min.css?ver=1.9.6 HTTP/1.1" 304 - "https://moabmonsters.com/222.php" "Mozilla/5.0 (Windows NT 10.0; Win64; x64) AppleWebKit/537.36 (KHTML, like Gecko) Chrome/148.0.0.0 Safari/537.36"
192.187.120.74 - - [16/May/2026:03:13:22 +0000] "GET /wordpress/wp-content/plugins/qi-addons-for-elementor/assets/plugins/swiper/8.4.5/swiper.min.css?ver=8.4.5 HTTP/1.1" 304 - "https://moabmonsters.com/222.php" "Mozilla/5.0 (Windows NT 10.0; Win64; x64) AppleWebKit/537.36 (KHTML, like Gecko) Chrome/148.0.0.0 Safari/537.36"
192.187.120.74 - - [16/May/2026:03:13:22 +0000] "GET /wordpress/wp-content/themes/kamperen/assets/css/main.min.css?ver=7b42d7a904609cfa79643e4c7034635f HTTP/1.1" 304 - "https://moabmonsters.com/222.php" "Mozilla/5.0 (Windows NT 10.0; Win64; x64) AppleWebKit/537.36 (KHTML, like Gecko) Chrome/148.0.0.0 Safari/537.36"
192.187.120.74 - - [16/May/2026:03:13:23 +0000] "GET /wordpress/wp-content/plugins/kamperen-core/assets/css/kamperen-core.min.css?ver=7b42d7a904609cfa79643e4c7034635f HTTP/1.1" 304 - "https://moabmonsters.com/222.php" "Mozilla/5.0 (Windows NT 10.0; Win64; x64) AppleWebKit/537.36 (KHTML, like Gecko) Chrome/148.0.0.0 Safari/537.36"
192.187.120.74 - - [16/May/2026:03:13:23 +0000] "GET /wordpress/wp-content/themes/kamperen/style.css?ver=7b42d7a904609cfa79643e4c7034635f HTTP/1.1" 304 - "https://moabmonsters.com/222.php" "Mozilla/5.0 (Windows NT 10.0; Win64; x64) AppleWebKit/537.36 (KHTML, like Gecko) Chrome/148.0.0.0 Safari/537.36"
192.187.120.74 - - [16/May/2026:03:13:23 +0000] "GET /wordpress/wp-content/plugins/kamperen-membership/assets/css/kamperen-membership.min.css?ver=7b42d7a904609cfa79643e4c7034635f HTTP/1.1" 304 - "https://moabmonsters.com/222.php" "Mozilla/5.0 (Windows NT 10.0; Win64; x64) AppleWebKit/537.36 (KHTML, like Gecko) Chrome/148.0.0.0 Safari/537.36"
192.187.120.74 - - [16/May/2026:03:13:23 +0000] "GET /wordpress/wp-content/themes/kamperen-child/style.css?ver=7b42d7a904609cfa79643e4c7034635f HTTP/1.1" 304 - "https://moabmonsters.com/222.php" "Mozilla/5.0 (Windows NT 10.0; Win64; x64) AppleWebKit/537.36 (KHTML, like Gecko) Chrome/148.0.0.0 Safari/537.36"
192.187.120.74 - - [16/May/2026:03:13:23 +0000] "GET /wordpress/wp-content/plugins/mailchimp/assets/css/flick/flick.css?ver=2.0.1 HTTP/1.1" 304 - "https://moabmonsters.com/222.php" "Mozilla/5.0 (Windows NT 10.0; Win64; x64) AppleWebKit/537.36 (KHTML, like Gecko) Chrome/148.0.0.0 Safari/537.36"
192.187.120.74 - - [16/May/2026:03:13:23 +0000] "GET /wordpress/wp-content/plugins/mailchimp/assets/css/frontend.css?ver=2.0.1 HTTP/1.1" 304 - "https://moabmonsters.com/222.php" "Mozilla/5.0 (Windows NT 10.0; Win64; x64) AppleWebKit/537.36 (KHTML, like Gecko) Chrome/148.0.0.0 Safari/537.36"
192.187.120.74 - - [16/May/2026:03:13:23 +0000] "GET /wordpress/wp-content/uploads/2025/09/Moab-Monsters-trans.png HTTP/1.1" 304 - "https://moabmonsters.com/222.php" "Mozilla/5.0 (Windows NT 10.0; Win64; x64) AppleWebKit/537.36 (KHTML, like Gecko) Chrome/148.0.0.0 Safari/537.36"
192.187.120.74 - - [16/May/2026:03:13:23 +0000] "GET /wordpress/wp-includes/js/jquery/jquery-migrate.min.js?ver=3.4.1 HTTP/1.1" 200 13577 "https://moabmonsters.com/222.php" "Mozilla/5.0 (Windows NT 10.0; Win64; x64) AppleWebKit/537.36 (KHTML, like Gecko) Chrome/148.0.0.0 Safari/537.36"
192.187.120.74 - - [16/May/2026:03:13:23 +0000] "GET /wordpress/wp-includes/js/jquery/jquery.min.js?ver=3.7.1 HTTP/1.1" 304 - "https://moabmonsters.com/222.php" "Mozilla/5.0 (Windows NT 10.0; Win64; x64) AppleWebKit/537.36 (KHTML, like Gecko) Chrome/148.0.0.0 Safari/537.36"
192.187.120.74 - - [16/May/2026:03:13:23 +0000] "GET /wordpress/wp-content/uploads/2025/09/Moab-Monsters-White-Trans.png HTTP/1.1" 304 - "https://moabmonsters.com/222.php" "Mozilla/5.0 (Windows NT 10.0; Win64; x64) AppleWebKit/537.36 (KHTML, like Gecko) Chrome/148.0.0.0 Safari/537.36"
192.187.120.74 - - [16/May/2026:03:13:23 +0000] "GET /wordpress/wp-content/plugins/woocommerce/assets/client/blocks/wc-blocks.css?ver=wc-10.7.0 HTTP/1.1" 304 - "https://moabmonsters.com/222.php" "Mozilla/5.0 (Windows NT 10.0; Win64; x64) AppleWebKit/537.36 (KHTML, like Gecko) Chrome/148.0.0.0 Safari/537.36"
192.187.120.74 - - [16/May/2026:03:13:23 +0000] "GET /wordpress/wp-includes/js/dist/hooks.min.js?ver=dd5603f07f9220ed27f1 HTTP/1.1" 304 - "https://moabmonsters.com/222.php" "Mozilla/5.0 (Windows NT 10.0; Win64; x64) AppleWebKit/537.36 (KHTML, like Gecko) Chrome/148.0.0.0 Safari/537.36"
192.187.120.74 - - [16/May/2026:03:13:23 +0000] "GET /wordpress/wp-content/uploads/2025/09/Moab-Monsters-Black-Trans.png HTTP/1.1" 304 - "https://moabmonsters.com/222.php" "Mozilla/5.0 (Windows NT 10.0; Win64; x64) AppleWebKit/537.36 (KHTML, like Gecko) Chrome/148.0.0.0 Safari/537.36"
192.187.120.74 - - [16/May/2026:03:13:23 +0000] "GET /wordpress/wp-content/plugins/contact-form-7/includes/swv/js/index.js?ver=6.1.5 HTTP/1.1" 304 - "https://moabmonsters.com/222.php" "Mozilla/5.0 (Windows NT 10.0; Win64; x64) AppleWebKit/537.36 (KHTML, like Gecko) Chrome/148.0.0.0 Safari/537.36"
192.187.120.74 - - [16/May/2026:03:13:24 +0000] "GET /wordpress/wp-content/plugins/woocommerce-gateway-stripe/build/upe-blocks.css?ver=f2371901e73cb7e29721 HTTP/1.1" 200 9132 "https://moabmonsters.com/222.php" "Mozilla/5.0 (Windows NT 10.0; Win64; x64) AppleWebKit/537.36 (KHTML, like Gecko) Chrome/148.0.0.0 Safari/537.36"
192.187.120.74 - - [16/May/2026:03:13:24 +0000] "GET /wordpress/wp-includes/js/dist/i18n.min.js?ver=c26c3dc7bed366793375 HTTP/1.1" 304 - "https://moabmonsters.com/222.php" "Mozilla/5.0 (Windows NT 10.0; Win64; x64) AppleWebKit/537.36 (KHTML, like Gecko) Chrome/148.0.0.0 Safari/537.36"
192.187.120.74 - - [16/May/2026:03:13:24 +0000] "GET /wordpress/wp-includes/js/jquery/ui/core.min.js?ver=1.13.3 HTTP/1.1" 304 - "https://moabmonsters.com/222.php" "Mozilla/5.0 (Windows NT 10.0; Win64; x64) AppleWebKit/537.36 (KHTML, like Gecko) Chrome/148.0.0.0 Safari/537.36"
192.187.120.74 - - [16/May/2026:03:13:24 +0000] "GET /wordpress/wp-content/plugins/contact-form-7/includes/js/index.js?ver=6.1.5 HTTP/1.1" 304 - "https://moabmonsters.com/222.php" "Mozilla/5.0 (Windows NT 10.0; Win64; x64) AppleWebKit/537.36 (KHTML, like Gecko) Chrome/148.0.0.0 Safari/537.36"
192.187.120.74 - - [16/May/2026:03:13:24 +0000] "GET /wordpress/wp-content/plugins/qi-addons-for-elementor/assets/js/main.min.js?ver=1.9.6 HTTP/1.1" 304 - "https://moabmonsters.com/222.php" "Mozilla/5.0 (Windows NT 10.0; Win64; x64) AppleWebKit/537.36 (KHTML, like Gecko) Chrome/148.0.0.0 Safari/537.36"
192.187.120.74 - - [16/May/2026:03:13:24 +0000] "GET /wordpress/wp-includes/js/hoverIntent.min.js?ver=1.10.2 HTTP/1.1" 304 - "https://moabmonsters.com/222.php" "Mozilla/5.0 (Windows NT 10.0; Win64; x64) AppleWebKit/537.36 (KHTML, like Gecko) Chrome/148.0.0.0 Safari/537.36"
192.187.120.74 - - [16/May/2026:03:13:24 +0000] "GET /wordpress/wp-content/plugins/kamperen-core/assets/plugins/gsap/gsap.min.js?ver=7b42d7a904609cfa79643e4c7034635f HTTP/1.1" 304 - "https://moabmonsters.com/222.php" "Mozilla/5.0 (Windows NT 10.0; Win64; x64) AppleWebKit/537.36 (KHTML, like Gecko) Chrome/148.0.0.0 Safari/537.36"
192.187.120.74 - - [16/May/2026:03:13:24 +0000] "GET /wordpress/wp-content/plugins/kamperen-core/assets/plugins/gsap/ScrollTrigger.min.js?ver=7b42d7a904609cfa79643e4c7034635f HTTP/1.1" 304 - "https://moabmonsters.com/222.php" "Mozilla/5.0 (Windows NT 10.0; Win64; x64) AppleWebKit/537.36 (KHTML, like Gecko) Chrome/148.0.0.0 Safari/537.36"
192.187.120.74 - - [16/May/2026:03:13:25 +0000] "GET /wordpress/wp-content/plugins/kamperen-core/inc/icons/font-awesome/assets/webfonts/fa-solid-900.woff2 HTTP/1.1" 304 - "https://moabmonsters.com/wordpress/wp-content/plugins/kamperen-core/inc/icons/font-awesome/assets/css/all.min.css?ver=1.2.5" "Mozilla/5.0 (Windows NT 10.0; Win64; x64) AppleWebKit/537.36 (KHTML, like Gecko) Chrome/148.0.0.0 Safari/537.36"
192.187.120.74 - - [16/May/2026:03:13:25 +0000] "GET /wordpress/wp-content/plugins/kamperen-core/inc/icons/linea-icons/assets/fonts/weather/fonts/linea-weather-10.woff HTTP/1.1" 200 7936 "https://moabmonsters.com/wordpress/wp-content/plugins/kamperen-core/inc/icons/linea-icons/assets/css/linea-icons.min.css?ver=1.2.5" "Mozilla/5.0 (Windows NT 10.0; Win64; x64) AppleWebKit/537.36 (KHTML, like Gecko) Chrome/148.0.0.0 Safari/537.36"
192.187.120.74 - - [16/May/2026:03:13:25 +0000] "GET /wordpress/wp-content/plugins/kamperen-core/inc/icons/elegant-icons/assets/fonts/ElegantIcons.woff HTTP/1.1" 304 - "https://moabmonsters.com/wordpress/wp-content/plugins/kamperen-core/inc/icons/elegant-icons/assets/css/elegant-icons.min.css?ver=1.2.5" "Mozilla/5.0 (Windows NT 10.0; Win64; x64) AppleWebKit/537.36 (KHTML, like Gecko) Chrome/148.0.0.0 Safari/537.36"
192.187.120.74 - - [16/May/2026:03:13:25 +0000] "GET /wordpress/wp-content/plugins/kamperen-core/assets/plugins/anime/anime.min.js?ver=7b42d7a904609cfa79643e4c7034635f HTTP/1.1" 200 17741 "https://moabmonsters.com/222.php" "Mozilla/5.0 (Windows NT 10.0; Win64; x64) AppleWebKit/537.36 (KHTML, like Gecko) Chrome/148.0.0.0 Safari/537.36"
192.187.120.74 - - [16/May/2026:03:13:25 +0000] "GET /wordpress/wp-content/plugins/kamperen-core/inc/icons/font-awesome/assets/webfonts/fa-brands-400.woff2 HTTP/1.1" 304 - "https://moabmonsters.com/wordpress/wp-content/plugins/kamperen-core/inc/icons/font-awesome/assets/css/all.min.css?ver=1.2.5" "Mozilla/5.0 (Windows NT 10.0; Win64; x64) AppleWebKit/537.36 (KHTML, like Gecko) Chrome/148.0.0.0 Safari/537.36"
192.187.120.74 - - [16/May/2026:03:13:25 +0000] "GET /wordpress/wp-content/plugins/kamperen-core/assets/plugins/modernizr/modernizr.js?ver=7b42d7a904609cfa79643e4c7034635f HTTP/1.1" 304 - "https://moabmonsters.com/222.php" "Mozilla/5.0 (Windows NT 10.0; Win64; x64) AppleWebKit/537.36 (KHTML, like Gecko) Chrome/148.0.0.0 Safari/537.36"
192.187.120.74 - - [16/May/2026:03:13:25 +0000] "GET /wordpress/wp-content/themes/kamperen/assets/js/main.min.js?ver=7b42d7a904609cfa79643e4c7034635f HTTP/1.1" 200 20510 "https://moabmonsters.com/222.php" "Mozilla/5.0 (Windows NT 10.0; Win64; x64) AppleWebKit/537.36 (KHTML, like Gecko) Chrome/148.0.0.0 Safari/537.36"
192.187.120.74 - - [16/May/2026:03:13:25 +0000] "GET /wordpress/wp-content/plugins/kamperen-membership/assets/js/kamperen-membership.min.js?ver=7b42d7a904609cfa79643e4c7034635f HTTP/1.1" 304 - "https://moabmonsters.com/222.php" "Mozilla/5.0 (Windows NT 10.0; Win64; x64) AppleWebKit/537.36 (KHTML, like Gecko) Chrome/148.0.0.0 Safari/537.36"
192.187.120.74 - - [16/May/2026:03:13:25 +0000] "GET /wordpress/wp-content/plugins/kamperen-core/assets/js/kamperen-core.min.js?ver=7b42d7a904609cfa79643e4c7034635f HTTP/1.1" 200 74384 "https://moabmonsters.com/222.php" "Mozilla/5.0 (Windows NT 10.0; Win64; x64) AppleWebKit/537.36 (KHTML, like Gecko) Chrome/148.0.0.0 Safari/537.36"
192.187.120.74 - - [16/May/2026:03:13:25 +0000] "GET /wordpress/wp-includes/js/jquery/ui/tabs.min.js?ver=1.13.3 HTTP/1.1" 304 - "https://moabmonsters.com/222.php" "Mozilla/5.0 (Windows NT 10.0; Win64; x64) AppleWebKit/537.36 (KHTML, like Gecko) Chrome/148.0.0.0 Safari/537.36"
192.187.120.74 - - [16/May/2026:03:13:25 +0000] "GET /wordpress/wp-content/themes/kamperen/assets/plugins/waitforimages/jquery.waitforimages.js?ver=7b42d7a904609cfa79643e4c7034635f HTTP/1.1" 304 - "https://moabmonsters.com/222.php" "Mozilla/5.0 (Windows NT 10.0; Win64; x64) AppleWebKit/537.36 (KHTML, like Gecko) Chrome/148.0.0.0 Safari/537.36"
192.187.120.74 - - [16/May/2026:03:13:25 +0000] "GET /wordpress/wp-content/plugins/qi-addons-for-elementor/assets/plugins/swiper/8.4.5/swiper.min.js?ver=8.4.5 HTTP/1.1" 304 - "https://moabmonsters.com/222.php" "Mozilla/5.0 (Windows NT 10.0; Win64; x64) AppleWebKit/537.36 (KHTML, like Gecko) Chrome/148.0.0.0 Safari/537.36"
192.187.120.74 - - [16/May/2026:03:13:25 +0000] "GET /wordpress/wp-includes/js/jquery/jquery.form.min.js?ver=4.3.0 HTTP/1.1" 304 - "https://moabmonsters.com/222.php" "Mozilla/5.0 (Windows NT 10.0; Win64; x64) AppleWebKit/537.36 (KHTML, like Gecko) Chrome/148.0.0.0 Safari/537.36"
192.187.120.74 - - [16/May/2026:03:13:25 +0000] "GET /wordpress/wp-content/plugins/woocommerce/assets/js/sourcebuster/sourcebuster.min.js?ver=10.7.0 HTTP/1.1" 200 15315 "https://moabmonsters.com/222.php" "Mozilla/5.0 (Windows NT 10.0; Win64; x64) AppleWebKit/537.36 (KHTML, like Gecko) Chrome/148.0.0.0 Safari/537.36"
192.187.120.74 - - [16/May/2026:03:13:25 +0000] "GET /wordpress/wp-includes/js/jquery/ui/datepicker.min.js?ver=1.13.3 HTTP/1.1" 304 - "https://moabmonsters.com/222.php" "Mozilla/5.0 (Windows NT 10.0; Win64; x64) AppleWebKit/537.36 (KHTML, like Gecko) Chrome/148.0.0.0 Safari/537.36"
192.187.120.74 - - [16/May/2026:03:13:25 +0000] "GET /wordpress/wp-content/plugins/woocommerce/assets/js/frontend/order-attribution.min.js?ver=10.7.0 HTTP/1.1" 304 - "https://moabmonsters.com/222.php" "Mozilla/5.0 (Windows NT 10.0; Win64; x64) AppleWebKit/537.36 (KHTML, like Gecko) Chrome/148.0.0.0 Safari/537.36"
