192.187.120.74 - - [16/May/2026:03:13:25 +0000] "GET /wordpress/wp-content/plugins/mailchimp/assets/js/mailchimp.js?ver=2.0.1 HTTP/1.1" 304 - "https://moabmonsters.com/222.php" "Mozilla/5.0 (Windows NT 10.0; Win64; x64) AppleWebKit/537.36 (KHTML, like Gecko) Chrome/148.0.0.0 Safari/537.36"
192.187.120.74 - - [16/May/2026:03:13:25 +0000] "GET /wordpress/wp-content/plugins/revslider/public/js/libs/tptools.js?ver=6.7.29 HTTP/1.1" 304 - "https://moabmonsters.com/222.php" "Mozilla/5.0 (Windows NT 10.0; Win64; x64) AppleWebKit/537.36 (KHTML, like Gecko) Chrome/148.0.0.0 Safari/537.36"
192.187.120.74 - - [16/May/2026:03:13:25 +0000] "GET /wordpress/wp-content/plugins/revslider/public/js/sr7.js?ver=6.7.29 HTTP/1.1" 304 - "https://moabmonsters.com/222.php" "Mozilla/5.0 (Windows NT 10.0; Win64; x64) AppleWebKit/537.36 (KHTML, like Gecko) Chrome/148.0.0.0 Safari/537.36"
192.187.120.74 - - [16/May/2026:03:13:25 +0000] "GET /wordpress/wp-content/plugins/wp-statistics/assets/js/tracker.js?ver=14.16.6 HTTP/1.1" 304 - "https://moabmonsters.com/222.php" "Mozilla/5.0 (Windows NT 10.0; Win64; x64) AppleWebKit/537.36 (KHTML, like Gecko) Chrome/148.0.0.0 Safari/537.36"
192.187.120.74 - - [16/May/2026:03:13:25 +0000] "GET /wordpress/wp-content/plugins/woocommerce/assets/js/frontend/add-to-cart.min.js?ver=10.7.0 HTTP/1.1" 304 - "https://moabmonsters.com/222.php" "Mozilla/5.0 (Windows NT 10.0; Win64; x64) AppleWebKit/537.36 (KHTML, like Gecko) Chrome/148.0.0.0 Safari/537.36"
66.249.79.5 - - [16/May/2026:03:13:23 +0000] "GET /faction/version/eoz48onko8n9ql4.html HTTP/1.1" 404 89828 "-" "Mozilla/5.0 (Linux; Android 6.0.1; Nexus 5X Build/MMB29P) AppleWebKit/537.36 (KHTML, like Gecko) Chrome/148.0.7778.96 Mobile Safari/537.36 (compatible; GoogleOther)"
192.187.120.74 - - [16/May/2026:03:13:25 +0000] "GET /wordpress/wp-content/plugins/woocommerce/assets/js/jquery-blockui/jquery.blockUI.min.js?ver=2.7.0-wc.10.7.0 HTTP/1.1" 304 - "https://moabmonsters.com/222.php" "Mozilla/5.0 (Windows NT 10.0; Win64; x64) AppleWebKit/537.36 (KHTML, like Gecko) Chrome/148.0.0.0 Safari/537.36"
192.187.120.74 - - [16/May/2026:03:13:25 +0000] "GET /wordpress/wp-content/plugins/woocommerce/assets/js/js-cookie/js.cookie.min.js?ver=2.1.4-wc.10.7.0 HTTP/1.1" 304 - "https://moabmonsters.com/222.php" "Mozilla/5.0 (Windows NT 10.0; Win64; x64) AppleWebKit/537.36 (KHTML, like Gecko) Chrome/148.0.0.0 Safari/537.36"
192.187.120.74 - - [16/May/2026:03:13:25 +0000] "GET /wordpress/wp-content/plugins/woocommerce/assets/js/frontend/woocommerce.min.js?ver=10.7.0 HTTP/1.1" 304 - "https://moabmonsters.com/222.php" "Mozilla/5.0 (Windows NT 10.0; Win64; x64) AppleWebKit/537.36 (KHTML, like Gecko) Chrome/148.0.0.0 Safari/537.36"
192.187.120.74 - - [16/May/2026:03:13:25 +0000] "GET /wordpress/wp-content/plugins/woocommerce/assets/js/select2/select2.full.min.js?ver=4.0.3-wc.10.7.0 HTTP/1.1" 304 - "https://moabmonsters.com/222.php" "Mozilla/5.0 (Windows NT 10.0; Win64; x64) AppleWebKit/537.36 (KHTML, like Gecko) Chrome/148.0.0.0 Safari/537.36"
192.187.120.74 - - [16/May/2026:03:13:26 +0000] "GET /wordpress/wp-content/plugins/mailchimp/assets/css/flick/images/ui-bg_flat_75_ffffff_40x100.png HTTP/1.1" 200 178 "https://moabmonsters.com/wordpress/wp-content/plugins/mailchimp/assets/css/flick/flick.css?ver=2.0.1" "Mozilla/5.0 (Windows NT 10.0; Win64; x64) AppleWebKit/537.36 (KHTML, like Gecko) Chrome/148.0.0.0 Safari/537.36"
192.187.120.74 - - [16/May/2026:03:13:26 +0000] "GET /wordpress/wp-content/plugins/mailchimp/assets/css/flick/images/ui-bg_highlight-soft_50_dddddd_1x100.png HTTP/1.1" 304 - "https://moabmonsters.com/wordpress/wp-content/plugins/mailchimp/assets/css/flick/flick.css?ver=2.0.1" "Mozilla/5.0 (Windows NT 10.0; Win64; x64) AppleWebKit/537.36 (KHTML, like Gecko) Chrome/148.0.0.0 Safari/537.36"
192.187.120.74 - - [16/May/2026:03:13:26 +0000] "GET /wordpress/wp-content/plugins/mailchimp/assets/css/flick/images/ui-bg_highlight-soft_100_f6f6f6_1x100.png HTTP/1.1" 304 - "https://moabmonsters.com/wordpress/wp-content/plugins/mailchimp/assets/css/flick/flick.css?ver=2.0.1" "Mozilla/5.0 (Windows NT 10.0; Win64; x64) AppleWebKit/537.36 (KHTML, like Gecko) Chrome/148.0.0.0 Safari/537.36"
192.187.120.74 - - [16/May/2026:03:13:26 +0000] "GET /wordpress/wp-content/plugins/mailchimp/assets/css/flick/images/ui-bg_glass_65_ffffff_1x400.png HTTP/1.1" 304 - "https://moabmonsters.com/wordpress/wp-content/plugins/mailchimp/assets/css/flick/flick.css?ver=2.0.1" "Mozilla/5.0 (Windows NT 10.0; Win64; x64) AppleWebKit/537.36 (KHTML, like Gecko) Chrome/148.0.0.0 Safari/537.36"
192.187.120.74 - - [16/May/2026:03:13:26 +0000] "GET /wordpress/wp-includes/js/wp-emoji-release.min.js?ver=7b42d7a904609cfa79643e4c7034635f HTTP/1.1" 200 22762 "https://moabmonsters.com/222.php" "Mozilla/5.0 (Windows NT 10.0; Win64; x64) AppleWebKit/537.36 (KHTML, like Gecko) Chrome/148.0.0.0 Safari/537.36"
192.187.120.74 - - [16/May/2026:03:13:26 +0000] "GET /wordpress/wp-content/uploads/2025/09/Moab-Monsters-trans-100x100.png HTTP/1.1" 304 - "https://moabmonsters.com/222.php" "Mozilla/5.0 (Windows NT 10.0; Win64; x64) AppleWebKit/537.36 (KHTML, like Gecko) Chrome/148.0.0.0 Safari/537.36"
192.187.120.74 - - [16/May/2026:03:13:26 +0000] "POST /wp-json/wp-statistics/v2/hit HTTP/1.1" 200 15 "https://moabmonsters.com/222.php" "Mozilla/5.0 (Windows NT 10.0; Win64; x64) AppleWebKit/537.36 (KHTML, like Gecko) Chrome/148.0.0.0 Safari/537.36"
66.249.79.5 - - [16/May/2026:03:14:05 +0000] "GET /province/issue/etn4wcbucwbxe9s.html HTTP/1.1" 404 89825 "-" "Mozilla/5.0 (Linux; Android 6.0.1; Nexus 5X Build/MMB29P) AppleWebKit/537.36 (KHTML, like Gecko) Chrome/148.0.7778.96 Mobile Safari/537.36 (compatible; GoogleOther)"
66.249.79.5 - - [16/May/2026:03:14:09 +0000] "GET /caste/abhelp/egjkgk7sw47haho.html HTTP/1.1" 404 89819 "-" "Mozilla/5.0 (Linux; Android 6.0.1; Nexus 5X Build/MMB29P) AppleWebKit/537.36 (KHTML, like Gecko) Chrome/148.0.7778.96 Mobile Safari/537.36 (compatible; GoogleOther)"
66.249.79.5 - - [16/May/2026:03:14:13 +0000] "GET /division/concept/ebq7zfegfze0fcv.html HTTP/1.1" 404 89831 "-" "Mozilla/5.0 (Linux; Android 6.0.1; Nexus 5X Build/MMB29P) AppleWebKit/537.36 (KHTML, like Gecko) Chrome/148.0.7778.96 Mobile Safari/537.36 (compatible; GoogleOther)"
2607:5500:3000:95::2 - - [16/May/2026:03:14:15 +0000] "POST /wordpress/wp-cron.php?doing_wp_cron=1778901255.7612619400024414062500 HTTP/1.1" 404 89930 "-" "WordPress/6.9.4; https://moabmonsters.com"
66.249.79.5 - - [16/May/2026:03:14:18 +0000] "GET /assortment/fraction/ej3gogrl40rp5d8.html HTTP/1.1" 200 228276 "-" "Mozilla/5.0 (Linux; Android 6.0.1; Nexus 5X Build/MMB29P) AppleWebKit/537.36 (KHTML, like Gecko) Chrome/148.0.7778.96 Mobile Safari/537.36 (compatible; Googlebot/2.1; +http://www.google.com/bot.html)"
66.249.79.5 - - [16/May/2026:03:14:25 +0000] "GET /field/stock/em85hxwmxhwitud.html HTTP/1.1" 404 89816 "-" "Mozilla/5.0 (Linux; Android 6.0.1; Nexus 5X Build/MMB29P) AppleWebKit/537.36 (KHTML, like Gecko) Chrome/148.0.7778.96 Mobile Safari/537.36 (compatible; GoogleOther)"
66.249.79.5 - - [16/May/2026:03:14:29 +0000] "GET /hierarchy/possession/etviswjf8gjt7t0.html HTTP/1.1" 404 89843 "-" "Mozilla/5.0 (Linux; Android 6.0.1; Nexus 5X Build/MMB29P) AppleWebKit/537.36 (KHTML, like Gecko) Chrome/148.0.7778.96 Mobile Safari/537.36 (compatible; GoogleOther)"
66.249.79.5 - - [16/May/2026:03:14:55 +0000] "GET /factor/possession/e906ldou1xomva5.html HTTP/1.1" 404 89834 "-" "Mozilla/5.0 (Linux; Android 6.0.1; Nexus 5X Build/MMB29P) AppleWebKit/537.36 (KHTML, like Gecko) Chrome/148.0.7778.96 Mobile Safari/537.36 (compatible; GoogleOther)"
66.249.79.5 - - [16/May/2026:03:14:59 +0000] "GET /bracket/system/eb9kumxra6xvxje.html HTTP/1.1" 404 89825 "-" "Mozilla/5.0 (Linux; Android 6.0.1; Nexus 5X Build/MMB29P) AppleWebKit/537.36 (KHTML, like Gecko) Chrome/148.0.7778.96 Mobile Safari/537.36 (compatible; GoogleOther)"
66.249.79.5 - - [16/May/2026:03:15:03 +0000] "GET /factor/outgrowth/ex4e15sbhps2g29.html HTTP/1.1" 404 89831 "-" "Mozilla/5.0 (Linux; Android 6.0.1; Nexus 5X Build/MMB29P) AppleWebKit/537.36 (KHTML, like Gecko) Chrome/148.0.7778.96 Mobile Safari/537.36 (compatible; GoogleOther)"
66.249.79.7 - - [16/May/2026:03:16:07 +0000] "GET /classification/article/eeycvzmvbjmwww3.html HTTP/1.1" 404 89849 "-" "Mozilla/5.0 (Linux; Android 6.0.1; Nexus 5X Build/MMB29P) AppleWebKit/537.36 (KHTML, like Gecko) Chrome/148.0.7778.96 Mobile Safari/537.36 (compatible; GoogleOther)"
2607:5500:3000:95::2 - - [16/May/2026:03:16:10 +0000] "POST /wordpress/wp-cron.php?doing_wp_cron=1778901370.3626110553741455078125 HTTP/1.1" 404 89930 "-" "WordPress/6.9.4; https://moabmonsters.com"
66.249.79.5 - - [16/May/2026:03:16:11 +0000] "GET /society/serial/e40cldop1xomoa5.html HTTP/1.1" 404 89825 "-" "Mozilla/5.0 (Linux; Android 6.0.1; Nexus 5X Build/MMB29P) AppleWebKit/537.36 (KHTML, like Gecko) Chrome/148.0.7778.96 Mobile Safari/537.36 (compatible; GoogleOther)"
66.249.79.5 - - [16/May/2026:03:16:16 +0000] "GET /echelon/possession/edtz2ihci2h3afy.html HTTP/1.1" 404 89837 "-" "Mozilla/5.0 (Linux; Android 6.0.1; Nexus 5X Build/MMB29P) AppleWebKit/537.36 (KHTML, like Gecko) Chrome/148.0.7778.96 Mobile Safari/537.36 (compatible; GoogleOther)"
66.249.79.5 - - [16/May/2026:03:16:22 +0000] "GET /taxonomy/equipment/eigydh4nt14eael.html HTTP/1.1" 404 89837 "-" "Mozilla/5.0 (Linux; Android 6.0.1; Nexus 5X Build/MMB29P) AppleWebKit/537.36 (KHTML, like Gecko) Chrome/148.0.7778.96 Mobile Safari/537.36 (compatible; GoogleOther)"
66.249.79.5 - - [16/May/2026:03:16:37 +0000] "GET /strain/product/euwh5lkkl5k6zi1.html HTTP/1.1" 404 89825 "-" "Mozilla/5.0 (Linux; Android 6.0.1; Nexus 5X Build/MMB29P) AppleWebKit/537.36 (KHTML, like Gecko) Chrome/148.0.7778.96 Mobile Safari/537.36 (compatible; GoogleOther)"
66.249.79.7 - - [16/May/2026:03:17:06 +0000] "GET /territory/freight/dqlh6y91mi97qvq.html HTTP/1.1" 404 89834 "-" "Mozilla/5.0 (Linux; Android 6.0.1; Nexus 5X Build/MMB29P) AppleWebKit/537.36 (KHTML, like Gecko) Chrome/148.0.7778.96 Mobile Safari/537.36 (compatible; GoogleOther)"
66.249.79.5 - - [16/May/2026:03:17:10 +0000] "GET /edition/particle/eulv6y9gmi97wvq.html HTTP/1.1" 404 89831 "-" "Mozilla/5.0 (Linux; Android 6.0.1; Nexus 5X Build/MMB29P) AppleWebKit/537.36 (KHTML, like Gecko) Chrome/148.0.7778.96 Mobile Safari/537.36 (compatible; GoogleOther)"
2607:5500:3000:95::2 - - [16/May/2026:03:17:12 +0000] "POST /wordpress/wp-cron.php?doing_wp_cron=1778901432.7179369926452636718750 HTTP/1.1" 404 89930 "-" "WordPress/6.9.4; https://moabmonsters.com"
66.249.79.5 - - [16/May/2026:03:17:22 +0000] "GET /group/property/e0dtae1mqy1bibi.html HTTP/1.1" 404 89825 "-" "Mozilla/5.0 (Linux; Android 6.0.1; Nexus 5X Build/MMB29P) AppleWebKit/537.36 (KHTML, like Gecko) Chrome/148.0.7778.96 Mobile Safari/537.36 (compatible; GoogleOther)"
66.249.79.5 - - [16/May/2026:03:17:48 +0000] "GET /pride/class/eexvialhyulj572.html HTTP/1.1" 200 219038 "-" "Mozilla/5.0 (Linux; Android 6.0.1; Nexus 5X Build/MMB29P) AppleWebKit/537.36 (KHTML, like Gecko) Chrome/148.0.7778.96 Mobile Safari/537.36 (compatible; Googlebot/2.1; +http://www.google.com/bot.html)"
66.249.79.5 - - [16/May/2026:03:17:50 +0000] "GET /demographic/gear/dkfp0s30gc31jpk.html HTTP/1.1" 404 89831 "-" "Mozilla/5.0 (Linux; Android 6.0.1; Nexus 5X Build/MMB29P) AppleWebKit/537.36 (KHTML, like Gecko) Chrome/148.0.7778.96 Mobile Safari/537.36 (compatible; GoogleOther)"
66.249.79.7 - - [16/May/2026:03:18:05 +0000] "GET /assortment/segment/e7nlwcbfcwbx79s.html HTTP/1.1" 404 89837 "-" "Mozilla/5.0 (Linux; Android 6.0.1; Nexus 5X Build/MMB29P) AppleWebKit/537.36 (KHTML, like Gecko) Chrome/148.0.7778.96 Mobile Safari/537.36 (compatible; GoogleOther)"
66.249.79.5 - - [16/May/2026:03:18:09 +0000] "GET /pattern/kind/e3jcgk7hw47hdho.html HTTP/1.1" 404 89819 "-" "Mozilla/5.0 (Linux; Android 6.0.1; Nexus 5X Build/MMB29P) AppleWebKit/537.36 (KHTML, like Gecko) Chrome/148.0.7778.96 Mobile Safari/537.36 (compatible; GoogleOther)"
66.249.79.5 - - [16/May/2026:03:18:13 +0000] "GET /factor/proceeds/ehh9q65c6q5rq3m.html HTTP/1.1" 404 89828 "-" "Mozilla/5.0 (Linux; Android 6.0.1; Nexus 5X Build/MMB29P) AppleWebKit/537.36 (KHTML, like Gecko) Chrome/148.0.7778.96 Mobile Safari/537.36 (compatible; GoogleOther)"
2607:5500:3000:95::2 - - [16/May/2026:03:18:15 +0000] "POST /wordpress/wp-cron.php?doing_wp_cron=1778901495.7597761154174804687500 HTTP/1.1" 404 89930 "-" "WordPress/6.9.4; https://moabmonsters.com"
66.249.79.5 - - [16/May/2026:03:18:18 +0000] "GET /ilk/system/e7zp8onso8n9wl4.html HTTP/1.1" 404 89813 "-" "Mozilla/5.0 (Linux; Android 6.0.1; Nexus 5X Build/MMB29P) AppleWebKit/537.36 (KHTML, like Gecko) Chrome/148.0.7778.96 Mobile Safari/537.36 (compatible; GoogleOther)"
66.249.79.5 - - [16/May/2026:03:18:22 +0000] "GET /version/edition/de9fumx4a6xv5je.html HTTP/1.1" 404 89828 "-" "Mozilla/5.0 (Linux; Android 6.0.1; Nexus 5X Build/MMB29P) AppleWebKit/537.36 (KHTML, like Gecko) Chrome/148.0.7778.96 Mobile Safari/537.36 (compatible; GoogleOther)"
66.249.79.7 - - [16/May/2026:03:19:03 +0000] "GET /set/division/e5xvialtyuljz72.html HTTP/1.1" 404 89819 "-" "Mozilla/5.0 (Linux; Android 6.0.1; Nexus 5X Build/MMB29P) AppleWebKit/537.36 (KHTML, like Gecko) Chrome/148.0.7778.96 Mobile Safari/537.36 (compatible; GoogleOther)"
66.249.79.5 - - [16/May/2026:03:19:08 +0000] "GET /element/abhelp/f6ll6y9bmwpzsz6.html HTTP/1.1" 404 89825 "-" "Mozilla/5.0 (Linux; Android 6.0.1; Nexus 5X Build/MMB29P) AppleWebKit/537.36 (KHTML, like Gecko) Chrome/148.0.7778.96 Mobile Safari/537.36 (compatible; GoogleOther)"
66.249.79.5 - - [16/May/2026:03:19:19 +0000] "GET /genus/fixture/el0aldov1xom8a5.html HTTP/1.1" 404 89822 "-" "Mozilla/5.0 (Linux; Android 6.0.1; Nexus 5X Build/MMB29P) AppleWebKit/537.36 (KHTML, like Gecko) Chrome/148.0.7778.96 Mobile Safari/537.36 (compatible; GoogleOther)"
2607:5500:3000:95::2 - - [16/May/2026:03:19:21 +0000] "POST /wordpress/wp-cron.php?doing_wp_cron=1778901561.4398539066314697265625 HTTP/1.1" 404 89930 "-" "WordPress/6.9.4; https://moabmonsters.com"
66.249.79.5 - - [16/May/2026:03:19:23 +0000] "GET /grouping/residue/e5i73v6kjf64bsn.html HTTP/1.1" 404 89831 "-" "Mozilla/5.0 (Linux; Android 6.0.1; Nexus 5X Build/MMB29P) AppleWebKit/537.36 (KHTML, like Gecko) Chrome/148.0.7778.96 Mobile Safari/537.36 (compatible; GoogleOther)"
66.249.79.5 - - [16/May/2026:03:19:28 +0000] "GET /denomination/section/ecu0f7ievrigr4z.html HTTP/1.1" 404 89843 "-" "Mozilla/5.0 (Linux; Android 6.0.1; Nexus 5X Build/MMB29P) AppleWebKit/537.36 (KHTML, like Gecko) Chrome/148.0.7778.96 Mobile Safari/537.36 (compatible; GoogleOther)"
66.249.79.5 - - [16/May/2026:03:20:02 +0000] "GET /section/make/egdlae1uqy1bibi.html HTTP/1.1" 404 89819 "-" "Mozilla/5.0 (Linux; Android 6.0.1; Nexus 5X Build/MMB29P) AppleWebKit/537.36 (KHTML, like Gecko) Chrome/148.0.7778.96 Mobile Safari/537.36 (compatible; GoogleOther)"
66.249.79.7 - - [16/May/2026:03:20:07 +0000] "GET /bracket/tool/enp2mqd82adn6nu.html HTTP/1.1" 404 89819 "-" "Mozilla/5.0 (Linux; Android 6.0.1; Nexus 5X Build/MMB29P) AppleWebKit/537.36 (KHTML, like Gecko) Chrome/148.0.7778.96 Mobile Safari/537.36 (compatible; GoogleOther)"
66.249.79.6 - - [16/May/2026:03:20:11 +0000] "GET /edition/stock/eijugk7hw47hjho.html HTTP/1.1" 404 89822 "-" "Mozilla/5.0 (Linux; Android 6.0.1; Nexus 5X Build/MMB29P) AppleWebKit/537.36 (KHTML, like Gecko) Chrome/148.0.7778.96 Mobile Safari/537.36 (compatible; GoogleOther)"
66.249.79.7 - - [16/May/2026:03:20:18 +0000] "GET /system/return/dql36y9nmi97cvq.html HTTP/1.1" 404 89822 "-" "Mozilla/5.0 (Linux; Android 6.0.1; Nexus 5X Build/MMB29P) AppleWebKit/537.36 (KHTML, like Gecko) Chrome/148.0.7778.96 Mobile Safari/537.36 (compatible; GoogleOther)"
66.249.79.6 - - [16/May/2026:03:20:22 +0000] "GET /tier/work/em53eutouetf4ra.html HTTP/1.1" 404 89810 "-" "Mozilla/5.0 (Linux; Android 6.0.1; Nexus 5X Build/MMB29P) AppleWebKit/537.36 (KHTML, like Gecko) Chrome/148.0.7778.96 Mobile Safari/537.36 (compatible; GoogleOther)"
2607:5500:3000:95::2 - - [16/May/2026:03:20:24 +0000] "POST /wordpress/wp-cron.php?doing_wp_cron=1778901624.7018790245056152343750 HTTP/1.1" 404 89930 "-" "WordPress/6.9.4; https://moabmonsters.com"
66.249.79.5 - - [16/May/2026:03:21:02 +0000] "GET /matrix/particle/eetm2ihqi2h3yfy.html HTTP/1.1" 404 89828 "-" "Mozilla/5.0 (Linux; Android 6.0.1; Nexus 5X Build/MMB29P) AppleWebKit/537.36 (KHTML, like Gecko) Chrome/148.0.7778.96 Mobile Safari/537.36 (compatible; GoogleOther)"
66.249.79.6 - - [16/May/2026:03:21:06 +0000] "GET /hierarchy/lot/dhcpxp01d90ytmh.html HTTP/1.1" 404 89822 "-" "Mozilla/5.0 (Linux; Android 6.0.1; Nexus 5X Build/MMB29P) AppleWebKit/537.36 (KHTML, like Gecko) Chrome/148.0.7778.96 Mobile Safari/537.36 (compatible; GoogleOther)"
66.249.79.4 - - [16/May/2026:03:21:17 +0000] "GET /matrix/subassembly/em53eutquetfura.html HTTP/1.1" 200 230611 "-" "Mozilla/5.0 (Linux; Android 6.0.1; Nexus 5X Build/MMB29P) AppleWebKit/537.36 (KHTML, like Gecko) Chrome/148.0.7778.96 Mobile Safari/537.36 (compatible; Googlebot/2.1; +http://www.google.com/bot.html)"
66.249.79.3 - - [16/May/2026:03:21:17 +0000] "GET /population/portion/em1ny2pcempzoz6.html HTTP/1.1" 404 89837 "-" "Mozilla/5.0 (Linux; Android 6.0.1; Nexus 5X Build/MMB29P) AppleWebKit/537.36 (KHTML, like Gecko) Chrome/148.0.7778.96 Mobile Safari/537.36 (compatible; GoogleOther)"
66.249.79.4 - - [16/May/2026:03:21:21 +0000] "GET /quality/case/ew54eutsuetf0ra.html HTTP/1.1" 404 89819 "-" "Mozilla/5.0 (Linux; Android 6.0.1; Nexus 5X Build/MMB29P) AppleWebKit/537.36 (KHTML, like Gecko) Chrome/148.0.7778.96 Mobile Safari/537.36 (compatible; GoogleOther)"
66.249.79.4 - - [16/May/2026:03:22:01 +0000] "GET /level/supply/ewtj2ihdi2h39fy.html HTTP/1.1" 404 89819 "-" "Mozilla/5.0 (Linux; Android 6.0.1; Nexus 5X Build/MMB29P) AppleWebKit/537.36 (KHTML, like Gecko) Chrome/148.0.7778.96 Mobile Safari/537.36 (compatible; GoogleOther)"
2607:5500:3000:95::2 - - [16/May/2026:03:22:03 +0000] "POST /wordpress/wp-cron.php?doing_wp_cron=1778901723.0910730361938476562500 HTTP/1.1" 404 89930 "-" "WordPress/6.9.4; https://moabmonsters.com"
66.249.79.4 - - [16/May/2026:03:22:05 +0000] "GET /element/sort/es7d48vvksv5p5c.html HTTP/1.1" 404 89819 "-" "Mozilla/5.0 (Linux; Android 6.0.1; Nexus 5X Build/MMB29P) AppleWebKit/537.36 (KHTML, like Gecko) Chrome/148.0.7778.96 Mobile Safari/537.36 (compatible; GoogleOther)"
66.249.79.5 - - [16/May/2026:03:22:13 +0000] "GET /items/Z122909365/ HTTP/1.1" 404 89771 "-" "Mozilla/5.0 (Linux; Android 6.0.1; Nexus 5X Build/MMB29P) AppleWebKit/537.36 (KHTML, like Gecko) Chrome/148.0.7778.96 Mobile Safari/537.36 (compatible; GoogleOther)"
66.249.79.5 - - [16/May/2026:03:22:17 +0000] "GET /sort/sort/est22ihqi2h3ify.html HTTP/1.1" 404 89810 "-" "Mozilla/5.0 (Linux; Android 6.0.1; Nexus 5X Build/MMB29P) AppleWebKit/537.36 (KHTML, like Gecko) Chrome/148.0.7778.96 Mobile Safari/537.36 (compatible; GoogleOther)"
66.249.79.3 - - [16/May/2026:03:22:21 +0000] "GET /herd/particle/eulz6y9umi97mvq.html HTTP/1.1" 404 89822 "-" "Mozilla/5.0 (Linux; Android 6.0.1; Nexus 5X Build/MMB29P) AppleWebKit/537.36 (KHTML, like Gecko) Chrome/148.0.7778.96 Mobile Safari/537.36 (compatible; GoogleOther)"
66.249.79.3 - - [16/May/2026:03:23:00 +0000] "GET /area/specification/e0i43v6jjf64ksn.html HTTP/1.1" 404 89837 "-" "Mozilla/5.0 (Linux; Android 6.0.1; Nexus 5X Build/MMB29P) AppleWebKit/537.36 (KHTML, like Gecko) Chrome/148.0.7778.96 Mobile Safari/537.36 (compatible; GoogleOther)"
66.249.79.4 - - [16/May/2026:03:23:04 +0000] "GET /herd/consequence/d83qogr740rped8.html HTTP/1.1" 404 89831 "-" "Mozilla/5.0 (Linux; Android 6.0.1; Nexus 5X Build/MMB29P) AppleWebKit/537.36 (KHTML, like Gecko) Chrome/148.0.7778.96 Mobile Safari/537.36 (compatible; GoogleOther)"
2607:5500:3000:95::2 - - [16/May/2026:03:23:06 +0000] "POST /wordpress/wp-cron.php?doing_wp_cron=1778901786.2126970291137695312500 HTTP/1.1" 404 89930 "-" "WordPress/6.9.4; https://moabmonsters.com"
66.249.79.3 - - [16/May/2026:03:23:16 +0000] "GET /cluster/installment/ecle6y9gmi97kvq.html HTTP/1.1" 404 89840 "-" "Mozilla/5.0 (Linux; Android 6.0.1; Nexus 5X Build/MMB29P) AppleWebKit/537.36 (KHTML, like Gecko) Chrome/148.0.7778.96 Mobile Safari/537.36 (compatible; GoogleOther)"
66.249.79.3 - - [16/May/2026:03:23:21 +0000] "GET /chapter/substance/edxqialqyuljs72.html HTTP/1.1" 404 89834 "-" "Mozilla/5.0 (Linux; Android 6.0.1; Nexus 5X Build/MMB29P) AppleWebKit/537.36 (KHTML, like Gecko) Chrome/148.0.7778.96 Mobile Safari/537.36 (compatible; GoogleOther)"
66.249.79.3 - - [16/May/2026:03:23:59 +0000] "GET /conglomeration/volume/efip3v6mjf64tsn.html HTTP/1.1" 404 89846 "-" "Mozilla/5.0 (Linux; Android 6.0.1; Nexus 5X Build/MMB29P) AppleWebKit/537.36 (KHTML, like Gecko) Chrome/148.0.7778.96 Mobile Safari/537.36 (compatible; GoogleOther)"
66.249.79.3 - - [16/May/2026:03:24:03 +0000] "GET /graph/fabrication/dlsnptgx5dgqhqx.html HTTP/1.1" 404 89834 "-" "Mozilla/5.0 (Linux; Android 6.0.1; Nexus 5X Build/MMB29P) AppleWebKit/537.36 (KHTML, like Gecko) Chrome/148.0.7778.96 Mobile Safari/537.36 (compatible; GoogleOther)"
66.249.79.3 - - [16/May/2026:03:24:16 +0000] "GET /province/proceeds/ehknt98c9t8u56p.html HTTP/1.1" 404 89834 "-" "Mozilla/5.0 (Linux; Android 6.0.1; Nexus 5X Build/MMB29P) AppleWebKit/537.36 (KHTML, like Gecko) Chrome/148.0.7778.96 Mobile Safari/537.36 (compatible; GoogleOther)"
2607:5500:3000:95::2 - - [16/May/2026:03:24:17 +0000] "POST /wordpress/wp-cron.php?doing_wp_cron=1778901857.8795969486236572265625 HTTP/1.1" 404 89930 "-" "WordPress/6.9.4; https://moabmonsters.com"
66.249.79.3 - - [16/May/2026:03:24:21 +0000] "GET /colony/installment/e48yhxwqxhwilud.html HTTP/1.1" 404 89837 "-" "Mozilla/5.0 (Linux; Android 6.0.1; Nexus 5X Build/MMB29P) AppleWebKit/537.36 (KHTML, like Gecko) Chrome/148.0.7778.96 Mobile Safari/537.36 (compatible; GoogleOther)"
66.249.79.3 - - [16/May/2026:03:24:28 +0000] "GET /genre/material/ew5peutquetfara.html HTTP/1.1" 404 89825 "-" "Mozilla/5.0 (Linux; Android 6.0.1; Nexus 5X Build/MMB29P) AppleWebKit/537.36 (KHTML, like Gecko) Chrome/148.0.7778.96 Mobile Safari/537.36 (compatible; GoogleOther)"
66.249.79.3 - - [16/May/2026:03:24:46 +0000] "GET /items/P147907981// HTTP/1.1" 200 225129 "-" "Mozilla/5.0 (Linux; Android 6.0.1; Nexus 5X Build/MMB29P) AppleWebKit/537.36 (KHTML, like Gecko) Chrome/148.0.7778.96 Mobile Safari/537.36 (compatible; Googlebot/2.1; +http://www.google.com/bot.html)"
66.249.79.3 - - [16/May/2026:03:24:58 +0000] "GET /edition/consequence/ey5teutduetftra.html HTTP/1.1" 404 89840 "-" "Mozilla/5.0 (Linux; Android 6.0.1; Nexus 5X Build/MMB29P) AppleWebKit/537.36 (KHTML, like Gecko) Chrome/148.0.7778.96 Mobile Safari/537.36 (compatible; GoogleOther)"
66.249.79.3 - - [16/May/2026:03:25:02 +0000] "GET /heading/appliance/ey8ghxwexhwilud.html HTTP/1.1" 404 89834 "-" "Mozilla/5.0 (Linux; Android 6.0.1; Nexus 5X Build/MMB29P) AppleWebKit/537.36 (KHTML, like Gecko) Chrome/148.0.7778.96 Mobile Safari/537.36 (compatible; GoogleOther)"
66.249.79.3 - - [16/May/2026:03:25:09 +0000] "GET /cluster/consignment/ecfv0s3ogc31mpk.html HTTP/1.1" 404 89840 "-" "Mozilla/5.0 (Linux; Android 6.0.1; Nexus 5X Build/MMB29P) AppleWebKit/537.36 (KHTML, like Gecko) Chrome/148.0.7778.96 Mobile Safari/537.36 (compatible; GoogleOther)"
66.249.79.3 - - [16/May/2026:03:25:17 +0000] "GET /grouping/assembly/e5q3zfekfze0jcv.html HTTP/1.1" 404 89834 "-" "Mozilla/5.0 (Linux; Android 6.0.1; Nexus 5X Build/MMB29P) AppleWebKit/537.36 (KHTML, like Gecko) Chrome/148.0.7778.96 Mobile Safari/537.36 (compatible; GoogleOther)"
2607:5500:3000:95::2 - - [16/May/2026:03:25:19 +0000] "POST /wordpress/wp-cron.php?doing_wp_cron=1778901919.0683751106262207031250 HTTP/1.1" 404 89930 "-" "WordPress/6.9.4; https://moabmonsters.com"
66.249.79.3 - - [16/May/2026:03:25:24 +0000] "GET /institution/prototype/eayevzmlbjmwiw3.html HTTP/1.1" 404 89846 "-" "Mozilla/5.0 (Linux; Android 6.0.1; Nexus 5X Build/MMB29P) AppleWebKit/537.36 (KHTML, like Gecko) Chrome/148.0.7778.96 Mobile Safari/537.36 (compatible; GoogleOther)"
66.249.79.3 - - [16/May/2026:03:25:59 +0000] "GET /conglomeration/gear/ej4815shhps2q29.html HTTP/1.1" 404 89840 "-" "Mozilla/5.0 (Linux; Android 6.0.1; Nexus 5X Build/MMB29P) AppleWebKit/537.36 (KHTML, like Gecko) Chrome/148.0.7778.96 Mobile Safari/537.36 (compatible; GoogleOther)"
66.249.79.3 - - [16/May/2026:03:26:03 +0000] "GET /unit/range/ex21brqerbqc5o7.html HTTP/1.1" 404 89813 "-" "Mozilla/5.0 (Linux; Android 6.0.1; Nexus 5X Build/MMB29P) AppleWebKit/537.36 (KHTML, like Gecko) Chrome/148.0.7778.96 Mobile Safari/537.36 (compatible; GoogleOther)"
66.249.79.3 - - [16/May/2026:03:26:16 +0000] "GET /colony/remnant/egij3v6ejf647sn.html HTTP/1.1" 404 89825 "-" "Mozilla/5.0 (Linux; Android 6.0.1; Nexus 5X Build/MMB29P) AppleWebKit/537.36 (KHTML, like Gecko) Chrome/148.0.7778.96 Mobile Safari/537.36 (compatible; GoogleOther)"
66.249.79.3 - - [16/May/2026:03:26:26 +0000] "GET /realm/version/e47w48viksv505c.html HTTP/1.1" 404 89822 "-" "Mozilla/5.0 (Linux; Android 6.0.1; Nexus 5X Build/MMB29P) AppleWebKit/537.36 (KHTML, like Gecko) Chrome/148.0.7778.96 Mobile Safari/537.36 (compatible; GoogleOther)"
2607:5500:3000:95::2 - - [16/May/2026:03:26:28 +0000] "POST /wordpress/wp-cron.php?doing_wp_cron=1778901988.6519699096679687500000 HTTP/1.1" 404 89930 "-" "WordPress/6.9.4; https://moabmonsters.com"
66.249.79.3 - - [16/May/2026:03:26:31 +0000] "GET /hierarchy/abtameru/et5yeutpuetf3ra.html HTTP/1.1" 404 89837 "-" "Mozilla/5.0 (Linux; Android 6.0.1; Nexus 5X Build/MMB29P) AppleWebKit/537.36 (KHTML, like Gecko) Chrome/148.0.7778.96 Mobile Safari/537.36 (compatible; GoogleOther)"
66.249.79.3 - - [16/May/2026:03:26:59 +0000] "GET /division/tool/e3vyswje8gjtat0.html HTTP/1.1" 404 89822 "-" "Mozilla/5.0 (Linux; Android 6.0.1; Nexus 5X Build/MMB29P) AppleWebKit/537.36 (KHTML, like Gecko) Chrome/148.0.7778.96 Mobile Safari/537.36 (compatible; GoogleOther)"
66.249.79.3 - - [16/May/2026:03:27:03 +0000] "GET /field/release/eqo991cfplcauyt.html HTTP/1.1" 404 89822 "-" "Mozilla/5.0 (Linux; Android 6.0.1; Nexus 5X Build/MMB29P) AppleWebKit/537.36 (KHTML, like Gecko) Chrome/148.0.7778.96 Mobile Safari/537.36 (compatible; GoogleOther)"
66.249.79.3 - - [16/May/2026:03:27:16 +0000] "GET /element/case/ec7b48vpksv5r5c.html HTTP/1.1" 404 89819 "-" "Mozilla/5.0 (Linux; Android 6.0.1; Nexus 5X Build/MMB29P) AppleWebKit/537.36 (KHTML, like Gecko) Chrome/148.0.7778.96 Mobile Safari/537.36 (compatible; GoogleOther)"
66.249.79.5 - - [16/May/2026:03:28:08 +0000] "GET /property/piece/ev7a48vcksv5o5c.html HTTP/1.1" 404 89825 "-" "Mozilla/5.0 (Linux; Android 6.0.1; Nexus 5X Build/MMB29P) AppleWebKit/537.36 (KHTML, like Gecko) Chrome/148.0.7778.96 Mobile Safari/537.36 (compatible; GoogleOther)"
2607:5500:3000:95::2 - - [16/May/2026:03:28:10 +0000] "POST /wordpress/wp-cron.php?doing_wp_cron=1778902090.4081449508666992187500 HTTP/1.1" 404 89930 "-" "WordPress/6.9.4; https://moabmonsters.com"
66.249.79.4 - - [16/May/2026:03:28:13 +0000] "GET /sphere/tool/e71ry2pkempz2z6.html HTTP/1.1" 404 89816 "-" "Mozilla/5.0 (Linux; Android 6.0.1; Nexus 5X Build/MMB29P) AppleWebKit/537.36 (KHTML, like Gecko) Chrome/148.0.7778.96 Mobile Safari/537.36 (compatible; GoogleOther)"
66.249.79.4 - - [16/May/2026:03:28:16 +0000] "GET /kingdom/ware/e3b2k0zu0kzlixg.html HTTP/1.1" 200 221151 "-" "Mozilla/5.0 (Linux; Android 6.0.1; Nexus 5X Build/MMB29P) AppleWebKit/537.36 (KHTML, like Gecko) Chrome/148.0.7778.96 Mobile Safari/537.36 (compatible; Googlebot/2.1; +http://www.google.com/bot.html)"
66.249.79.3 - - [16/May/2026:03:28:24 +0000] "GET /heading/construction/eyxiialdyuljl72.html HTTP/1.1" 404 89843 "-" "Mozilla/5.0 (Linux; Android 6.0.1; Nexus 5X Build/MMB29P) AppleWebKit/537.36 (KHTML, like Gecko) Chrome/148.0.7778.96 Mobile Safari/537.36 (compatible; GoogleOther)"
66.249.79.3 - - [16/May/2026:03:28:28 +0000] "GET /feature/return/ew8lhxwmxhwi9ud.html HTTP/1.1" 404 89825 "-" "Mozilla/5.0 (Linux; Android 6.0.1; Nexus 5X Build/MMB29P) AppleWebKit/537.36 (KHTML, like Gecko) Chrome/148.0.7778.96 Mobile Safari/537.36 (compatible; GoogleOther)"
66.249.79.3 - - [16/May/2026:03:29:05 +0000] "GET /catalogue/residue/ex9zumxla6xvvje.html HTTP/1.1" 404 89834 "-" "Mozilla/5.0 (Linux; Android 6.0.1; Nexus 5X Build/MMB29P) AppleWebKit/537.36 (KHTML, like Gecko) Chrome/148.0.7778.96 Mobile Safari/537.36 (compatible; GoogleOther)"
37.27.51.141 - - [16/May/2026:03:29:10 +0000] "GET /robots.txt HTTP/1.1" 200 100 "-" "Mozilla/5.0 (compatible; SERankingBacklinksBot/1.0; +https://seranking.com/backlinks-crawler)"
66.249.79.3 - - [16/May/2026:03:29:10 +0000] "GET /division/gear/efon91cfplca4yt.html HTTP/1.1" 404 89822 "-" "Mozilla/5.0 (Linux; Android 6.0.1; Nexus 5X Build/MMB29P) AppleWebKit/537.36 (KHTML, like Gecko) Chrome/148.0.7778.96 Mobile Safari/537.36 (compatible; GoogleOther)"
2607:5500:3000:95::2 - - [16/May/2026:03:29:11 +0000] "POST /wordpress/wp-cron.php?doing_wp_cron=1778902151.8998761177062988281250 HTTP/1.1" 404 89930 "-" "WordPress/6.9.4; https://moabmonsters.com"
37.27.51.141 - - [16/May/2026:03:29:11 +0000] "GET /author/dave-dan/pri HTTP/1.1" 404 89780 "-" "Mozilla/5.0 (compatible; SERankingBacklinksBot/1.0; +https://seranking.com/backlinks-crawler)"
2607:5500:3000:95::2 - - [16/May/2026:03:29:13 +0000] "POST /wordpress/wp-cron.php?doing_wp_cron=1778902153.1282410621643066406250 HTTP/1.1" 404 89930 "-" "WordPress/6.9.4; https://moabmonsters.com"
66.249.79.3 - - [16/May/2026:03:29:14 +0000] "GET /feature/section/esm6jnarz7ak0kr.html HTTP/1.1" 404 89828 "-" "Mozilla/5.0 (Linux; Android 6.0.1; Nexus 5X Build/MMB29P) AppleWebKit/537.36 (KHTML, like Gecko) Chrome/148.0.7778.96 Mobile Safari/537.36 (compatible; GoogleOther)"
66.249.79.3 - - [16/May/2026:03:29:21 +0000] "GET /pattern/fort-rules/e36prjuu73us1gb.html HTTP/1.1" 404 89837 "-" "Mozilla/5.0 (Linux; Android 6.0.1; Nexus 5X Build/MMB29P) AppleWebKit/537.36 (KHTML, like Gecko) Chrome/148.0.7778.96 Mobile Safari/537.36 (compatible; GoogleOther)"
66.249.79.3 - - [16/May/2026:03:29:29 +0000] "GET /institution/portion/e62abrqhrbqcqo7.html HTTP/1.1" 404 89840 "-" "Mozilla/5.0 (Linux; Android 6.0.1; Nexus 5X Build/MMB29P) AppleWebKit/537.36 (KHTML, like Gecko) Chrome/148.0.7778.96 Mobile Safari/537.36 (compatible; GoogleOther)"
66.249.79.3 - - [16/May/2026:03:29:34 +0000] "GET /colony/module/ewvbswjh8gjt3t0.html HTTP/1.1" 404 89822 "-" "Mozilla/5.0 (Linux; Android 6.0.1; Nexus 5X Build/MMB29P) AppleWebKit/537.36 (KHTML, like Gecko) Chrome/148.0.7778.96 Mobile Safari/537.36 (compatible; GoogleOther)"
66.249.79.3 - - [16/May/2026:03:29:50 +0000] "GET /coterie/instrument/eeb0k0z70kzlxxg.html HTTP/1.1" 404 89837 "-" "Mozilla/5.0 (Linux; Android 6.0.1; Nexus 5X Build/MMB29P) AppleWebKit/537.36 (KHTML, like Gecko) Chrome/148.0.7778.96 Mobile Safari/537.36 (compatible; GoogleOther)"
66.249.79.3 - - [16/May/2026:03:30:05 +0000] "GET /colony/sort/ewy3vzmcbjmw1w3.html HTTP/1.1" 404 89816 "-" "Mozilla/5.0 (Linux; Android 6.0.1; Nexus 5X Build/MMB29P) AppleWebKit/537.36 (KHTML, like Gecko) Chrome/148.0.7778.96 Mobile Safari/537.36 (compatible; GoogleOther)"
66.249.79.4 - - [16/May/2026:03:30:09 +0000] "GET /taxonomy/freight/d2xlial9yuljm72.html HTTP/1.1" 404 89831 "-" "Mozilla/5.0 (Linux; Android 6.0.1; Nexus 5X Build/MMB29P) AppleWebKit/537.36 (KHTML, like Gecko) Chrome/148.0.7778.96 Mobile Safari/537.36 (compatible; GoogleOther)"
66.249.79.4 - - [16/May/2026:03:30:22 +0000] "GET /graph/part/et4x15sjhps2w29.html HTTP/1.1" 404 89813 "-" "Mozilla/5.0 (Linux; Android 6.0.1; Nexus 5X Build/MMB29P) AppleWebKit/537.36 (KHTML, like Gecko) Chrome/148.0.7778.96 Mobile Safari/537.36 (compatible; GoogleOther)"
2607:5500:3000:95::2 - - [16/May/2026:03:30:24 +0000] "POST /wordpress/wp-cron.php?doing_wp_cron=1778902224.2277789115905761718750 HTTP/1.1" 404 89930 "-" "WordPress/6.9.4; https://moabmonsters.com"
66.249.79.3 - - [16/May/2026:03:30:26 +0000] "GET /association/accomplishment/er0kldoq1xomra5.html HTTP/1.1" 404 89861 "-" "Mozilla/5.0 (Linux; Android 6.0.1; Nexus 5X Build/MMB29P) AppleWebKit/537.36 (KHTML, like Gecko) Chrome/148.0.7778.96 Mobile Safari/537.36 (compatible; GoogleOther)"
66.249.79.5 - - [16/May/2026:03:31:07 +0000] "GET /group/property/e0vvswjk8gjtmt0.html HTTP/1.1" 404 89825 "-" "Mozilla/5.0 (Linux; Android 6.0.1; Nexus 5X Build/MMB29P) AppleWebKit/537.36 (KHTML, like Gecko) Chrome/148.0.7778.96 Mobile Safari/537.36 (compatible; GoogleOther)"
66.249.79.3 - - [16/May/2026:03:31:11 +0000] "GET /fraternity/piece/enip3v6qjf64hsn.html HTTP/1.1" 404 89831 "-" "Mozilla/5.0 (Linux; Android 6.0.1; Nexus 5X Build/MMB29P) AppleWebKit/537.36 (KHTML, like Gecko) Chrome/148.0.7778.96 Mobile Safari/537.36 (compatible; GoogleOther)"
66.249.79.3 - - [16/May/2026:03:31:22 +0000] "GET /colony/consignment/ewh0q65j6q5rf3m.html HTTP/1.1" 404 89837 "-" "Mozilla/5.0 (Linux; Android 6.0.1; Nexus 5X Build/MMB29P) AppleWebKit/537.36 (KHTML, like Gecko) Chrome/148.0.7778.96 Mobile Safari/537.36 (compatible; GoogleOther)"
2607:5500:3000:95::2 - - [16/May/2026:03:31:24 +0000] "POST /wordpress/wp-cron.php?doing_wp_cron=1778902284.5058128833770751953125 HTTP/1.1" 404 89930 "-" "WordPress/6.9.4; https://moabmonsters.com"
66.249.79.3 - - [16/May/2026:03:31:26 +0000] "GET /type/equipment/euf10s3jgc31tpk.html HTTP/1.1" 404 89825 "-" "Mozilla/5.0 (Linux; Android 6.0.1; Nexus 5X Build/MMB29P) AppleWebKit/537.36 (KHTML, like Gecko) Chrome/148.0.7778.96 Mobile Safari/537.36 (compatible; GoogleOther)"
66.249.79.5 - - [16/May/2026:03:31:35 +0000] "GET /type/work/e2rbc4fbsofd51w.html HTTP/1.1" 404 89810 "-" "Mozilla/5.0 (Linux; Android 6.0.1; Nexus 5X Build/MMB29P) AppleWebKit/537.36 (KHTML, like Gecko) Chrome/148.0.7778.96 Mobile Safari/537.36 (compatible; GoogleOther)"
66.249.79.5 - - [16/May/2026:03:31:45 +0000] "GET /clade/manufacture/eov6swji8gjtwt0.html HTTP/1.1" 200 218919 "-" "Mozilla/5.0 (Linux; Android 6.0.1; Nexus 5X Build/MMB29P) AppleWebKit/537.36 (KHTML, like Gecko) Chrome/148.0.7778.96 Mobile Safari/537.36 (compatible; Googlebot/2.1; +http://www.google.com/bot.html)"
66.249.79.6 - - [16/May/2026:03:32:06 +0000] "GET /strain/stock/eiddae1uqy1bqbi.html HTTP/1.1" 404 89819 "-" "Mozilla/5.0 (Linux; Android 6.0.1; Nexus 5X Build/MMB29P) AppleWebKit/537.36 (KHTML, like Gecko) Chrome/148.0.7778.96 Mobile Safari/537.36 (compatible; GoogleOther)"
66.249.79.5 - - [16/May/2026:03:32:10 +0000] "GET /sector/release/eyl46y9qmi97mvq.html HTTP/1.1" 404 89825 "-" "Mozilla/5.0 (Linux; Android 6.0.1; Nexus 5X Build/MMB29P) AppleWebKit/537.36 (KHTML, like Gecko) Chrome/148.0.7778.96 Mobile Safari/537.36 (compatible; GoogleOther)"
66.249.79.5 - - [16/May/2026:03:32:22 +0000] "GET /breed/produce/eh30ogrk40rpkd8.html HTTP/1.1" 404 89822 "-" "Mozilla/5.0 (Linux; Android 6.0.1; Nexus 5X Build/MMB29P) AppleWebKit/537.36 (KHTML, like Gecko) Chrome/148.0.7778.96 Mobile Safari/537.36 (compatible; GoogleOther)"
66.249.79.6 - - [16/May/2026:03:33:03 +0000] "GET /phylum/publication/eypqmqdu2adn6nu.html HTTP/1.1" 404 89837 "-" "Mozilla/5.0 (Linux; Android 6.0.1; Nexus 5X Build/MMB29P) AppleWebKit/537.36 (KHTML, like Gecko) Chrome/148.0.7778.96 Mobile Safari/537.36 (compatible; GoogleOther)"
2607:5500:3000:95::2 - - [16/May/2026:03:33:05 +0000] "POST /wordpress/wp-cron.php?doing_wp_cron=1778902385.2852509021759033203125 HTTP/1.1" 404 89930 "-" "WordPress/6.9.4; https://moabmonsters.com"
66.249.79.5 - - [16/May/2026:03:33:07 +0000] "GET /feature/module/eoll6y9fmi977vq.html HTTP/1.1" 404 89825 "-" "Mozilla/5.0 (Linux; Android 6.0.1; Nexus 5X Build/MMB29P) AppleWebKit/537.36 (KHTML, like Gecko) Chrome/148.0.7778.96 Mobile Safari/537.36 (compatible; GoogleOther)"
66.249.79.5 - - [16/May/2026:03:33:11 +0000] "GET /pattern/system/en8mhxwmxhwifud.html HTTP/1.1" 404 89825 "-" "Mozilla/5.0 (Linux; Android 6.0.1; Nexus 5X Build/MMB29P) AppleWebKit/537.36 (KHTML, like Gecko) Chrome/148.0.7778.96 Mobile Safari/537.36 (compatible; GoogleOther)"
66.249.79.5 - - [16/May/2026:03:33:17 +0000] "GET /facet/build/f8bbk0zb0jrphd8.html HTTP/1.1" 404 89816 "-" "Mozilla/5.0 (Linux; Android 6.0.1; Nexus 5X Build/MMB29P) AppleWebKit/537.36 (KHTML, like Gecko) Chrome/148.0.7778.96 Mobile Safari/537.36 (compatible; GoogleOther)"
66.249.79.5 - - [16/May/2026:03:33:21 +0000] "GET /hierarchy/pattern/e1nuwcblcwbxp9s.html HTTP/1.1" 404 89834 "-" "Mozilla/5.0 (Linux; Android 6.0.1; Nexus 5X Build/MMB29P) AppleWebKit/537.36 (KHTML, like Gecko) Chrome/148.0.7778.96 Mobile Safari/537.36 (compatible; GoogleOther)"
66.249.79.5 - - [16/May/2026:03:33:25 +0000] "GET /province/set/ehnawcbjcwbx39s.html HTTP/1.1" 404 89819 "-" "Mozilla/5.0 (Linux; Android 6.0.1; Nexus 5X Build/MMB29P) AppleWebKit/537.36 (KHTML, like Gecko) Chrome/148.0.7778.96 Mobile Safari/537.36 (compatible; GoogleOther)"
66.249.79.6 - - [16/May/2026:03:34:02 +0000] "GET /sphere/ware/enzb8onbo8n9vl4.html HTTP/1.1" 404 89816 "-" "Mozilla/5.0 (Linux; Android 6.0.1; Nexus 5X Build/MMB29P) AppleWebKit/537.36 (KHTML, like Gecko) Chrome/148.0.7778.96 Mobile Safari/537.36 (compatible; GoogleOther)"
66.249.79.5 - - [16/May/2026:03:34:06 +0000] "GET /breed/utensil/el06ldoi1xomva5.html HTTP/1.1" 404 89822 "-" "Mozilla/5.0 (Linux; Android 6.0.1; Nexus 5X Build/MMB29P) AppleWebKit/537.36 (KHTML, like Gecko) Chrome/148.0.7778.96 Mobile Safari/537.36 (compatible; GoogleOther)"
2607:5500:3000:95::2 - - [16/May/2026:03:34:08 +0000] "POST /wordpress/wp-cron.php?doing_wp_cron=1778902448.1740219593048095703125 HTTP/1.1" 404 89930 "-" "WordPress/6.9.4; https://moabmonsters.com"
66.249.79.6 - - [16/May/2026:03:34:18 +0000] "GET /section/component/ecqmzfekfze05cv.html HTTP/1.1" 404 89834 "-" "Mozilla/5.0 (Linux; Android 6.0.1; Nexus 5X Build/MMB29P) AppleWebKit/537.36 (KHTML, like Gecko) Chrome/148.0.7778.96 Mobile Safari/537.36 (compatible; GoogleOther)"
66.249.79.5 - - [16/May/2026:03:34:22 +0000] "GET /colony/craft/dyhiq65f6q5rc3m.html HTTP/1.1" 404 89819 "-" "Mozilla/5.0 (Linux; Android 6.0.1; Nexus 5X Build/MMB29P) AppleWebKit/537.36 (KHTML, like Gecko) Chrome/148.0.7778.96 Mobile Safari/537.36 (compatible; GoogleOther)"
66.249.79.5 - - [16/May/2026:03:34:34 +0000] "GET /element/installment/egsnptgn5dgqqqx.html HTTP/1.1" 404 89840 "-" "Mozilla/5.0 (Linux; Android 6.0.1; Nexus 5X Build/MMB29P) AppleWebKit/537.36 (KHTML, like Gecko) Chrome/148.0.7778.96 Mobile Safari/537.36 (compatible; GoogleOther)"
66.249.79.5 - - [16/May/2026:03:35:02 +0000] "GET /branch/tool/efq0zfeifze0lcv.html HTTP/1.1" 404 89816 "-" "Mozilla/5.0 (Linux; Android 6.0.1; Nexus 5X Build/MMB29P) AppleWebKit/537.36 (KHTML, like Gecko) Chrome/148.0.7778.96 Mobile Safari/537.36 (compatible; GoogleOther)"
66.249.79.5 - - [16/May/2026:03:35:06 +0000] "GET /tier/work/eq4e15suhps2d29.html HTTP/1.1" 404 89810 "-" "Mozilla/5.0 (Linux; Android 6.0.1; Nexus 5X Build/MMB29P) AppleWebKit/537.36 (KHTML, like Gecko) Chrome/148.0.7778.96 Mobile Safari/537.36 (compatible; GoogleOther)"
66.249.79.5 - - [16/May/2026:03:35:14 +0000] "GET /entity/object/e4bik0zf0kzl1xg.html HTTP/1.1" 200 220108 "-" "Mozilla/5.0 (Linux; Android 6.0.1; Nexus 5X Build/MMB29P) AppleWebKit/537.36 (KHTML, like Gecko) Chrome/148.0.7778.96 Mobile Safari/537.36 (compatible; Googlebot/2.1; +http://www.google.com/bot.html)"
66.249.79.5 - - [16/May/2026:03:35:21 +0000] "GET /model/version/fg3dogrb4k7hqho.html HTTP/1.1" 404 89822 "-" "Mozilla/5.0 (Linux; Android 6.0.1; Nexus 5X Build/MMB29P) AppleWebKit/537.36 (KHTML, like Gecko) Chrome/148.0.7778.96 Mobile Safari/537.36 (compatible; GoogleOther)"
2607:5500:3000:95::2 - - [16/May/2026:03:35:22 +0000] "POST /wordpress/wp-cron.php?doing_wp_cron=1778902522.9216868877410888671875 HTTP/1.1" 404 89930 "-" "WordPress/6.9.4; https://moabmonsters.com"
66.249.79.5 - - [16/May/2026:03:35:25 +0000] "GET /population/belonging/e2qkzfedfze0icv.html HTTP/1.1" 404 89843 "-" "Mozilla/5.0 (Linux; Android 6.0.1; Nexus 5X Build/MMB29P) AppleWebKit/537.36 (KHTML, like Gecko) Chrome/148.0.7778.96 Mobile Safari/537.36 (compatible; GoogleOther)"
66.249.79.5 - - [16/May/2026:03:35:29 +0000] "GET /spectrum/section/eciw3v6ojf64dsn.html HTTP/1.1" 404 89831 "-" "Mozilla/5.0 (Linux; Android 6.0.1; Nexus 5X Build/MMB29P) AppleWebKit/537.36 (KHTML, like Gecko) Chrome/148.0.7778.96 Mobile Safari/537.36 (compatible; GoogleOther)"
66.249.79.5 - - [16/May/2026:03:35:33 +0000] "GET /hierarchy/handicraft/e5j4gk7kw47hoho.html HTTP/1.1" 500 2653 "-" "Mozilla/5.0 (Linux; Android 6.0.1; Nexus 5X Build/MMB29P) AppleWebKit/537.36 (KHTML, like Gecko) Chrome/148.0.7778.96 Mobile Safari/537.36 (compatible; GoogleOther)"
66.249.79.5 - - [16/May/2026:03:35:37 +0000] "GET /faction/object/ek1ky2plempzdz6.html HTTP/1.1" 404 89825 "-" "Mozilla/5.0 (Linux; Android 6.0.1; Nexus 5X Build/MMB29P) AppleWebKit/537.36 (KHTML, like Gecko) Chrome/148.0.7778.96 Mobile Safari/537.36 (compatible; GoogleOther)"
66.249.79.5 - - [16/May/2026:03:35:40 +0000] "GET /set/fabrication/ehtf2ihpi2h3rfy.html HTTP/1.1" 404 89828 "-" "Mozilla/5.0 (Linux; Android 6.0.1; Nexus 5X Build/MMB29P) AppleWebKit/537.36 (KHTML, like Gecko) Chrome/148.0.7778.96 Mobile Safari/537.36 (compatible; GoogleOther)"
66.249.79.7 - - [16/May/2026:03:36:00 +0000] "GET /heading/portion/eqykvzmcbjmwpw3.html HTTP/1.1" 404 89828 "-" "Mozilla/5.0 (Linux; Android 6.0.1; Nexus 5X Build/MMB29P) AppleWebKit/537.36 (KHTML, like Gecko) Chrome/148.0.7778.96 Mobile Safari/537.36 (compatible; GoogleOther)"
66.249.79.6 - - [16/May/2026:03:36:05 +0000] "GET /bracket/shipment/erucf7iovrigj4z.html HTTP/1.1" 404 89831 "-" "Mozilla/5.0 (Linux; Android 6.0.1; Nexus 5X Build/MMB29P) AppleWebKit/537.36 (KHTML, like Gecko) Chrome/148.0.7778.96 Mobile Safari/537.36 (compatible; GoogleOther)"
66.249.79.5 - - [16/May/2026:03:36:16 +0000] "GET /system/abhelp/f2phmqdb2oh3sfy.html HTTP/1.1" 404 89822 "-" "Mozilla/5.0 (Linux; Android 6.0.1; Nexus 5X Build/MMB29P) AppleWebKit/537.36 (KHTML, like Gecko) Chrome/148.0.7778.96 Mobile Safari/537.36 (compatible; GoogleOther)"
66.249.79.5 - - [16/May/2026:03:36:21 +0000] "GET /conglomeration/segment/ev14y2phempzbz6.html HTTP/1.1" 404 89849 "-" "Mozilla/5.0 (Linux; Android 6.0.1; Nexus 5X Build/MMB29P) AppleWebKit/537.36 (KHTML, like Gecko) Chrome/148.0.7778.96 Mobile Safari/537.36 (compatible; GoogleOther)"
2607:5500:3000:95::2 - - [16/May/2026:03:36:23 +0000] "POST /wordpress/wp-cron.php?doing_wp_cron=1778902583.2883880138397216796875 HTTP/1.1" 404 89930 "-" "WordPress/6.9.4; https://moabmonsters.com"
66.249.79.5 - - [16/May/2026:03:36:26 +0000] "GET /schedule/stock/eqwj5lknl5k6ai1.html HTTP/1.1" 404 89825 "-" "Mozilla/5.0 (Linux; Android 6.0.1; Nexus 5X Build/MMB29P) AppleWebKit/537.36 (KHTML, like Gecko) Chrome/148.0.7778.96 Mobile Safari/537.36 (compatible; GoogleOther)"
66.249.79.5 - - [16/May/2026:03:36:30 +0000] "GET /graph/handicraft/edtl2ihoi2h3afy.html HTTP/1.1" 404 89831 "-" "Mozilla/5.0 (Linux; Android 6.0.1; Nexus 5X Build/MMB29P) AppleWebKit/537.36 (KHTML, like Gecko) Chrome/148.0.7778.96 Mobile Safari/537.36 (compatible; GoogleOther)"
66.249.79.5 - - [16/May/2026:03:36:58 +0000] "GET /batch/handicraft/epfr0s3mgc31upk.html HTTP/1.1" 404 89831 "-" "Mozilla/5.0 (Linux; Android 6.0.1; Nexus 5X Build/MMB29P) AppleWebKit/537.36 (KHTML, like Gecko) Chrome/148.0.7778.96 Mobile Safari/537.36 (compatible; GoogleOther)"
66.249.79.5 - - [16/May/2026:03:37:03 +0000] "GET /type/prototype/e6qjzfeffze0ocv.html HTTP/1.1" 404 89825 "-" "Mozilla/5.0 (Linux; Android 6.0.1; Nexus 5X Build/MMB29P) AppleWebKit/537.36 (KHTML, like Gecko) Chrome/148.0.7778.96 Mobile Safari/537.36 (compatible; GoogleOther)"
66.249.79.5 - - [16/May/2026:03:37:13 +0000] "GET /province/fabrication/eptf2ihpi2h3zfy.html HTTP/1.1" 404 89843 "-" "Mozilla/5.0 (Linux; Android 6.0.1; Nexus 5X Build/MMB29P) AppleWebKit/537.36 (KHTML, like Gecko) Chrome/148.0.7778.96 Mobile Safari/537.36 (compatible; GoogleOther)"
66.249.79.5 - - [16/May/2026:03:37:18 +0000] "GET /taxonomy/option/ea58eut8uetfcra.html HTTP/1.1" 404 89828 "-" "Mozilla/5.0 (Linux; Android 6.0.1; Nexus 5X Build/MMB29P) AppleWebKit/537.36 (KHTML, like Gecko) Chrome/148.0.7778.96 Mobile Safari/537.36 (compatible; GoogleOther)"
66.249.79.5 - - [16/May/2026:03:37:22 +0000] "GET /colony/manufacture/eo61rjug73ustgb.html HTTP/1.1" 404 89837 "-" "Mozilla/5.0 (Linux; Android 6.0.1; Nexus 5X Build/MMB29P) AppleWebKit/537.36 (KHTML, like Gecko) Chrome/148.0.7778.96 Mobile Safari/537.36 (compatible; GoogleOther)"
2607:5500:3000:95::2 - - [16/May/2026:03:37:24 +0000] "POST /wordpress/wp-cron.php?doing_wp_cron=1778902644.0030810832977294921875 HTTP/1.1" 404 89930 "-" "WordPress/6.9.4; https://moabmonsters.com"
66.249.79.5 - - [16/May/2026:03:37:26 +0000] "GET /pattern/system/d2x3ialyyuljn72.html HTTP/1.1" 404 89825 "-" "Mozilla/5.0 (Linux; Android 6.0.1; Nexus 5X Build/MMB29P) AppleWebKit/537.36 (KHTML, like Gecko) Chrome/148.0.7778.96 Mobile Safari/537.36 (compatible; GoogleOther)"
66.249.79.5 - - [16/May/2026:03:38:03 +0000] "GET /division/fraction/ev7r48vcksv505c.html HTTP/1.1" 404 89834 "-" "Mozilla/5.0 (Linux; Android 6.0.1; Nexus 5X Build/MMB29P) AppleWebKit/537.36 (KHTML, like Gecko) Chrome/148.0.7778.96 Mobile Safari/537.36 (compatible; GoogleOther)"
66.249.79.6 - - [16/May/2026:03:38:07 +0000] "GET /colony/deliverable/e45leutruetf7ra.html HTTP/1.1" 404 89837 "-" "Mozilla/5.0 (Linux; Android 6.0.1; Nexus 5X Build/MMB29P) AppleWebKit/537.36 (KHTML, like Gecko) Chrome/148.0.7778.96 Mobile Safari/537.36 (compatible; GoogleOther)"
66.249.79.5 - - [16/May/2026:03:38:11 +0000] "GET /level/sort/fpfi0s3bgwjtwt0.html HTTP/1.1" 404 89813 "-" "Mozilla/5.0 (Linux; Android 6.0.1; Nexus 5X Build/MMB29P) AppleWebKit/537.36 (KHTML, like Gecko) Chrome/148.0.7778.96 Mobile Safari/537.36 (compatible; GoogleOther)"
66.249.79.5 - - [16/May/2026:03:38:15 +0000] "GET /pride/article/emcdxp0od90ybmh.html HTTP/1.1" 404 89822 "-" "Mozilla/5.0 (Linux; Android 6.0.1; Nexus 5X Build/MMB29P) AppleWebKit/537.36 (KHTML, like Gecko) Chrome/148.0.7778.96 Mobile Safari/537.36 (compatible; GoogleOther)"
66.249.79.5 - - [16/May/2026:03:38:19 +0000] "GET /edition/harvest/eipdmqdb2adn7nu.html HTTP/1.1" 404 89828 "-" "Mozilla/5.0 (Linux; Android 6.0.1; Nexus 5X Build/MMB29P) AppleWebKit/537.36 (KHTML, like Gecko) Chrome/148.0.7778.96 Mobile Safari/537.36 (compatible; GoogleOther)"
66.249.79.5 - - [16/May/2026:03:38:23 +0000] "GET /denomination/property/ewy8vzmjbjmwww3.html HTTP/1.1" 404 89846 "-" "Mozilla/5.0 (Linux; Android 6.0.1; Nexus 5X Build/MMB29P) AppleWebKit/537.36 (KHTML, like Gecko) Chrome/148.0.7778.96 Mobile Safari/537.36 (compatible; GoogleOther)"
2607:5500:3000:95::2 - - [16/May/2026:03:38:25 +0000] "POST /wordpress/wp-cron.php?doing_wp_cron=1778902705.9412050247192382812500 HTTP/1.1" 404 89930 "-" "WordPress/6.9.4; https://moabmonsters.com"
66.249.79.5 - - [16/May/2026:03:38:43 +0000] "GET /set/info/elrac4fgsofdk1w.html HTTP/1.1" 200 213785 "-" "Mozilla/5.0 (Linux; Android 6.0.1; Nexus 5X Build/MMB29P) AppleWebKit/537.36 (KHTML, like Gecko) Chrome/148.0.7778.96 Mobile Safari/537.36 (compatible; Googlebot/2.1; +http://www.google.com/bot.html)"
66.249.79.7 - - [16/May/2026:03:39:01 +0000] "GET /kingdom/commodity/ejd2ae1pqy1bvbi.html HTTP/1.1" 404 89834 "-" "Mozilla/5.0 (Linux; Android 6.0.1; Nexus 5X Build/MMB29P) AppleWebKit/537.36 (KHTML, like Gecko) Chrome/148.0.7778.96 Mobile Safari/537.36 (compatible; GoogleOther)"
66.249.79.6 - - [16/May/2026:03:39:06 +0000] "GET /sphere/fort-rules/ev9eumxha6xvvje.html HTTP/1.1" 404 89834 "-" "Mozilla/5.0 (Linux; Android 6.0.1; Nexus 5X Build/MMB29P) AppleWebKit/537.36 (KHTML, like Gecko) Chrome/148.0.7778.96 Mobile Safari/537.36 (compatible; GoogleOther)"
66.249.79.5 - - [16/May/2026:03:39:10 +0000] "GET /division/tool/ebywvzmcbjmwjw3.html HTTP/1.1" 404 89822 "-" "Mozilla/5.0 (Linux; Android 6.0.1; Nexus 5X Build/MMB29P) AppleWebKit/537.36 (KHTML, like Gecko) Chrome/148.0.7778.96 Mobile Safari/537.36 (compatible; GoogleOther)"
66.249.79.5 - - [16/May/2026:03:39:14 +0000] "GET /denomination/material/e4e4n32t3n2ou0j.html HTTP/1.1" 404 89846 "-" "Mozilla/5.0 (Linux; Android 6.0.1; Nexus 5X Build/MMB29P) AppleWebKit/537.36 (KHTML, like Gecko) Chrome/148.0.7778.96 Mobile Safari/537.36 (compatible; GoogleOther)"
66.249.79.5 - - [16/May/2026:03:39:19 +0000] "GET /segment/project/e1tb2ihfi2h31fy.html HTTP/1.1" 404 89828 "-" "Mozilla/5.0 (Linux; Android 6.0.1; Nexus 5X Build/MMB29P) AppleWebKit/537.36 (KHTML, like Gecko) Chrome/148.0.7778.96 Mobile Safari/537.36 (compatible; GoogleOther)"
66.249.79.7 - - [16/May/2026:03:40:00 +0000] "GET /colony/material/ec06ldod1xomka5.html HTTP/1.1" 404 89828 "-" "Mozilla/5.0 (Linux; Android 6.0.1; Nexus 5X Build/MMB29P) AppleWebKit/537.36 (KHTML, like Gecko) Chrome/148.0.7778.96 Mobile Safari/537.36 (compatible; GoogleOther)"
2607:5500:3000:95::2 - - [16/May/2026:03:40:02 +0000] "POST /wordpress/wp-cron.php?doing_wp_cron=1778902802.5470929145812988281250 HTTP/1.1" 404 89930 "-" "WordPress/6.9.4; https://moabmonsters.com"
66.249.79.6 - - [16/May/2026:03:40:05 +0000] "GET /bracket/kind/eru5f7iqvrigl4z.html HTTP/1.1" 404 89819 "-" "Mozilla/5.0 (Linux; Android 6.0.1; Nexus 5X Build/MMB29P) AppleWebKit/537.36 (KHTML, like Gecko) Chrome/148.0.7778.96 Mobile Safari/537.36 (compatible; GoogleOther)"
66.249.79.5 - - [16/May/2026:03:40:09 +0000] "GET /society/module/e41fy2psempz4z6.html HTTP/1.1" 404 89825 "-" "Mozilla/5.0 (Linux; Android 6.0.1; Nexus 5X Build/MMB29P) AppleWebKit/537.36 (KHTML, like Gecko) Chrome/148.0.7778.96 Mobile Safari/537.36 (compatible; GoogleOther)"
66.249.79.5 - - [16/May/2026:03:40:13 +0000] "GET /grouping/artifact/e57y48vlksv5p5c.html HTTP/1.1" 404 89834 "-" "Mozilla/5.0 (Linux; Android 6.0.1; Nexus 5X Build/MMB29P) AppleWebKit/537.36 (KHTML, like Gecko) Chrome/148.0.7778.96 Mobile Safari/537.36 (compatible; GoogleOther)"
66.249.79.5 - - [16/May/2026:03:40:17 +0000] "GET /graph/bit/exa27byinvy858f.html HTTP/1.1" 404 89810 "-" "Mozilla/5.0 (Linux; Android 6.0.1; Nexus 5X Build/MMB29P) AppleWebKit/537.36 (KHTML, like Gecko) Chrome/148.0.7778.96 Mobile Safari/537.36 (compatible; GoogleOther)"
