2607:5500:3000:95::2 - - [15/May/2026:15:19:41 +0000] "POST /wordpress/wp-cron.php?doing_wp_cron=1778858381.7836809158325195312500 HTTP/1.1" 404 89928 "-" "WordPress/6.9.4; https://moabmonsters.com"
66.249.79.3 - - [15/May/2026:15:19:44 +0000] "GET /version/assembly/elza8onqo8n92l4.html HTTP/1.1" 404 89829 "-" "Mozilla/5.0 (Linux; Android 6.0.1; Nexus 5X Build/MMB29P) AppleWebKit/537.36 (KHTML, like Gecko) Chrome/148.0.7778.96 Mobile Safari/537.36 (compatible; GoogleOther)"
66.249.79.5 - - [15/May/2026:15:20:12 +0000] "GET /set/mechanism/epniwcb5cwbxl9s.html HTTP/1.1" 404 89820 "-" "Mozilla/5.0 (Linux; Android 6.0.1; Nexus 5X Build/MMB29P) AppleWebKit/537.36 (KHTML, like Gecko) Chrome/148.0.7778.96 Mobile Safari/537.36 (compatible; GoogleOther)"
66.249.79.4 - - [15/May/2026:15:20:33 +0000] "GET /clique/lot/edfz0s3hgc311pk.html HTTP/1.1" 404 89811 "-" "Mozilla/5.0 (Linux; Android 6.0.1; Nexus 5X Build/MMB29P) AppleWebKit/537.36 (KHTML, like Gecko) Chrome/148.0.7778.96 Mobile Safari/537.36 (compatible; GoogleOther)"
66.249.79.3 - - [15/May/2026:15:20:46 +0000] "GET /type/artwork/fw9sumxbaidn6nu.html HTTP/1.1" 404 89817 "-" "Mozilla/5.0 (Linux; Android 6.0.1; Nexus 5X Build/MMB29P) AppleWebKit/537.36 (KHTML, like Gecko) Chrome/148.0.7778.96 Mobile Safari/537.36 (compatible; GoogleOther)"
2607:5500:3000:95::2 - - [15/May/2026:15:20:47 +0000] "POST /wordpress/wp-cron.php?doing_wp_cron=1778858447.9267890453338623046875 HTTP/1.1" 404 89928 "-" "WordPress/6.9.4; https://moabmonsters.com"
66.249.79.4 - - [15/May/2026:15:21:20 +0000] "GET /aspect/bundle/euam7bygnvy8x8f.html HTTP/1.1" 404 89820 "-" "Mozilla/5.0 (Linux; Android 6.0.1; Nexus 5X Build/MMB29P) AppleWebKit/537.36 (KHTML, like Gecko) Chrome/148.0.7778.96 Mobile Safari/537.36 (compatible; GoogleOther)"
66.249.79.4 - - [15/May/2026:15:22:07 +0000] "GET /ilk/accomplishment/fv6grjub73ak2kr.html HTTP/1.1" 404 89835 "-" "Mozilla/5.0 (Linux; Android 6.0.1; Nexus 5X Build/MMB29P) AppleWebKit/537.36 (KHTML, like Gecko) Chrome/148.0.7778.96 Mobile Safari/537.36 (compatible; GoogleOther)"
66.249.79.3 - - [15/May/2026:15:22:30 +0000] "GET /design/appliance/e2h7q6556q5rp3m.html HTTP/1.1" 404 89829 "-" "Mozilla/5.0 (Linux; Android 6.0.1; Nexus 5X Build/MMB29P) AppleWebKit/537.36 (KHTML, like Gecko) Chrome/148.0.7778.96 Mobile Safari/537.36 (compatible; GoogleOther)"
66.249.79.3 - - [15/May/2026:15:22:53 +0000] "GET /cluster/deliverable/e84915srhps2y29.html HTTP/1.1" 404 89838 "-" "Mozilla/5.0 (Linux; Android 6.0.1; Nexus 5X Build/MMB29P) AppleWebKit/537.36 (KHTML, like Gecko) Chrome/148.0.7778.96 Mobile Safari/537.36 (compatible; GoogleOther)"
2607:5500:3000:95::2 - - [15/May/2026:15:22:55 +0000] "POST /wordpress/wp-cron.php?doing_wp_cron=1778858575.0593569278717041015625 HTTP/1.1" 404 89928 "-" "WordPress/6.9.4; https://moabmonsters.com"
66.249.79.3 - - [15/May/2026:15:22:58 +0000] "GET /compilation/return/ecswptgb5dgqaqx.html HTTP/1.1" 404 89835 "-" "Mozilla/5.0 (Linux; Android 6.0.1; Nexus 5X Build/MMB29P) AppleWebKit/537.36 (KHTML, like Gecko) Chrome/148.0.7778.96 Mobile Safari/537.36 (compatible; GoogleOther)"
66.249.79.3 - - [15/May/2026:15:23:39 +0000] "GET /robots.txt HTTP/1.1" 304 - "-" "Mozilla/5.0 (compatible; Googlebot/2.1; +http://www.google.com/bot.html)"
66.249.79.3 - - [15/May/2026:15:23:39 +0000] "GET /pattern/accomplishment/e32zbrqkrbqcno7.html HTTP/1.1" 404 89847 "-" "Mozilla/5.0 (Linux; Android 6.0.1; Nexus 5X Build/MMB29P) AppleWebKit/537.36 (KHTML, like Gecko) Chrome/148.0.7778.96 Mobile Safari/537.36 (compatible; GoogleOther)"
66.249.79.3 - - [15/May/2026:15:24:26 +0000] "GET /index/tool/fsqgzfebf364gsn.html HTTP/1.1" 404 89811 "-" "Mozilla/5.0 (Linux; Android 6.0.1; Nexus 5X Build/MMB29P) AppleWebKit/537.36 (KHTML, like Gecko) Chrome/148.0.7778.96 Mobile Safari/537.36 (compatible; GoogleOther)"
66.249.79.3 - - [15/May/2026:15:24:49 +0000] "GET /stratum/kind/ez4z15sohps2p29.html HTTP/1.1" 404 89817 "-" "Mozilla/5.0 (Linux; Android 6.0.1; Nexus 5X Build/MMB29P) AppleWebKit/537.36 (KHTML, like Gecko) Chrome/148.0.7778.96 Mobile Safari/537.36 (compatible; GoogleOther)"
66.249.79.3 - - [15/May/2026:15:25:12 +0000] "GET /territory/example/fse1n32b3eusjgb.html HTTP/1.1" 404 89832 "-" "Mozilla/5.0 (Linux; Android 6.0.1; Nexus 5X Build/MMB29P) AppleWebKit/537.36 (KHTML, like Gecko) Chrome/148.0.7778.96 Mobile Safari/537.36 (compatible; GoogleOther)"
2607:5500:3000:95::2 - - [15/May/2026:15:25:14 +0000] "POST /wordpress/wp-cron.php?doing_wp_cron=1778858714.3479089736938476562500 HTTP/1.1" 404 89928 "-" "WordPress/6.9.4; https://moabmonsters.com"
66.249.79.3 - - [15/May/2026:15:25:36 +0000] "GET /association/scrap/fpta2ihbiz97dvq.html HTTP/1.1" 404 89832 "-" "Mozilla/5.0 (Linux; Android 6.0.1; Nexus 5X Build/MMB29P) AppleWebKit/537.36 (KHTML, like Gecko) Chrome/148.0.7778.96 Mobile Safari/537.36 (compatible; GoogleOther)"
66.249.79.3 - - [15/May/2026:15:25:59 +0000] "GET /assemblage/residue/elepn3223n2ot0j.html HTTP/1.1" 404 89835 "-" "Mozilla/5.0 (Linux; Android 6.0.1; Nexus 5X Build/MMB29P) AppleWebKit/537.36 (KHTML, like Gecko) Chrome/148.0.7778.96 Mobile Safari/537.36 (compatible; GoogleOther)"
66.249.79.3 - - [15/May/2026:15:26:17 +0000] "GET /class/mechanism/fg0kldob1l4ewel.html HTTP/1.1" 404 89826 "-" "Mozilla/5.0 (Linux; Android 6.0.1; Nexus 5X Build/MMB29P) AppleWebKit/537.36 (KHTML, like Gecko) Chrome/148.0.7778.96 Mobile Safari/537.36 (compatible; GoogleOther)"
2607:5500:3000:95::2 - - [15/May/2026:15:26:18 +0000] "POST /wordpress/wp-cron.php?doing_wp_cron=1778858778.9088840484619140625000 HTTP/1.1" 404 89928 "-" "WordPress/6.9.4; https://moabmonsters.com"
66.249.79.3 - - [15/May/2026:15:26:22 +0000] "GET /pack/scrap/evgedh4ht14eeel.html HTTP/1.1" 404 89811 "-" "Mozilla/5.0 (Linux; Android 6.0.1; Nexus 5X Build/MMB29P) AppleWebKit/537.36 (KHTML, like Gecko) Chrome/148.0.7778.96 Mobile Safari/537.36 (compatible; GoogleOther)"
66.249.79.6 - - [15/May/2026:15:27:09 +0000] "GET /club/part/ex01ldot1xomua5.html HTTP/1.1" 404 89808 "-" "Mozilla/5.0 (Linux; Android 6.0.1; Nexus 5X Build/MMB29P) AppleWebKit/537.36 (KHTML, like Gecko) Chrome/148.0.7778.96 Mobile Safari/537.36 (compatible; GoogleOther)"
66.249.79.5 - - [15/May/2026:15:27:33 +0000] "GET /sort/implement/ekwi5lkdl5k6ci1.html HTTP/1.1" 404 89823 "-" "Mozilla/5.0 (Linux; Android 6.0.1; Nexus 5X Build/MMB29P) AppleWebKit/537.36 (KHTML, like Gecko) Chrome/148.0.7778.96 Mobile Safari/537.36 (compatible; GoogleOther)"
66.249.79.5 - - [15/May/2026:15:27:55 +0000] "GET /attribute/belonging/ea4315sshps2v29.html HTTP/1.1" 404 89838 "-" "Mozilla/5.0 (Linux; Android 6.0.1; Nexus 5X Build/MMB29P) AppleWebKit/537.36 (KHTML, like Gecko) Chrome/148.0.7778.96 Mobile Safari/537.36 (compatible; GoogleOther)"
66.249.79.5 - - [15/May/2026:15:28:18 +0000] "GET /club/possession/e56irjuf73usigb.html HTTP/1.1" 404 89826 "-" "Mozilla/5.0 (Linux; Android 6.0.1; Nexus 5X Build/MMB29P) AppleWebKit/537.36 (KHTML, like Gecko) Chrome/148.0.7778.96 Mobile Safari/537.36 (compatible; GoogleOther)"
66.249.79.6 - - [15/May/2026:15:28:29 +0000] "GET /cluster/make/ecrac4fusofd41w.html HTTP/1.1" 404 89817 "-" "Mozilla/5.0 (Linux; Android 6.0.1; Nexus 5X Build/MMB29P) AppleWebKit/537.36 (KHTML, like Gecko) Chrome/148.0.7778.96 Mobile Safari/537.36 (compatible; GoogleOther)"
2607:5500:3000:95::2 - - [15/May/2026:15:28:31 +0000] "POST /wordpress/wp-cron.php?doing_wp_cron=1778858911.1167569160461425781250 HTTP/1.1" 404 89928 "-" "WordPress/6.9.4; https://moabmonsters.com"
66.249.79.5 - - [15/May/2026:15:28:42 +0000] "GET /discipline/scrap/ez4j15s2hps2329.html HTTP/1.1" 404 89829 "-" "Mozilla/5.0 (Linux; Android 6.0.1; Nexus 5X Build/MMB29P) AppleWebKit/537.36 (KHTML, like Gecko) Chrome/148.0.7778.96 Mobile Safari/537.36 (compatible; GoogleOther)"
66.249.79.5 - - [15/May/2026:15:28:55 +0000] "GET /product/oct-30-nov-3-moab/ HTTP/1.1" 200 236484 "-" "Mozilla/5.0 (Linux; Android 6.0.1; Nexus 5X Build/MMB29P) AppleWebKit/537.36 (KHTML, like Gecko) Chrome/148.0.7778.96 Mobile Safari/537.36 (compatible; Googlebot/2.1; +http://www.google.com/bot.html)"
66.249.79.6 - - [15/May/2026:15:29:05 +0000] "GET /spectrum/craft/eoqmzfevfze0gcv.html HTTP/1.1" 404 89823 "-" "Mozilla/5.0 (Linux; Android 6.0.1; Nexus 5X Build/MMB29P) AppleWebKit/537.36 (KHTML, like Gecko) Chrome/148.0.7778.96 Mobile Safari/537.36 (compatible; GoogleOther)"
66.249.79.6 - - [15/May/2026:15:29:28 +0000] "GET /brand/material/eodkae1wqy1bsbi.html HTTP/1.1" 404 89823 "-" "Mozilla/5.0 (Linux; Android 6.0.1; Nexus 5X Build/MMB29P) AppleWebKit/537.36 (KHTML, like Gecko) Chrome/148.0.7778.96 Mobile Safari/537.36 (compatible; GoogleOther)"
66.249.79.5 - - [15/May/2026:15:29:35 +0000] "GET /edition/class/eei43v6tjf642sn.html HTTP/1.1" 404 89820 "-" "Mozilla/5.0 (Linux; Android 6.0.1; Nexus 5X Build/MMB29P) AppleWebKit/537.36 (KHTML, like Gecko) Chrome/148.0.7778.96 Mobile Safari/537.36 (compatible; GoogleOther)"
2607:5500:3000:95::2 - - [15/May/2026:15:29:37 +0000] "POST /wordpress/wp-cron.php?doing_wp_cron=1778858977.2929179668426513671875 HTTP/1.1" 404 89928 "-" "WordPress/6.9.4; https://moabmonsters.com"
66.249.79.6 - - [15/May/2026:15:29:51 +0000] "GET /categorization/parcel/e0qgzfeffze00cv.html HTTP/1.1" 404 89844 "-" "Mozilla/5.0 (Linux; Android 6.0.1; Nexus 5X Build/MMB29P) AppleWebKit/537.36 (KHTML, like Gecko) Chrome/148.0.7778.96 Mobile Safari/537.36 (compatible; GoogleOther)"
66.249.79.7 - - [15/May/2026:15:30:15 +0000] "GET /conglomeration/commodity/evww5lkcl5k6di1.html HTTP/1.1" 404 89853 "-" "Mozilla/5.0 (Linux; Android 6.0.1; Nexus 5X Build/MMB29P) AppleWebKit/537.36 (KHTML, like Gecko) Chrome/148.0.7778.96 Mobile Safari/537.36 (compatible; GoogleOther)"
66.249.79.7 - - [15/May/2026:15:31:01 +0000] "GET /club/pattern/e95weut1uetfjra.html HTTP/1.1" 404 89817 "-" "Mozilla/5.0 (Linux; Android 6.0.1; Nexus 5X Build/MMB29P) AppleWebKit/537.36 (KHTML, like Gecko) Chrome/148.0.7778.96 Mobile Safari/537.36 (compatible; GoogleOther)"
66.249.79.7 - - [15/May/2026:15:31:24 +0000] "GET /brand/supply/fswe5lkbl4cavyt.html HTTP/1.1" 404 89817 "-" "Mozilla/5.0 (Linux; Android 6.0.1; Nexus 5X Build/MMB29P) AppleWebKit/537.36 (KHTML, like Gecko) Chrome/148.0.7778.96 Mobile Safari/537.36 (compatible; GoogleOther)"
66.249.79.5 - - [15/May/2026:15:31:51 +0000] "GET /realm/implement/e8k1t98g9t8uf6p.html HTTP/1.1" 404 89826 "-" "Mozilla/5.0 (Linux; Android 6.0.1; Nexus 5X Build/MMB29P) AppleWebKit/537.36 (KHTML, like Gecko) Chrome/148.0.7778.96 Mobile Safari/537.36 (compatible; GoogleOther)"
66.249.79.6 - - [15/May/2026:15:32:11 +0000] "GET /factor/assembly/e9gkdh4mt14e3el.html HTTP/1.1" 404 89826 "-" "Mozilla/5.0 (Linux; Android 6.0.1; Nexus 5X Build/MMB29P) AppleWebKit/537.36 (KHTML, like Gecko) Chrome/148.0.7778.96 Mobile Safari/537.36 (compatible; GoogleOther)"
66.249.79.5 - - [15/May/2026:15:32:35 +0000] "GET /catalogue/edition/f5sgptgb55k6yi1.html HTTP/1.1" 404 89832 "-" "Mozilla/5.0 (Linux; Android 6.0.1; Nexus 5X Build/MMB29P) AppleWebKit/537.36 (KHTML, like Gecko) Chrome/148.0.7778.96 Mobile Safari/537.36 (compatible; GoogleOther)"
66.249.79.6 - - [15/May/2026:15:32:54 +0000] "GET /branch/asset/ebrgc4fqsofde1w.html HTTP/1.1" 404 89817 "-" "Mozilla/5.0 (Linux; Android 6.0.1; Nexus 5X Build/MMB29P) AppleWebKit/537.36 (KHTML, like Gecko) Chrome/148.0.7778.96 Mobile Safari/537.36 (compatible; GoogleOther)"
2607:5500:3000:95::2 - - [15/May/2026:15:32:56 +0000] "POST /wordpress/wp-cron.php?doing_wp_cron=1778859176.4057040214538574218750 HTTP/1.1" 404 89928 "-" "WordPress/6.9.4; https://moabmonsters.com"
66.249.79.6 - - [15/May/2026:15:32:58 +0000] "GET /index/shipment/efw55lkdl5k6ai1.html HTTP/1.1" 404 89823 "-" "Mozilla/5.0 (Linux; Android 6.0.1; Nexus 5X Build/MMB29P) AppleWebKit/537.36 (KHTML, like Gecko) Chrome/148.0.7778.96 Mobile Safari/537.36 (compatible; GoogleOther)"
2a01:4ff:1f0:1c94::1 - - [15/May/2026:15:33:14 +0000] "GET / HTTP/1.1" 200 179157 "-" "TechSpyBot/1.0 (+https://techspy.pro/bot)"
2a01:4ff:1f0:1c94::1 - - [15/May/2026:15:33:17 +0000] "GET /contact HTTP/1.1" 301 - "-" "TechSpyBot/1.0 (+https://techspy.pro/bot)"
2a01:4ff:1f0:1c94::1 - - [15/May/2026:15:33:18 +0000] "GET /about-us HTTP/1.1" 301 - "-" "TechSpyBot/1.0 (+https://techspy.pro/bot)"
5.78.144.51 - - [15/May/2026:15:33:18 +0000] "GET /about HTTP/1.1" 301 - "-" "TechSpyBot/1.0 (+https://techspy.pro/bot)"
5.78.144.51 - - [15/May/2026:15:33:18 +0000] "GET /contacts HTTP/1.1" 404 89745 "-" "TechSpyBot/1.0 (+https://techspy.pro/bot)"
2a01:4ff:1f0:1c94::1 - - [15/May/2026:15:33:18 +0000] "GET /contact-us/ HTTP/1.1" 200 106998 "-" "TechSpyBot/1.0 (+https://techspy.pro/bot)"
2a01:4ff:1f0:1c94::1 - - [15/May/2026:15:33:20 +0000] "GET /about-us/ HTTP/1.1" 200 100913 "-" "TechSpyBot/1.0 (+https://techspy.pro/bot)"
5.78.144.51 - - [15/May/2026:15:33:20 +0000] "GET /about-us/ HTTP/1.1" 200 100913 "-" "TechSpyBot/1.0 (+https://techspy.pro/bot)"
66.249.79.6 - - [15/May/2026:15:33:21 +0000] "GET /institution/unit/f7kbt98b920yjmh.html HTTP/1.1" 404 89829 "-" "Mozilla/5.0 (Linux; Android 6.0.1; Nexus 5X Build/MMB29P) AppleWebKit/537.36 (KHTML, like Gecko) Chrome/148.0.7778.96 Mobile Safari/537.36 (compatible; GoogleOther)"
66.249.79.5 - - [15/May/2026:15:33:44 +0000] "GET /rank/concept/ezvoswjm8gjtet0.html HTTP/1.1" 404 89817 "-" "Mozilla/5.0 (Linux; Android 6.0.1; Nexus 5X Build/MMB29P) AppleWebKit/537.36 (KHTML, like Gecko) Chrome/148.0.7778.96 Mobile Safari/537.36 (compatible; GoogleOther)"
66.249.79.5 - - [15/May/2026:15:34:00 +0000] "GET /characteristic/project/e9bck0zc0kzlcxg.html HTTP/1.1" 404 89847 "-" "Mozilla/5.0 (Linux; Android 6.0.1; Nexus 5X Build/MMB29P) AppleWebKit/537.36 (KHTML, like Gecko) Chrome/148.0.7778.96 Mobile Safari/537.36 (compatible; GoogleOther)"
2607:5500:3000:95::2 - - [15/May/2026:15:34:02 +0000] "POST /wordpress/wp-cron.php?doing_wp_cron=1778859242.1834609508514404296875 HTTP/1.1" 404 89928 "-" "WordPress/6.9.4; https://moabmonsters.com"
66.249.79.6 - - [15/May/2026:15:34:07 +0000] "GET /compilation/goods/dov4swj98gjt8t0.html HTTP/1.1" 404 89832 "-" "Mozilla/5.0 (Linux; Android 6.0.1; Nexus 5X Build/MMB29P) AppleWebKit/537.36 (KHTML, like Gecko) Chrome/148.0.7778.96 Mobile Safari/537.36 (compatible; GoogleOther)"
66.249.79.7 - - [15/May/2026:15:36:03 +0000] "GET /discipline/concept/fhkbt98b970y8mh.html HTTP/1.1" 404 89835 "-" "Mozilla/5.0 (Linux; Android 6.0.1; Nexus 5X Build/MMB29P) AppleWebKit/537.36 (KHTML, like Gecko) Chrome/148.0.7778.96 Mobile Safari/537.36 (compatible; GoogleOther)"
66.249.79.7 - - [15/May/2026:15:36:12 +0000] "GET /discipline/volume/evhkq65q6q5r03m.html HTTP/1.1" 404 89832 "-" "Mozilla/5.0 (Linux; Android 6.0.1; Nexus 5X Build/MMB29P) AppleWebKit/537.36 (KHTML, like Gecko) Chrome/148.0.7778.96 Mobile Safari/537.36 (compatible; GoogleOther)"
2607:5500:3000:95::2 - - [15/May/2026:15:36:14 +0000] "POST /wordpress/wp-cron.php?doing_wp_cron=1778859374.5998671054840087890625 HTTP/1.1" 404 89928 "-" "WordPress/6.9.4; https://moabmonsters.com"
66.249.79.6 - - [15/May/2026:15:36:27 +0000] "GET /roster/set/etk6t9809t8ut6p.html HTTP/1.1" 404 89811 "-" "Mozilla/5.0 (Linux; Android 6.0.1; Nexus 5X Build/MMB29P) AppleWebKit/537.36 (KHTML, like Gecko) Chrome/148.0.7778.96 Mobile Safari/537.36 (compatible; GoogleOther)"
66.249.79.6 - - [15/May/2026:15:36:50 +0000] "GET /index/piece/ez5eeutfuetftra.html HTTP/1.1" 404 89814 "-" "Mozilla/5.0 (Linux; Android 6.0.1; Nexus 5X Build/MMB29P) AppleWebKit/537.36 (KHTML, like Gecko) Chrome/148.0.7778.96 Mobile Safari/537.36 (compatible; GoogleOther)"
66.249.79.5 - - [15/May/2026:15:37:03 +0000] "GET /ilk/load/f1pbmqdb23h39fy.html HTTP/1.1" 404 89805 "-" "Mozilla/5.0 (Linux; Android 6.0.1; Nexus 5X Build/MMB29P) AppleWebKit/537.36 (KHTML, like Gecko) Chrome/148.0.7778.96 Mobile Safari/537.36 (compatible; GoogleOther)"
66.249.79.5 - - [15/May/2026:15:37:13 +0000] "GET /style/construction/fsag7bybny2or0j.html HTTP/1.1" 404 89835 "-" "Mozilla/5.0 (Linux; Android 6.0.1; Nexus 5X Build/MMB29P) AppleWebKit/537.36 (KHTML, like Gecko) Chrome/148.0.7778.96 Mobile Safari/537.36 (compatible; GoogleOther)"
2607:5500:3000:95::2 - - [15/May/2026:15:37:15 +0000] "POST /wordpress/wp-cron.php?doing_wp_cron=1778859435.4560949802398681640625 HTTP/1.1" 404 89928 "-" "WordPress/6.9.4; https://moabmonsters.com"
66.249.79.5 - - [15/May/2026:15:37:17 +0000] "GET /roster/fabrication/el01ldoq1xomfa5.html HTTP/1.1" 404 89835 "-" "Mozilla/5.0 (Linux; Android 6.0.1; Nexus 5X Build/MMB29P) AppleWebKit/537.36 (KHTML, like Gecko) Chrome/148.0.7778.96 Mobile Safari/537.36 (compatible; GoogleOther)"
66.249.79.5 - - [15/May/2026:15:37:25 +0000] "GET /compilation/consignment/ek4m15svhps2e29.html HTTP/1.1" 404 89850 "-" "Mozilla/5.0 (Linux; Android 6.0.1; Nexus 5X Build/MMB29P) AppleWebKit/537.36 (KHTML, like Gecko) Chrome/148.0.7778.96 Mobile Safari/537.36 (compatible; GoogleOther)"
66.249.79.5 - - [15/May/2026:15:37:29 +0000] "GET /pattern/fraction/evn6wcbbcwbxf9s.html HTTP/1.1" 404 89829 "-" "Mozilla/5.0 (Linux; Android 6.0.1; Nexus 5X Build/MMB29P) AppleWebKit/537.36 (KHTML, like Gecko) Chrome/148.0.7778.96 Mobile Safari/537.36 (compatible; GoogleOther)"
66.249.79.5 - - [15/May/2026:15:37:32 +0000] "GET /set/produce/ftugf7ibvxy8o8f.html HTTP/1.1" 404 89814 "-" "Mozilla/5.0 (Linux; Android 6.0.1; Nexus 5X Build/MMB29P) AppleWebKit/537.36 (KHTML, like Gecko) Chrome/148.0.7778.96 Mobile Safari/537.36 (compatible; GoogleOther)"
66.249.79.5 - - [15/May/2026:15:37:40 +0000] "GET /items/W202520113/ HTTP/1.1" 404 89769 "-" "Mozilla/5.0 (Linux; Android 6.0.1; Nexus 5X Build/MMB29P) AppleWebKit/537.36 (KHTML, like Gecko) Chrome/148.0.7778.96 Mobile Safari/537.36 (compatible; GoogleOther)"
66.249.79.5 - - [15/May/2026:15:37:43 +0000] "GET /system/supply/e86rrjug73uspgb.html HTTP/1.1" 404 89820 "-" "Mozilla/5.0 (Linux; Android 6.0.1; Nexus 5X Build/MMB29P) AppleWebKit/537.36 (KHTML, like Gecko) Chrome/148.0.7778.96 Mobile Safari/537.36 (compatible; GoogleOther)"
66.249.79.5 - - [15/May/2026:15:37:47 +0000] "GET /register/yield/eg3yogro40rped8.html HTTP/1.1" 404 89823 "-" "Mozilla/5.0 (Linux; Android 6.0.1; Nexus 5X Build/MMB29P) AppleWebKit/537.36 (KHTML, like Gecko) Chrome/148.0.7778.96 Mobile Safari/537.36 (compatible; GoogleOther)"
66.249.79.5 - - [15/May/2026:15:37:50 +0000] "GET /order/volume/enjxgk7dw47hhho.html HTTP/1.1" 404 89817 "-" "Mozilla/5.0 (Linux; Android 6.0.1; Nexus 5X Build/MMB29P) AppleWebKit/537.36 (KHTML, like Gecko) Chrome/148.0.7778.96 Mobile Safari/537.36 (compatible; GoogleOther)"
66.249.79.7 - - [15/May/2026:15:38:00 +0000] "GET /structure/build/ejesn32t3n2o00j.html HTTP/1.1" 404 89826 "-" "Mozilla/5.0 (Linux; Android 6.0.1; Nexus 5X Build/MMB29P) AppleWebKit/537.36 (KHTML, like Gecko) Chrome/148.0.7778.96 Mobile Safari/537.36 (compatible; GoogleOther)"
66.249.79.6 - - [15/May/2026:15:38:27 +0000] "GET /version/produce/e9bck0zg0kzlsxg.html HTTP/1.1" 404 89826 "-" "Mozilla/5.0 (Linux; Android 6.0.1; Nexus 5X Build/MMB29P) AppleWebKit/537.36 (KHTML, like Gecko) Chrome/148.0.7778.96 Mobile Safari/537.36 (compatible; GoogleOther)"
66.249.79.5 - - [15/May/2026:15:38:46 +0000] "GET /ambit/project/eh4l15s9hps2y29.html HTTP/1.1" 404 89820 "-" "Mozilla/5.0 (Linux; Android 6.0.1; Nexus 5X Build/MMB29P) AppleWebKit/537.36 (KHTML, like Gecko) Chrome/148.0.7778.96 Mobile Safari/537.36 (compatible; GoogleOther)"
66.249.79.5 - - [15/May/2026:15:39:31 +0000] "GET /discipline/kind/evlf6y9imi978vq.html HTTP/1.1" 404 89826 "-" "Mozilla/5.0 (Linux; Android 6.0.1; Nexus 5X Build/MMB29P) AppleWebKit/537.36 (KHTML, like Gecko) Chrome/148.0.7778.96 Mobile Safari/537.36 (compatible; GoogleOther)"
2607:5500:3000:95::2 - - [15/May/2026:15:39:33 +0000] "POST /wordpress/wp-cron.php?doing_wp_cron=1778859573.2367200851440429687500 HTTP/1.1" 404 89928 "-" "WordPress/6.9.4; https://moabmonsters.com"
66.249.79.6 - - [15/May/2026:15:39:35 +0000] "GET /set/merchandise/ehd6ae1hqy1b3bi.html HTTP/1.1" 404 89826 "-" "Mozilla/5.0 (Linux; Android 6.0.1; Nexus 5X Build/MMB29P) AppleWebKit/537.36 (KHTML, like Gecko) Chrome/148.0.7778.96 Mobile Safari/537.36 (compatible; GoogleOther)"
66.249.79.7 - - [15/May/2026:15:40:19 +0000] "GET /typology/element/ezib3v6njf64esn.html HTTP/1.1" 404 89829 "-" "Mozilla/5.0 (Linux; Android 6.0.1; Nexus 5X Build/MMB29P) AppleWebKit/537.36 (KHTML, like Gecko) Chrome/148.0.7778.96 Mobile Safari/537.36 (compatible; GoogleOther)"
66.249.79.6 - - [15/May/2026:15:40:37 +0000] "GET /aggregation/outcome/fthpq65b6exvwje.html HTTP/1.1" 404 89838 "-" "Mozilla/5.0 (Linux; Android 6.0.1; Nexus 5X Build/MMB29P) AppleWebKit/537.36 (KHTML, like Gecko) Chrome/148.0.7778.96 Mobile Safari/537.36 (compatible; GoogleOther)"
2607:5500:3000:95::2 - - [15/May/2026:15:40:39 +0000] "POST /wordpress/wp-cron.php?doing_wp_cron=1778859639.2472848892211914062500 HTTP/1.1" 404 89928 "-" "WordPress/6.9.4; https://moabmonsters.com"
66.249.79.3 - - [15/May/2026:15:43:56 +0000] "GET /territory/work/emdjae1yqy1babi.html HTTP/1.1" 404 89823 "-" "Mozilla/5.0 (Linux; Android 6.0.1; Nexus 5X Build/MMB29P) AppleWebKit/537.36 (KHTML, like Gecko) Chrome/148.0.7778.96 Mobile Safari/537.36 (compatible; GoogleOther)"
2607:5500:3000:95::2 - - [15/May/2026:15:43:57 +0000] "POST /wordpress/wp-cron.php?doing_wp_cron=1778859837.7322380542755126953125 HTTP/1.1" 404 89928 "-" "WordPress/6.9.4; https://moabmonsters.com"
66.249.79.4 - - [15/May/2026:15:44:05 +0000] "GET /discipline/asset/efrkc4fmsofdq1w.html HTTP/1.1" 404 89829 "-" "Mozilla/5.0 (Linux; Android 6.0.1; Nexus 5X Build/MMB29P) AppleWebKit/537.36 (KHTML, like Gecko) Chrome/148.0.7778.96 Mobile Safari/537.36 (compatible; GoogleOther)"
66.249.79.3 - - [15/May/2026:15:44:09 +0000] "GET /stratum/gear/efwb5lkhl5k6qi1.html HTTP/1.1" 404 89817 "-" "Mozilla/5.0 (Linux; Android 6.0.1; Nexus 5X Build/MMB29P) AppleWebKit/537.36 (KHTML, like Gecko) Chrome/148.0.7778.96 Mobile Safari/537.36 (compatible; GoogleOther)"
66.249.79.3 - - [15/May/2026:15:44:13 +0000] "GET /heading/characteristic/e2mrjnapz7ak2kr.html HTTP/1.1" 404 89847 "-" "Mozilla/5.0 (Linux; Android 6.0.1; Nexus 5X Build/MMB29P) AppleWebKit/537.36 (KHTML, like Gecko) Chrome/148.0.7778.96 Mobile Safari/537.36 (compatible; GoogleOther)"
66.249.79.5 - - [15/May/2026:15:46:08 +0000] "GET /brand/section/eww95lknl5k6ai1.html HTTP/1.1" 404 89820 "-" "Mozilla/5.0 (Linux; Android 6.0.1; Nexus 5X Build/MMB29P) AppleWebKit/537.36 (KHTML, like Gecko) Chrome/148.0.7778.96 Mobile Safari/537.36 (compatible; GoogleOther)"
2607:5500:3000:95::2 - - [15/May/2026:15:46:10 +0000] "POST /wordpress/wp-cron.php?doing_wp_cron=1778859970.0617930889129638671875 HTTP/1.1" 404 89928 "-" "WordPress/6.9.4; https://moabmonsters.com"
66.249.79.4 - - [15/May/2026:15:47:14 +0000] "GET /section/specimen/e8i23v6mjf64jsn.html HTTP/1.1" 404 89829 "-" "Mozilla/5.0 (Linux; Android 6.0.1; Nexus 5X Build/MMB29P) AppleWebKit/537.36 (KHTML, like Gecko) Chrome/148.0.7778.96 Mobile Safari/537.36 (compatible; GoogleOther)"
2607:5500:3000:95::2 - - [15/May/2026:15:47:16 +0000] "POST /wordpress/wp-cron.php?doing_wp_cron=1778860036.3837759494781494140625 HTTP/1.1" 404 89928 "-" "WordPress/6.9.4; https://moabmonsters.com"
66.249.79.5 - - [15/May/2026:15:47:40 +0000] "GET /2025/08/ HTTP/1.1" 200 221263 "-" "Mozilla/5.0 (Linux; Android 6.0.1; Nexus 5X Build/MMB29P) AppleWebKit/537.36 (KHTML, like Gecko) Chrome/148.0.7778.96 Mobile Safari/537.36 (compatible; Googlebot/2.1; +http://www.google.com/bot.html)"
66.249.79.5 - - [15/May/2026:15:49:26 +0000] "GET /section/return/e83rogrr40rpld8.html HTTP/1.1" 404 89823 "-" "Mozilla/5.0 (Linux; Android 6.0.1; Nexus 5X Build/MMB29P) AppleWebKit/537.36 (KHTML, like Gecko) Chrome/148.0.7778.96 Mobile Safari/537.36 (compatible; GoogleOther)"
2607:5500:3000:95::2 - - [15/May/2026:15:49:28 +0000] "POST /wordpress/wp-cron.php?doing_wp_cron=1778860168.7392590045928955078125 HTTP/1.1" 404 89928 "-" "WordPress/6.9.4; https://moabmonsters.com"
40.77.167.38 - - [15/May/2026:15:49:37 +0000] "GET /wp-sitemap-taxonomies-zone-1.xml HTTP/1.1" 404 251 "-" "Mozilla/5.0 AppleWebKit/537.36 (KHTML, like Gecko; compatible; bingbot/2.0; +http://www.bing.com/bingbot.htm) Chrome/116.0.1938.76 Safari/537.36"
40.77.167.75 - - [15/May/2026:15:49:48 +0000] "GET /wp-sitemap-taxonomies-location-1.xml HTTP/1.1" 404 253 "-" "Mozilla/5.0 AppleWebKit/537.36 (KHTML, like Gecko; compatible; bingbot/2.0; +http://www.bing.com/bingbot.htm) Chrome/116.0.1938.76 Safari/537.36"
66.249.79.4 - - [15/May/2026:15:50:33 +0000] "GET /module/stock/emt62ih6i2h3afy.html HTTP/1.1" 404 89817 "-" "Mozilla/5.0 (Linux; Android 6.0.1; Nexus 5X Build/MMB29P) AppleWebKit/537.36 (KHTML, like Gecko) Chrome/148.0.7778.96 Mobile Safari/537.36 (compatible; GoogleOther)"
2607:5500:3000:95::2 - - [15/May/2026:15:50:34 +0000] "POST /wordpress/wp-cron.php?doing_wp_cron=1778860234.6942520141601562500000 HTTP/1.1" 404 89928 "-" "WordPress/6.9.4; https://moabmonsters.com"
66.249.79.4 - - [15/May/2026:15:51:39 +0000] "GET /component/tool/en6yrjur73usigb.html HTTP/1.1" 404 89823 "-" "Mozilla/5.0 (Linux; Android 6.0.1; Nexus 5X Build/MMB29P) AppleWebKit/537.36 (KHTML, like Gecko) Chrome/148.0.7778.96 Mobile Safari/537.36 (compatible; GoogleOther)"
2607:5500:3000:95::2 - - [15/May/2026:15:51:41 +0000] "POST /wordpress/wp-cron.php?doing_wp_cron=1778860301.0700008869171142578125 HTTP/1.1" 404 89928 "-" "WordPress/6.9.4; https://moabmonsters.com"
66.249.79.3 - - [15/May/2026:15:52:45 +0000] "GET /graph/fabrication/etfb0s36gc31ipk.html HTTP/1.1" 404 89832 "-" "Mozilla/5.0 (Linux; Android 6.0.1; Nexus 5X Build/MMB29P) AppleWebKit/537.36 (KHTML, like Gecko) Chrome/148.0.7778.96 Mobile Safari/537.36 (compatible; GoogleOther)"
2607:5500:3000:95::2 - - [15/May/2026:15:52:47 +0000] "POST /wordpress/wp-cron.php?doing_wp_cron=1778860367.1057229042053222656250 HTTP/1.1" 404 89928 "-" "WordPress/6.9.4; https://moabmonsters.com"
52.167.144.142 - - [15/May/2026:15:53:37 +0000] "GET /wp-sitemap-taxonomies-clients-category-1.xml HTTP/1.1" 404 264 "-" "Mozilla/5.0 AppleWebKit/537.36 (KHTML, like Gecko; compatible; bingbot/2.0; +http://www.bing.com/bingbot.htm) Chrome/116.0.1938.76 Safari/537.36"
66.249.79.5 - - [15/May/2026:15:53:51 +0000] "GET /order/shipment/ev07ldoo1xomha5.html HTTP/1.1" 404 89823 "-" "Mozilla/5.0 (Linux; Android 6.0.1; Nexus 5X Build/MMB29P) AppleWebKit/537.36 (KHTML, like Gecko) Chrome/148.0.7778.96 Mobile Safari/537.36 (compatible; GoogleOther)"
2607:5500:3000:95::2 - - [15/May/2026:15:53:53 +0000] "POST /wordpress/wp-cron.php?doing_wp_cron=1778860433.5118319988250732421875 HTTP/1.1" 404 89928 "-" "WordPress/6.9.4; https://moabmonsters.com"
66.249.79.5 - - [15/May/2026:15:54:57 +0000] "GET /pride/outcome/eufs0s3fgc31dpk.html HTTP/1.1" 404 89820 "-" "Mozilla/5.0 (Linux; Android 6.0.1; Nexus 5X Build/MMB29P) AppleWebKit/537.36 (KHTML, like Gecko) Chrome/148.0.7778.96 Mobile Safari/537.36 (compatible; GoogleOther)"
2607:5500:3000:95::2 - - [15/May/2026:15:54:59 +0000] "POST /wordpress/wp-cron.php?doing_wp_cron=1778860499.3491580486297607421875 HTTP/1.1" 404 89928 "-" "WordPress/6.9.4; https://moabmonsters.com"
66.249.79.3 - - [15/May/2026:15:55:58 +0000] "GET /items/D244463608/ HTTP/1.1" 404 89769 "-" "Mozilla/5.0 (Linux; Android 6.0.1; Nexus 5X Build/MMB29P) AppleWebKit/537.36 (KHTML, like Gecko) Chrome/148.0.7778.96 Mobile Safari/537.36 (compatible; GoogleOther)"
2607:5500:3000:95::2 - - [15/May/2026:15:56:00 +0000] "POST /wordpress/wp-cron.php?doing_wp_cron=1778860560.3374280929565429687500 HTTP/1.1" 404 89928 "-" "WordPress/6.9.4; https://moabmonsters.com"
40.77.167.37 - - [15/May/2026:15:57:59 +0000] "GET /wp-sitemap-taxonomies-product_cat-1.xml HTTP/1.1" 404 266 "-" "Mozilla/5.0 AppleWebKit/537.36 (KHTML, like Gecko; compatible; bingbot/2.0; +http://www.bing.com/bingbot.htm) Chrome/116.0.1938.76 Safari/537.36"
66.249.79.4 - - [15/May/2026:15:58:16 +0000] "GET /genus/part/e9d0ae1yqy1b0bi.html HTTP/1.1" 404 89811 "-" "Mozilla/5.0 (Linux; Android 6.0.1; Nexus 5X Build/MMB29P) AppleWebKit/537.36 (KHTML, like Gecko) Chrome/148.0.7778.96 Mobile Safari/537.36 (compatible; GoogleOther)"
2607:5500:3000:95::2 - - [15/May/2026:15:58:18 +0000] "POST /wordpress/wp-cron.php?doing_wp_cron=1778860698.1531620025634765625000 HTTP/1.1" 404 89928 "-" "WordPress/6.9.4; https://moabmonsters.com"
66.249.79.5 - - [15/May/2026:15:58:55 +0000] "GET /pw/ HTTP/1.1" 200 219764 "-" "Mozilla/5.0 (Linux; Android 6.0.1; Nexus 5X Build/MMB29P) AppleWebKit/537.36 (KHTML, like Gecko) Chrome/148.0.7778.96 Mobile Safari/537.36 (compatible; Googlebot/2.1; +http://www.google.com/bot.html)"
66.249.79.6 - - [15/May/2026:15:59:22 +0000] "GET /make/outgrowth/e53fogri40rpid8.html HTTP/1.1" 404 89823 "-" "Mozilla/5.0 (Linux; Android 6.0.1; Nexus 5X Build/MMB29P) AppleWebKit/537.36 (KHTML, like Gecko) Chrome/148.0.7778.96 Mobile Safari/537.36 (compatible; GoogleOther)"
2607:5500:3000:95::2 - - [15/May/2026:15:59:24 +0000] "POST /wordpress/wp-cron.php?doing_wp_cron=1778860764.1112620830535888671875 HTTP/1.1" 404 89928 "-" "WordPress/6.9.4; https://moabmonsters.com"
66.249.79.6 - - [15/May/2026:16:00:18 +0000] "GET /kingdom/fruit/fjvaswjb8zn9fl4.html HTTP/1.1" 404 89820 "-" "Mozilla/5.0 (Linux; Android 6.0.1; Nexus 5X Build/MMB29P) AppleWebKit/537.36 (KHTML, like Gecko) Chrome/148.0.7778.96 Mobile Safari/537.36 (compatible; GoogleOther)"
66.249.79.6 - - [15/May/2026:16:02:03 +0000] "GET /version/category/ex5xeut7uetf1ra.html HTTP/1.1" 404 89829 "-" "Mozilla/5.0 (Linux; Android 6.0.1; Nexus 5X Build/MMB29P) AppleWebKit/537.36 (KHTML, like Gecko) Chrome/148.0.7778.96 Mobile Safari/537.36 (compatible; GoogleOther)"
2607:5500:3000:95::2 - - [15/May/2026:16:02:05 +0000] "POST /wordpress/wp-cron.php?doing_wp_cron=1778860925.5254139900207519531250 HTTP/1.1" 404 89928 "-" "WordPress/6.9.4; https://moabmonsters.com"
114.119.156.223 - - [15/May/2026:16:02:22 +0000] "GET /wp-sitemap-taxonomies-clients-category-1.xml HTTP/1.1" 404 264 "https://moabmonsters.com/wp-sitemap-taxonomies-clients-category-1.xml" "Mozilla/5.0 (Linux; Android 7.0;) AppleWebKit/537.36 (HTML, like Gecko) Mobile Safari/537.36 (compatible; PetalBot;+https://webmaster.petalsearch.com/site/petalbot)"
66.249.79.6 - - [15/May/2026:16:02:28 +0000] "GET /assemblage/utensil/epdmae18qy1bqbi.html HTTP/1.1" 404 89835 "-" "Mozilla/5.0 (Linux; Android 6.0.1; Nexus 5X Build/MMB29P) AppleWebKit/537.36 (KHTML, like Gecko) Chrome/148.0.7778.96 Mobile Safari/537.36 (compatible; GoogleOther)"
66.249.79.5 - - [15/May/2026:16:02:50 +0000] "GET /items/D248359709/ HTTP/1.1" 404 89769 "-" "Mozilla/5.0 (Linux; Android 6.0.1; Nexus 5X Build/MMB29P) AppleWebKit/537.36 (KHTML, like Gecko) Chrome/148.0.7778.96 Mobile Safari/537.36 (compatible; GoogleOther)"
114.119.142.15 - - [15/May/2026:16:03:58 +0000] "GET /my-account/lost-password/pri HTTP/1.1" 301 - "https://moabmonsters.com/my-account/lost-password/" "Mozilla/5.0 (Linux; Android 7.0;) AppleWebKit/537.36 (HTML, like Gecko) Mobile Safari/537.36 (compatible; PetalBot;+https://webmaster.petalsearch.com/site/petalbot)"
2607:5500:3000:95::2 - - [15/May/2026:16:04:00 +0000] "POST /wordpress/wp-cron.php?doing_wp_cron=1778861040.4046409130096435546875 HTTP/1.1" 404 89928 "-" "WordPress/6.9.4; https://moabmonsters.com"
114.119.142.15 - - [15/May/2026:16:04:03 +0000] "GET /my-account/lost-password/pri/ HTTP/1.1" 404 94598 "https://moabmonsters.com/my-account/lost-password/" "Mozilla/5.0 (Linux; Android 7.0;) AppleWebKit/537.36 (HTML, like Gecko) Mobile Safari/537.36 (compatible; PetalBot;+https://webmaster.petalsearch.com/site/petalbot)"
66.249.79.6 - - [15/May/2026:16:09:05 +0000] "GET /items/Y211701456/ HTTP/1.1" 404 89769 "-" "Mozilla/5.0 (Linux; Android 6.0.1; Nexus 5X Build/MMB29P) AppleWebKit/537.36 (KHTML, like Gecko) Chrome/148.0.7778.96 Mobile Safari/537.36 (compatible; GoogleOther)"
66.249.79.6 - - [15/May/2026:16:10:04 +0000] "GET /items/I176568830/ HTTP/1.1" 404 89769 "-" "Mozilla/5.0 (Linux; Android 6.0.1; Nexus 5X Build/MMB29P) AppleWebKit/537.36 (KHTML, like Gecko) Chrome/148.0.7778.96 Mobile Safari/537.36 (compatible; GoogleOther)"
2607:5500:3000:95::2 - - [15/May/2026:16:10:06 +0000] "POST /wordpress/wp-cron.php?doing_wp_cron=1778861406.5944399833679199218750 HTTP/1.1" 404 89928 "-" "WordPress/6.9.4; https://moabmonsters.com"
91.65.123.43 - - [15/May/2026:16:12:00 +0000] "GET /robots.txt HTTP/1.1" 200 100 "-" "Mozilla/5.0 (compatible; MJ12bot/v1.4.8; http://mj12bot.com/)"
91.65.123.43 - - [15/May/2026:16:12:04 +0000] "GET / HTTP/1.1" 404 179159 "-" "Mozilla/5.0 (compatible; MJ12bot/v1.4.8; http://mj12bot.com/)"
2607:5500:3000:95::2 - - [15/May/2026:16:12:06 +0000] "POST /wordpress/wp-cron.php?doing_wp_cron=1778861526.3452830314636230468750 HTTP/1.1" 404 89928 "-" "WordPress/6.9.4; https://moabmonsters.com"
66.249.79.3 - - [15/May/2026:16:18:07 +0000] "GET /realm/collection/ec0fldo21xomla5.html HTTP/1.1" 404 89829 "-" "Mozilla/5.0 (Linux; Android 6.0.1; Nexus 5X Build/MMB29P) AppleWebKit/537.36 (KHTML, like Gecko) Chrome/148.0.7778.96 Mobile Safari/537.36 (compatible; GoogleOther)"
2607:5500:3000:95::2 - - [15/May/2026:16:18:09 +0000] "POST /wordpress/wp-cron.php?doing_wp_cron=1778861889.6421649456024169921875 HTTP/1.1" 404 89928 "-" "WordPress/6.9.4; https://moabmonsters.com"
66.249.79.4 - - [15/May/2026:16:18:12 +0000] "GET /swarm/version/fx9xumxba0dnanu.html HTTP/1.1" 404 89820 "-" "Mozilla/5.0 (Linux; Android 6.0.1; Nexus 5X Build/MMB29P) AppleWebKit/537.36 (KHTML, like Gecko) Chrome/148.0.7778.96 Mobile Safari/537.36 (compatible; GoogleOther)"
66.249.79.3 - - [15/May/2026:16:18:21 +0000] "GET /rubric/volume/frpdmqdb2bh3hfy.html HTTP/1.1" 404 89820 "-" "Mozilla/5.0 (Linux; Android 6.0.1; Nexus 5X Build/MMB29P) AppleWebKit/537.36 (KHTML, like Gecko) Chrome/148.0.7778.96 Mobile Safari/537.36 (compatible; GoogleOther)"
66.249.79.3 - - [15/May/2026:16:18:34 +0000] "GET /phylum/prototype/fodjae1bqq5r23m.html HTTP/1.1" 404 89829 "-" "Mozilla/5.0 (Linux; Android 6.0.1; Nexus 5X Build/MMB29P) AppleWebKit/537.36 (KHTML, like Gecko) Chrome/148.0.7778.96 Mobile Safari/537.36 (compatible; GoogleOther)"
66.249.79.3 - - [15/May/2026:16:18:37 +0000] "GET /attribute/resource/eeq8zfeffze0kcv.html HTTP/1.1" 404 89835 "-" "Mozilla/5.0 (Linux; Android 6.0.1; Nexus 5X Build/MMB29P) AppleWebKit/537.36 (KHTML, like Gecko) Chrome/148.0.7778.96 Mobile Safari/537.36 (compatible; GoogleOther)"
40.77.167.41 - - [15/May/2026:16:19:00 +0000] "GET /wp-sitemap.xml HTTP/1.1" 404 1324 "-" "Mozilla/5.0 AppleWebKit/537.36 (KHTML, like Gecko; compatible; bingbot/2.0; +http://www.bing.com/bingbot.htm) Chrome/116.0.1938.76 Safari/537.36"
66.249.79.3 - - [15/May/2026:16:19:04 +0000] "GET /property/effect/ftc0xp0bd7gqcqx.html HTTP/1.1" 404 89826 "-" "Mozilla/5.0 (Linux; Android 6.0.1; Nexus 5X Build/MMB29P) AppleWebKit/537.36 (KHTML, like Gecko) Chrome/148.0.7778.96 Mobile Safari/537.36 (compatible; GoogleOther)"
66.249.79.3 - - [15/May/2026:16:19:15 +0000] "GET /rubric/tool/fr4h15sbhzwikud.html HTTP/1.1" 404 89814 "-" "Mozilla/5.0 (Linux; Android 6.0.1; Nexus 5X Build/MMB29P) AppleWebKit/537.36 (KHTML, like Gecko) Chrome/148.0.7778.96 Mobile Safari/537.36 (compatible; GoogleOther)"
66.249.79.3 - - [15/May/2026:16:19:28 +0000] "GET /chapter/assembly/fyeen32b3tusmgb.html HTTP/1.1" 404 89829 "-" "Mozilla/5.0 (Linux; Android 6.0.1; Nexus 5X Build/MMB29P) AppleWebKit/537.36 (KHTML, like Gecko) Chrome/148.0.7778.96 Mobile Safari/537.36 (compatible; GoogleOther)"
66.249.79.3 - - [15/May/2026:16:19:41 +0000] "GET /version/fabrication/fy7f48vbkdzlfxg.html HTTP/1.1" 404 89838 "-" "Mozilla/5.0 (Linux; Android 6.0.1; Nexus 5X Build/MMB29P) AppleWebKit/537.36 (KHTML, like Gecko) Chrome/148.0.7778.96 Mobile Safari/537.36 (compatible; GoogleOther)"
66.249.79.3 - - [15/May/2026:16:19:47 +0000] "GET /union/article/emmtjnarz7akokr.html HTTP/1.1" 404 89820 "-" "Mozilla/5.0 (Linux; Android 6.0.1; Nexus 5X Build/MMB29P) AppleWebKit/537.36 (KHTML, like Gecko) Chrome/148.0.7778.96 Mobile Safari/537.36 (compatible; GoogleOther)"
66.249.79.4 - - [15/May/2026:16:20:03 +0000] "GET /aggregation/resource/fcc1xp0bdygq1qx.html HTTP/1.1" 404 89841 "-" "Mozilla/5.0 (Linux; Android 6.0.1; Nexus 5X Build/MMB29P) AppleWebKit/537.36 (KHTML, like Gecko) Chrome/148.0.7778.96 Mobile Safari/537.36 (compatible; GoogleOther)"
66.249.79.3 - - [15/May/2026:16:20:27 +0000] "GET /edition/article/fve1n32b36uspgb.html HTTP/1.1" 404 89826 "-" "Mozilla/5.0 (Linux; Android 6.0.1; Nexus 5X Build/MMB29P) AppleWebKit/537.36 (KHTML, like Gecko) Chrome/148.0.7778.96 Mobile Safari/537.36 (compatible; GoogleOther)"
66.249.79.3 - - [15/May/2026:16:20:50 +0000] "GET /chapter/issue/etwe5lkvl5k6oi1.html HTTP/1.1" 404 89820 "-" "Mozilla/5.0 (Linux; Android 6.0.1; Nexus 5X Build/MMB29P) AppleWebKit/537.36 (KHTML, like Gecko) Chrome/148.0.7778.96 Mobile Safari/537.36 (compatible; GoogleOther)"
66.249.79.3 - - [15/May/2026:16:20:53 +0000] "GET /rubric/system/er9xumxla6xvvje.html HTTP/1.1" 404 89820 "-" "Mozilla/5.0 (Linux; Android 6.0.1; Nexus 5X Build/MMB29P) AppleWebKit/537.36 (KHTML, like Gecko) Chrome/148.0.7778.96 Mobile Safari/537.36 (compatible; GoogleOther)"
66.249.79.4 - - [15/May/2026:16:21:25 +0000] "GET /society/property/eg4l15snhps2q29.html HTTP/1.1" 404 89829 "-" "Mozilla/5.0 (Linux; Android 6.0.1; Nexus 5X Build/MMB29P) AppleWebKit/537.36 (KHTML, like Gecko) Chrome/148.0.7778.96 Mobile Safari/537.36 (compatible; GoogleOther)"
66.249.79.3 - - [15/May/2026:16:21:28 +0000] "GET /rubric/ware/falc6y9bmfpzzz6.html HTTP/1.1" 404 89814 "-" "Mozilla/5.0 (Linux; Android 6.0.1; Nexus 5X Build/MMB29P) AppleWebKit/537.36 (KHTML, like Gecko) Chrome/148.0.7778.96 Mobile Safari/537.36 (compatible; GoogleOther)"
66.249.79.3 - - [15/May/2026:16:21:58 +0000] "GET /attribute/work/ft12y2pbeatfgra.html HTTP/1.1" 404 89823 "-" "Mozilla/5.0 (Linux; Android 6.0.1; Nexus 5X Build/MMB29P) AppleWebKit/537.36 (KHTML, like Gecko) Chrome/148.0.7778.96 Mobile Safari/537.36 (compatible; GoogleOther)"
66.249.79.3 - - [15/May/2026:16:22:32 +0000] "GET /rubric/segment/fz7y48vbk7zlvxg.html HTTP/1.1" 404 89823 "-" "Mozilla/5.0 (Linux; Android 6.0.1; Nexus 5X Build/MMB29P) AppleWebKit/537.36 (KHTML, like Gecko) Chrome/148.0.7778.96 Mobile Safari/537.36 (compatible; GoogleOther)"
66.249.79.4 - - [15/May/2026:16:23:33 +0000] "GET /aggregation/article/f7fa0s3bgejt2t0.html HTTP/1.1" 404 89838 "-" "Mozilla/5.0 (Linux; Android 6.0.1; Nexus 5X Build/MMB29P) AppleWebKit/537.36 (KHTML, like Gecko) Chrome/148.0.7778.96 Mobile Safari/537.36 (compatible; GoogleOther)"
2607:5500:3000:95::2 - - [15/May/2026:16:23:35 +0000] "POST /wordpress/wp-cron.php?doing_wp_cron=1778862215.1574399471282958984375 HTTP/1.1" 404 89928 "-" "WordPress/6.9.4; https://moabmonsters.com"
66.249.79.3 - - [15/May/2026:16:23:38 +0000] "GET /rubric/concept/ftai7bybnz2oy0j.html HTTP/1.1" 404 89823 "-" "Mozilla/5.0 (Linux; Android 6.0.1; Nexus 5X Build/MMB29P) AppleWebKit/537.36 (KHTML, like Gecko) Chrome/148.0.7778.96 Mobile Safari/537.36 (compatible; GoogleOther)"
66.249.79.3 - - [15/May/2026:16:23:54 +0000] "GET /status/resource/feniwcbbcm31wpk.html HTTP/1.1" 404 89826 "-" "Mozilla/5.0 (Linux; Android 6.0.1; Nexus 5X Build/MMB29P) AppleWebKit/537.36 (KHTML, like Gecko) Chrome/148.0.7778.96 Mobile Safari/537.36 (compatible; GoogleOther)"
66.249.79.3 - - [15/May/2026:16:24:43 +0000] "GET /sort/installment/ew3iogr340rpld8.html HTTP/1.1" 404 89829 "-" "Mozilla/5.0 (Linux; Android 6.0.1; Nexus 5X Build/MMB29P) AppleWebKit/537.36 (KHTML, like Gecko) Chrome/148.0.7778.96 Mobile Safari/537.36 (compatible; GoogleOther)"
2607:5500:3000:95::2 - - [15/May/2026:16:24:45 +0000] "POST /wordpress/wp-cron.php?doing_wp_cron=1778862285.1317410469055175781250 HTTP/1.1" 404 89928 "-" "WordPress/6.9.4; https://moabmonsters.com"
66.249.79.3 - - [15/May/2026:16:25:06 +0000] "GET /chapter/abtameru/et6vrjut73uswgb.html HTTP/1.1" 404 89829 "-" "Mozilla/5.0 (Linux; Android 6.0.1; Nexus 5X Build/MMB29P) AppleWebKit/537.36 (KHTML, like Gecko) Chrome/148.0.7778.96 Mobile Safari/537.36 (compatible; GoogleOther)"
66.249.79.4 - - [15/May/2026:16:25:29 +0000] "GET /society/material/fqefn32b3wustgb.html HTTP/1.1" 404 89829 "-" "Mozilla/5.0 (Linux; Android 6.0.1; Nexus 5X Build/MMB29P) AppleWebKit/537.36 (KHTML, like Gecko) Chrome/148.0.7778.96 Mobile Safari/537.36 (compatible; GoogleOther)"
66.249.79.3 - - [15/May/2026:16:25:49 +0000] "GET /module/resource/eqjcgk7xw47hjho.html HTTP/1.1" 404 89826 "-" "Mozilla/5.0 (Linux; Android 6.0.1; Nexus 5X Build/MMB29P) AppleWebKit/537.36 (KHTML, like Gecko) Chrome/148.0.7778.96 Mobile Safari/537.36 (compatible; GoogleOther)"
2607:5500:3000:95::2 - - [15/May/2026:16:25:51 +0000] "POST /wordpress/wp-cron.php?doing_wp_cron=1778862351.3764090538024902343750 HTTP/1.1" 404 89928 "-" "WordPress/6.9.4; https://moabmonsters.com"
66.249.79.4 - - [15/May/2026:16:26:16 +0000] "GET /hierarchy/fixture/e136ogr940rp5d8.html HTTP/1.1" 404 89832 "-" "Mozilla/5.0 (Linux; Android 6.0.1; Nexus 5X Build/MMB29P) AppleWebKit/537.36 (KHTML, like Gecko) Chrome/148.0.7778.96 Mobile Safari/537.36 (compatible; GoogleOther)"
66.249.79.3 - - [15/May/2026:16:26:57 +0000] "GET /rubric/accomplishment/ezy3vzmubjmwdw3.html HTTP/1.1" 404 89844 "-" "Mozilla/5.0 (Linux; Android 6.0.1; Nexus 5X Build/MMB29P) AppleWebKit/537.36 (KHTML, like Gecko) Chrome/148.0.7778.96 Mobile Safari/537.36 (compatible; GoogleOther)"
2607:5500:3000:95::2 - - [15/May/2026:16:26:59 +0000] "POST /wordpress/wp-cron.php?doing_wp_cron=1778862419.0146040916442871093750 HTTP/1.1" 404 89928 "-" "WordPress/6.9.4; https://moabmonsters.com"
66.249.79.3 - - [15/May/2026:16:27:06 +0000] "GET /province/fabrication/fr0cldob1x4emel.html HTTP/1.1" 404 89841 "-" "Mozilla/5.0 (Linux; Android 6.0.1; Nexus 5X Build/MMB29P) AppleWebKit/537.36 (KHTML, like Gecko) Chrome/148.0.7778.96 Mobile Safari/537.36 (compatible; GoogleOther)"
66.249.79.5 - - [15/May/2026:16:28:03 +0000] "GET /rubric/shipment/entb2ihoi2h3efy.html HTTP/1.1" 404 89826 "-" "Mozilla/5.0 (Linux; Android 6.0.1; Nexus 5X Build/MMB29P) AppleWebKit/537.36 (KHTML, like Gecko) Chrome/148.0.7778.96 Mobile Safari/537.36 (compatible; GoogleOther)"
2607:5500:3000:95::2 - - [15/May/2026:16:28:05 +0000] "POST /wordpress/wp-cron.php?doing_wp_cron=1778862485.1552810668945312500000 HTTP/1.1" 404 89928 "-" "WordPress/6.9.4; https://moabmonsters.com"
66.249.79.5 - - [15/May/2026:16:28:59 +0000] "GET /area/installment/e0utf7i1vrig24z.html HTTP/1.1" 404 89829 "-" "Mozilla/5.0 (Linux; Android 6.0.1; Nexus 5X Build/MMB29P) AppleWebKit/537.36 (KHTML, like Gecko) Chrome/148.0.7778.96 Mobile Safari/537.36 (compatible; GoogleOther)"
66.249.79.5 - - [15/May/2026:16:29:22 +0000] "GET /aggregation/prototype/eqbpk0zw0kzlyxg.html HTTP/1.1" 404 89844 "-" "Mozilla/5.0 (Linux; Android 6.0.1; Nexus 5X Build/MMB29P) AppleWebKit/537.36 (KHTML, like Gecko) Chrome/148.0.7778.96 Mobile Safari/537.36 (compatible; GoogleOther)"
66.249.79.5 - - [15/May/2026:16:29:40 +0000] "GET /spectrum/implement/ek1zy2pjempznz6.html HTTP/1.1" 404 89835 "-" "Mozilla/5.0 (Linux; Android 6.0.1; Nexus 5X Build/MMB29P) AppleWebKit/537.36 (KHTML, like Gecko) Chrome/148.0.7778.96 Mobile Safari/537.36 (compatible; GoogleOther)"
66.249.79.5 - - [15/May/2026:16:29:52 +0000] "GET /facet/load/fwsrptgb5bk6ai1.html HTTP/1.1" 404 89811 "-" "Mozilla/5.0 (Linux; Android 6.0.1; Nexus 5X Build/MMB29P) AppleWebKit/537.36 (KHTML, like Gecko) Chrome/148.0.7778.96 Mobile Safari/537.36 (compatible; GoogleOther)"
66.249.79.5 - - [15/May/2026:16:30:15 +0000] "GET /property/asset/ena97by7nvy828f.html HTTP/1.1" 404 89823 "-" "Mozilla/5.0 (Linux; Android 6.0.1; Nexus 5X Build/MMB29P) AppleWebKit/537.36 (KHTML, like Gecko) Chrome/148.0.7778.96 Mobile Safari/537.36 (compatible; GoogleOther)"
66.249.79.6 - - [15/May/2026:16:30:39 +0000] "GET /species/publication/fr4n15sbhqwibud.html HTTP/1.1" 404 89838 "-" "Mozilla/5.0 (Linux; Android 6.0.1; Nexus 5X Build/MMB29P) AppleWebKit/537.36 (KHTML, like Gecko) Chrome/148.0.7778.96 Mobile Safari/537.36 (compatible; GoogleOther)"
66.249.79.5 - - [15/May/2026:16:30:55 +0000] "GET /categorization/return/f8ndwcbbcs31epk.html HTTP/1.1" 404 89844 "-" "Mozilla/5.0 (Linux; Android 6.0.1; Nexus 5X Build/MMB29P) AppleWebKit/537.36 (KHTML, like Gecko) Chrome/148.0.7778.96 Mobile Safari/537.36 (compatible; GoogleOther)"
66.249.79.6 - - [15/May/2026:16:31:18 +0000] "GET /association/accomplishment/ejvpswjp8gjtpt0.html HTTP/1.1" 404 89859 "-" "Mozilla/5.0 (Linux; Android 6.0.1; Nexus 5X Build/MMB29P) AppleWebKit/537.36 (KHTML, like Gecko) Chrome/148.0.7778.96 Mobile Safari/537.36 (compatible; GoogleOther)"
2607:5500:3000:95::2 - - [15/May/2026:16:31:20 +0000] "POST /wordpress/wp-cron.php?doing_wp_cron=1778862680.2524530887603759765625 HTTP/1.1" 404 89928 "-" "WordPress/6.9.4; https://moabmonsters.com"
66.249.79.6 - - [15/May/2026:16:31:22 +0000] "GET /rubric/feature/f5ty2ihbij97hvq.html HTTP/1.1" 404 89823 "-" "Mozilla/5.0 (Linux; Android 6.0.1; Nexus 5X Build/MMB29P) AppleWebKit/537.36 (KHTML, like Gecko) Chrome/148.0.7778.96 Mobile Safari/537.36 (compatible; GoogleOther)"
66.249.79.5 - - [15/May/2026:16:32:28 +0000] "GET /rubric/assortment/fq2mbrqbrvigk4z.html HTTP/1.1" 404 89832 "-" "Mozilla/5.0 (Linux; Android 6.0.1; Nexus 5X Build/MMB29P) AppleWebKit/537.36 (KHTML, like Gecko) Chrome/148.0.7778.96 Mobile Safari/537.36 (compatible; GoogleOther)"
2607:5500:3000:95::2 - - [15/May/2026:16:32:29 +0000] "POST /wordpress/wp-cron.php?doing_wp_cron=1778862749.9017450809478759765625 HTTP/1.1" 404 89928 "-" "WordPress/6.9.4; https://moabmonsters.com"
66.249.79.7 - - [15/May/2026:16:33:14 +0000] "GET /division/piece/eb68rju673us9gb.html HTTP/1.1" 404 89823 "-" "Mozilla/5.0 (Linux; Android 6.0.1; Nexus 5X Build/MMB29P) AppleWebKit/537.36 (KHTML, like Gecko) Chrome/148.0.7778.96 Mobile Safari/537.36 (compatible; GoogleOther)"
66.249.79.4 - - [15/May/2026:16:33:31 +0000] "GET /format/load/ft0jldob1b4e0el.html HTTP/1.1" 404 89814 "-" "Mozilla/5.0 (Linux; Android 6.0.1; Nexus 5X Build/MMB29P) AppleWebKit/537.36 (KHTML, like Gecko) Chrome/148.0.7778.96 Mobile Safari/537.36 (compatible; GoogleOther)"
2607:5500:3000:95::2 - - [15/May/2026:16:33:33 +0000] "POST /wordpress/wp-cron.php?doing_wp_cron=1778862813.0524768829345703125000 HTTP/1.1" 404 89928 "-" "WordPress/6.9.4; https://moabmonsters.com"
66.249.79.4 - - [15/May/2026:16:33:34 +0000] "GET /section/remnant/eo9zumxwa6xvcje.html HTTP/1.1" 404 89826 "-" "Mozilla/5.0 (Linux; Android 6.0.1; Nexus 5X Build/MMB29P) AppleWebKit/537.36 (KHTML, like Gecko) Chrome/148.0.7778.96 Mobile Safari/537.36 (compatible; GoogleOther)"
66.249.79.4 - - [15/May/2026:16:34:08 +0000] "GET /population/work/f5ii3v6bjymwlw3.html HTTP/1.1" 404 89826 "-" "Mozilla/5.0 (Linux; Android 6.0.1; Nexus 5X Build/MMB29P) AppleWebKit/537.36 (KHTML, like Gecko) Chrome/148.0.7778.96 Mobile Safari/537.36 (compatible; GoogleOther)"
66.249.79.3 - - [15/May/2026:16:35:34 +0000] "GET /tier/equipment/fh8ahxwbxaomza5.html HTTP/1.1" 404 89823 "-" "Mozilla/5.0 (Linux; Android 6.0.1; Nexus 5X Build/MMB29P) AppleWebKit/537.36 (KHTML, like Gecko) Chrome/148.0.7778.96 Mobile Safari/537.36 (compatible; GoogleOther)"
66.249.79.5 - - [15/May/2026:16:35:57 +0000] "GET /sphere/inventory/ebnhwcbycwbxi9s.html HTTP/1.1" 404 89829 "-" "Mozilla/5.0 (Linux; Android 6.0.1; Nexus 5X Build/MMB29P) AppleWebKit/537.36 (KHTML, like Gecko) Chrome/148.0.7778.96 Mobile Safari/537.36 (compatible; GoogleOther)"
66.249.79.5 - - [15/May/2026:16:36:56 +0000] "GET /attribute/work/f1skptgb5qk6ri1.html HTTP/1.1" 404 89823 "-" "Mozilla/5.0 (Linux; Android 6.0.1; Nexus 5X Build/MMB29P) AppleWebKit/537.36 (KHTML, like Gecko) Chrome/148.0.7778.96 Mobile Safari/537.36 (compatible; GoogleOther)"
66.249.79.3 - - [15/May/2026:16:37:07 +0000] "GET /coterie/freight/fm0eldob164etel.html HTTP/1.1" 404 89826 "-" "Mozilla/5.0 (Linux; Android 6.0.1; Nexus 5X Build/MMB29P) AppleWebKit/537.36 (KHTML, like Gecko) Chrome/148.0.7778.96 Mobile Safari/537.36 (compatible; GoogleOther)"
66.249.79.3 - - [15/May/2026:16:37:21 +0000] "GET /spectrum/object/eg5deutyuetfqra.html HTTP/1.1" 404 89826 "-" "Mozilla/5.0 (Linux; Android 6.0.1; Nexus 5X Build/MMB29P) AppleWebKit/537.36 (KHTML, like Gecko) Chrome/148.0.7778.96 Mobile Safari/537.36 (compatible; GoogleOther)"
66.249.79.3 - - [15/May/2026:16:38:00 +0000] "GET /categorization/supply/eguyf7i8vrigd4z.html HTTP/1.1" 404 89844 "-" "Mozilla/5.0 (Linux; Android 6.0.1; Nexus 5X Build/MMB29P) AppleWebKit/537.36 (KHTML, like Gecko) Chrome/148.0.7778.96 Mobile Safari/537.36 (compatible; GoogleOther)"
66.249.79.3 - - [15/May/2026:16:38:17 +0000] "GET /system/version/ekwg5lkyl5k6li1.html HTTP/1.1" 404 89823 "-" "Mozilla/5.0 (Linux; Android 6.0.1; Nexus 5X Build/MMB29P) AppleWebKit/537.36 (KHTML, like Gecko) Chrome/148.0.7778.96 Mobile Safari/537.36 (compatible; GoogleOther)"
66.249.79.4 - - [15/May/2026:16:39:03 +0000] "GET /version/pattern/fi0nldob194egel.html HTTP/1.1" 404 89826 "-" "Mozilla/5.0 (Linux; Android 6.0.1; Nexus 5X Build/MMB29P) AppleWebKit/537.36 (KHTML, like Gecko) Chrome/148.0.7778.96 Mobile Safari/537.36 (compatible; GoogleOther)"
2607:5500:3000:95::2 - - [15/May/2026:16:39:05 +0000] "POST /wordpress/wp-cron.php?doing_wp_cron=1778863145.8113250732421875000000 HTTP/1.1" 404 89928 "-" "WordPress/6.9.4; https://moabmonsters.com"
66.249.79.3 - - [15/May/2026:16:39:26 +0000] "GET /system/serial/fwqazfebf4645sn.html HTTP/1.1" 404 89820 "-" "Mozilla/5.0 (Linux; Android 6.0.1; Nexus 5X Build/MMB29P) AppleWebKit/537.36 (KHTML, like Gecko) Chrome/148.0.7778.96 Mobile Safari/537.36 (compatible; GoogleOther)"
66.249.79.3 - - [15/May/2026:16:39:50 +0000] "GET /department/supply/f73cogrb447h8ho.html HTTP/1.1" 404 89832 "-" "Mozilla/5.0 (Linux; Android 6.0.1; Nexus 5X Build/MMB29P) AppleWebKit/537.36 (KHTML, like Gecko) Chrome/148.0.7778.96 Mobile Safari/537.36 (compatible; GoogleOther)"
