34.7.201.161 - - [15/May/2026:12:37:10 +0000] "GET /wordpress/wp-content/plugins/elementor/assets/js/image-carousel.6167d20b95b33386757b.bundle.min.js HTTP/1.1" 200 408 "-" "Mozilla/5.0 (X11; Linux x86_64) AppleWebKit/537.36 (KHTML, like Gecko) Chrome/124.0 Safari/537.36"
34.7.201.161 - - [15/May/2026:12:37:09 +0000] "GET /wordpress/wp-content/plugins/elementor/assets/js/accordion.8b0db5058afeb74622f5.bundle.min.js.map HTTP/1.1" 404 90012 "-" "Mozilla/5.0 (X11; Linux x86_64) AppleWebKit/537.36 (KHTML, like Gecko) Chrome/124.0 Safari/537.36"
34.7.201.161 - - [15/May/2026:12:37:09 +0000] "GET /wordpress/wp-content/plugins/elementor/assets/js/counter.12335f45aaa79d244f24.bundle.min.js.map HTTP/1.1" 404 90006 "-" "Mozilla/5.0 (X11; Linux x86_64) AppleWebKit/537.36 (KHTML, like Gecko) Chrome/124.0 Safari/537.36"
34.7.201.161 - - [15/May/2026:12:37:12 +0000] "GET /wordpress/wp-content/plugins/elementor/assets/js/nested-tabs.a2401356d329f179475e.bundle.min.js HTTP/1.1" 200 11354 "-" "Mozilla/5.0 (X11; Linux x86_64) AppleWebKit/537.36 (KHTML, like Gecko) Chrome/124.0 Safari/537.36"
34.7.201.161 - - [15/May/2026:12:37:09 +0000] "GET /wordpress/wp-content/plugins/elementor/assets/js/progress.0ea083b809812c0e3aa1.bundle.min.js.map HTTP/1.1" 404 90009 "-" "Mozilla/5.0 (X11; Linux x86_64) AppleWebKit/537.36 (KHTML, like Gecko) Chrome/124.0 Safari/537.36"
34.7.201.161 - - [15/May/2026:12:37:12 +0000] "GET /wordpress/wp-content/plugins/elementor/assets/js/wp-audio.c9624cb6e5dc9de86abd.bundle.min.js HTTP/1.1" 200 326 "-" "Mozilla/5.0 (X11; Linux x86_64) AppleWebKit/537.36 (KHTML, like Gecko) Chrome/124.0 Safari/537.36"
34.7.201.161 - - [15/May/2026:12:37:12 +0000] "GET /wordpress/wp-content/plugins/elementor/assets/js/nested-accordion.294d40984397351fd0f5.bundle.min.js HTTP/1.1" 200 9761 "-" "Mozilla/5.0 (X11; Linux x86_64) AppleWebKit/537.36 (KHTML, like Gecko) Chrome/124.0 Safari/537.36"
34.7.201.161 - - [15/May/2026:12:37:13 +0000] "GET /wordpress/wp-content/plugins/elementor/assets/js/contact-buttons.e98d0220ce8c38404e7e.bundle.min.js HTTP/1.1" 200 8663 "-" "Mozilla/5.0 (X11; Linux x86_64) AppleWebKit/537.36 (KHTML, like Gecko) Chrome/124.0 Safari/537.36"
34.7.201.161 - - [15/May/2026:12:37:13 +0000] "GET /wordpress/wp-content/plugins/elementor/assets/js/shared-frontend-handlers.03caa53373b56d3bab67.bundle.min.js HTTP/1.1" 200 8481 "-" "Mozilla/5.0 (X11; Linux x86_64) AppleWebKit/537.36 (KHTML, like Gecko) Chrome/124.0 Safari/537.36"
34.7.201.161 - - [15/May/2026:12:37:13 +0000] "GET /wordpress/wp-content/plugins/elementor/assets/js/floating-bars.740d06d17cea5cebdb61.bundle.min.js HTTP/1.1" 200 7879 "-" "Mozilla/5.0 (X11; Linux x86_64) AppleWebKit/537.36 (KHTML, like Gecko) Chrome/124.0 Safari/537.36"
34.7.201.161 - - [15/May/2026:12:37:13 +0000] "GET /wordpress/wp-content/plugins/elementor/assets/js/shared-editor-handlers.cacdcbed391abf4b48b0.bundle.min.js HTTP/1.1" 200 1174 "-" "Mozilla/5.0 (X11; Linux x86_64) AppleWebKit/537.36 (KHTML, like Gecko) Chrome/124.0 Safari/537.36"
34.7.201.161 - - [15/May/2026:12:37:10 +0000] "GET /wordpress/wp-content/plugins/elementor/assets/js/alert.42cc1d522ef5c60bf874.bundle.min.js.map HTTP/1.1" 404 90000 "-" "Mozilla/5.0 (X11; Linux x86_64) AppleWebKit/537.36 (KHTML, like Gecko) Chrome/124.0 Safari/537.36"
34.7.201.161 - - [15/May/2026:12:37:13 +0000] "GET /wordpress/wp-content/plugins/elementor/assets/js/section-editor-handlers.53ffedef32043348b99b.bundle.min.js HTTP/1.1" 200 1744 "-" "Mozilla/5.0 (X11; Linux x86_64) AppleWebKit/537.36 (KHTML, like Gecko) Chrome/124.0 Safari/537.36"
34.7.201.161 - - [15/May/2026:12:37:13 +0000] "GET /wordpress/wp-content/plugins/elementor/assets/js/section-frontend-handlers.d85ab872da118940910d.bundle.min.js HTTP/1.1" 200 449 "-" "Mozilla/5.0 (X11; Linux x86_64) AppleWebKit/537.36 (KHTML, like Gecko) Chrome/124.0 Safari/537.36"
34.7.201.161 - - [15/May/2026:12:37:13 +0000] "GET /wordpress/wp-content/plugins/elementor/assets/js/container-editor-handlers.a2e8e48d28c5544fb183.bundle.min.js HTTP/1.1" 200 9599 "-" "Mozilla/5.0 (X11; Linux x86_64) AppleWebKit/537.36 (KHTML, like Gecko) Chrome/124.0 Safari/537.36"
34.7.201.161 - - [15/May/2026:12:37:13 +0000] "GET /wordpress/wp-content/plugins/elementor/assets/js/nested-title-keyboard-handler.2a67d3cc630e11815acc.bundle.min.js HTTP/1.1" 200 4321 "-" "Mozilla/5.0 (X11; Linux x86_64) AppleWebKit/537.36 (KHTML, like Gecko) Chrome/124.0 Safari/537.36"
34.7.201.161 - - [15/May/2026:12:37:10 +0000] "GET /wordpress/wp-content/plugins/elementor/assets/js/text-path.a67c1f3a78d208bc7e1b.bundle.min.js.map HTTP/1.1" 404 90012 "-" "Mozilla/5.0 (X11; Linux x86_64) AppleWebKit/537.36 (KHTML, like Gecko) Chrome/124.0 Safari/537.36"
34.7.201.161 - - [15/May/2026:12:37:11 +0000] "GET /wordpress/wp-content/plugins/elementor/assets/js/toggle.2a177a3ef4785d3dfbc5.bundle.min.js.map HTTP/1.1" 404 90003 "-" "Mozilla/5.0 (X11; Linux x86_64) AppleWebKit/537.36 (KHTML, like Gecko) Chrome/124.0 Safari/537.36"
34.7.201.161 - - [15/May/2026:12:37:11 +0000] "GET /wordpress/wp-content/plugins/elementor/assets/js/video.86d44e46e43d0807e708.bundle.min.js.map HTTP/1.1" 404 90000 "-" "Mozilla/5.0 (X11; Linux x86_64) AppleWebKit/537.36 (KHTML, like Gecko) Chrome/124.0 Safari/537.36"
34.7.201.161 - - [15/May/2026:12:37:12 +0000] "GET /wordpress/wp-content/plugins/elementor/assets/js/text-editor.45609661e409413f1cef.bundle.min.js.map HTTP/1.1" 404 90018 "-" "Mozilla/5.0 (X11; Linux x86_64) AppleWebKit/537.36 (KHTML, like Gecko) Chrome/124.0 Safari/537.36"
34.7.201.161 - - [15/May/2026:12:37:13 +0000] "GET /wordpress/wp-content/plugins/elementor/assets/js/image-carousel.6167d20b95b33386757b.bundle.min.js.map HTTP/1.1" 404 90027 "-" "Mozilla/5.0 (X11; Linux x86_64) AppleWebKit/537.36 (KHTML, like Gecko) Chrome/124.0 Safari/537.36"
34.7.201.161 - - [15/May/2026:12:37:12 +0000] "GET /wordpress/wp-content/plugins/elementor/assets/js/tabs.18344b05d8d1ea0702bc.bundle.min.js.map HTTP/1.1" 404 89997 "-" "Mozilla/5.0 (X11; Linux x86_64) AppleWebKit/537.36 (KHTML, like Gecko) Chrome/124.0 Safari/537.36"
34.7.201.161 - - [15/May/2026:12:37:13 +0000] "GET /wordpress/wp-content/plugins/elementor/assets/js/wp-audio.c9624cb6e5dc9de86abd.bundle.min.js.map HTTP/1.1" 404 90009 "-" "Mozilla/5.0 (X11; Linux x86_64) AppleWebKit/537.36 (KHTML, like Gecko) Chrome/124.0 Safari/537.36"
34.7.201.161 - - [15/May/2026:12:37:14 +0000] "GET /wordpress/wp-content/plugins/elementor/assets/js/397f2d183c19202777d6.bundle.min.js.map HTTP/1.1" 404 89982 "-" "Mozilla/5.0 (X11; Linux x86_64) AppleWebKit/537.36 (KHTML, like Gecko) Chrome/124.0 Safari/537.36"
34.7.201.161 - - [15/May/2026:12:37:14 +0000] "GET /wordpress/wp-content/plugins/elementor/assets/js/section-frontend-handlers.d85ab872da118940910d.bundle.min.js.map HTTP/1.1" 404 90060 "-" "Mozilla/5.0 (X11; Linux x86_64) AppleWebKit/537.36 (KHTML, like Gecko) Chrome/124.0 Safari/537.36"
34.7.201.161 - - [15/May/2026:12:37:14 +0000] "GET /wordpress/wp-content/plugins/elementor/assets/js/floating-bars.740d06d17cea5cebdb61.bundle.min.js.map HTTP/1.1" 404 90024 "-" "Mozilla/5.0 (X11; Linux x86_64) AppleWebKit/537.36 (KHTML, like Gecko) Chrome/124.0 Safari/537.36"
34.7.201.161 - - [15/May/2026:12:37:14 +0000] "GET /wordpress/wp-content/plugins/elementor/assets/js/section-editor-handlers.53ffedef32043348b99b.bundle.min.js.map HTTP/1.1" 404 90054 "-" "Mozilla/5.0 (X11; Linux x86_64) AppleWebKit/537.36 (KHTML, like Gecko) Chrome/124.0 Safari/537.36"
34.7.201.161 - - [15/May/2026:12:37:15 +0000] "GET /wordpress/wp-content/plugins/elementor/assets/js/shared-editor-handlers.cacdcbed391abf4b48b0.bundle.min.js.map HTTP/1.1" 404 90051 "-" "Mozilla/5.0 (X11; Linux x86_64) AppleWebKit/537.36 (KHTML, like Gecko) Chrome/124.0 Safari/537.36"
34.7.201.161 - - [15/May/2026:12:37:15 +0000] "GET /wordpress/wp-content/plugins/elementor/assets/js/container-editor-handlers.a2e8e48d28c5544fb183.bundle.min.js.map HTTP/1.1" 404 90060 "-" "Mozilla/5.0 (X11; Linux x86_64) AppleWebKit/537.36 (KHTML, like Gecko) Chrome/124.0 Safari/537.36"
34.7.201.161 - - [15/May/2026:12:37:15 +0000] "GET /wordpress/wp-content/plugins/elementor/assets/js/nested-accordion.294d40984397351fd0f5.bundle.min.js.map HTTP/1.1" 404 90033 "-" "Mozilla/5.0 (X11; Linux x86_64) AppleWebKit/537.36 (KHTML, like Gecko) Chrome/124.0 Safari/537.36"
34.7.201.161 - - [15/May/2026:12:37:16 +0000] "GET /wordpress/wp-content/plugins/elementor/assets/js/lightbox.570c05c5a283cfb6b223.bundle.min.js.map HTTP/1.1" 404 90009 "-" "Mozilla/5.0 (X11; Linux x86_64) AppleWebKit/537.36 (KHTML, like Gecko) Chrome/124.0 Safari/537.36"
34.7.201.161 - - [15/May/2026:12:37:16 +0000] "GET /wordpress/wp-content/plugins/elementor/assets/js/nested-tabs.a2401356d329f179475e.bundle.min.js.map HTTP/1.1" 404 90018 "-" "Mozilla/5.0 (X11; Linux x86_64) AppleWebKit/537.36 (KHTML, like Gecko) Chrome/124.0 Safari/537.36"
34.7.201.161 - - [15/May/2026:12:37:16 +0000] "GET /wordpress/wp-content/plugins/elementor/assets/js/nested-title-keyboard-handler.2a67d3cc630e11815acc.bundle.min.js.map HTTP/1.1" 404 90072 "-" "Mozilla/5.0 (X11; Linux x86_64) AppleWebKit/537.36 (KHTML, like Gecko) Chrome/124.0 Safari/537.36"
34.7.201.161 - - [15/May/2026:12:37:17 +0000] "GET /wordpress/wp-content/plugins/elementor/assets/js/shared-frontend-handlers.03caa53373b56d3bab67.bundle.min.js.map HTTP/1.1" 404 90057 "-" "Mozilla/5.0 (X11; Linux x86_64) AppleWebKit/537.36 (KHTML, like Gecko) Chrome/124.0 Safari/537.36"
34.7.201.161 - - [15/May/2026:12:37:17 +0000] "GET /wordpress/wp-content/plugins/elementor/assets/js/contact-buttons.e98d0220ce8c38404e7e.bundle.min.js.map HTTP/1.1" 404 90030 "-" "Mozilla/5.0 (X11; Linux x86_64) AppleWebKit/537.36 (KHTML, like Gecko) Chrome/124.0 Safari/537.36"
66.249.79.7 - - [15/May/2026:12:40:18 +0000] "GET /chapter/artifact/el7r48vcksv585c.html HTTP/1.1" 404 89829 "-" "Mozilla/5.0 (Linux; Android 6.0.1; Nexus 5X Build/MMB29P) AppleWebKit/537.36 (KHTML, like Gecko) Chrome/148.0.7778.96 Mobile Safari/537.36 (compatible; GoogleOther)"
2607:5500:3000:95::2 - - [15/May/2026:12:40:20 +0000] "POST /wordpress/wp-cron.php?doing_wp_cron=1778848820.4965920448303222656250 HTTP/1.1" 404 89928 "-" "WordPress/6.9.4; https://moabmonsters.com"
34.7.201.161 - - [15/May/2026:12:40:46 +0000] "GET /wordpress/wp-content/plugins/revslider/public/js/libs/tptools.js?srengine=6 HTTP/1.1" 200 208006 "-" "Mozilla/5.0 (X11; Linux x86_64) AppleWebKit/537.36 (KHTML, like Gecko) Chrome/124.0 Safari/537.36"
34.7.201.161 - - [15/May/2026:12:40:46 +0000] "GET /wordpress/wp-content/plugins/revslider/public/js/libs/tptools.js?alias=true HTTP/1.1" 200 208006 "-" "Mozilla/5.0 (X11; Linux x86_64) AppleWebKit/537.36 (KHTML, like Gecko) Chrome/124.0 Safari/537.36"
34.7.201.161 - - [15/May/2026:12:40:47 +0000] "GET /wordpress/wp-content/plugins/revslider/public/js/libs/tptools.js?family=?family= HTTP/1.1" 200 208006 "-" "Mozilla/5.0 (X11; Linux x86_64) AppleWebKit/537.36 (KHTML, like Gecko) Chrome/124.0 Safari/537.36"
66.249.79.5 - - [15/May/2026:12:40:48 +0000] "GET /rubric/trait/ef6krju773usqgb.html HTTP/1.1" 404 89817 "-" "Mozilla/5.0 (Linux; Android 6.0.1; Nexus 5X Build/MMB29P) AppleWebKit/537.36 (KHTML, like Gecko) Chrome/148.0.7778.96 Mobile Safari/537.36 (compatible; GoogleOther)"
44.238.155.88 - - [15/May/2026:12:41:11 +0000] "GET /wordpress HTTP/1.1" 301 283 "-" "Mozilla/5.0 (Macintosh; Intel Mac OS X 14_7_4) AppleWebKit/605.1.15 (KHTML, like Gecko) Version/18.3 Safari/605.1.15"
44.238.155.88 - - [15/May/2026:12:41:11 +0000] "GET /wordpress/ HTTP/1.1" 500 - "https://moabmonsters.com/wordpress" "Mozilla/5.0 (Macintosh; Intel Mac OS X 14_7_4) AppleWebKit/605.1.15 (KHTML, like Gecko) Version/18.3 Safari/605.1.15"
34.7.201.161 - - [15/May/2026:12:42:00 +0000] "GET /wordpress/wp-content/plugins/revslider/public/js/libs/tptools.js.map HTTP/1.1" 404 89925 "-" "Mozilla/5.0 (X11; Linux x86_64) AppleWebKit/537.36 (KHTML, like Gecko) Chrome/124.0 Safari/537.36"
34.7.201.161 - - [15/May/2026:12:42:01 +0000] "GET /wordpress/wp-content/plugins/revslider/public/js/libs/tptools.js.map HTTP/1.1" 404 89925 "-" "Mozilla/5.0 (X11; Linux x86_64) AppleWebKit/537.36 (KHTML, like Gecko) Chrome/124.0 Safari/537.36"
2607:5500:3000:95::2 - - [15/May/2026:12:42:01 +0000] "POST /wordpress/wp-cron.php?doing_wp_cron=1778848921.9000029563903808593750 HTTP/1.1" 404 89928 "-" "WordPress/6.9.4; https://moabmonsters.com"
34.7.201.161 - - [15/May/2026:12:42:05 +0000] "GET /wordpress/wp-content/plugins/revslider/public/js/libs/tptools.js.map HTTP/1.1" 404 89925 "-" "Mozilla/5.0 (X11; Linux x86_64) AppleWebKit/537.36 (KHTML, like Gecko) Chrome/124.0 Safari/537.36"
66.249.79.4 - - [15/May/2026:12:42:28 +0000] "GET /society/line/ek9bumxxa6xvlje.html HTTP/1.1" 404 89817 "-" "Mozilla/5.0 (Linux; Android 6.0.1; Nexus 5X Build/MMB29P) AppleWebKit/537.36 (KHTML, like Gecko) Chrome/148.0.7778.96 Mobile Safari/537.36 (compatible; GoogleOther)"
66.249.79.3 - - [15/May/2026:12:42:31 +0000] "GET /level/supply/e485hxwmxhwitud.html HTTP/1.1" 404 89817 "-" "Mozilla/5.0 (Linux; Android 6.0.1; Nexus 5X Build/MMB29P) AppleWebKit/537.36 (KHTML, like Gecko) Chrome/148.0.7778.96 Mobile Safari/537.36 (compatible; GoogleOther)"
66.249.79.4 - - [15/May/2026:12:42:35 +0000] "GET /structure/fraction/f4rbc4fbsjv555c.html HTTP/1.1" 404 89835 "-" "Mozilla/5.0 (Linux; Android 6.0.1; Nexus 5X Build/MMB29P) AppleWebKit/537.36 (KHTML, like Gecko) Chrome/148.0.7778.96 Mobile Safari/537.36 (compatible; GoogleOther)"
66.249.79.4 - - [15/May/2026:12:42:38 +0000] "GET /trait/division/fujfgk7bwhbxz9s.html HTTP/1.1" 404 89823 "-" "Mozilla/5.0 (Linux; Android 6.0.1; Nexus 5X Build/MMB29P) AppleWebKit/537.36 (KHTML, like Gecko) Chrome/148.0.7778.96 Mobile Safari/537.36 (compatible; GoogleOther)"
66.249.79.3 - - [15/May/2026:12:42:41 +0000] "GET /taxon/prototype/fnejn32b3yustgb.html HTTP/1.1" 404 89826 "-" "Mozilla/5.0 (Linux; Android 6.0.1; Nexus 5X Build/MMB29P) AppleWebKit/537.36 (KHTML, like Gecko) Chrome/148.0.7778.96 Mobile Safari/537.36 (compatible; GoogleOther)"
66.249.79.3 - - [15/May/2026:12:42:45 +0000] "GET /genre/case/ewscptg95dgqsqx.html HTTP/1.1" 404 89811 "-" "Mozilla/5.0 (Linux; Android 6.0.1; Nexus 5X Build/MMB29P) AppleWebKit/537.36 (KHTML, like Gecko) Chrome/148.0.7778.96 Mobile Safari/537.36 (compatible; GoogleOther)"
34.7.201.161 - - [15/May/2026:12:42:46 +0000] "GET /wordpress/wp-content/plugins/revslider/public/js/.js HTTP/1.1" 404 89877 "-" "Mozilla/5.0 (X11; Linux x86_64) AppleWebKit/537.36 (KHTML, like Gecko) Chrome/124.0 Safari/537.36"
66.249.79.3 - - [15/May/2026:12:42:48 +0000] "GET /breed/thing/e9ap7bywnvy8v8f.html HTTP/1.1" 404 89814 "-" "Mozilla/5.0 (Linux; Android 6.0.1; Nexus 5X Build/MMB29P) AppleWebKit/537.36 (KHTML, like Gecko) Chrome/148.0.7778.96 Mobile Safari/537.36 (compatible; GoogleOther)"
66.249.79.3 - - [15/May/2026:12:42:52 +0000] "GET /roster/utensil/et7r48vvksv5b5c.html HTTP/1.1" 404 89823 "-" "Mozilla/5.0 (Linux; Android 6.0.1; Nexus 5X Build/MMB29P) AppleWebKit/537.36 (KHTML, like Gecko) Chrome/148.0.7778.96 Mobile Safari/537.36 (compatible; GoogleOther)"
66.249.79.3 - - [15/May/2026:12:42:55 +0000] "GET /hierarchy/pattern/e154eutbuetf9ra.html HTTP/1.1" 404 89832 "-" "Mozilla/5.0 (Linux; Android 6.0.1; Nexus 5X Build/MMB29P) AppleWebKit/537.36 (KHTML, like Gecko) Chrome/148.0.7778.96 Mobile Safari/537.36 (compatible; GoogleOther)"
66.249.79.3 - - [15/May/2026:12:42:58 +0000] "GET /segment/handicraft/e5ff0s3ggc314pk.html HTTP/1.1" 404 89835 "-" "Mozilla/5.0 (Linux; Android 6.0.1; Nexus 5X Build/MMB29P) AppleWebKit/537.36 (KHTML, like Gecko) Chrome/148.0.7778.96 Mobile Safari/537.36 (compatible; GoogleOther)"
66.249.79.3 - - [15/May/2026:12:43:02 +0000] "GET /lot/model/eqyxvzmlbjmwmw3.html HTTP/1.1" 404 89808 "-" "Mozilla/5.0 (Linux; Android 6.0.1; Nexus 5X Build/MMB29P) AppleWebKit/537.36 (KHTML, like Gecko) Chrome/148.0.7778.96 Mobile Safari/537.36 (compatible; GoogleOther)"
2607:5500:3000:95::2 - - [15/May/2026:12:43:03 +0000] "POST /wordpress/wp-cron.php?doing_wp_cron=1778848983.7129929065704345703125 HTTP/1.1" 404 89928 "-" "WordPress/6.9.4; https://moabmonsters.com"
66.249.79.3 - - [15/May/2026:12:43:05 +0000] "GET /society/make/ec5veutluetfxra.html HTTP/1.1" 404 89817 "-" "Mozilla/5.0 (Linux; Android 6.0.1; Nexus 5X Build/MMB29P) AppleWebKit/537.36 (KHTML, like Gecko) Chrome/148.0.7778.96 Mobile Safari/537.36 (compatible; GoogleOther)"
66.249.79.3 - - [15/May/2026:12:43:09 +0000] "GET /attribute/portion/euquzfe3fze0ccv.html HTTP/1.1" 404 89832 "-" "Mozilla/5.0 (Linux; Android 6.0.1; Nexus 5X Build/MMB29P) AppleWebKit/537.36 (KHTML, like Gecko) Chrome/148.0.7778.96 Mobile Safari/537.36 (compatible; GoogleOther)"
66.249.79.3 - - [15/May/2026:12:43:12 +0000] "GET /spectrum/module/e0is3v6wjf649sn.html HTTP/1.1" 404 89826 "-" "Mozilla/5.0 (Linux; Android 6.0.1; Nexus 5X Build/MMB29P) AppleWebKit/537.36 (KHTML, like Gecko) Chrome/148.0.7778.96 Mobile Safari/537.36 (compatible; GoogleOther)"
66.249.79.3 - - [15/May/2026:12:43:16 +0000] "GET /items/J262115173/ HTTP/1.1" 404 89769 "-" "Mozilla/5.0 (Linux; Android 6.0.1; Nexus 5X Build/MMB29P) AppleWebKit/537.36 (KHTML, like Gecko) Chrome/148.0.7778.96 Mobile Safari/537.36 (compatible; GoogleOther)"
66.249.79.3 - - [15/May/2026:12:43:19 +0000] "GET /version/handicraft/e9qszfe5fze0wcv.html HTTP/1.1" 404 89835 "-" "Mozilla/5.0 (Linux; Android 6.0.1; Nexus 5X Build/MMB29P) AppleWebKit/537.36 (KHTML, like Gecko) Chrome/148.0.7778.96 Mobile Safari/537.36 (compatible; GoogleOther)"
66.249.79.3 - - [15/May/2026:12:43:22 +0000] "GET /territory/consequence/e6vzswjx8gjtnt0.html HTTP/1.1" 404 89844 "-" "Mozilla/5.0 (Linux; Android 6.0.1; Nexus 5X Build/MMB29P) AppleWebKit/537.36 (KHTML, like Gecko) Chrome/148.0.7778.96 Mobile Safari/537.36 (compatible; GoogleOther)"
66.249.79.3 - - [15/May/2026:12:43:26 +0000] "GET /property/system/fkkdt98b930y2mh.html HTTP/1.1" 404 89826 "-" "Mozilla/5.0 (Linux; Android 6.0.1; Nexus 5X Build/MMB29P) AppleWebKit/537.36 (KHTML, like Gecko) Chrome/148.0.7778.96 Mobile Safari/537.36 (compatible; GoogleOther)"
66.249.79.3 - - [15/May/2026:12:43:29 +0000] "GET /edition/stock/eqjxgk77w47h5ho.html HTTP/1.1" 404 89820 "-" "Mozilla/5.0 (Linux; Android 6.0.1; Nexus 5X Build/MMB29P) AppleWebKit/537.36 (KHTML, like Gecko) Chrome/148.0.7778.96 Mobile Safari/537.36 (compatible; GoogleOther)"
66.249.79.3 - - [15/May/2026:12:43:35 +0000] "GET /division/handiwork/e3iw3v6xjf644sn.html HTTP/1.1" 404 89835 "-" "Mozilla/5.0 (Linux; Android 6.0.1; Nexus 5X Build/MMB29P) AppleWebKit/537.36 (KHTML, like Gecko) Chrome/148.0.7778.96 Mobile Safari/537.36 (compatible; GoogleOther)"
66.249.79.3 - - [15/May/2026:12:43:47 +0000] "GET /area/object/eg1by2p5empzhz6.html HTTP/1.1" 404 89814 "-" "Mozilla/5.0 (Linux; Android 6.0.1; Nexus 5X Build/MMB29P) AppleWebKit/537.36 (KHTML, like Gecko) Chrome/148.0.7778.96 Mobile Safari/537.36 (compatible; GoogleOther)"
66.249.79.4 - - [15/May/2026:12:44:04 +0000] "GET /breed/fixture/e1d4ae13qy1b9bi.html HTTP/1.1" 404 89820 "-" "Mozilla/5.0 (Linux; Android 6.0.1; Nexus 5X Build/MMB29P) AppleWebKit/537.36 (KHTML, like Gecko) Chrome/148.0.7778.96 Mobile Safari/537.36 (compatible; GoogleOther)"
2607:5500:3000:95::2 - - [15/May/2026:12:44:06 +0000] "POST /wordpress/wp-cron.php?doing_wp_cron=1778849046.4649369716644287109375 HTTP/1.1" 404 89928 "-" "WordPress/6.9.4; https://moabmonsters.com"
66.249.79.4 - - [15/May/2026:12:44:12 +0000] "GET /section/design/e0om91cyplca5yt.html HTTP/1.1" 404 89823 "-" "Mozilla/5.0 (Linux; Android 6.0.1; Nexus 5X Build/MMB29P) AppleWebKit/537.36 (KHTML, like Gecko) Chrome/148.0.7778.96 Mobile Safari/537.36 (compatible; GoogleOther)"
66.249.79.3 - - [15/May/2026:12:44:22 +0000] "GET /division/gear/e3sfptg95dgqqqx.html HTTP/1.1" 404 89820 "-" "Mozilla/5.0 (Linux; Android 6.0.1; Nexus 5X Build/MMB29P) AppleWebKit/537.36 (KHTML, like Gecko) Chrome/148.0.7778.96 Mobile Safari/537.36 (compatible; GoogleOther)"
66.249.79.3 - - [15/May/2026:12:44:49 +0000] "GET /breed/extra/ex38ogr840rp0d8.html HTTP/1.1" 404 89814 "-" "Mozilla/5.0 (Linux; Android 6.0.1; Nexus 5X Build/MMB29P) AppleWebKit/537.36 (KHTML, like Gecko) Chrome/148.0.7778.96 Mobile Safari/537.36 (compatible; GoogleOther)"
66.249.79.3 - - [15/May/2026:12:44:52 +0000] "GET /property/ware/eb3eogr540rptd8.html HTTP/1.1" 404 89820 "-" "Mozilla/5.0 (Linux; Android 6.0.1; Nexus 5X Build/MMB29P) AppleWebKit/537.36 (KHTML, like Gecko) Chrome/148.0.7778.96 Mobile Safari/537.36 (compatible; GoogleOther)"
66.249.79.5 - - [15/May/2026:12:45:25 +0000] "GET /pattern/concept/ez6krju373usugb.html HTTP/1.1" 404 89826 "-" "Mozilla/5.0 (Linux; Android 6.0.1; Nexus 5X Build/MMB29P) AppleWebKit/537.36 (KHTML, like Gecko) Chrome/148.0.7778.96 Mobile Safari/537.36 (compatible; GoogleOther)"
2607:5500:3000:95::2 - - [15/May/2026:12:45:27 +0000] "POST /wordpress/wp-cron.php?doing_wp_cron=1778849127.5678279399871826171875 HTTP/1.1" 404 89928 "-" "WordPress/6.9.4; https://moabmonsters.com"
66.249.79.4 - - [15/May/2026:12:45:29 +0000] "GET /association/system/e76brju673us5gb.html HTTP/1.1" 404 89835 "-" "Mozilla/5.0 (Linux; Android 6.0.1; Nexus 5X Build/MMB29P) AppleWebKit/537.36 (KHTML, like Gecko) Chrome/148.0.7778.96 Mobile Safari/537.36 (compatible; GoogleOther)"
66.249.79.4 - - [15/May/2026:12:46:02 +0000] "GET /echelon/set/etxvialoyulju72.html HTTP/1.1" 404 89814 "-" "Mozilla/5.0 (Linux; Android 6.0.1; Nexus 5X Build/MMB29P) AppleWebKit/537.36 (KHTML, like Gecko) Chrome/148.0.7778.96 Mobile Safari/537.36 (compatible; GoogleOther)"
66.249.79.4 - - [15/May/2026:12:46:05 +0000] "GET /caste/module/fwpemqdb2gh3gfy.html HTTP/1.1" 404 89817 "-" "Mozilla/5.0 (Linux; Android 6.0.1; Nexus 5X Build/MMB29P) AppleWebKit/537.36 (KHTML, like Gecko) Chrome/148.0.7778.96 Mobile Safari/537.36 (compatible; GoogleOther)"
66.249.79.4 - - [15/May/2026:12:46:37 +0000] "GET /table/brand/ef7m48v9ksv555c.html HTTP/1.1" 404 89814 "-" "Mozilla/5.0 (Linux; Android 6.0.1; Nexus 5X Build/MMB29P) AppleWebKit/537.36 (KHTML, like Gecko) Chrome/148.0.7778.96 Mobile Safari/537.36 (compatible; GoogleOther)"
2607:5500:3000:95::2 - - [15/May/2026:12:46:38 +0000] "POST /wordpress/wp-cron.php?doing_wp_cron=1778849198.6914870738983154296875 HTTP/1.1" 404 89928 "-" "WordPress/6.9.4; https://moabmonsters.com"
66.249.79.3 - - [15/May/2026:12:46:40 +0000] "GET /roster/division/fy1dy2pbextflra.html HTTP/1.1" 404 89826 "-" "Mozilla/5.0 (Linux; Android 6.0.1; Nexus 5X Build/MMB29P) AppleWebKit/537.36 (KHTML, like Gecko) Chrome/148.0.7778.96 Mobile Safari/537.36 (compatible; GoogleOther)"
66.249.79.5 - - [15/May/2026:12:47:11 +0000] "GET /fraternity/instance/erfs0s3ggc31wpk.html HTTP/1.1" 404 89838 "-" "Mozilla/5.0 (Linux; Android 6.0.1; Nexus 5X Build/MMB29P) AppleWebKit/537.36 (KHTML, like Gecko) Chrome/148.0.7778.96 Mobile Safari/537.36 (compatible; GoogleOther)"
66.249.79.3 - - [15/May/2026:12:47:29 +0000] "GET /status/output/eau8f7i2vrig74z.html HTTP/1.1" 404 89820 "-" "Mozilla/5.0 (Linux; Android 6.0.1; Nexus 5X Build/MMB29P) AppleWebKit/537.36 (KHTML, like Gecko) Chrome/148.0.7778.96 Mobile Safari/537.36 (compatible; GoogleOther)"
66.249.79.3 - - [15/May/2026:12:47:46 +0000] "GET /form/brand/en69rjuq73ushgb.html HTTP/1.1" 404 89811 "-" "Mozilla/5.0 (Linux; Android 6.0.1; Nexus 5X Build/MMB29P) AppleWebKit/537.36 (KHTML, like Gecko) Chrome/148.0.7778.96 Mobile Safari/537.36 (compatible; GoogleOther)"
2607:5500:3000:95::2 - - [15/May/2026:12:47:48 +0000] "POST /wordpress/wp-cron.php?doing_wp_cron=1778849268.4253559112548828125000 HTTP/1.1" 404 89928 "-" "WordPress/6.9.4; https://moabmonsters.com"
66.249.79.3 - - [15/May/2026:12:47:53 +0000] "GET /hierarchy/package/febck0zb05rpnd8.html HTTP/1.1" 404 89832 "-" "Mozilla/5.0 (Linux; Android 6.0.1; Nexus 5X Build/MMB29P) AppleWebKit/537.36 (KHTML, like Gecko) Chrome/148.0.7778.96 Mobile Safari/537.36 (compatible; GoogleOther)"
66.249.79.4 - - [15/May/2026:12:48:06 +0000] "GET /spectrum/specification/ftop91cbpks2x29.html HTTP/1.1" 404 89847 "-" "Mozilla/5.0 (Linux; Android 6.0.1; Nexus 5X Build/MMB29P) AppleWebKit/537.36 (KHTML, like Gecko) Chrome/148.0.7778.96 Mobile Safari/537.36 (compatible; GoogleOther)"
66.249.79.4 - - [15/May/2026:12:48:21 +0000] "GET /domain/attribute/ftrdc4fbslv5l5c.html HTTP/1.1" 404 89829 "-" "Mozilla/5.0 (Linux; Android 6.0.1; Nexus 5X Build/MMB29P) AppleWebKit/537.36 (KHTML, like Gecko) Chrome/148.0.7778.96 Mobile Safari/537.36 (compatible; GoogleOther)"
66.249.79.3 - - [15/May/2026:12:48:56 +0000] "GET /structure/crop/e74a15s9hps2u29.html HTTP/1.1" 404 89823 "-" "Mozilla/5.0 (Linux; Android 6.0.1; Nexus 5X Build/MMB29P) AppleWebKit/537.36 (KHTML, like Gecko) Chrome/148.0.7778.96 Mobile Safari/537.36 (compatible; GoogleOther)"
2607:5500:3000:95::2 - - [15/May/2026:12:48:58 +0000] "POST /wordpress/wp-cron.php?doing_wp_cron=1778849338.2756090164184570312500 HTTP/1.1" 404 89928 "-" "WordPress/6.9.4; https://moabmonsters.com"
66.249.79.3 - - [15/May/2026:12:49:07 +0000] "GET /division/handiwork/frrdc4fbs7v5v5c.html HTTP/1.1" 404 89835 "-" "Mozilla/5.0 (Linux; Android 6.0.1; Nexus 5X Build/MMB29P) AppleWebKit/537.36 (KHTML, like Gecko) Chrome/148.0.7778.96 Mobile Safari/537.36 (compatible; GoogleOther)"
66.249.79.3 - - [15/May/2026:12:49:11 +0000] "GET /pattern/fraction/evn6wcbbcwbxf9s.html HTTP/1.1" 404 89829 "-" "Mozilla/5.0 (Linux; Android 6.0.1; Nexus 5X Build/MMB29P) AppleWebKit/537.36 (KHTML, like Gecko) Chrome/148.0.7778.96 Mobile Safari/537.36 (compatible; GoogleOther)"
66.249.79.3 - - [15/May/2026:12:49:31 +0000] "GET /sector/unit/e6y2vzmtbjmwaw3.html HTTP/1.1" 404 89814 "-" "Mozilla/5.0 (Linux; Android 6.0.1; Nexus 5X Build/MMB29P) AppleWebKit/537.36 (KHTML, like Gecko) Chrome/148.0.7778.96 Mobile Safari/537.36 (compatible; GoogleOther)"
66.249.79.3 - - [15/May/2026:12:50:06 +0000] "GET /items/V114256103/ HTTP/1.1" 404 89769 "-" "Mozilla/5.0 (Linux; Android 6.0.1; Nexus 5X Build/MMB29P) AppleWebKit/537.36 (KHTML, like Gecko) Chrome/148.0.7778.96 Mobile Safari/537.36 (compatible; GoogleOther)"
2607:5500:3000:95::2 - - [15/May/2026:12:50:09 +0000] "POST /wordpress/wp-cron.php?doing_wp_cron=1778849408.1598389148712158203125 HTTP/1.1" 404 89928 "-" "WordPress/6.9.4; https://moabmonsters.com"
66.249.79.3 - - [15/May/2026:12:50:21 +0000] "GET /demographic/derivative/e7g9dh4ct14elel.html HTTP/1.1" 404 89847 "-" "Mozilla/5.0 (Linux; Android 6.0.1; Nexus 5X Build/MMB29P) AppleWebKit/537.36 (KHTML, like Gecko) Chrome/148.0.7778.96 Mobile Safari/537.36 (compatible; GoogleOther)"
66.249.79.3 - - [15/May/2026:12:50:41 +0000] "GET /items/Z176702608/ HTTP/1.1" 404 89769 "-" "Mozilla/5.0 (Linux; Android 6.0.1; Nexus 5X Build/MMB29P) AppleWebKit/537.36 (KHTML, like Gecko) Chrome/148.0.7778.96 Mobile Safari/537.36 (compatible; GoogleOther)"
66.249.79.5 - - [15/May/2026:12:51:16 +0000] "GET /items/U128713688/ HTTP/1.1" 404 89769 "-" "Mozilla/5.0 (Linux; Android 6.0.1; Nexus 5X Build/MMB29P) AppleWebKit/537.36 (KHTML, like Gecko) Chrome/148.0.7778.96 Mobile Safari/537.36 (compatible; GoogleOther)"
2607:5500:3000:95::2 - - [15/May/2026:12:51:18 +0000] "POST /wordpress/wp-cron.php?doing_wp_cron=1778849477.9982070922851562500000 HTTP/1.1" 404 89928 "-" "WordPress/6.9.4; https://moabmonsters.com"
66.249.79.4 - - [15/May/2026:12:51:34 +0000] "GET /array/implement/ec7o48vtksv5v5c.html HTTP/1.1" 404 89826 "-" "Mozilla/5.0 (Linux; Android 6.0.1; Nexus 5X Build/MMB29P) AppleWebKit/537.36 (KHTML, like Gecko) Chrome/148.0.7778.96 Mobile Safari/537.36 (compatible; GoogleOther)"
66.249.79.3 - - [15/May/2026:12:51:50 +0000] "GET /items/P165302961/ HTTP/1.1" 404 89769 "-" "Mozilla/5.0 (Linux; Android 6.0.1; Nexus 5X Build/MMB29P) AppleWebKit/537.36 (KHTML, like Gecko) Chrome/148.0.7778.96 Mobile Safari/537.36 (compatible; GoogleOther)"
66.249.79.5 - - [15/May/2026:12:52:25 +0000] "GET /items/X107812658/ HTTP/1.1" 404 89769 "-" "Mozilla/5.0 (Linux; Android 6.0.1; Nexus 5X Build/MMB29P) AppleWebKit/537.36 (KHTML, like Gecko) Chrome/148.0.7778.96 Mobile Safari/537.36 (compatible; GoogleOther)"
2607:5500:3000:95::2 - - [15/May/2026:12:52:27 +0000] "POST /wordpress/wp-cron.php?doing_wp_cron=1778849547.4762148857116699218750 HTTP/1.1" 404 89928 "-" "WordPress/6.9.4; https://moabmonsters.com"
66.249.79.5 - - [15/May/2026:12:52:48 +0000] "GET /swarm/collection/esg0dh4mt14e1el.html HTTP/1.1" 404 89829 "-" "Mozilla/5.0 (Linux; Android 6.0.1; Nexus 5X Build/MMB29P) AppleWebKit/537.36 (KHTML, like Gecko) Chrome/148.0.7778.96 Mobile Safari/537.36 (compatible; GoogleOther)"
66.249.79.7 - - [15/May/2026:12:53:00 +0000] "GET /items/T105239113/ HTTP/1.1" 404 89769 "-" "Mozilla/5.0 (Linux; Android 6.0.1; Nexus 5X Build/MMB29P) AppleWebKit/537.36 (KHTML, like Gecko) Chrome/148.0.7778.96 Mobile Safari/537.36 (compatible; GoogleOther)"
66.249.79.6 - - [15/May/2026:12:53:27 +0000] "GET /feature/section/e4zj8onro8n9pl4.html HTTP/1.1" 404 89826 "-" "Mozilla/5.0 (Linux; Android 6.0.1; Nexus 5X Build/MMB29P) AppleWebKit/537.36 (KHTML, like Gecko) Chrome/148.0.7778.96 Mobile Safari/537.36 (compatible; GoogleOther)"
2607:5500:3000:95::2 - - [15/May/2026:12:53:29 +0000] "POST /wordpress/wp-cron.php?doing_wp_cron=1778849609.5263888835906982421875 HTTP/1.1" 404 89928 "-" "WordPress/6.9.4; https://moabmonsters.com"
66.249.79.6 - - [15/May/2026:12:54:02 +0000] "GET /grade/resource/euid3v64jf64hsn.html HTTP/1.1" 404 89823 "-" "Mozilla/5.0 (Linux; Android 6.0.1; Nexus 5X Build/MMB29P) AppleWebKit/537.36 (KHTML, like Gecko) Chrome/148.0.7778.96 Mobile Safari/537.36 (compatible; GoogleOther)"
66.249.79.7 - - [15/May/2026:12:55:16 +0000] "GET /pride/offering/e2tw2ihti2h3dfy.html HTTP/1.1" 404 89823 "-" "Mozilla/5.0 (Linux; Android 6.0.1; Nexus 5X Build/MMB29P) AppleWebKit/537.36 (KHTML, like Gecko) Chrome/148.0.7778.96 Mobile Safari/537.36 (compatible; GoogleOther)"
2607:5500:3000:95::2 - - [15/May/2026:12:55:17 +0000] "POST /wordpress/wp-cron.php?doing_wp_cron=1778849717.7122969627380371093750 HTTP/1.1" 404 89928 "-" "WordPress/6.9.4; https://moabmonsters.com"
66.249.79.6 - - [15/May/2026:12:55:50 +0000] "GET /hierarchy/issue/e5c8xp0dd90yamh.html HTTP/1.1" 404 89826 "-" "Mozilla/5.0 (Linux; Android 6.0.1; Nexus 5X Build/MMB29P) AppleWebKit/537.36 (KHTML, like Gecko) Chrome/148.0.7778.96 Mobile Safari/537.36 (compatible; GoogleOther)"
66.249.79.5 - - [15/May/2026:12:55:55 +0000] "GET /demographic/derivative/e7g9dh4ct14elel.html HTTP/1.1" 404 89847 "-" "Mozilla/5.0 (Linux; Android 6.0.1; Nexus 5X Build/MMB29P) AppleWebKit/537.36 (KHTML, like Gecko) Chrome/148.0.7778.96 Mobile Safari/537.36 (compatible; GoogleOther)"
66.249.79.7 - - [15/May/2026:12:56:29 +0000] "GET /entity/specification/e0jzgk7gw47hiho.html HTTP/1.1" 404 89841 "-" "Mozilla/5.0 (Linux; Android 6.0.1; Nexus 5X Build/MMB29P) AppleWebKit/537.36 (KHTML, like Gecko) Chrome/148.0.7778.96 Mobile Safari/537.36 (compatible; GoogleOther)"
2607:5500:3000:95::2 - - [15/May/2026:12:56:31 +0000] "POST /wordpress/wp-cron.php?doing_wp_cron=1778849791.5132050514221191406250 HTTP/1.1" 404 89928 "-" "WordPress/6.9.4; https://moabmonsters.com"
66.249.79.7 - - [15/May/2026:12:57:43 +0000] "GET /items/Y60099042/ HTTP/1.1" 404 89766 "-" "Mozilla/5.0 (Linux; Android 6.0.1; Nexus 5X Build/MMB29P) AppleWebKit/537.36 (KHTML, like Gecko) Chrome/148.0.7778.96 Mobile Safari/537.36 (compatible; GoogleOther)"
2607:5500:3000:95::2 - - [15/May/2026:12:57:45 +0000] "POST /wordpress/wp-cron.php?doing_wp_cron=1778849865.4433898925781250000000 HTTP/1.1" 404 89928 "-" "WordPress/6.9.4; https://moabmonsters.com"
66.249.79.5 - - [15/May/2026:12:58:49 +0000] "GET /version/bit/ehhnq65d6q5rf3m.html HTTP/1.1" 404 89814 "-" "Mozilla/5.0 (Linux; Android 6.0.1; Nexus 5X Build/MMB29P) AppleWebKit/537.36 (KHTML, like Gecko) Chrome/148.0.7778.96 Mobile Safari/537.36 (compatible; GoogleOther)"
2607:5500:3000:95::2 - - [15/May/2026:12:58:50 +0000] "POST /wordpress/wp-cron.php?doing_wp_cron=1778849930.7983949184417724609375 HTTP/1.1" 404 89928 "-" "WordPress/6.9.4; https://moabmonsters.com"
66.249.79.3 - - [15/May/2026:12:58:57 +0000] "GET /items/X147510426/ HTTP/1.1" 404 89769 "-" "Mozilla/5.0 (Linux; Android 6.0.1; Nexus 5X Build/MMB29P) AppleWebKit/537.36 (KHTML, like Gecko) Chrome/148.0.7778.96 Mobile Safari/537.36 (compatible; GoogleOther)"
66.249.79.5 - - [15/May/2026:13:00:12 +0000] "GET /items/X144191668/ HTTP/1.1" 404 89769 "-" "Mozilla/5.0 (Linux; Android 6.0.1; Nexus 5X Build/MMB29P) AppleWebKit/537.36 (KHTML, like Gecko) Chrome/148.0.7778.96 Mobile Safari/537.36 (compatible; GoogleOther)"
2607:5500:3000:95::2 - - [15/May/2026:13:00:14 +0000] "POST /wordpress/wp-cron.php?doing_wp_cron=1778850014.3148350715637207031250 HTTP/1.1" 404 89928 "-" "WordPress/6.9.4; https://moabmonsters.com"
66.249.79.5 - - [15/May/2026:13:00:27 +0000] "GET /items/N132288486/ HTTP/1.1" 200 237224 "-" "Mozilla/5.0 (Linux; Android 6.0.1; Nexus 5X Build/MMB29P) AppleWebKit/537.36 (KHTML, like Gecko) Chrome/148.0.7778.96 Mobile Safari/537.36 (compatible; Googlebot/2.1; +http://www.google.com/bot.html)"
66.249.79.5 - - [15/May/2026:13:01:24 +0000] "GET /items/Q178565719/ HTTP/1.1" 404 89769 "-" "Mozilla/5.0 (Linux; Android 6.0.1; Nexus 5X Build/MMB29P) AppleWebKit/537.36 (KHTML, like Gecko) Chrome/148.0.7778.96 Mobile Safari/537.36 (compatible; GoogleOther)"
2607:5500:3000:95::2 - - [15/May/2026:13:01:28 +0000] "POST /wordpress/wp-cron.php?doing_wp_cron=1778850087.9041690826416015625000 HTTP/1.1" 404 89928 "-" "WordPress/6.9.4; https://moabmonsters.com"
66.249.79.5 - - [15/May/2026:13:02:38 +0000] "GET /items/Z129580406/ HTTP/1.1" 404 89769 "-" "Mozilla/5.0 (Linux; Android 6.0.1; Nexus 5X Build/MMB29P) AppleWebKit/537.36 (KHTML, like Gecko) Chrome/148.0.7778.96 Mobile Safari/537.36 (compatible; GoogleOther)"
2607:5500:3000:95::2 - - [15/May/2026:13:02:40 +0000] "POST /wordpress/wp-cron.php?doing_wp_cron=1778850160.5241630077362060546875 HTTP/1.1" 404 89928 "-" "WordPress/6.9.4; https://moabmonsters.com"
66.249.79.5 - - [15/May/2026:13:02:43 +0000] "GET /items/D132101638/ HTTP/1.1" 404 89769 "-" "Mozilla/5.0 (Linux; Android 6.0.1; Nexus 5X Build/MMB29P) AppleWebKit/537.36 (KHTML, like Gecko) Chrome/148.0.7778.96 Mobile Safari/537.36 (compatible; GoogleOther)"
66.249.79.5 - - [15/May/2026:13:03:52 +0000] "GET /items/G290023739/ HTTP/1.1" 404 89769 "-" "Mozilla/5.0 (Linux; Android 6.0.1; Nexus 5X Build/MMB29P) AppleWebKit/537.36 (KHTML, like Gecko) Chrome/148.0.7778.96 Mobile Safari/537.36 (compatible; GoogleOther)"
2607:5500:3000:95::2 - - [15/May/2026:13:03:54 +0000] "POST /wordpress/wp-cron.php?doing_wp_cron=1778850234.2448239326477050781250 HTTP/1.1" 404 89928 "-" "WordPress/6.9.4; https://moabmonsters.com"
66.249.79.4 - - [15/May/2026:13:04:11 +0000] "GET /cohort/part/ehuwf7iuvrig94z.html HTTP/1.1" 404 89814 "-" "Mozilla/5.0 (Linux; Android 6.0.1; Nexus 5X Build/MMB29P) AppleWebKit/537.36 (KHTML, like Gecko) Chrome/148.0.7778.96 Mobile Safari/537.36 (compatible; GoogleOther)"
66.249.79.4 - - [15/May/2026:13:05:06 +0000] "GET /items/T97749759/ HTTP/1.1" 404 89766 "-" "Mozilla/5.0 (Linux; Android 6.0.1; Nexus 5X Build/MMB29P) AppleWebKit/537.36 (KHTML, like Gecko) Chrome/148.0.7778.96 Mobile Safari/537.36 (compatible; GoogleOther)"
2607:5500:3000:95::2 - - [15/May/2026:13:05:07 +0000] "POST /wordpress/wp-cron.php?doing_wp_cron=1778850307.8793768882751464843750 HTTP/1.1" 404 89928 "-" "WordPress/6.9.4; https://moabmonsters.com"
66.249.79.4 - - [15/May/2026:13:05:12 +0000] "GET /domain/attribute/ftrdc4fbslv5l5c.html HTTP/1.1" 404 89829 "-" "Mozilla/5.0 (Linux; Android 6.0.1; Nexus 5X Build/MMB29P) AppleWebKit/537.36 (KHTML, like Gecko) Chrome/148.0.7778.96 Mobile Safari/537.36 (compatible; GoogleOther)"
40.77.167.44 - - [15/May/2026:13:05:51 +0000] "GET /wp-sitemap-taxonomies-zone-1.xml HTTP/1.1" 404 251 "-" "Mozilla/5.0 AppleWebKit/537.36 (KHTML, like Gecko; compatible; bingbot/2.0; +http://www.bing.com/bingbot.htm) Chrome/116.0.1938.76 Safari/537.36"
66.249.79.5 - - [15/May/2026:13:06:19 +0000] "GET /items/Y189204618/ HTTP/1.1" 404 89769 "-" "Mozilla/5.0 (Linux; Android 6.0.1; Nexus 5X Build/MMB29P) AppleWebKit/537.36 (KHTML, like Gecko) Chrome/148.0.7778.96 Mobile Safari/537.36 (compatible; GoogleOther)"
2607:5500:3000:95::2 - - [15/May/2026:13:06:21 +0000] "POST /wordpress/wp-cron.php?doing_wp_cron=1778850381.7419559955596923828125 HTTP/1.1" 404 89928 "-" "WordPress/6.9.4; https://moabmonsters.com"
66.249.79.3 - - [15/May/2026:13:07:03 +0000] "GET /heading/resource/emmvjnazz7akwkr.html HTTP/1.1" 404 89829 "-" "Mozilla/5.0 (Linux; Android 6.0.1; Nexus 5X Build/MMB29P) AppleWebKit/537.36 (KHTML, like Gecko) Chrome/148.0.7778.96 Mobile Safari/537.36 (compatible; GoogleOther)"
66.249.79.3 - - [15/May/2026:13:07:33 +0000] "GET /items/P145732355/ HTTP/1.1" 404 89769 "-" "Mozilla/5.0 (Linux; Android 6.0.1; Nexus 5X Build/MMB29P) AppleWebKit/537.36 (KHTML, like Gecko) Chrome/148.0.7778.96 Mobile Safari/537.36 (compatible; GoogleOther)"
2607:5500:3000:95::2 - - [15/May/2026:13:07:35 +0000] "POST /wordpress/wp-cron.php?doing_wp_cron=1778850455.5266139507293701171875 HTTP/1.1" 404 89928 "-" "WordPress/6.9.4; https://moabmonsters.com"
66.249.79.5 - - [15/May/2026:13:08:47 +0000] "GET /items/D120048830/ HTTP/1.1" 404 89769 "-" "Mozilla/5.0 (Linux; Android 6.0.1; Nexus 5X Build/MMB29P) AppleWebKit/537.36 (KHTML, like Gecko) Chrome/148.0.7778.96 Mobile Safari/537.36 (compatible; GoogleOther)"
2607:5500:3000:95::2 - - [15/May/2026:13:08:49 +0000] "POST /wordpress/wp-cron.php?doing_wp_cron=1778850529.2474620342254638671875 HTTP/1.1" 404 89928 "-" "WordPress/6.9.4; https://moabmonsters.com"
66.249.79.5 - - [15/May/2026:13:09:23 +0000] "GET /population/portion/eyf00s3bgc31dpk.html HTTP/1.1" 404 89835 "-" "Mozilla/5.0 (Linux; Android 6.0.1; Nexus 5X Build/MMB29P) AppleWebKit/537.36 (KHTML, like Gecko) Chrome/148.0.7778.96 Mobile Safari/537.36 (compatible; GoogleOther)"
66.249.79.5 - - [15/May/2026:13:09:32 +0000] "GET /ambit/part/ehein32j3n2o60j.html HTTP/1.1" 404 89811 "-" "Mozilla/5.0 (Linux; Android 6.0.1; Nexus 5X Build/MMB29P) AppleWebKit/537.36 (KHTML, like Gecko) Chrome/148.0.7778.96 Mobile Safari/537.36 (compatible; GoogleOther)"
66.249.79.5 - - [15/May/2026:13:14:35 +0000] "GET /catalogue/sample/fbaq7bybnp2og0j.html HTTP/1.1" 404 89829 "-" "Mozilla/5.0 (Linux; Android 6.0.1; Nexus 5X Build/MMB29P) AppleWebKit/537.36 (KHTML, like Gecko) Chrome/148.0.7778.96 Mobile Safari/537.36 (compatible; GoogleOther)"
2607:5500:3000:95::2 - - [15/May/2026:13:14:37 +0000] "POST /wordpress/wp-cron.php?doing_wp_cron=1778850876.9600288867950439453125 HTTP/1.1" 404 89928 "-" "WordPress/6.9.4; https://moabmonsters.com"
66.249.79.6 - - [15/May/2026:13:15:00 +0000] "GET /items/C161471335// HTTP/1.1" 301 - "-" "Mozilla/5.0 (Linux; Android 6.0.1; Nexus 5X Build/MMB29P) AppleWebKit/537.36 (KHTML, like Gecko) Chrome/148.0.7778.96 Mobile Safari/537.36 (compatible; GoogleOther)"
66.249.79.5 - - [15/May/2026:13:15:05 +0000] "GET /items/C161471335/ HTTP/1.1" 404 89769 "-" "Mozilla/5.0 (Linux; Android 6.0.1; Nexus 5X Build/MMB29P) AppleWebKit/537.36 (KHTML, like Gecko) Chrome/148.0.7778.96 Mobile Safari/537.36 (compatible; GoogleOther)"
66.249.79.5 - - [15/May/2026:13:16:07 +0000] "GET /grade/particle/f9ii3v6bj2mw1w3.html HTTP/1.1" 404 89823 "-" "Mozilla/5.0 (Linux; Android 6.0.1; Nexus 5X Build/MMB29P) AppleWebKit/537.36 (KHTML, like Gecko) Chrome/148.0.7778.96 Mobile Safari/537.36 (compatible; GoogleOther)"
2607:5500:3000:95::2 - - [15/May/2026:13:16:09 +0000] "POST /wordpress/wp-cron.php?doing_wp_cron=1778850969.0243330001831054687500 HTTP/1.1" 404 89928 "-" "WordPress/6.9.4; https://moabmonsters.com"
66.249.79.5 - - [15/May/2026:13:19:58 +0000] "GET /property/crop/encvxp0ld90yimh.html HTTP/1.1" 404 89820 "-" "Mozilla/5.0 (Linux; Android 6.0.1; Nexus 5X Build/MMB29P) AppleWebKit/537.36 (KHTML, like Gecko) Chrome/148.0.7778.96 Mobile Safari/537.36 (compatible; GoogleOther)"
2607:5500:3000:95::2 - - [15/May/2026:13:19:59 +0000] "POST /wordpress/wp-cron.php?doing_wp_cron=1778851199.8995079994201660156250 HTTP/1.1" 404 89928 "-" "WordPress/6.9.4; https://moabmonsters.com"
66.249.79.4 - - [15/May/2026:13:20:02 +0000] "GET /caste/component/eomkjnarz7ak8kr.html HTTP/1.1" 404 89826 "-" "Mozilla/5.0 (Linux; Android 6.0.1; Nexus 5X Build/MMB29P) AppleWebKit/537.36 (KHTML, like Gecko) Chrome/148.0.7778.96 Mobile Safari/537.36 (compatible; GoogleOther)"
66.249.79.3 - - [15/May/2026:13:20:07 +0000] "GET /ilk/kind/ezmzjnafz7akykr.html HTTP/1.1" 404 89805 "-" "Mozilla/5.0 (Linux; Android 6.0.1; Nexus 5X Build/MMB29P) AppleWebKit/537.36 (KHTML, like Gecko) Chrome/148.0.7778.96 Mobile Safari/537.36 (compatible; GoogleOther)"
66.249.79.5 - - [15/May/2026:13:22:50 +0000] "GET /items/D141513729/ HTTP/1.1" 404 89769 "-" "Mozilla/5.0 (Linux; Android 6.0.1; Nexus 5X Build/MMB29P) AppleWebKit/537.36 (KHTML, like Gecko) Chrome/148.0.7778.96 Mobile Safari/537.36 (compatible; GoogleOther)"
2607:5500:3000:95::2 - - [15/May/2026:13:22:53 +0000] "POST /wordpress/wp-cron.php?doing_wp_cron=1778851373.8638989925384521484375 HTTP/1.1" 404 89928 "-" "WordPress/6.9.4; https://moabmonsters.com"
66.249.79.5 - - [15/May/2026:13:23:57 +0000] "GET /items/P249074062/ HTTP/1.1" 404 89769 "-" "Mozilla/5.0 (Linux; Android 6.0.1; Nexus 5X Build/MMB29P) AppleWebKit/537.36 (KHTML, like Gecko) Chrome/148.0.7778.96 Mobile Safari/537.36 (compatible; GoogleOther)"
2607:5500:3000:95::2 - - [15/May/2026:13:23:59 +0000] "POST /wordpress/wp-cron.php?doing_wp_cron=1778851439.4910039901733398437500 HTTP/1.1" 404 89928 "-" "WordPress/6.9.4; https://moabmonsters.com"
66.249.79.5 - - [15/May/2026:13:25:43 +0000] "GET /items/N99784769/ HTTP/1.1" 404 89766 "-" "Mozilla/5.0 (Linux; Android 6.0.1; Nexus 5X Build/MMB29P) AppleWebKit/537.36 (KHTML, like Gecko) Chrome/148.0.7778.96 Mobile Safari/537.36 (compatible; GoogleOther)"
2607:5500:3000:95::2 - - [15/May/2026:13:25:45 +0000] "POST /wordpress/wp-cron.php?doing_wp_cron=1778851545.1450629234313964843750 HTTP/1.1" 404 89928 "-" "WordPress/6.9.4; https://moabmonsters.com"
66.249.79.5 - - [15/May/2026:13:27:45 +0000] "GET /category/places/ HTTP/1.1" 200 220632 "-" "Mozilla/5.0 (Linux; Android 6.0.1; Nexus 5X Build/MMB29P) AppleWebKit/537.36 (KHTML, like Gecko) Chrome/148.0.7778.96 Mobile Safari/537.36 (compatible; Googlebot/2.1; +http://www.google.com/bot.html)"
66.249.79.3 - - [15/May/2026:13:27:45 +0000] "GET /items/P152856426/ HTTP/1.1" 200 222870 "-" "Mozilla/5.0 (Linux; Android 6.0.1; Nexus 5X Build/MMB29P) AppleWebKit/537.36 (KHTML, like Gecko) Chrome/148.0.7778.96 Mobile Safari/537.36 (compatible; Googlebot/2.1; +http://www.google.com/bot.html)"
66.249.79.3 - - [15/May/2026:13:32:03 +0000] "GET /ambit/produce/ehxuialkyulje72.html HTTP/1.1" 404 89820 "-" "Mozilla/5.0 (Linux; Android 6.0.1; Nexus 5X Build/MMB29P) AppleWebKit/537.36 (KHTML, like Gecko) Chrome/148.0.7778.96 Mobile Safari/537.36 (compatible; GoogleOther)"
2607:5500:3000:95::2 - - [15/May/2026:13:32:06 +0000] "POST /wordpress/wp-cron.php?doing_wp_cron=1778851926.1712779998779296875000 HTTP/1.1" 404 89928 "-" "WordPress/6.9.4; https://moabmonsters.com"
66.249.79.4 - - [15/May/2026:13:32:09 +0000] "GET /items/C225569335/ HTTP/1.1" 404 89769 "-" "Mozilla/5.0 (Linux; Android 6.0.1; Nexus 5X Build/MMB29P) AppleWebKit/537.36 (KHTML, like Gecko) Chrome/148.0.7778.96 Mobile Safari/537.36 (compatible; GoogleOther)"
66.249.79.3 - - [15/May/2026:13:32:50 +0000] "GET /items/Y222272173/ HTTP/1.1" 404 89769 "-" "Mozilla/5.0 (Linux; Android 6.0.1; Nexus 5X Build/MMB29P) AppleWebKit/537.36 (KHTML, like Gecko) Chrome/148.0.7778.96 Mobile Safari/537.36 (compatible; GoogleOther)"
66.249.79.4 - - [15/May/2026:13:33:20 +0000] "GET /items/W221293103/ HTTP/1.1" 404 89769 "-" "Mozilla/5.0 (Linux; Android 6.0.1; Nexus 5X Build/MMB29P) AppleWebKit/537.36 (KHTML, like Gecko) Chrome/148.0.7778.96 Mobile Safari/537.36 (compatible; GoogleOther)"
2607:5500:3000:95::2 - - [15/May/2026:13:33:22 +0000] "POST /wordpress/wp-cron.php?doing_wp_cron=1778852001.9518530368804931640625 HTTP/1.1" 404 89928 "-" "WordPress/6.9.4; https://moabmonsters.com"
66.249.79.5 - - [15/May/2026:13:36:18 +0000] "GET /nomenclature/bit/e5om91clplcauyt.html HTTP/1.1" 404 89829 "-" "Mozilla/5.0 (Linux; Android 6.0.1; Nexus 5X Build/MMB29P) AppleWebKit/537.36 (KHTML, like Gecko) Chrome/148.0.7778.96 Mobile Safari/537.36 (compatible; GoogleOther)"
2607:5500:3000:95::2 - - [15/May/2026:13:36:20 +0000] "POST /wordpress/wp-cron.php?doing_wp_cron=1778852180.2712209224700927734375 HTTP/1.1" 404 89928 "-" "WordPress/6.9.4; https://moabmonsters.com"
66.249.79.3 - - [15/May/2026:13:36:26 +0000] "GET /association/gadget/enw45lkll5k6qi1.html HTTP/1.1" 404 89835 "-" "Mozilla/5.0 (Linux; Android 6.0.1; Nexus 5X Build/MMB29P) AppleWebKit/537.36 (KHTML, like Gecko) Chrome/148.0.7778.96 Mobile Safari/537.36 (compatible; GoogleOther)"
37.27.51.141 - - [15/May/2026:13:38:09 +0000] "GET /2025/08/pri HTTP/1.1" 404 89754 "-" "Mozilla/5.0 (compatible; SERankingBacklinksBot/1.0; +https://seranking.com/backlinks-crawler)"
2607:5500:3000:95::2 - - [15/May/2026:13:38:11 +0000] "POST /wordpress/wp-cron.php?doing_wp_cron=1778852290.9840359687805175781250 HTTP/1.1" 404 89928 "-" "WordPress/6.9.4; https://moabmonsters.com"
66.249.79.5 - - [15/May/2026:13:39:05 +0000] "GET /cohort/part/ehuwf7iuvrig94z.html HTTP/1.1" 404 89814 "-" "Mozilla/5.0 (Linux; Android 6.0.1; Nexus 5X Build/MMB29P) AppleWebKit/537.36 (KHTML, like Gecko) Chrome/148.0.7778.96 Mobile Safari/537.36 (compatible; GoogleOther)"
66.249.79.6 - - [15/May/2026:13:39:08 +0000] "GET /coterie/byproduct/eu1cy2prempzzz6.html HTTP/1.1" 404 89832 "-" "Mozilla/5.0 (Linux; Android 6.0.1; Nexus 5X Build/MMB29P) AppleWebKit/537.36 (KHTML, like Gecko) Chrome/148.0.7778.96 Mobile Safari/537.36 (compatible; GoogleOther)"
66.249.79.6 - - [15/May/2026:13:39:11 +0000] "GET /pattern/variant/ezmzjnanz7akukr.html HTTP/1.1" 404 89826 "-" "Mozilla/5.0 (Linux; Android 6.0.1; Nexus 5X Build/MMB29P) AppleWebKit/537.36 (KHTML, like Gecko) Chrome/148.0.7778.96 Mobile Safari/537.36 (compatible; GoogleOther)"
2607:5500:3000:95::2 - - [15/May/2026:13:39:13 +0000] "POST /wordpress/wp-cron.php?doing_wp_cron=1778852353.4721529483795166015625 HTTP/1.1" 404 89928 "-" "WordPress/6.9.4; https://moabmonsters.com"
66.249.79.5 - - [15/May/2026:13:39:15 +0000] "GET /level/craft/eo95umxva6xvzje.html HTTP/1.1" 404 89814 "-" "Mozilla/5.0 (Linux; Android 6.0.1; Nexus 5X Build/MMB29P) AppleWebKit/537.36 (KHTML, like Gecko) Chrome/148.0.7778.96 Mobile Safari/537.36 (compatible; GoogleOther)"
66.249.79.5 - - [15/May/2026:13:39:19 +0000] "GET /property/segment/enrzc4fesofd21w.html HTTP/1.1" 404 89829 "-" "Mozilla/5.0 (Linux; Android 6.0.1; Nexus 5X Build/MMB29P) AppleWebKit/537.36 (KHTML, like Gecko) Chrome/148.0.7778.96 Mobile Safari/537.36 (compatible; GoogleOther)"
66.249.79.7 - - [15/May/2026:13:40:04 +0000] "GET /genus/package/datg2ihsi2h31fy.html HTTP/1.1" 404 89820 "-" "Mozilla/5.0 (Linux; Android 6.0.1; Nexus 5X Build/MMB29P) AppleWebKit/537.36 (KHTML, like Gecko) Chrome/148.0.7778.96 Mobile Safari/537.36 (compatible; GoogleOther)"
2a0e:97c0:711:3f6::1 - - [15/May/2026:13:40:36 +0000] "HEAD / HTTP/1.1" 301 - "-" "Mozilla/5.0 (Windows NT 10.0; Win64; x64) AppleWebKit/537.36 (KHTML, like Gecko) Chrome/147.0.0.0 Safari/537.36 Edg/146.0.3856.109"
2607:5500:3000:95::2 - - [15/May/2026:13:40:37 +0000] "POST /wordpress/wp-cron.php?doing_wp_cron=1778852437.7584910392761230468750 HTTP/1.1" 404 89928 "-" "WordPress/6.9.4; https://moabmonsters.com"
2a0e:97c0:711:3f6::1 - - [15/May/2026:13:40:39 +0000] "HEAD / HTTP/1.1" 200 - "https://mail.moabmonsters.com" "Mozilla/5.0 (Windows NT 10.0; Win64; x64) AppleWebKit/537.36 (KHTML, like Gecko) Chrome/147.0.0.0 Safari/537.36 Edg/146.0.3856.109"
2a0e:97c0:711:3f6::1 - - [15/May/2026:13:40:40 +0000] "GET / HTTP/1.1" 301 - "-" "Mozilla/5.0 (Windows NT 10.0; Win64; x64) AppleWebKit/537.36 (KHTML, like Gecko) Chrome/147.0.0.0 Safari/537.36"
2a0e:97c0:711:3f6::1 - - [15/May/2026:13:40:42 +0000] "GET / HTTP/1.1" 200 179157 "https://mail.moabmonsters.com" "Mozilla/5.0 (Windows NT 10.0; Win64; x64) AppleWebKit/537.36 (KHTML, like Gecko) Chrome/147.0.0.0 Safari/537.36"
2a0e:97c0:711:3f6::1 - - [15/May/2026:13:40:45 +0000] "GET /wordpress/wp-includes/js/mediaelement/mediaelement-migrate.min.js?ver=7b42d7a904609cfa79643e4c7034635f HTTP/1.1" 200 1191 "-" "Mozilla/5.0 (Macintosh; Intel Mac OS X 15_7_5) AppleWebKit/605.1.15 (KHTML, like Gecko) Version/26.0 Safari/605.1.15"
2a0e:97c0:711:3f6::1 - - [15/May/2026:13:40:45 +0000] "GET /wordpress/wp-includes/js/jquery/ui/tabs.min.js?ver=1.13.3 HTTP/1.1" 200 12008 "-" "Mozilla/5.0 (Windows NT 10.0; Win64; x64; rv:149.0) Gecko/20100101 Firefox/149.0"
2a0e:97c0:711:3f6::1 - - [15/May/2026:13:40:45 +0000] "GET /wordpress/wp-content/plugins/kamperen-core/assets/js/kamperen-core.min.js?ver=7b42d7a904609cfa79643e4c7034635f HTTP/1.1" 304 - "-" "Mozilla/5.0 (Windows NT 10.0; Win64; x64) AppleWebKit/537.36 (KHTML, like Gecko) Chrome/147.0.0.0 Safari/537.36"
2a0e:97c0:711:3f6::1 - - [15/May/2026:13:40:45 +0000] "GET /wordpress/wp-content/plugins/kamperen-core/assets/plugins/gsap/ScrollTrigger.min.js?ver=7b42d7a904609cfa79643e4c7034635f HTTP/1.1" 200 40596 "-" "Mozilla/5.0 (Macintosh; Intel Mac OS X 15.7; rv:149.0) Gecko/20100101 Firefox/149.0"
2a0e:97c0:711:3f6::1 - - [15/May/2026:13:40:45 +0000] "GET /wordpress/wp-content/plugins/contact-form-7/includes/js/index.js?ver=6.1.5 HTTP/1.1" 200 13452 "-" "Mozilla/5.0 (Windows NT 10.0; Win64; x64) AppleWebKit/537.36 (KHTML, like Gecko) Chrome/147.0.0.0 Safari/537.36"
2a0e:97c0:711:3f6::1 - - [15/May/2026:13:40:45 +0000] "GET /wordpress/wp-content/themes/kamperen/assets/js/main.min.js?ver=7b42d7a904609cfa79643e4c7034635f HTTP/1.1" 200 20510 "-" "Mozilla/5.0 (Macintosh; Intel Mac OS X 15.7; rv:149.0) Gecko/20100101 Firefox/149.0"
