66.249.79.5 - - [16/May/2026:02:18:06 +0000] "GET /categorization/module/f98ehxwbxoomla5.html HTTP/1.1" 404 89846 "-" "Mozilla/5.0 (Linux; Android 6.0.1; Nexus 5X Build/MMB29P) AppleWebKit/537.36 (KHTML, like Gecko) Chrome/148.0.7778.96 Mobile Safari/537.36 (compatible; GoogleOther)"
2607:5500:3000:95::2 - - [16/May/2026:02:18:08 +0000] "POST /wordpress/wp-cron.php?doing_wp_cron=1778897888.6541290283203125000000 HTTP/1.1" 404 89930 "-" "WordPress/6.9.4; https://moabmonsters.com"
66.249.79.4 - - [16/May/2026:02:18:10 +0000] "GET /kind/variant/ebob91czplca8yt.html HTTP/1.1" 404 89819 "-" "Mozilla/5.0 (Linux; Android 6.0.1; Nexus 5X Build/MMB29P) AppleWebKit/537.36 (KHTML, like Gecko) Chrome/148.0.7778.96 Mobile Safari/537.36 (compatible; GoogleOther)"
66.249.79.3 - - [16/May/2026:02:18:15 +0000] "GET /factor/proceeds/et9eumxja6xv1je.html HTTP/1.1" 404 89828 "-" "Mozilla/5.0 (Linux; Android 6.0.1; Nexus 5X Build/MMB29P) AppleWebKit/537.36 (KHTML, like Gecko) Chrome/148.0.7778.96 Mobile Safari/537.36 (compatible; GoogleOther)"
66.249.79.3 - - [16/May/2026:02:18:19 +0000] "GET /institution/prototype/eevrswjn8gjtxt0.html HTTP/1.1" 404 89846 "-" "Mozilla/5.0 (Linux; Android 6.0.1; Nexus 5X Build/MMB29P) AppleWebKit/537.36 (KHTML, like Gecko) Chrome/148.0.7778.96 Mobile Safari/537.36 (compatible; GoogleOther)"
66.249.79.3 - - [16/May/2026:02:18:24 +0000] "GET /guild/thing/fuebn32b3tusigb.html HTTP/1.1" 404 89816 "-" "Mozilla/5.0 (Linux; Android 6.0.1; Nexus 5X Build/MMB29P) AppleWebKit/537.36 (KHTML, like Gecko) Chrome/148.0.7778.96 Mobile Safari/537.36 (compatible; GoogleOther)"
66.249.79.4 - - [16/May/2026:02:18:57 +0000] "GET /index/element/e700ldoe1xomja5.html HTTP/1.1" 404 89822 "-" "Mozilla/5.0 (Linux; Android 6.0.1; Nexus 5X Build/MMB29P) AppleWebKit/537.36 (KHTML, like Gecko) Chrome/148.0.7778.96 Mobile Safari/537.36 (compatible; GoogleOther)"
66.249.79.3 - - [16/May/2026:02:19:02 +0000] "GET /lot/particle/e2kyt98u9t8ut6p.html HTTP/1.1" 404 89819 "-" "Mozilla/5.0 (Linux; Android 6.0.1; Nexus 5X Build/MMB29P) AppleWebKit/537.36 (KHTML, like Gecko) Chrome/148.0.7778.96 Mobile Safari/537.36 (compatible; GoogleOther)"
66.249.79.3 - - [16/May/2026:02:19:15 +0000] "GET /community/bit/edern32z3n2ou0j.html HTTP/1.1" 404 89822 "-" "Mozilla/5.0 (Linux; Android 6.0.1; Nexus 5X Build/MMB29P) AppleWebKit/537.36 (KHTML, like Gecko) Chrome/148.0.7778.96 Mobile Safari/537.36 (compatible; GoogleOther)"
2607:5500:3000:95::2 - - [16/May/2026:02:19:18 +0000] "POST /wordpress/wp-cron.php?doing_wp_cron=1778897958.1360449790954589843750 HTTP/1.1" 404 89930 "-" "WordPress/6.9.4; https://moabmonsters.com"
66.249.79.3 - - [16/May/2026:02:19:22 +0000] "GET /module/publication/eunwwcb4cwbxy9s.html HTTP/1.1" 404 89837 "-" "Mozilla/5.0 (Linux; Android 6.0.1; Nexus 5X Build/MMB29P) AppleWebKit/537.36 (KHTML, like Gecko) Chrome/148.0.7778.96 Mobile Safari/537.36 (compatible; GoogleOther)"
66.249.79.3 - - [16/May/2026:02:20:05 +0000] "GET /nomenclature/division/elpamqdz2adnpnu.html HTTP/1.1" 404 77940 "-" "Mozilla/5.0 (Linux; Android 6.0.1; Nexus 5X Build/MMB29P) AppleWebKit/537.36 (KHTML, like Gecko) Chrome/148.0.7778.96 Mobile Safari/537.36 (compatible; GoogleOther)"
66.249.79.5 - - [16/May/2026:02:20:14 +0000] "GET /society/make/egvfswji8gjtot0.html HTTP/1.1" 404 77913 "-" "Mozilla/5.0 (Linux; Android 6.0.1; Nexus 5X Build/MMB29P) AppleWebKit/537.36 (KHTML, like Gecko) Chrome/148.0.7778.96 Mobile Safari/537.36 (compatible; GoogleOther)"
66.249.79.4 - - [16/May/2026:02:20:20 +0000] "GET /system/make/esoc91ceplca1yt.html HTTP/1.1" 404 77910 "-" "Mozilla/5.0 (Linux; Android 6.0.1; Nexus 5X Build/MMB29P) AppleWebKit/537.36 (KHTML, like Gecko) Chrome/148.0.7778.96 Mobile Safari/537.36 (compatible; GoogleOther)"
2607:5500:3000:95::2 - - [16/May/2026:02:20:22 +0000] "POST /wordpress/wp-cron.php?doing_wp_cron=1778898022.2321898937225341796875 HTTP/1.1" 404 78024 "-" "WordPress/6.9.4; https://moabmonsters.com"
66.249.79.3 - - [16/May/2026:02:20:25 +0000] "GET /array/goods/e4v9swjw8gjtet0.html HTTP/1.1" 404 77910 "-" "Mozilla/5.0 (Linux; Android 6.0.1; Nexus 5X Build/MMB29P) AppleWebKit/537.36 (KHTML, like Gecko) Chrome/148.0.7778.96 Mobile Safari/537.36 (compatible; GoogleOther)"
2607:5500:3000:95::2 - - [16/May/2026:02:20:27 +0000] "POST /wordpress/wp-cron.php?doing_wp_cron=1778898027.7563281059265136718750 HTTP/1.1" 404 78024 "-" "WordPress/6.9.4; https://moabmonsters.com"
66.249.79.3 - - [16/May/2026:02:21:07 +0000] "GET /group/supply/e4ein32q3n2o30j.html HTTP/1.1" 404 89819 "-" "Mozilla/5.0 (Linux; Android 6.0.1; Nexus 5X Build/MMB29P) AppleWebKit/537.36 (KHTML, like Gecko) Chrome/148.0.7778.96 Mobile Safari/537.36 (compatible; GoogleOther)"
2607:5500:3000:95::2 - - [16/May/2026:02:21:09 +0000] "POST /wordpress/wp-cron.php?doing_wp_cron=1778898069.5006389617919921875000 HTTP/1.1" 404 89930 "-" "WordPress/6.9.4; https://moabmonsters.com"
66.249.79.3 - - [16/May/2026:02:21:12 +0000] "GET /batch/apparatus/fd4g15sbh9wiuud.html HTTP/1.1" 404 89828 "-" "Mozilla/5.0 (Linux; Android 6.0.1; Nexus 5X Build/MMB29P) AppleWebKit/537.36 (KHTML, like Gecko) Chrome/148.0.7778.96 Mobile Safari/537.36 (compatible; GoogleOther)"
66.249.79.3 - - [16/May/2026:02:21:40 +0000] "GET /style/output/e26prjum73usvgb.html HTTP/1.1" 404 89819 "-" "Mozilla/5.0 (Linux; Android 6.0.1; Nexus 5X Build/MMB29P) AppleWebKit/537.36 (KHTML, like Gecko) Chrome/148.0.7778.96 Mobile Safari/537.36 (compatible; GoogleOther)"
66.249.79.3 - - [16/May/2026:02:21:59 +0000] "GET /denomination/chattel/e8rhc4fdsofdj1w.html HTTP/1.1" 404 89843 "-" "Mozilla/5.0 (Linux; Android 6.0.1; Nexus 5X Build/MMB29P) AppleWebKit/537.36 (KHTML, like Gecko) Chrome/148.0.7778.96 Mobile Safari/537.36 (compatible; GoogleOther)"
66.249.79.3 - - [16/May/2026:02:22:05 +0000] "GET /chart/chattel/ekg5dh47t14eqel.html HTTP/1.1" 404 89822 "-" "Mozilla/5.0 (Linux; Android 6.0.1; Nexus 5X Build/MMB29P) AppleWebKit/537.36 (KHTML, like Gecko) Chrome/148.0.7778.96 Mobile Safari/537.36 (compatible; GoogleOther)"
66.249.79.3 - - [16/May/2026:02:22:17 +0000] "GET /department/chattel/eg00ldoc1xomba5.html HTTP/1.1" 404 89837 "-" "Mozilla/5.0 (Linux; Android 6.0.1; Nexus 5X Build/MMB29P) AppleWebKit/537.36 (KHTML, like Gecko) Chrome/148.0.7778.96 Mobile Safari/537.36 (compatible; GoogleOther)"
2607:5500:3000:95::2 - - [16/May/2026:02:22:20 +0000] "POST /wordpress/wp-cron.php?doing_wp_cron=1778898139.8937909603118896484375 HTTP/1.1" 404 89930 "-" "WordPress/6.9.4; https://moabmonsters.com"
66.249.79.4 - - [16/May/2026:02:23:06 +0000] "GET /swarm/achievement/fgpdmqdb2oh30fy.html HTTP/1.1" 404 89834 "-" "Mozilla/5.0 (Linux; Android 6.0.1; Nexus 5X Build/MMB29P) AppleWebKit/537.36 (KHTML, like Gecko) Chrome/148.0.7778.96 Mobile Safari/537.36 (compatible; GoogleOther)"
66.249.79.3 - - [16/May/2026:02:23:12 +0000] "GET /institution/characteristic/fy8chxwbxaom1a5.html HTTP/1.1" 404 89861 "-" "Mozilla/5.0 (Linux; Android 6.0.1; Nexus 5X Build/MMB29P) AppleWebKit/537.36 (KHTML, like Gecko) Chrome/148.0.7778.96 Mobile Safari/537.36 (compatible; GoogleOther)"
66.249.79.3 - - [16/May/2026:02:23:56 +0000] "GET /province/apparatus/ed21brqzrbqc6o7.html HTTP/1.1" 404 89837 "-" "Mozilla/5.0 (Linux; Android 6.0.1; Nexus 5X Build/MMB29P) AppleWebKit/537.36 (KHTML, like Gecko) Chrome/148.0.7778.96 Mobile Safari/537.36 (compatible; GoogleOther)"
2607:5500:3000:95::2 - - [16/May/2026:02:23:58 +0000] "POST /wordpress/wp-cron.php?doing_wp_cron=1778898238.5705769062042236328125 HTTP/1.1" 404 89930 "-" "WordPress/6.9.4; https://moabmonsters.com"
66.249.79.5 - - [16/May/2026:02:24:02 +0000] "GET /population/unit/eegzdh4pt14ekel.html HTTP/1.1" 404 89828 "-" "Mozilla/5.0 (Linux; Android 6.0.1; Nexus 5X Build/MMB29P) AppleWebKit/537.36 (KHTML, like Gecko) Chrome/148.0.7778.96 Mobile Safari/537.36 (compatible; GoogleOther)"
66.249.79.3 - - [16/May/2026:02:24:07 +0000] "GET /pod/fruit/ebt42ihqi2h34fy.html HTTP/1.1" 404 89810 "-" "Mozilla/5.0 (Linux; Android 6.0.1; Nexus 5X Build/MMB29P) AppleWebKit/537.36 (KHTML, like Gecko) Chrome/148.0.7778.96 Mobile Safari/537.36 (compatible; GoogleOther)"
66.249.79.3 - - [16/May/2026:02:24:17 +0000] "GET /heading/characteristic/e6m2jnauz7akbkr.html HTTP/1.1" 404 89849 "-" "Mozilla/5.0 (Linux; Android 6.0.1; Nexus 5X Build/MMB29P) AppleWebKit/537.36 (KHTML, like Gecko) Chrome/148.0.7778.96 Mobile Safari/537.36 (compatible; GoogleOther)"
66.249.79.3 - - [16/May/2026:02:24:22 +0000] "GET /cluster/shop/eospptg45dgqfqx.html HTTP/1.1" 404 89819 "-" "Mozilla/5.0 (Linux; Android 6.0.1; Nexus 5X Build/MMB29P) AppleWebKit/537.36 (KHTML, like Gecko) Chrome/148.0.7778.96 Mobile Safari/537.36 (compatible; GoogleOther)"
66.249.79.3 - - [16/May/2026:02:25:07 +0000] "GET /community/mechanism/e5y4vzmsbjmwzw3.html HTTP/1.1" 404 89840 "-" "Mozilla/5.0 (Linux; Android 6.0.1; Nexus 5X Build/MMB29P) AppleWebKit/537.36 (KHTML, like Gecko) Chrome/148.0.7778.96 Mobile Safari/537.36 (compatible; GoogleOther)"
2607:5500:3000:95::2 - - [16/May/2026:02:25:09 +0000] "POST /wordpress/wp-cron.php?doing_wp_cron=1778898309.2419350147247314453125 HTTP/1.1" 404 89930 "-" "WordPress/6.9.4; https://moabmonsters.com"
66.249.79.3 - - [16/May/2026:02:25:12 +0000] "GET /field/prototype/e2ig3v6ujf643sn.html HTTP/1.1" 404 89828 "-" "Mozilla/5.0 (Linux; Android 6.0.1; Nexus 5X Build/MMB29P) AppleWebKit/537.36 (KHTML, like Gecko) Chrome/148.0.7778.96 Mobile Safari/537.36 (compatible; GoogleOther)"
66.249.79.5 - - [16/May/2026:02:26:12 +0000] "GET /colony/specimen/ecprmqd82adnsnu.html HTTP/1.1" 404 89828 "-" "Mozilla/5.0 (Linux; Android 6.0.1; Nexus 5X Build/MMB29P) AppleWebKit/537.36 (KHTML, like Gecko) Chrome/148.0.7778.96 Mobile Safari/537.36 (compatible; GoogleOther)"
2607:5500:3000:95::2 - - [16/May/2026:02:26:14 +0000] "POST /wordpress/wp-cron.php?doing_wp_cron=1778898374.6856551170349121093750 HTTP/1.1" 404 89930 "-" "WordPress/6.9.4; https://moabmonsters.com"
66.249.79.3 - - [16/May/2026:02:26:17 +0000] "GET /graph/utensil/exzz8onxo8n9ll4.html HTTP/1.1" 404 89822 "-" "Mozilla/5.0 (Linux; Android 6.0.1; Nexus 5X Build/MMB29P) AppleWebKit/537.36 (KHTML, like Gecko) Chrome/148.0.7778.96 Mobile Safari/537.36 (compatible; GoogleOther)"
66.249.79.3 - - [16/May/2026:02:26:22 +0000] "GET /gamut/offshoot/ewulf7i7vrigs4z.html HTTP/1.1" 404 89825 "-" "Mozilla/5.0 (Linux; Android 6.0.1; Nexus 5X Build/MMB29P) AppleWebKit/537.36 (KHTML, like Gecko) Chrome/148.0.7778.96 Mobile Safari/537.36 (compatible; GoogleOther)"
66.249.79.5 - - [16/May/2026:02:26:46 +0000] "GET /continuum/shipment/ef1jy2poempzez6.html HTTP/1.1" 404 89837 "-" "Mozilla/5.0 (Linux; Android 6.0.1; Nexus 5X Build/MMB29P) AppleWebKit/537.36 (KHTML, like Gecko) Chrome/148.0.7778.96 Mobile Safari/537.36 (compatible; GoogleOther)"
66.249.79.5 - - [16/May/2026:02:27:04 +0000] "GET /demographic/element/efdfae1yqy1bobi.html HTTP/1.1" 404 89840 "-" "Mozilla/5.0 (Linux; Android 6.0.1; Nexus 5X Build/MMB29P) AppleWebKit/537.36 (KHTML, like Gecko) Chrome/148.0.7778.96 Mobile Safari/537.36 (compatible; GoogleOther)"
66.249.79.4 - - [16/May/2026:02:27:09 +0000] "GET /population/characteristic/ffbfk0zb0qrp6d8.html HTTP/1.1" 404 89858 "-" "Mozilla/5.0 (Linux; Android 6.0.1; Nexus 5X Build/MMB29P) AppleWebKit/537.36 (KHTML, like Gecko) Chrome/148.0.7778.96 Mobile Safari/537.36 (compatible; GoogleOther)"
66.249.79.3 - - [16/May/2026:02:27:22 +0000] "GET /make/bit/e1pamqdr2adn9nu.html HTTP/1.1" 404 89807 "-" "Mozilla/5.0 (Linux; Android 6.0.1; Nexus 5X Build/MMB29P) AppleWebKit/537.36 (KHTML, like Gecko) Chrome/148.0.7778.96 Mobile Safari/537.36 (compatible; GoogleOther)"
2607:5500:3000:95::2 - - [16/May/2026:02:27:24 +0000] "POST /wordpress/wp-cron.php?doing_wp_cron=1778898444.6285579204559326171875 HTTP/1.1" 404 89930 "-" "WordPress/6.9.4; https://moabmonsters.com"
66.249.79.3 - - [16/May/2026:02:27:27 +0000] "GET /heading/belonging/dov4swj38gjt2t0.html HTTP/1.1" 404 89834 "-" "Mozilla/5.0 (Linux; Android 6.0.1; Nexus 5X Build/MMB29P) AppleWebKit/537.36 (KHTML, like Gecko) Chrome/148.0.7778.96 Mobile Safari/537.36 (compatible; GoogleOther)"
66.249.79.3 - - [16/May/2026:02:27:58 +0000] "GET /demographic/load/e7gmdh4st14e1el.html HTTP/1.1" 404 89831 "-" "Mozilla/5.0 (Linux; Android 6.0.1; Nexus 5X Build/MMB29P) AppleWebKit/537.36 (KHTML, like Gecko) Chrome/148.0.7778.96 Mobile Safari/537.36 (compatible; GoogleOther)"
66.249.79.3 - - [16/May/2026:02:28:02 +0000] "GET /make/package/fx4p15sbh9wieud.html HTTP/1.1" 404 89819 "-" "Mozilla/5.0 (Linux; Android 6.0.1; Nexus 5X Build/MMB29P) AppleWebKit/537.36 (KHTML, like Gecko) Chrome/148.0.7778.96 Mobile Safari/537.36 (compatible; GoogleOther)"
66.249.79.3 - - [16/May/2026:02:28:06 +0000] "GET /grouping/attribute/ed4v15snhps2k29.html HTTP/1.1" 404 89837 "-" "Mozilla/5.0 (Linux; Android 6.0.1; Nexus 5X Build/MMB29P) AppleWebKit/537.36 (KHTML, like Gecko) Chrome/148.0.7778.96 Mobile Safari/537.36 (compatible; GoogleOther)"
66.249.79.3 - - [16/May/2026:02:28:10 +0000] "GET /assemblage/fixture/e186hxwuxhwijud.html HTTP/1.1" 404 89837 "-" "Mozilla/5.0 (Linux; Android 6.0.1; Nexus 5X Build/MMB29P) AppleWebKit/537.36 (KHTML, like Gecko) Chrome/148.0.7778.96 Mobile Safari/537.36 (compatible; GoogleOther)"
66.249.79.3 - - [16/May/2026:02:28:15 +0000] "GET /module/kit/eala6y9fmi97zvq.html HTTP/1.1" 404 89813 "-" "Mozilla/5.0 (Linux; Android 6.0.1; Nexus 5X Build/MMB29P) AppleWebKit/537.36 (KHTML, like Gecko) Chrome/148.0.7778.96 Mobile Safari/537.36 (compatible; GoogleOther)"
66.249.79.4 - - [16/May/2026:02:29:05 +0000] "GET /clade/material/ew51eutwuetfgra.html HTTP/1.1" 404 89825 "-" "Mozilla/5.0 (Linux; Android 6.0.1; Nexus 5X Build/MMB29P) AppleWebKit/537.36 (KHTML, like Gecko) Chrome/148.0.7778.96 Mobile Safari/537.36 (compatible; GoogleOther)"
2607:5500:3000:95::2 - - [16/May/2026:02:29:07 +0000] "POST /wordpress/wp-cron.php?doing_wp_cron=1778898547.6735858917236328125000 HTTP/1.1" 404 89930 "-" "WordPress/6.9.4; https://moabmonsters.com"
66.249.79.4 - - [16/May/2026:02:29:09 +0000] "GET /categorization/serial/ecxaial8yuljc72.html HTTP/1.1" 404 89846 "-" "Mozilla/5.0 (Linux; Android 6.0.1; Nexus 5X Build/MMB29P) AppleWebKit/537.36 (KHTML, like Gecko) Chrome/148.0.7778.96 Mobile Safari/537.36 (compatible; GoogleOther)"
66.249.79.3 - - [16/May/2026:02:29:23 +0000] "GET /guild/package/exvfswjj8gjtrt0.html HTTP/1.1" 404 89822 "-" "Mozilla/5.0 (Linux; Android 6.0.1; Nexus 5X Build/MMB29P) AppleWebKit/537.36 (KHTML, like Gecko) Chrome/148.0.7778.96 Mobile Safari/537.36 (compatible; GoogleOther)"
66.249.79.3 - - [16/May/2026:02:29:27 +0000] "GET /caste/line/egoe91crplcaqyt.html HTTP/1.1" 404 89813 "-" "Mozilla/5.0 (Linux; Android 6.0.1; Nexus 5X Build/MMB29P) AppleWebKit/537.36 (KHTML, like Gecko) Chrome/148.0.7778.96 Mobile Safari/537.36 (compatible; GoogleOther)"
66.249.79.3 - - [16/May/2026:02:29:31 +0000] "GET /colony/abhelp/ecexn3213n2oa0j.html HTTP/1.1" 404 89822 "-" "Mozilla/5.0 (Linux; Android 6.0.1; Nexus 5X Build/MMB29P) AppleWebKit/537.36 (KHTML, like Gecko) Chrome/148.0.7778.96 Mobile Safari/537.36 (compatible; GoogleOther)"
66.249.79.4 - - [16/May/2026:02:30:13 +0000] "GET /heading/construction/ey6hrjue73usjgb.html HTTP/1.1" 404 89843 "-" "Mozilla/5.0 (Linux; Android 6.0.1; Nexus 5X Build/MMB29P) AppleWebKit/537.36 (KHTML, like Gecko) Chrome/148.0.7778.96 Mobile Safari/537.36 (compatible; GoogleOther)"
2607:5500:3000:95::2 - - [16/May/2026:02:30:15 +0000] "POST /wordpress/wp-cron.php?doing_wp_cron=1778898615.1329519748687744140625 HTTP/1.1" 404 89930 "-" "WordPress/6.9.4; https://moabmonsters.com"
66.249.79.4 - - [16/May/2026:02:30:17 +0000] "GET /array/serial/e0mojnaqz7akvkr.html HTTP/1.1" 404 89819 "-" "Mozilla/5.0 (Linux; Android 6.0.1; Nexus 5X Build/MMB29P) AppleWebKit/537.36 (KHTML, like Gecko) Chrome/148.0.7778.96 Mobile Safari/537.36 (compatible; GoogleOther)"
66.249.79.3 - - [16/May/2026:02:30:23 +0000] "GET /cohort/edition/exj8gk7pw47hxho.html HTTP/1.1" 404 89825 "-" "Mozilla/5.0 (Linux; Android 6.0.1; Nexus 5X Build/MMB29P) AppleWebKit/537.36 (KHTML, like Gecko) Chrome/148.0.7778.96 Mobile Safari/537.36 (compatible; GoogleOther)"
66.249.79.3 - - [16/May/2026:02:31:02 +0000] "GET /array/module/eoccxp0xd90ygmh.html HTTP/1.1" 404 89819 "-" "Mozilla/5.0 (Linux; Android 6.0.1; Nexus 5X Build/MMB29P) AppleWebKit/537.36 (KHTML, like Gecko) Chrome/148.0.7778.96 Mobile Safari/537.36 (compatible; GoogleOther)"
66.249.79.3 - - [16/May/2026:02:31:07 +0000] "GET /cultivar/residue/edd7ae1hqy1bnbi.html HTTP/1.1" 404 89831 "-" "Mozilla/5.0 (Linux; Android 6.0.1; Nexus 5X Build/MMB29P) AppleWebKit/537.36 (KHTML, like Gecko) Chrome/148.0.7778.96 Mobile Safari/537.36 (compatible; GoogleOther)"
66.249.79.3 - - [16/May/2026:02:31:20 +0000] "GET /association/feature/efa97by1nvy8o8f.html HTTP/1.1" 404 89840 "-" "Mozilla/5.0 (Linux; Android 6.0.1; Nexus 5X Build/MMB29P) AppleWebKit/537.36 (KHTML, like Gecko) Chrome/148.0.7778.96 Mobile Safari/537.36 (compatible; GoogleOther)"
2607:5500:3000:95::2 - - [16/May/2026:02:31:23 +0000] "POST /wordpress/wp-cron.php?doing_wp_cron=1778898682.6098759174346923828125 HTTP/1.1" 404 89930 "-" "WordPress/6.9.4; https://moabmonsters.com"
66.249.79.3 - - [16/May/2026:02:31:30 +0000] "GET /sorority/consignment/ekol91c9plca0yt.html HTTP/1.1" 404 89843 "-" "Mozilla/5.0 (Linux; Android 6.0.1; Nexus 5X Build/MMB29P) AppleWebKit/537.36 (KHTML, like Gecko) Chrome/148.0.7778.96 Mobile Safari/537.36 (compatible; GoogleOther)"
66.249.79.4 - - [16/May/2026:02:32:10 +0000] "GET /province/artifact/ex2rbrqerbqcho7.html HTTP/1.1" 404 89834 "-" "Mozilla/5.0 (Linux; Android 6.0.1; Nexus 5X Build/MMB29P) AppleWebKit/537.36 (KHTML, like Gecko) Chrome/148.0.7778.96 Mobile Safari/537.36 (compatible; GoogleOther)"
66.249.79.4 - - [16/May/2026:02:32:14 +0000] "GET /province/creation/els7ptg15dgqiqx.html HTTP/1.1" 404 89834 "-" "Mozilla/5.0 (Linux; Android 6.0.1; Nexus 5X Build/MMB29P) AppleWebKit/537.36 (KHTML, like Gecko) Chrome/148.0.7778.96 Mobile Safari/537.36 (compatible; GoogleOther)"
66.249.79.3 - - [16/May/2026:02:32:59 +0000] "GET /assemblage/proceeds/ehw65lkll5k6ei1.html HTTP/1.1" 404 89840 "-" "Mozilla/5.0 (Linux; Android 6.0.1; Nexus 5X Build/MMB29P) AppleWebKit/537.36 (KHTML, like Gecko) Chrome/148.0.7778.96 Mobile Safari/537.36 (compatible; GoogleOther)"
2607:5500:3000:95::2 - - [16/May/2026:02:33:01 +0000] "POST /wordpress/wp-cron.php?doing_wp_cron=1778898781.7240679264068603515625 HTTP/1.1" 404 89930 "-" "WordPress/6.9.4; https://moabmonsters.com"
66.249.79.3 - - [16/May/2026:02:33:03 +0000] "GET /province/bit/ep7948vhksv555c.html HTTP/1.1" 404 89819 "-" "Mozilla/5.0 (Linux; Android 6.0.1; Nexus 5X Build/MMB29P) AppleWebKit/537.36 (KHTML, like Gecko) Chrome/148.0.7778.96 Mobile Safari/537.36 (compatible; GoogleOther)"
66.249.79.3 - - [16/May/2026:02:33:17 +0000] "GET /module/bundle/eq4j15s6hps2129.html HTTP/1.1" 404 89822 "-" "Mozilla/5.0 (Linux; Android 6.0.1; Nexus 5X Build/MMB29P) AppleWebKit/537.36 (KHTML, like Gecko) Chrome/148.0.7778.96 Mobile Safari/537.36 (compatible; GoogleOther)"
66.249.79.5 - - [16/May/2026:02:34:08 +0000] "GET /shoal/edition/e92lbrqmrbqcpo7.html HTTP/1.1" 404 89822 "-" "Mozilla/5.0 (Linux; Android 6.0.1; Nexus 5X Build/MMB29P) AppleWebKit/537.36 (KHTML, like Gecko) Chrome/148.0.7778.96 Mobile Safari/537.36 (compatible; GoogleOther)"
2607:5500:3000:95::2 - - [16/May/2026:02:34:10 +0000] "POST /wordpress/wp-cron.php?doing_wp_cron=1778898850.5227038860321044921875 HTTP/1.1" 404 89930 "-" "WordPress/6.9.4; https://moabmonsters.com"
66.249.79.3 - - [16/May/2026:02:34:11 +0000] "GET /catalogue/handicraft/elwd5lk1l5k6yi1.html HTTP/1.1" 404 89843 "-" "Mozilla/5.0 (Linux; Android 6.0.1; Nexus 5X Build/MMB29P) AppleWebKit/537.36 (KHTML, like Gecko) Chrome/148.0.7778.96 Mobile Safari/537.36 (compatible; GoogleOther)"
66.249.79.4 - - [16/May/2026:02:34:25 +0000] "GET /coterie/byproduct/ddw65lkml5k6ai1.html HTTP/1.1" 404 89834 "-" "Mozilla/5.0 (Linux; Android 6.0.1; Nexus 5X Build/MMB29P) AppleWebKit/537.36 (KHTML, like Gecko) Chrome/148.0.7778.96 Mobile Safari/537.36 (compatible; GoogleOther)"
66.249.79.4 - - [16/May/2026:02:35:00 +0000] "GET /classification/stock/eipfmqdd2adn9nu.html HTTP/1.1" 404 89843 "-" "Mozilla/5.0 (Linux; Android 6.0.1; Nexus 5X Build/MMB29P) AppleWebKit/537.36 (KHTML, like Gecko) Chrome/148.0.7778.96 Mobile Safari/537.36 (compatible; GoogleOther)"
66.249.79.3 - - [16/May/2026:02:35:05 +0000] "GET /continuum/system/fuzb8onboffdx1w.html HTTP/1.1" 404 89831 "-" "Mozilla/5.0 (Linux; Android 6.0.1; Nexus 5X Build/MMB29P) AppleWebKit/537.36 (KHTML, like Gecko) Chrome/148.0.7778.96 Mobile Safari/537.36 (compatible; GoogleOther)"
66.249.79.3 - - [16/May/2026:02:35:09 +0000] "GET /component/gear/fklb6y9bmnpzrz6.html HTTP/1.1" 404 89825 "-" "Mozilla/5.0 (Linux; Android 6.0.1; Nexus 5X Build/MMB29P) AppleWebKit/537.36 (KHTML, like Gecko) Chrome/148.0.7778.96 Mobile Safari/537.36 (compatible; GoogleOther)"
2607:5500:3000:95::2 - - [16/May/2026:02:35:11 +0000] "POST /wordpress/wp-cron.php?doing_wp_cron=1778898911.9292581081390380859375 HTTP/1.1" 404 89930 "-" "WordPress/6.9.4; https://moabmonsters.com"
66.249.79.5 - - [16/May/2026:02:36:09 +0000] "GET /pride/batch/eylm6y9emi97avq.html HTTP/1.1" 404 89816 "-" "Mozilla/5.0 (Linux; Android 6.0.1; Nexus 5X Build/MMB29P) AppleWebKit/537.36 (KHTML, like Gecko) Chrome/148.0.7778.96 Mobile Safari/537.36 (compatible; GoogleOther)"
2607:5500:3000:95::2 - - [16/May/2026:02:36:12 +0000] "POST /wordpress/wp-cron.php?doing_wp_cron=1778898971.9781858921051025390625 HTTP/1.1" 404 89930 "-" "WordPress/6.9.4; https://moabmonsters.com"
66.249.79.3 - - [16/May/2026:02:36:15 +0000] "GET /characteristic/apparatus/edbkk0zy0kzlqxg.html HTTP/1.1" 404 89855 "-" "Mozilla/5.0 (Linux; Android 6.0.1; Nexus 5X Build/MMB29P) AppleWebKit/537.36 (KHTML, like Gecko) Chrome/148.0.7778.96 Mobile Safari/537.36 (compatible; GoogleOther)"
66.249.79.3 - - [16/May/2026:02:36:43 +0000] "GET /class/utensil/fxxuialbyx1b7bi.html HTTP/1.1" 404 89822 "-" "Mozilla/5.0 (Linux; Android 6.0.1; Nexus 5X Build/MMB29P) AppleWebKit/537.36 (KHTML, like Gecko) Chrome/148.0.7778.96 Mobile Safari/537.36 (compatible; GoogleOther)"
66.249.79.3 - - [16/May/2026:02:37:01 +0000] "GET /clique/mechanism/exqezfejfze0acv.html HTTP/1.1" 404 89831 "-" "Mozilla/5.0 (Linux; Android 6.0.1; Nexus 5X Build/MMB29P) AppleWebKit/537.36 (KHTML, like Gecko) Chrome/148.0.7778.96 Mobile Safari/537.36 (compatible; GoogleOther)"
66.249.79.4 - - [16/May/2026:02:37:06 +0000] "GET /domain/issue/ehygvzmdbjmwww3.html HTTP/1.1" 404 89819 "-" "Mozilla/5.0 (Linux; Android 6.0.1; Nexus 5X Build/MMB29P) AppleWebKit/537.36 (KHTML, like Gecko) Chrome/148.0.7778.96 Mobile Safari/537.36 (compatible; GoogleOther)"
66.249.79.3 - - [16/May/2026:02:37:35 +0000] "GET /sector/batch/eiou91cbplca6yt.html HTTP/1.1" 404 89819 "-" "Mozilla/5.0 (Linux; Android 6.0.1; Nexus 5X Build/MMB29P) AppleWebKit/537.36 (KHTML, like Gecko) Chrome/148.0.7778.96 Mobile Safari/537.36 (compatible; GoogleOther)"
2607:5500:3000:95::2 - - [16/May/2026:02:37:36 +0000] "POST /wordpress/wp-cron.php?doing_wp_cron=1778899056.9097290039062500000000 HTTP/1.1" 404 89930 "-" "WordPress/6.9.4; https://moabmonsters.com"
66.249.79.4 - - [16/May/2026:02:38:09 +0000] "GET /spectrum/sort/ekjpgk7vw47htho.html HTTP/1.1" 404 89822 "-" "Mozilla/5.0 (Linux; Android 6.0.1; Nexus 5X Build/MMB29P) AppleWebKit/537.36 (KHTML, like Gecko) Chrome/148.0.7778.96 Mobile Safari/537.36 (compatible; GoogleOther)"
66.249.79.4 - - [16/May/2026:02:38:14 +0000] "GET /module/class/e632ogrn40rpxd8.html HTTP/1.1" 404 89819 "-" "Mozilla/5.0 (Linux; Android 6.0.1; Nexus 5X Build/MMB29P) AppleWebKit/537.36 (KHTML, like Gecko) Chrome/148.0.7778.96 Mobile Safari/537.36 (compatible; GoogleOther)"
66.249.79.5 - - [16/May/2026:02:38:43 +0000] "GET /domain/handicraft/exptmqdu2adnwnu.html HTTP/1.1" 404 89834 "-" "Mozilla/5.0 (Linux; Android 6.0.1; Nexus 5X Build/MMB29P) AppleWebKit/537.36 (KHTML, like Gecko) Chrome/148.0.7778.96 Mobile Safari/537.36 (compatible; GoogleOther)"
2607:5500:3000:95::2 - - [16/May/2026:02:38:45 +0000] "POST /wordpress/wp-cron.php?doing_wp_cron=1778899125.5200879573822021484375 HTTP/1.1" 404 89930 "-" "WordPress/6.9.4; https://moabmonsters.com"
2a03:2880:3ff:70:: - - [16/May/2026:02:38:50 +0000] "GET /robots.txt HTTP/1.1" 200 100 "-" "facebookexternalhit/1.1 (+http://www.facebook.com/externalhit_uatext.php)"
66.249.79.5 - - [16/May/2026:02:39:02 +0000] "GET /order/piece/fm0aldob1z4e2el.html HTTP/1.1" 404 89816 "-" "Mozilla/5.0 (Linux; Android 6.0.1; Nexus 5X Build/MMB29P) AppleWebKit/537.36 (KHTML, like Gecko) Chrome/148.0.7778.96 Mobile Safari/537.36 (compatible; GoogleOther)"
66.249.79.6 - - [16/May/2026:02:39:07 +0000] "GET /family/make/eo9jumx1a6xvhje.html HTTP/1.1" 404 89816 "-" "Mozilla/5.0 (Linux; Android 6.0.1; Nexus 5X Build/MMB29P) AppleWebKit/537.36 (KHTML, like Gecko) Chrome/148.0.7778.96 Mobile Safari/537.36 (compatible; GoogleOther)"
66.249.79.5 - - [16/May/2026:02:39:20 +0000] "GET /typology/brand/env0swjf8gjtjt0.html HTTP/1.1" 404 89825 "-" "Mozilla/5.0 (Linux; Android 6.0.1; Nexus 5X Build/MMB29P) AppleWebKit/537.36 (KHTML, like Gecko) Chrome/148.0.7778.96 Mobile Safari/537.36 (compatible; GoogleOther)"
66.249.79.5 - - [16/May/2026:02:39:24 +0000] "GET /segment/lot/e9gadh4yt14erel.html HTTP/1.1" 404 89816 "-" "Mozilla/5.0 (Linux; Android 6.0.1; Nexus 5X Build/MMB29P) AppleWebKit/537.36 (KHTML, like Gecko) Chrome/148.0.7778.96 Mobile Safari/537.36 (compatible; GoogleOther)"
66.249.79.5 - - [16/May/2026:02:39:29 +0000] "GET /brand/consignment/egrzc4fesofd41w.html HTTP/1.1" 404 89834 "-" "Mozilla/5.0 (Linux; Android 6.0.1; Nexus 5X Build/MMB29P) AppleWebKit/537.36 (KHTML, like Gecko) Chrome/148.0.7778.96 Mobile Safari/537.36 (compatible; GoogleOther)"
66.249.79.5 - - [16/May/2026:02:39:33 +0000] "GET /brand/installment/ewl66y96mi976vq.html HTTP/1.1" 404 89834 "-" "Mozilla/5.0 (Linux; Android 6.0.1; Nexus 5X Build/MMB29P) AppleWebKit/537.36 (KHTML, like Gecko) Chrome/148.0.7778.96 Mobile Safari/537.36 (compatible; GoogleOther)"
66.249.79.5 - - [16/May/2026:02:39:54 +0000] "GET /genre/craft/ewgbdh47t14e2el.html HTTP/1.1" 404 89816 "-" "Mozilla/5.0 (Linux; Android 6.0.1; Nexus 5X Build/MMB29P) AppleWebKit/537.36 (KHTML, like Gecko) Chrome/148.0.7778.96 Mobile Safari/537.36 (compatible; GoogleOther)"
2607:5500:3000:95::2 - - [16/May/2026:02:39:56 +0000] "POST /wordpress/wp-cron.php?doing_wp_cron=1778899196.4400660991668701171875 HTTP/1.1" 404 89930 "-" "WordPress/6.9.4; https://moabmonsters.com"
66.249.79.5 - - [16/May/2026:02:39:58 +0000] "GET /compilation/serial/e04115sbhps2m29.html HTTP/1.1" 404 89837 "-" "Mozilla/5.0 (Linux; Android 6.0.1; Nexus 5X Build/MMB29P) AppleWebKit/537.36 (KHTML, like Gecko) Chrome/148.0.7778.96 Mobile Safari/537.36 (compatible; GoogleOther)"
66.249.79.5 - - [16/May/2026:02:40:15 +0000] "GET /taxonomy/offering/e6dhae1uqy1b2bi.html HTTP/1.1" 404 89834 "-" "Mozilla/5.0 (Linux; Android 6.0.1; Nexus 5X Build/MMB29P) AppleWebKit/537.36 (KHTML, like Gecko) Chrome/148.0.7778.96 Mobile Safari/537.36 (compatible; GoogleOther)"
66.249.79.5 - - [16/May/2026:02:40:19 +0000] "GET /community/part/fmebn32b3lusmgb.html HTTP/1.1" 404 89825 "-" "Mozilla/5.0 (Linux; Android 6.0.1; Nexus 5X Build/MMB29P) AppleWebKit/537.36 (KHTML, like Gecko) Chrome/148.0.7778.96 Mobile Safari/537.36 (compatible; GoogleOther)"
66.249.79.6 - - [16/May/2026:02:41:05 +0000] "GET /characteristic/fabrication/fwla6y9bm1pzlz6.html HTTP/1.1" 404 89861 "-" "Mozilla/5.0 (Linux; Android 6.0.1; Nexus 5X Build/MMB29P) AppleWebKit/537.36 (KHTML, like Gecko) Chrome/148.0.7778.96 Mobile Safari/537.36 (compatible; GoogleOther)"
2607:5500:3000:95::2 - - [16/May/2026:02:41:07 +0000] "POST /wordpress/wp-cron.php?doing_wp_cron=1778899267.0820569992065429687500 HTTP/1.1" 404 89930 "-" "WordPress/6.9.4; https://moabmonsters.com"
66.249.79.6 - - [16/May/2026:02:41:09 +0000] "GET /caste/achievement/ec4y15swhps2j29.html HTTP/1.1" 404 89834 "-" "Mozilla/5.0 (Linux; Android 6.0.1; Nexus 5X Build/MMB29P) AppleWebKit/537.36 (KHTML, like Gecko) Chrome/148.0.7778.96 Mobile Safari/537.36 (compatible; GoogleOther)"
66.249.79.5 - - [16/May/2026:02:41:23 +0000] "GET /phylum/appliance/e2fx0s3dgc317pk.html HTTP/1.1" 404 89831 "-" "Mozilla/5.0 (Linux; Android 6.0.1; Nexus 5X Build/MMB29P) AppleWebKit/537.36 (KHTML, like Gecko) Chrome/148.0.7778.96 Mobile Safari/537.36 (compatible; GoogleOther)"
66.249.79.5 - - [16/May/2026:02:41:35 +0000] "GET /sector/byproduct/eq1qy2p4empzwz6.html HTTP/1.1" 404 89831 "-" "Mozilla/5.0 (Linux; Android 6.0.1; Nexus 5X Build/MMB29P) AppleWebKit/537.36 (KHTML, like Gecko) Chrome/148.0.7778.96 Mobile Safari/537.36 (compatible; GoogleOther)"
66.249.79.5 - - [16/May/2026:02:41:39 +0000] "GET /array/manufacture/e0wv5lkcl5k63i1.html HTTP/1.1" 404 89834 "-" "Mozilla/5.0 (Linux; Android 6.0.1; Nexus 5X Build/MMB29P) AppleWebKit/537.36 (KHTML, like Gecko) Chrome/148.0.7778.96 Mobile Safari/537.36 (compatible; GoogleOther)"
66.249.79.6 - - [16/May/2026:02:42:13 +0000] "GET /pattern/assortment/e3brk0zj0kzl7xg.html HTTP/1.1" 404 89837 "-" "Mozilla/5.0 (Linux; Android 6.0.1; Nexus 5X Build/MMB29P) AppleWebKit/537.36 (KHTML, like Gecko) Chrome/148.0.7778.96 Mobile Safari/537.36 (compatible; GoogleOther)"
2607:5500:3000:95::2 - - [16/May/2026:02:42:15 +0000] "POST /wordpress/wp-cron.php?doing_wp_cron=1778899335.3605830669403076171875 HTTP/1.1" 404 89930 "-" "WordPress/6.9.4; https://moabmonsters.com"
66.249.79.5 - - [16/May/2026:02:42:18 +0000] "GET /items/G148444274/ HTTP/1.1" 404 89771 "-" "Mozilla/5.0 (Linux; Android 6.0.1; Nexus 5X Build/MMB29P) AppleWebKit/537.36 (KHTML, like Gecko) Chrome/148.0.7778.96 Mobile Safari/537.36 (compatible; GoogleOther)"
66.249.79.5 - - [16/May/2026:02:42:23 +0000] "GET /status/freight/fjwc5lkblacajyt.html HTTP/1.1" 404 89825 "-" "Mozilla/5.0 (Linux; Android 6.0.1; Nexus 5X Build/MMB29P) AppleWebKit/537.36 (KHTML, like Gecko) Chrome/148.0.7778.96 Mobile Safari/537.36 (compatible; GoogleOther)"
66.249.79.7 - - [16/May/2026:02:43:07 +0000] "GET /roster/pattern/epcaxp0nd90ysmh.html HTTP/1.1" 404 89825 "-" "Mozilla/5.0 (Linux; Android 6.0.1; Nexus 5X Build/MMB29P) AppleWebKit/537.36 (KHTML, like Gecko) Chrome/148.0.7778.96 Mobile Safari/537.36 (compatible; GoogleOther)"
66.249.79.5 - - [16/May/2026:02:43:12 +0000] "GET /design/stock/eaoq91cjplca6yt.html HTTP/1.1" 404 89819 "-" "Mozilla/5.0 (Linux; Android 6.0.1; Nexus 5X Build/MMB29P) AppleWebKit/537.36 (KHTML, like Gecko) Chrome/148.0.7778.96 Mobile Safari/537.36 (compatible; GoogleOther)"
66.249.79.5 - - [16/May/2026:02:43:17 +0000] "GET /pack/fort-rules/encxxp0jd90y4mh.html HTTP/1.1" 404 89828 "-" "Mozilla/5.0 (Linux; Android 6.0.1; Nexus 5X Build/MMB29P) AppleWebKit/537.36 (KHTML, like Gecko) Chrome/148.0.7778.96 Mobile Safari/537.36 (compatible; GoogleOther)"
2607:5500:3000:95::2 - - [16/May/2026:02:43:19 +0000] "POST /wordpress/wp-cron.php?doing_wp_cron=1778899399.1568939685821533203125 HTTP/1.1" 404 89930 "-" "WordPress/6.9.4; https://moabmonsters.com"
66.249.79.5 - - [16/May/2026:02:43:22 +0000] "GET /kind/trait/ez8nhxwvxhwioud.html HTTP/1.1" 404 89813 "-" "Mozilla/5.0 (Linux; Android 6.0.1; Nexus 5X Build/MMB29P) AppleWebKit/537.36 (KHTML, like Gecko) Chrome/148.0.7778.96 Mobile Safari/537.36 (compatible; GoogleOther)"
66.249.79.5 - - [16/May/2026:02:43:26 +0000] "GET /territory/instrument/eymdjnawz7ak5kr.html HTTP/1.1" 404 89843 "-" "Mozilla/5.0 (Linux; Android 6.0.1; Nexus 5X Build/MMB29P) AppleWebKit/537.36 (KHTML, like Gecko) Chrome/148.0.7778.96 Mobile Safari/537.36 (compatible; GoogleOther)"
178.20.210.56 - - [16/May/2026:02:43:35 +0000] "POST /wp-admin/admin-ajax.php HTTP/1.1" 404 89792 "https://moabmonsters.com/wp-admin/" "Mozilla/5.0 (X11; Linux x86_64) AppleWebKit/537.36 (KHTML, like Gecko) Chrome/148.0.0.0 Safari/537.36"
66.249.79.7 - - [16/May/2026:02:44:07 +0000] "GET /sector/work/eqii3v6vjf64gsn.html HTTP/1.1" 404 89816 "-" "Mozilla/5.0 (Linux; Android 6.0.1; Nexus 5X Build/MMB29P) AppleWebKit/537.36 (KHTML, like Gecko) Chrome/148.0.7778.96 Mobile Safari/537.36 (compatible; GoogleOther)"
66.249.79.5 - - [16/May/2026:02:44:11 +0000] "GET /property/fraction/ermyjnakz7akvkr.html HTTP/1.1" 404 89834 "-" "Mozilla/5.0 (Linux; Android 6.0.1; Nexus 5X Build/MMB29P) AppleWebKit/537.36 (KHTML, like Gecko) Chrome/148.0.7778.96 Mobile Safari/537.36 (compatible; GoogleOther)"
66.249.79.5 - - [16/May/2026:02:44:23 +0000] "GET /province/part/epdxae13qy1b9bi.html HTTP/1.1" 404 89822 "-" "Mozilla/5.0 (Linux; Android 6.0.1; Nexus 5X Build/MMB29P) AppleWebKit/537.36 (KHTML, like Gecko) Chrome/148.0.7778.96 Mobile Safari/537.36 (compatible; GoogleOther)"
2607:5500:3000:95::2 - - [16/May/2026:02:44:25 +0000] "POST /wordpress/wp-cron.php?doing_wp_cron=1778899465.1029260158538818359375 HTTP/1.1" 404 89930 "-" "WordPress/6.9.4; https://moabmonsters.com"
66.249.79.5 - - [16/May/2026:02:44:27 +0000] "GET /cultivar/thing/ep36ogrq40rpyd8.html HTTP/1.1" 404 89825 "-" "Mozilla/5.0 (Linux; Android 6.0.1; Nexus 5X Build/MMB29P) AppleWebKit/537.36 (KHTML, like Gecko) Chrome/148.0.7778.96 Mobile Safari/537.36 (compatible; GoogleOther)"
66.249.79.5 - - [16/May/2026:02:44:34 +0000] "GET /province/artifact/dryyvzmnbjmwdw3.html HTTP/1.1" 404 89834 "-" "Mozilla/5.0 (Linux; Android 6.0.1; Nexus 5X Build/MMB29P) AppleWebKit/537.36 (KHTML, like Gecko) Chrome/148.0.7778.96 Mobile Safari/537.36 (compatible; GoogleOther)"
66.249.79.5 - - [16/May/2026:02:44:38 +0000] "GET /set/bit/f4xbialby91bhbi.html HTTP/1.1" 404 89804 "-" "Mozilla/5.0 (Linux; Android 6.0.1; Nexus 5X Build/MMB29P) AppleWebKit/537.36 (KHTML, like Gecko) Chrome/148.0.7778.96 Mobile Safari/537.36 (compatible; GoogleOther)"
66.249.79.5 - - [16/May/2026:02:44:42 +0000] "GET /quality/goods/ewkft98h9t8us6p.html HTTP/1.1" 404 89822 "-" "Mozilla/5.0 (Linux; Android 6.0.1; Nexus 5X Build/MMB29P) AppleWebKit/537.36 (KHTML, like Gecko) Chrome/148.0.7778.96 Mobile Safari/537.36 (compatible; GoogleOther)"
66.249.79.6 - - [16/May/2026:02:45:10 +0000] "GET /make/residue/e1qazfeifze0dcv.html HTTP/1.1" 404 89819 "-" "Mozilla/5.0 (Linux; Android 6.0.1; Nexus 5X Build/MMB29P) AppleWebKit/537.36 (KHTML, like Gecko) Chrome/148.0.7778.96 Mobile Safari/537.36 (compatible; GoogleOther)"
66.249.79.6 - - [16/May/2026:02:45:13 +0000] "GET /genus/mechanism/fr7e48vbkhzl5xg.html HTTP/1.1" 404 89828 "-" "Mozilla/5.0 (Linux; Android 6.0.1; Nexus 5X Build/MMB29P) AppleWebKit/537.36 (KHTML, like Gecko) Chrome/148.0.7778.96 Mobile Safari/537.36 (compatible; GoogleOther)"
66.249.79.5 - - [16/May/2026:02:46:04 +0000] "GET /classification/consequence/fm3cogrb4m7hwho.html HTTP/1.1" 404 89861 "-" "Mozilla/5.0 (Linux; Android 6.0.1; Nexus 5X Build/MMB29P) AppleWebKit/537.36 (KHTML, like Gecko) Chrome/148.0.7778.96 Mobile Safari/537.36 (compatible; GoogleOther)"
2607:5500:3000:95::2 - - [16/May/2026:02:46:06 +0000] "POST /wordpress/wp-cron.php?doing_wp_cron=1778899566.8676660060882568359375 HTTP/1.1" 404 89930 "-" "WordPress/6.9.4; https://moabmonsters.com"
66.249.79.6 - - [16/May/2026:02:46:08 +0000] "GET /type/construction/e2hlq6556q5r13m.html HTTP/1.1" 404 89834 "-" "Mozilla/5.0 (Linux; Android 6.0.1; Nexus 5X Build/MMB29P) AppleWebKit/537.36 (KHTML, like Gecko) Chrome/148.0.7778.96 Mobile Safari/537.36 (compatible; GoogleOther)"
66.249.79.5 - - [16/May/2026:02:46:24 +0000] "GET /genre/yield/egs9ptgb5dgq2qx.html HTTP/1.1" 200 222873 "-" "Mozilla/5.0 (Linux; Android 6.0.1; Nexus 5X Build/MMB29P) AppleWebKit/537.36 (KHTML, like Gecko) Chrome/148.0.7778.96 Mobile Safari/537.36 (compatible; Googlebot/2.1; +http://www.google.com/bot.html)"
66.249.79.6 - - [16/May/2026:02:46:24 +0000] "GET /brand/consignment/egrzc4fesofd41w.html HTTP/1.1" 200 221136 "-" "Mozilla/5.0 (Linux; Android 6.0.1; Nexus 5X Build/MMB29P) AppleWebKit/537.36 (KHTML, like Gecko) Chrome/148.0.7778.96 Mobile Safari/537.36 (compatible; Googlebot/2.1; +http://www.google.com/bot.html)"
66.249.79.6 - - [16/May/2026:02:46:25 +0000] "GET /kind/trait/ez8nhxwvxhwioud.html HTTP/1.1" 200 225244 "-" "Mozilla/5.0 (Linux; Android 6.0.1; Nexus 5X Build/MMB29P) AppleWebKit/537.36 (KHTML, like Gecko) Chrome/148.0.7778.96 Mobile Safari/537.36 (compatible; Googlebot/2.1; +http://www.google.com/bot.html)"
66.249.79.6 - - [16/May/2026:02:46:25 +0000] "GET /institution/prototype/eevrswjn8gjtxt0.html HTTP/1.1" 200 218867 "-" "Mozilla/5.0 (Linux; Android 6.0.1; Nexus 5X Build/MMB29P) AppleWebKit/537.36 (KHTML, like Gecko) Chrome/148.0.7778.96 Mobile Safari/537.36 (compatible; Googlebot/2.1; +http://www.google.com/bot.html)"
66.249.79.5 - - [16/May/2026:02:46:25 +0000] "GET /caste/line/egoe91crplcaqyt.html HTTP/1.1" 200 229342 "-" "Mozilla/5.0 (Linux; Android 6.0.1; Nexus 5X Build/MMB29P) AppleWebKit/537.36 (KHTML, like Gecko) Chrome/148.0.7778.96 Mobile Safari/537.36 (compatible; Googlebot/2.1; +http://www.google.com/bot.html)"
66.249.79.5 - - [16/May/2026:02:46:23 +0000] "GET /aggregation/equipment/fe9kumxbaadn6nu.html HTTP/1.1" 404 89846 "-" "Mozilla/5.0 (Linux; Android 6.0.1; Nexus 5X Build/MMB29P) AppleWebKit/537.36 (KHTML, like Gecko) Chrome/148.0.7778.96 Mobile Safari/537.36 (compatible; GoogleOther)"
66.249.79.6 - - [16/May/2026:02:46:26 +0000] "GET /batch/fabrication/epl26y9smi97ivq.html HTTP/1.1" 200 227354 "-" "Mozilla/5.0 (Linux; Android 6.0.1; Nexus 5X Build/MMB29P) AppleWebKit/537.36 (KHTML, like Gecko) Chrome/148.0.7778.96 Mobile Safari/537.36 (compatible; Googlebot/2.1; +http://www.google.com/bot.html)"
66.249.79.5 - - [16/May/2026:02:46:27 +0000] "GET /assemblage/handicraft/epx9ial4yulju72.html HTTP/1.1" 404 89846 "-" "Mozilla/5.0 (Linux; Android 6.0.1; Nexus 5X Build/MMB29P) AppleWebKit/537.36 (KHTML, like Gecko) Chrome/148.0.7778.96 Mobile Safari/537.36 (compatible; GoogleOther)"
66.249.79.5 - - [16/May/2026:02:46:31 +0000] "GET /level/implement/e0in3v65jf646sn.html HTTP/1.1" 404 89828 "-" "Mozilla/5.0 (Linux; Android 6.0.1; Nexus 5X Build/MMB29P) AppleWebKit/537.36 (KHTML, like Gecko) Chrome/148.0.7778.96 Mobile Safari/537.36 (compatible; GoogleOther)"
66.249.79.5 - - [16/May/2026:02:46:52 +0000] "GET /element/specimen/e8ehn32e3n2o70j.html HTTP/1.1" 404 89831 "-" "Mozilla/5.0 (Linux; Android 6.0.1; Nexus 5X Build/MMB29P) AppleWebKit/537.36 (KHTML, like Gecko) Chrome/148.0.7778.96 Mobile Safari/537.36 (compatible; GoogleOther)"
66.249.79.6 - - [16/May/2026:02:47:07 +0000] "GET /continuum/tool/ef4z15szhps2429.html HTTP/1.1" 404 89825 "-" "Mozilla/5.0 (Linux; Android 6.0.1; Nexus 5X Build/MMB29P) AppleWebKit/537.36 (KHTML, like Gecko) Chrome/148.0.7778.96 Mobile Safari/537.36 (compatible; GoogleOther)"
2607:5500:3000:95::2 - - [16/May/2026:02:47:09 +0000] "POST /wordpress/wp-cron.php?doing_wp_cron=1778899629.8149731159210205078125 HTTP/1.1" 404 89930 "-" "WordPress/6.9.4; https://moabmonsters.com"
66.249.79.5 - - [16/May/2026:02:47:11 +0000] "GET /sort/yield/findwcbbcc31upk.html HTTP/1.1" 404 89813 "-" "Mozilla/5.0 (Linux; Android 6.0.1; Nexus 5X Build/MMB29P) AppleWebKit/537.36 (KHTML, like Gecko) Chrome/148.0.7778.96 Mobile Safari/537.36 (compatible; GoogleOther)"
66.249.79.5 - - [16/May/2026:02:47:23 +0000] "GET /aspect/publication/e2z78onlo8n9zl4.html HTTP/1.1" 404 89837 "-" "Mozilla/5.0 (Linux; Android 6.0.1; Nexus 5X Build/MMB29P) AppleWebKit/537.36 (KHTML, like Gecko) Chrome/148.0.7778.96 Mobile Safari/537.36 (compatible; GoogleOther)"
66.249.79.5 - - [16/May/2026:02:47:27 +0000] "GET /phylum/characteristic/em1hy2p7empzvz6.html HTTP/1.1" 404 89846 "-" "Mozilla/5.0 (Linux; Android 6.0.1; Nexus 5X Build/MMB29P) AppleWebKit/537.36 (KHTML, like Gecko) Chrome/148.0.7778.96 Mobile Safari/537.36 (compatible; GoogleOther)"
66.249.79.7 - - [16/May/2026:02:48:05 +0000] "GET /ilk/load/ef02ldow1xomla5.html HTTP/1.1" 404 89807 "-" "Mozilla/5.0 (Linux; Android 6.0.1; Nexus 5X Build/MMB29P) AppleWebKit/537.36 (KHTML, like Gecko) Chrome/148.0.7778.96 Mobile Safari/537.36 (compatible; GoogleOther)"
66.249.79.5 - - [16/May/2026:02:48:09 +0000] "GET /pattern/trait/ezncwcbucwbxe9s.html HTTP/1.1" 404 89822 "-" "Mozilla/5.0 (Linux; Android 6.0.1; Nexus 5X Build/MMB29P) AppleWebKit/537.36 (KHTML, like Gecko) Chrome/148.0.7778.96 Mobile Safari/537.36 (compatible; GoogleOther)"
2607:5500:3000:95::2 - - [16/May/2026:02:48:11 +0000] "POST /wordpress/wp-cron.php?doing_wp_cron=1778899691.1337459087371826171875 HTTP/1.1" 404 89930 "-" "WordPress/6.9.4; https://moabmonsters.com"
66.249.79.5 - - [16/May/2026:02:48:20 +0000] "GET /class/division/e93aogr440rp8d8.html HTTP/1.1" 404 89825 "-" "Mozilla/5.0 (Linux; Android 6.0.1; Nexus 5X Build/MMB29P) AppleWebKit/537.36 (KHTML, like Gecko) Chrome/148.0.7778.96 Mobile Safari/537.36 (compatible; GoogleOther)"
66.249.79.5 - - [16/May/2026:02:48:26 +0000] "GET /catalogue/extra/e9h7q65u6q5ro3m.html HTTP/1.1" 200 235202 "-" "Mozilla/5.0 (Linux; Android 6.0.1; Nexus 5X Build/MMB29P) AppleWebKit/537.36 (KHTML, like Gecko) Chrome/148.0.7778.96 Mobile Safari/537.36 (compatible; Googlebot/2.1; +http://www.google.com/bot.html)"
66.249.79.5 - - [16/May/2026:02:48:26 +0000] "GET /cohort/merchandise/elkdt98h9t8ue6p.html HTTP/1.1" 200 238002 "-" "Mozilla/5.0 (Linux; Android 6.0.1; Nexus 5X Build/MMB29P) AppleWebKit/537.36 (KHTML, like Gecko) Chrome/148.0.7778.96 Mobile Safari/537.36 (compatible; Googlebot/2.1; +http://www.google.com/bot.html)"
66.249.79.6 - - [16/May/2026:02:49:02 +0000] "GET /graph/thing/elia3v6ljf644sn.html HTTP/1.1" 404 89816 "-" "Mozilla/5.0 (Linux; Android 6.0.1; Nexus 5X Build/MMB29P) AppleWebKit/537.36 (KHTML, like Gecko) Chrome/148.0.7778.96 Mobile Safari/537.36 (compatible; GoogleOther)"
66.249.79.6 - - [16/May/2026:02:49:06 +0000] "GET /segment/thing/edov91cmplcafyt.html HTTP/1.1" 404 89822 "-" "Mozilla/5.0 (Linux; Android 6.0.1; Nexus 5X Build/MMB29P) AppleWebKit/537.36 (KHTML, like Gecko) Chrome/148.0.7778.96 Mobile Safari/537.36 (compatible; GoogleOther)"
66.249.79.5 - - [16/May/2026:02:49:21 +0000] "GET /province/artifact/fbmejnabzpe0scv.html HTTP/1.1" 404 89834 "-" "Mozilla/5.0 (Linux; Android 6.0.1; Nexus 5X Build/MMB29P) AppleWebKit/537.36 (KHTML, like Gecko) Chrome/148.0.7778.96 Mobile Safari/537.36 (compatible; GoogleOther)"
2607:5500:3000:95::2 - - [16/May/2026:02:49:23 +0000] "POST /wordpress/wp-cron.php?doing_wp_cron=1778899763.6476678848266601562500 HTTP/1.1" 404 89930 "-" "WordPress/6.9.4; https://moabmonsters.com"
66.249.79.5 - - [16/May/2026:02:49:25 +0000] "GET /assemblage/division/e1os91ceplca7yt.html HTTP/1.1" 404 89840 "-" "Mozilla/5.0 (Linux; Android 6.0.1; Nexus 5X Build/MMB29P) AppleWebKit/537.36 (KHTML, like Gecko) Chrome/148.0.7778.96 Mobile Safari/537.36 (compatible; GoogleOther)"
66.249.79.5 - - [16/May/2026:02:49:30 +0000] "GET /institution/career/eq9mumxka6xvwje.html HTTP/1.1" 404 89837 "-" "Mozilla/5.0 (Linux; Android 6.0.1; Nexus 5X Build/MMB29P) AppleWebKit/537.36 (KHTML, like Gecko) Chrome/148.0.7778.96 Mobile Safari/537.36 (compatible; GoogleOther)"
66.249.79.5 - - [16/May/2026:02:50:03 +0000] "GET /catalogue/abtameru/e9wh5lkxl5k6ui1.html HTTP/1.1" 404 89837 "-" "Mozilla/5.0 (Linux; Android 6.0.1; Nexus 5X Build/MMB29P) AppleWebKit/537.36 (KHTML, like Gecko) Chrome/148.0.7778.96 Mobile Safari/537.36 (compatible; GoogleOther)"
66.249.79.5 - - [16/May/2026:02:50:07 +0000] "GET /array/serial/fbgfdh4bts8u16p.html HTTP/1.1" 404 89819 "-" "Mozilla/5.0 (Linux; Android 6.0.1; Nexus 5X Build/MMB29P) AppleWebKit/537.36 (KHTML, like Gecko) Chrome/148.0.7778.96 Mobile Safari/537.36 (compatible; GoogleOther)"
66.249.79.5 - - [16/May/2026:02:50:18 +0000] "GET /array/module/fq7d48vbk4zlmxg.html HTTP/1.1" 404 89819 "-" "Mozilla/5.0 (Linux; Android 6.0.1; Nexus 5X Build/MMB29P) AppleWebKit/537.36 (KHTML, like Gecko) Chrome/148.0.7778.96 Mobile Safari/537.36 (compatible; GoogleOther)"
66.249.79.5 - - [16/May/2026:02:50:22 +0000] "GET /array/consignment/fzhrq65b68xveje.html HTTP/1.1" 404 89834 "-" "Mozilla/5.0 (Linux; Android 6.0.1; Nexus 5X Build/MMB29P) AppleWebKit/537.36 (KHTML, like Gecko) Chrome/148.0.7778.96 Mobile Safari/537.36 (compatible; GoogleOther)"
2607:5500:3000:95::2 - - [16/May/2026:02:50:24 +0000] "POST /wordpress/wp-cron.php?doing_wp_cron=1778899824.7465510368347167968750 HTTP/1.1" 404 89930 "-" "WordPress/6.9.4; https://moabmonsters.com"
66.249.79.5 - - [16/May/2026:02:50:27 +0000] "GET /branch/concept/ezit3v6djf64ssn.html HTTP/1.1" 200 233193 "-" "Mozilla/5.0 (Linux; Android 6.0.1; Nexus 5X Build/MMB29P) AppleWebKit/537.36 (KHTML, like Gecko) Chrome/148.0.7778.96 Mobile Safari/537.36 (compatible; Googlebot/2.1; +http://www.google.com/bot.html)"
66.249.79.5 - - [16/May/2026:02:50:27 +0000] "GET /framework/characteristic/eyzu8onqo8n90l4.html HTTP/1.1" 200 230426 "-" "Mozilla/5.0 (Linux; Android 6.0.1; Nexus 5X Build/MMB29P) AppleWebKit/537.36 (KHTML, like Gecko) Chrome/148.0.7778.96 Mobile Safari/537.36 (compatible; Googlebot/2.1; +http://www.google.com/bot.html)"
66.249.79.5 - - [16/May/2026:02:50:28 +0000] "GET /pw/ HTTP/1.1" 200 219654 "-" "Mozilla/5.0 (Linux; Android 6.0.1; Nexus 5X Build/MMB29P) AppleWebKit/537.36 (KHTML, like Gecko) Chrome/148.0.7778.96 Mobile Safari/537.36 (compatible; Googlebot/2.1; +http://www.google.com/bot.html)"
66.249.79.5 - - [16/May/2026:02:51:00 +0000] "GET /structure/handiwork/enay7bywnvy8r8f.html HTTP/1.1" 404 89840 "-" "Mozilla/5.0 (Linux; Android 6.0.1; Nexus 5X Build/MMB29P) AppleWebKit/537.36 (KHTML, like Gecko) Chrome/148.0.7778.96 Mobile Safari/537.36 (compatible; GoogleOther)"
66.249.79.6 - - [16/May/2026:02:51:04 +0000] "GET /feature/design/f9mkjnabzoe0ncv.html HTTP/1.1" 404 89825 "-" "Mozilla/5.0 (Linux; Android 6.0.1; Nexus 5X Build/MMB29P) AppleWebKit/537.36 (KHTML, like Gecko) Chrome/148.0.7778.96 Mobile Safari/537.36 (compatible; GoogleOther)"
66.249.79.5 - - [16/May/2026:02:51:16 +0000] "GET /species/stock/e69oumxda6xv5je.html HTTP/1.1" 404 89822 "-" "Mozilla/5.0 (Linux; Android 6.0.1; Nexus 5X Build/MMB29P) AppleWebKit/537.36 (KHTML, like Gecko) Chrome/148.0.7778.96 Mobile Safari/537.36 (compatible; GoogleOther)"
66.249.79.5 - - [16/May/2026:02:51:20 +0000] "GET /make/residue/e5nrwcbgcwbx09s.html HTTP/1.1" 404 89819 "-" "Mozilla/5.0 (Linux; Android 6.0.1; Nexus 5X Build/MMB29P) AppleWebKit/537.36 (KHTML, like Gecko) Chrome/148.0.7778.96 Mobile Safari/537.36 (compatible; GoogleOther)"
66.249.79.5 - - [16/May/2026:02:51:33 +0000] "GET /pride/characteristic/eufg0s3tgc31fpk.html HTTP/1.1" 404 89843 "-" "Mozilla/5.0 (Linux; Android 6.0.1; Nexus 5X Build/MMB29P) AppleWebKit/537.36 (KHTML, like Gecko) Chrome/148.0.7778.96 Mobile Safari/537.36 (compatible; GoogleOther)"
2607:5500:3000:95::2 - - [16/May/2026:02:51:35 +0000] "POST /wordpress/wp-cron.php?doing_wp_cron=1778899895.8677849769592285156250 HTTP/1.1" 404 89930 "-" "WordPress/6.9.4; https://moabmonsters.com"
66.249.79.5 - - [16/May/2026:02:51:37 +0000] "GET /module/article/ey86hxwgxhwinud.html HTTP/1.1" 404 89825 "-" "Mozilla/5.0 (Linux; Android 6.0.1; Nexus 5X Build/MMB29P) AppleWebKit/537.36 (KHTML, like Gecko) Chrome/148.0.7778.96 Mobile Safari/537.36 (compatible; GoogleOther)"
66.249.79.6 - - [16/May/2026:02:52:06 +0000] "GET /institution/example/eyo191crplca2yt.html HTTP/1.1" 404 89840 "-" "Mozilla/5.0 (Linux; Android 6.0.1; Nexus 5X Build/MMB29P) AppleWebKit/537.36 (KHTML, like Gecko) Chrome/148.0.7778.96 Mobile Safari/537.36 (compatible; GoogleOther)"
66.249.79.6 - - [16/May/2026:02:52:10 +0000] "GET /rubric/inventory/e761rjum73us9gb.html HTTP/1.1" 404 89831 "-" "Mozilla/5.0 (Linux; Android 6.0.1; Nexus 5X Build/MMB29P) AppleWebKit/537.36 (KHTML, like Gecko) Chrome/148.0.7778.96 Mobile Safari/537.36 (compatible; GoogleOther)"
66.249.79.5 - - [16/May/2026:02:52:12 +0000] "GET /herd/entity/dovmswj38gjt2t0.html HTTP/1.1" 200 224389 "-" "Mozilla/5.0 (Linux; Android 6.0.1; Nexus 5X Build/MMB29P) AppleWebKit/537.36 (KHTML, like Gecko) Chrome/148.0.7778.96 Mobile Safari/537.36 (compatible; Googlebot/2.1; +http://www.google.com/bot.html)"
66.249.79.5 - - [16/May/2026:02:52:25 +0000] "GET /catalogue/produce/exn7wcbdcwbxd9s.html HTTP/1.1" 404 89834 "-" "Mozilla/5.0 (Linux; Android 6.0.1; Nexus 5X Build/MMB29P) AppleWebKit/537.36 (KHTML, like Gecko) Chrome/148.0.7778.96 Mobile Safari/537.36 (compatible; GoogleOther)"
66.249.79.5 - - [16/May/2026:02:52:40 +0000] "GET /phylum/work/emt22ihbi2h3ffy.html HTTP/1.1" 404 89816 "-" "Mozilla/5.0 (Linux; Android 6.0.1; Nexus 5X Build/MMB29P) AppleWebKit/537.36 (KHTML, like Gecko) Chrome/148.0.7778.96 Mobile Safari/537.36 (compatible; GoogleOther)"
2607:5500:3000:95::2 - - [16/May/2026:02:52:42 +0000] "POST /wordpress/wp-cron.php?doing_wp_cron=1778899962.6330010890960693359375 HTTP/1.1" 404 89930 "-" "WordPress/6.9.4; https://moabmonsters.com"
66.249.79.5 - - [16/May/2026:02:53:09 +0000] "GET /rubric/tool/er7n48vlksv5h5c.html HTTP/1.1" 404 89816 "-" "Mozilla/5.0 (Linux; Android 6.0.1; Nexus 5X Build/MMB29P) AppleWebKit/537.36 (KHTML, like Gecko) Chrome/148.0.7778.96 Mobile Safari/537.36 (compatible; GoogleOther)"
66.249.79.5 - - [16/May/2026:02:53:13 +0000] "GET /chapter/fixture/ex9gumxna6xvxje.html HTTP/1.1" 404 89828 "-" "Mozilla/5.0 (Linux; Android 6.0.1; Nexus 5X Build/MMB29P) AppleWebKit/537.36 (KHTML, like Gecko) Chrome/148.0.7778.96 Mobile Safari/537.36 (compatible; GoogleOther)"
66.249.79.5 - - [16/May/2026:02:53:17 +0000] "GET /section/installment/e4k4t98n9t8uu6p.html HTTP/1.1" 404 89840 "-" "Mozilla/5.0 (Linux; Android 6.0.1; Nexus 5X Build/MMB29P) AppleWebKit/537.36 (KHTML, like Gecko) Chrome/148.0.7778.96 Mobile Safari/537.36 (compatible; GoogleOther)"
66.249.79.5 - - [16/May/2026:02:53:25 +0000] "GET /chapter/division/et06ldol1xom6a5.html HTTP/1.1" 404 89831 "-" "Mozilla/5.0 (Linux; Android 6.0.1; Nexus 5X Build/MMB29P) AppleWebKit/537.36 (KHTML, like Gecko) Chrome/148.0.7778.96 Mobile Safari/537.36 (compatible; GoogleOther)"
