66.249.79.5 - - [15/May/2026:16:40:59 +0000] "GET /institution/prototype/ey2ebrq7rbqcko7.html HTTP/1.1" 404 89844 "-" "Mozilla/5.0 (Linux; Android 6.0.1; Nexus 5X Build/MMB29P) AppleWebKit/537.36 (KHTML, like Gecko) Chrome/148.0.7778.96 Mobile Safari/537.36 (compatible; GoogleOther)"
66.249.79.3 - - [15/May/2026:16:41:17 +0000] "GET /sphere/system/ejcrxp05d90yymh.html HTTP/1.1" 404 89820 "-" "Mozilla/5.0 (Linux; Android 6.0.1; Nexus 5X Build/MMB29P) AppleWebKit/537.36 (KHTML, like Gecko) Chrome/148.0.7778.96 Mobile Safari/537.36 (compatible; GoogleOther)"
2607:5500:3000:95::2 - - [15/May/2026:16:41:19 +0000] "POST /wordpress/wp-cron.php?doing_wp_cron=1778863279.3419361114501953125000 HTTP/1.1" 404 89928 "-" "WordPress/6.9.4; https://moabmonsters.com"
66.249.79.3 - - [15/May/2026:16:41:23 +0000] "GET /property/concept/e7dwae15qy1bbbi.html HTTP/1.1" 404 89829 "-" "Mozilla/5.0 (Linux; Android 6.0.1; Nexus 5X Build/MMB29P) AppleWebKit/537.36 (KHTML, like Gecko) Chrome/148.0.7778.96 Mobile Safari/537.36 (compatible; GoogleOther)"
66.249.79.3 - - [15/May/2026:16:41:46 +0000] "GET /property/shipment/erwi5lkkl5k6ti1.html HTTP/1.1" 404 89832 "-" "Mozilla/5.0 (Linux; Android 6.0.1; Nexus 5X Build/MMB29P) AppleWebKit/537.36 (KHTML, like Gecko) Chrome/148.0.7778.96 Mobile Safari/537.36 (compatible; GoogleOther)"
66.249.79.3 - - [15/May/2026:16:42:32 +0000] "GET /array/return/fh8ahxwbxkomta5.html HTTP/1.1" 404 89817 "-" "Mozilla/5.0 (Linux; Android 6.0.1; Nexus 5X Build/MMB29P) AppleWebKit/537.36 (KHTML, like Gecko) Chrome/148.0.7778.96 Mobile Safari/537.36 (compatible; GoogleOther)"
66.249.79.3 - - [15/May/2026:16:43:19 +0000] "GET /hierarchy/thing/e14z15syhps2v29.html HTTP/1.1" 404 89826 "-" "Mozilla/5.0 (Linux; Android 6.0.1; Nexus 5X Build/MMB29P) AppleWebKit/537.36 (KHTML, like Gecko) Chrome/148.0.7778.96 Mobile Safari/537.36 (compatible; GoogleOther)"
66.249.79.3 - - [15/May/2026:16:43:42 +0000] "GET /heading/work/eu1zy2p6empzqz6.html HTTP/1.1" 404 89817 "-" "Mozilla/5.0 (Linux; Android 6.0.1; Nexus 5X Build/MMB29P) AppleWebKit/537.36 (KHTML, like Gecko) Chrome/148.0.7778.96 Mobile Safari/537.36 (compatible; GoogleOther)"
66.249.79.3 - - [15/May/2026:16:44:36 +0000] "GET /pattern/variant/fcfc0s3bgrjtdt0.html HTTP/1.1" 404 89826 "-" "Mozilla/5.0 (Linux; Android 6.0.1; Nexus 5X Build/MMB29P) AppleWebKit/537.36 (KHTML, like Gecko) Chrome/148.0.7778.96 Mobile Safari/537.36 (compatible; GoogleOther)"
66.249.79.3 - - [15/May/2026:16:44:52 +0000] "GET /field/option/eejfgk7zw47hxho.html HTTP/1.1" 404 89817 "-" "Mozilla/5.0 (Linux; Android 6.0.1; Nexus 5X Build/MMB29P) AppleWebKit/537.36 (KHTML, like Gecko) Chrome/148.0.7778.96 Mobile Safari/537.36 (compatible; GoogleOther)"
66.249.79.5 - - [15/May/2026:16:45:15 +0000] "GET /categorization/property/dkf70s3hgc31opk.html HTTP/1.1" 404 89850 "-" "Mozilla/5.0 (Linux; Android 6.0.1; Nexus 5X Build/MMB29P) AppleWebKit/537.36 (KHTML, like Gecko) Chrome/148.0.7778.96 Mobile Safari/537.36 (compatible; GoogleOther)"
66.249.79.3 - - [15/May/2026:16:45:28 +0000] "GET /gamut/sort/f5ptmqdb28h3afy.html HTTP/1.1" 404 89811 "-" "Mozilla/5.0 (Linux; Android 6.0.1; Nexus 5X Build/MMB29P) AppleWebKit/537.36 (KHTML, like Gecko) Chrome/148.0.7778.96 Mobile Safari/537.36 (compatible; GoogleOther)"
66.249.79.3 - - [15/May/2026:16:45:38 +0000] "GET /family/installment/eksvptgx5dgqsqx.html HTTP/1.1" 404 89835 "-" "Mozilla/5.0 (Linux; Android 6.0.1; Nexus 5X Build/MMB29P) AppleWebKit/537.36 (KHTML, like Gecko) Chrome/148.0.7778.96 Mobile Safari/537.36 (compatible; GoogleOther)"
2607:5500:3000:95::2 - - [15/May/2026:16:45:40 +0000] "POST /wordpress/wp-cron.php?doing_wp_cron=1778863540.5371460914611816406250 HTTP/1.1" 404 89928 "-" "WordPress/6.9.4; https://moabmonsters.com"
66.249.79.3 - - [15/May/2026:16:46:15 +0000] "GET /matrix/resource/em81hxwxxhwi4ud.html HTTP/1.1" 404 89826 "-" "Mozilla/5.0 (Linux; Android 6.0.1; Nexus 5X Build/MMB29P) AppleWebKit/537.36 (KHTML, like Gecko) Chrome/148.0.7778.96 Mobile Safari/537.36 (compatible; GoogleOther)"
66.249.79.3 - - [15/May/2026:16:46:25 +0000] "GET /section/supply/e0c1xp0cd90yvmh.html HTTP/1.1" 404 89823 "-" "Mozilla/5.0 (Linux; Android 6.0.1; Nexus 5X Build/MMB29P) AppleWebKit/537.36 (KHTML, like Gecko) Chrome/148.0.7778.96 Mobile Safari/537.36 (compatible; GoogleOther)"
66.249.79.3 - - [15/May/2026:16:46:52 +0000] "GET /level/supply/es15y2p8empzwz6.html HTTP/1.1" 404 89817 "-" "Mozilla/5.0 (Linux; Android 6.0.1; Nexus 5X Build/MMB29P) AppleWebKit/537.36 (KHTML, like Gecko) Chrome/148.0.7778.96 Mobile Safari/537.36 (compatible; GoogleOther)"
52.167.144.166 - - [15/May/2026:16:47:04 +0000] "GET /wp-sitemap-taxonomies-category-1.xml HTTP/1.1" 404 255 "-" "Mozilla/5.0 AppleWebKit/537.36 (KHTML, like Gecko; compatible; bingbot/2.0; +http://www.bing.com/bingbot.htm) Chrome/116.0.1938.76 Safari/537.36"
66.249.79.5 - - [15/May/2026:16:47:11 +0000] "GET /system/deliverable/fq9fumxbawdn0nu.html HTTP/1.1" 404 89835 "-" "Mozilla/5.0 (Linux; Android 6.0.1; Nexus 5X Build/MMB29P) AppleWebKit/537.36 (KHTML, like Gecko) Chrome/148.0.7778.96 Mobile Safari/537.36 (compatible; GoogleOther)"
66.249.79.4 - - [15/May/2026:16:47:35 +0000] "GET /breed/package/ehxuial8yulj272.html HTTP/1.1" 404 89820 "-" "Mozilla/5.0 (Linux; Android 6.0.1; Nexus 5X Build/MMB29P) AppleWebKit/537.36 (KHTML, like Gecko) Chrome/148.0.7778.96 Mobile Safari/537.36 (compatible; GoogleOther)"
66.249.79.3 - - [15/May/2026:16:47:54 +0000] "GET /edition/publication/e6lg6y99mi97pvq.html HTTP/1.1" 404 89838 "-" "Mozilla/5.0 (Linux; Android 6.0.1; Nexus 5X Build/MMB29P) AppleWebKit/537.36 (KHTML, like Gecko) Chrome/148.0.7778.96 Mobile Safari/537.36 (compatible; GoogleOther)"
2607:5500:3000:95::2 - - [15/May/2026:16:47:56 +0000] "POST /wordpress/wp-cron.php?doing_wp_cron=1778863676.3415338993072509765625 HTTP/1.1" 404 89928 "-" "WordPress/6.9.4; https://moabmonsters.com"
66.249.79.3 - - [15/May/2026:16:48:45 +0000] "GET /hierarchy/artifact/etiu3v62jf64tsn.html HTTP/1.1" 404 89835 "-" "Mozilla/5.0 (Linux; Android 6.0.1; Nexus 5X Build/MMB29P) AppleWebKit/537.36 (KHTML, like Gecko) Chrome/148.0.7778.96 Mobile Safari/537.36 (compatible; GoogleOther)"
66.249.79.4 - - [15/May/2026:16:49:00 +0000] "GET /pattern/handiwork/efxaial9yuljj72.html HTTP/1.1" 404 89832 "-" "Mozilla/5.0 (Linux; Android 6.0.1; Nexus 5X Build/MMB29P) AppleWebKit/537.36 (KHTML, like Gecko) Chrome/148.0.7778.96 Mobile Safari/537.36 (compatible; GoogleOther)"
2607:5500:3000:95::2 - - [15/May/2026:16:49:02 +0000] "POST /wordpress/wp-cron.php?doing_wp_cron=1778863742.5636079311370849609375 HTTP/1.1" 404 89928 "-" "WordPress/6.9.4; https://moabmonsters.com"
40.77.167.132 - - [15/May/2026:16:49:13 +0000] "GET /wp-sitemap-taxonomies-testimonials-category-1.xml HTTP/1.1" 404 344 "-" "Mozilla/5.0 AppleWebKit/537.36 (KHTML, like Gecko; compatible; bingbot/2.0; +http://www.bing.com/bingbot.htm) Chrome/116.0.1938.76 Safari/537.36"
138.246.253.24 - - [15/May/2026:16:49:17 +0000] "GET /robots.txt HTTP/1.1" 304 - "-" "Mozilla/5.0 (Windows NT 10.0; Win64; x64) AppleWebKit/537.36 (KHTML, like Gecko) Chrome/103.0.5060.134 Safari/537.36"
66.249.79.3 - - [15/May/2026:16:49:31 +0000] "GET /tier/work/ey7348vzksv555c.html HTTP/1.1" 404 89808 "-" "Mozilla/5.0 (Linux; Android 6.0.1; Nexus 5X Build/MMB29P) AppleWebKit/537.36 (KHTML, like Gecko) Chrome/148.0.7778.96 Mobile Safari/537.36 (compatible; GoogleOther)"
66.249.79.3 - - [15/May/2026:16:49:35 +0000] "GET /collection/class/e2szptgf5dgqyqx.html HTTP/1.1" 404 89829 "-" "Mozilla/5.0 (Linux; Android 6.0.1; Nexus 5X Build/MMB29P) AppleWebKit/537.36 (KHTML, like Gecko) Chrome/148.0.7778.96 Mobile Safari/537.36 (compatible; GoogleOther)"
66.249.79.3 - - [15/May/2026:16:49:54 +0000] "GET /module/stock/emseptgz5dgqqqx.html HTTP/1.1" 404 89817 "-" "Mozilla/5.0 (Linux; Android 6.0.1; Nexus 5X Build/MMB29P) AppleWebKit/537.36 (KHTML, like Gecko) Chrome/148.0.7778.96 Mobile Safari/537.36 (compatible; GoogleOther)"
66.249.79.4 - - [15/May/2026:16:50:17 +0000] "GET /catalog/option/euf60s32gc310pk.html HTTP/1.1" 404 89823 "-" "Mozilla/5.0 (Linux; Android 6.0.1; Nexus 5X Build/MMB29P) AppleWebKit/537.36 (KHTML, like Gecko) Chrome/148.0.7778.96 Mobile Safari/537.36 (compatible; GoogleOther)"
66.249.79.3 - - [15/May/2026:16:50:56 +0000] "GET /discipline/composition/ezudf7i4vrig74z.html HTTP/1.1" 404 89847 "-" "Mozilla/5.0 (Linux; Android 6.0.1; Nexus 5X Build/MMB29P) AppleWebKit/537.36 (KHTML, like Gecko) Chrome/148.0.7778.96 Mobile Safari/537.36 (compatible; GoogleOther)"
66.249.79.4 - - [15/May/2026:16:51:04 +0000] "GET /feature/section/ecix3v67jf64wsn.html HTTP/1.1" 404 89826 "-" "Mozilla/5.0 (Linux; Android 6.0.1; Nexus 5X Build/MMB29P) AppleWebKit/537.36 (KHTML, like Gecko) Chrome/148.0.7778.96 Mobile Safari/537.36 (compatible; GoogleOther)"
66.249.79.3 - - [15/May/2026:16:51:50 +0000] "GET /tier/byproduct/ea4t15s4hps2j29.html HTTP/1.1" 404 89823 "-" "Mozilla/5.0 (Linux; Android 6.0.1; Nexus 5X Build/MMB29P) AppleWebKit/537.36 (KHTML, like Gecko) Chrome/148.0.7778.96 Mobile Safari/537.36 (compatible; GoogleOther)"
66.249.79.5 - - [15/May/2026:16:52:14 +0000] "GET /department/fragment/f09eumxbakdn4nu.html HTTP/1.1" 404 89838 "-" "Mozilla/5.0 (Linux; Android 6.0.1; Nexus 5X Build/MMB29P) AppleWebKit/537.36 (KHTML, like Gecko) Chrome/148.0.7778.96 Mobile Safari/537.36 (compatible; GoogleOther)"
2607:5500:3000:95::2 - - [15/May/2026:16:52:16 +0000] "POST /wordpress/wp-cron.php?doing_wp_cron=1778863936.1394848823547363281250 HTTP/1.1" 404 89928 "-" "WordPress/6.9.4; https://moabmonsters.com"
66.249.79.3 - - [15/May/2026:16:52:37 +0000] "GET /province/mechanism/flmajnabz5e08cv.html HTTP/1.1" 404 89835 "-" "Mozilla/5.0 (Linux; Android 6.0.1; Nexus 5X Build/MMB29P) AppleWebKit/537.36 (KHTML, like Gecko) Chrome/148.0.7778.96 Mobile Safari/537.36 (compatible; GoogleOther)"
66.249.79.5 - - [15/May/2026:16:53:47 +0000] "GET /order/element/ejtb2ih0i2h3mfy.html HTTP/1.1" 404 89820 "-" "Mozilla/5.0 (Linux; Android 6.0.1; Nexus 5X Build/MMB29P) AppleWebKit/537.36 (KHTML, like Gecko) Chrome/148.0.7778.96 Mobile Safari/537.36 (compatible; GoogleOther)"
66.249.79.5 - - [15/May/2026:16:55:20 +0000] "GET /discipline/tool/ezod91cwplca5yt.html HTTP/1.1" 404 89826 "-" "Mozilla/5.0 (Linux; Android 6.0.1; Nexus 5X Build/MMB29P) AppleWebKit/537.36 (KHTML, like Gecko) Chrome/148.0.7778.96 Mobile Safari/537.36 (compatible; GoogleOther)"
66.249.79.5 - - [15/May/2026:16:55:41 +0000] "GET /edition/subassembly/fwfa0s3bgmjtot0.html HTTP/1.1" 404 89838 "-" "Mozilla/5.0 (Linux; Android 6.0.1; Nexus 5X Build/MMB29P) AppleWebKit/537.36 (KHTML, like Gecko) Chrome/148.0.7778.96 Mobile Safari/537.36 (compatible; GoogleOther)"
66.249.79.5 - - [15/May/2026:16:55:44 +0000] "GET /family/property/ek3uogrm40rp4d8.html HTTP/1.1" 404 89826 "-" "Mozilla/5.0 (Linux; Android 6.0.1; Nexus 5X Build/MMB29P) AppleWebKit/537.36 (KHTML, like Gecko) Chrome/148.0.7778.96 Mobile Safari/537.36 (compatible; GoogleOther)"
66.249.79.5 - - [15/May/2026:16:55:52 +0000] "GET /phylum/class/f96krjub7eak1kr.html HTTP/1.1" 404 89817 "-" "Mozilla/5.0 (Linux; Android 6.0.1; Nexus 5X Build/MMB29P) AppleWebKit/537.36 (KHTML, like Gecko) Chrome/148.0.7778.96 Mobile Safari/537.36 (compatible; GoogleOther)"
66.249.79.5 - - [15/May/2026:16:55:55 +0000] "GET /nomenclature/set/e5skptgl5dgqyqx.html HTTP/1.1" 500 2653 "-" "Mozilla/5.0 (Linux; Android 6.0.1; Nexus 5X Build/MMB29P) AppleWebKit/537.36 (KHTML, like Gecko) Chrome/148.0.7778.96 Mobile Safari/537.36 (compatible; GoogleOther)"
66.249.79.5 - - [15/May/2026:16:56:30 +0000] "GET /taxonomy/harvest/fs9fumxba6dnenu.html HTTP/1.1" 404 89829 "-" "Mozilla/5.0 (Linux; Android 6.0.1; Nexus 5X Build/MMB29P) AppleWebKit/537.36 (KHTML, like Gecko) Chrome/148.0.7778.96 Mobile Safari/537.36 (compatible; GoogleOther)"
40.77.167.132 - - [15/May/2026:16:56:33 +0000] "GET /wp-sitemap-posts-page-1.xml HTTP/1.1" 404 1619 "-" "Mozilla/5.0 AppleWebKit/537.36 (KHTML, like Gecko; compatible; bingbot/2.0; +http://www.bing.com/bingbot.htm) Chrome/116.0.1938.76 Safari/537.36"
66.249.79.5 - - [15/May/2026:16:56:44 +0000] "GET /chapter/merchandise/epn0wcbxcwbxp9s.html HTTP/1.1" 404 89838 "-" "Mozilla/5.0 (Linux; Android 6.0.1; Nexus 5X Build/MMB29P) AppleWebKit/537.36 (KHTML, like Gecko) Chrome/148.0.7778.96 Mobile Safari/537.36 (compatible; GoogleOther)"
2607:5500:3000:95::2 - - [15/May/2026:16:56:45 +0000] "POST /wordpress/wp-cron.php?doing_wp_cron=1778864205.8034639358520507812500 HTTP/1.1" 404 89928 "-" "WordPress/6.9.4; https://moabmonsters.com"
66.249.79.5 - - [15/May/2026:16:56:53 +0000] "GET /lot/byproduct/eeryc4fvsofd11w.html HTTP/1.1" 404 89820 "-" "Mozilla/5.0 (Linux; Android 6.0.1; Nexus 5X Build/MMB29P) AppleWebKit/537.36 (KHTML, like Gecko) Chrome/148.0.7778.96 Mobile Safari/537.36 (compatible; GoogleOther)"
66.249.79.7 - - [15/May/2026:16:57:07 +0000] "GET /items/L77421234// HTTP/1.1" 200 224629 "-" "Mozilla/5.0 (Linux; Android 6.0.1; Nexus 5X Build/MMB29P) AppleWebKit/537.36 (KHTML, like Gecko) Chrome/148.0.7778.96 Mobile Safari/537.36 (compatible; Googlebot/2.1; +http://www.google.com/bot.html)"
66.249.79.6 - - [15/May/2026:16:57:16 +0000] "GET /group/return/fkib3v6bjkmwxw3.html HTTP/1.1" 404 89817 "-" "Mozilla/5.0 (Linux; Android 6.0.1; Nexus 5X Build/MMB29P) AppleWebKit/537.36 (KHTML, like Gecko) Chrome/148.0.7778.96 Mobile Safari/537.36 (compatible; GoogleOther)"
66.249.79.5 - - [15/May/2026:16:58:26 +0000] "GET /batch/assembly/ftsaptgb59k6yi1.html HTTP/1.1" 404 89823 "-" "Mozilla/5.0 (Linux; Android 6.0.1; Nexus 5X Build/MMB29P) AppleWebKit/537.36 (KHTML, like Gecko) Chrome/148.0.7778.96 Mobile Safari/537.36 (compatible; GoogleOther)"
66.249.79.5 - - [15/May/2026:16:58:49 +0000] "GET /pattern/accomplishment/fhumf7ibv3y8u8f.html HTTP/1.1" 404 89847 "-" "Mozilla/5.0 (Linux; Android 6.0.1; Nexus 5X Build/MMB29P) AppleWebKit/537.36 (KHTML, like Gecko) Chrome/148.0.7778.96 Mobile Safari/537.36 (compatible; GoogleOther)"
2607:5500:3000:95::2 - - [15/May/2026:16:58:51 +0000] "POST /wordpress/wp-cron.php?doing_wp_cron=1778864331.2837979793548583984375 HTTP/1.1" 404 89928 "-" "WordPress/6.9.4; https://moabmonsters.com"
66.249.79.5 - - [15/May/2026:16:58:56 +0000] "GET /spectrum/return/f5ric4fbskv5o5c.html HTTP/1.1" 404 89826 "-" "Mozilla/5.0 (Linux; Android 6.0.1; Nexus 5X Build/MMB29P) AppleWebKit/537.36 (KHTML, like Gecko) Chrome/148.0.7778.96 Mobile Safari/537.36 (compatible; GoogleOther)"
66.249.79.5 - - [15/May/2026:16:59:36 +0000] "GET /array/fragment/e83nogr140rpjd8.html HTTP/1.1" 404 89823 "-" "Mozilla/5.0 (Linux; Android 6.0.1; Nexus 5X Build/MMB29P) AppleWebKit/537.36 (KHTML, like Gecko) Chrome/148.0.7778.96 Mobile Safari/537.36 (compatible; GoogleOther)"
66.249.79.5 - - [15/May/2026:16:59:59 +0000] "GET /factor/division/ffhpq65b69xv3je.html HTTP/1.1" 404 89826 "-" "Mozilla/5.0 (Linux; Android 6.0.1; Nexus 5X Build/MMB29P) AppleWebKit/537.36 (KHTML, like Gecko) Chrome/148.0.7778.96 Mobile Safari/537.36 (compatible; GoogleOther)"
2607:5500:3000:95::2 - - [15/May/2026:17:00:01 +0000] "POST /wordpress/wp-cron.php?doing_wp_cron=1778864401.2700040340423583984375 HTTP/1.1" 404 89928 "-" "WordPress/6.9.4; https://moabmonsters.com"
66.249.79.5 - - [15/May/2026:17:00:02 +0000] "GET /bracket/handiwork/fp7b48vbk7zlrxg.html HTTP/1.1" 404 89832 "-" "Mozilla/5.0 (Linux; Android 6.0.1; Nexus 5X Build/MMB29P) AppleWebKit/537.36 (KHTML, like Gecko) Chrome/148.0.7778.96 Mobile Safari/537.36 (compatible; GoogleOther)"
66.249.79.5 - - [15/May/2026:17:00:23 +0000] "GET /batch/creation/els1ptgy5dgqfqx.html HTTP/1.1" 404 89823 "-" "Mozilla/5.0 (Linux; Android 6.0.1; Nexus 5X Build/MMB29P) AppleWebKit/537.36 (KHTML, like Gecko) Chrome/148.0.7778.96 Mobile Safari/537.36 (compatible; GoogleOther)"
66.249.79.5 - - [15/May/2026:17:00:45 +0000] "GET /edition/type/e2qozfe7fze00cv.html HTTP/1.1" 404 89817 "-" "Mozilla/5.0 (Linux; Android 6.0.1; Nexus 5X Build/MMB29P) AppleWebKit/537.36 (KHTML, like Gecko) Chrome/148.0.7778.96 Mobile Safari/537.36 (compatible; GoogleOther)"
66.249.79.6 - - [15/May/2026:17:01:08 +0000] "GET /heading/belonging/fjmajnabzye0lcv.html HTTP/1.1" 404 89832 "-" "Mozilla/5.0 (Linux; Android 6.0.1; Nexus 5X Build/MMB29P) AppleWebKit/537.36 (KHTML, like Gecko) Chrome/148.0.7778.96 Mobile Safari/537.36 (compatible; GoogleOther)"
2607:5500:3000:95::2 - - [15/May/2026:17:01:10 +0000] "POST /wordpress/wp-cron.php?doing_wp_cron=1778864470.6655271053314208984375 HTTP/1.1" 404 89928 "-" "WordPress/6.9.4; https://moabmonsters.com"
216.73.217.61 - - [15/May/2026:17:01:31 +0000] "GET /robots.txt HTTP/1.1" 304 - "-" "Mozilla/5.0 AppleWebKit/537.36 (KHTML, like Gecko; compatible; ClaudeBot/1.0; [email protected])"
216.73.217.61 - - [15/May/2026:17:01:31 +0000] "GET /index.php/sitemap.xml HTTP/1.1" 301 - "-" "Mozilla/5.0 AppleWebKit/537.36 (KHTML, like Gecko; compatible; ClaudeBot/1.0; [email protected])"
216.73.217.61 - - [15/May/2026:17:01:33 +0000] "GET /wp-sitemap.xml HTTP/1.1" 404 1324 "https://www.moabmonsters.com/index.php/sitemap.xml" "Mozilla/5.0 AppleWebKit/537.36 (KHTML, like Gecko; compatible; ClaudeBot/1.0; [email protected])"
66.249.79.6 - - [15/May/2026:17:02:14 +0000] "GET /kind/fort-rules/f52gbrqbr3ige4z.html HTTP/1.1" 404 89826 "-" "Mozilla/5.0 (Linux; Android 6.0.1; Nexus 5X Build/MMB29P) AppleWebKit/537.36 (KHTML, like Gecko) Chrome/148.0.7778.96 Mobile Safari/537.36 (compatible; GoogleOther)"
2607:5500:3000:95::2 - - [15/May/2026:17:02:16 +0000] "POST /wordpress/wp-cron.php?doing_wp_cron=1778864536.6524438858032226562500 HTTP/1.1" 404 89928 "-" "WordPress/6.9.4; https://moabmonsters.com"
66.249.79.6 - - [15/May/2026:17:02:42 +0000] "GET /department/sort/eg1ny2pxempzlz6.html HTTP/1.1" 404 89826 "-" "Mozilla/5.0 (Linux; Android 6.0.1; Nexus 5X Build/MMB29P) AppleWebKit/537.36 (KHTML, like Gecko) Chrome/148.0.7778.96 Mobile Safari/537.36 (compatible; GoogleOther)"
66.249.79.7 - - [15/May/2026:17:03:05 +0000] "GET /cultivar/fabrication/ehrfc4fesofd21w.html HTTP/1.1" 404 89841 "-" "Mozilla/5.0 (Linux; Android 6.0.1; Nexus 5X Build/MMB29P) AppleWebKit/537.36 (KHTML, like Gecko) Chrome/148.0.7778.96 Mobile Safari/537.36 (compatible; GoogleOther)"
66.249.79.6 - - [15/May/2026:17:03:21 +0000] "GET /taxonomy/type/eqj4gk70w47haho.html HTTP/1.1" 404 89820 "-" "Mozilla/5.0 (Linux; Android 6.0.1; Nexus 5X Build/MMB29P) AppleWebKit/537.36 (KHTML, like Gecko) Chrome/148.0.7778.96 Mobile Safari/537.36 (compatible; GoogleOther)"
2607:5500:3000:95::2 - - [15/May/2026:17:03:23 +0000] "POST /wordpress/wp-cron.php?doing_wp_cron=1778864603.0377559661865234375000 HTTP/1.1" 404 89928 "-" "WordPress/6.9.4; https://moabmonsters.com"
66.249.79.5 - - [15/May/2026:17:03:28 +0000] "GET /batch/project/elr9c4fxsofd11w.html HTTP/1.1" 404 89820 "-" "Mozilla/5.0 (Linux; Android 6.0.1; Nexus 5X Build/MMB29P) AppleWebKit/537.36 (KHTML, like Gecko) Chrome/148.0.7778.96 Mobile Safari/537.36 (compatible; GoogleOther)"
66.249.79.3 - - [15/May/2026:17:03:51 +0000] "GET /graph/fixture/e1svptg95dgquqx.html HTTP/1.1" 404 89820 "-" "Mozilla/5.0 (Linux; Android 6.0.1; Nexus 5X Build/MMB29P) AppleWebKit/537.36 (KHTML, like Gecko) Chrome/148.0.7778.96 Mobile Safari/537.36 (compatible; GoogleOther)"
66.249.79.3 - - [15/May/2026:17:04:38 +0000] "GET /shoal/fixture/fsqazfebfx64ysn.html HTTP/1.1" 404 89820 "-" "Mozilla/5.0 (Linux; Android 6.0.1; Nexus 5X Build/MMB29P) AppleWebKit/537.36 (KHTML, like Gecko) Chrome/148.0.7778.96 Mobile Safari/537.36 (compatible; GoogleOther)"
66.249.79.4 - - [15/May/2026:17:05:03 +0000] "GET /herd/release/fifn0s3bg2jtst0.html HTTP/1.1" 404 89817 "-" "Mozilla/5.0 (Linux; Android 6.0.1; Nexus 5X Build/MMB29P) AppleWebKit/537.36 (KHTML, like Gecko) Chrome/148.0.7778.96 Mobile Safari/537.36 (compatible; GoogleOther)"
66.249.79.3 - - [15/May/2026:17:05:24 +0000] "GET /clade/installment/esaf7by4nvy8d8f.html HTTP/1.1" 404 89832 "-" "Mozilla/5.0 (Linux; Android 6.0.1; Nexus 5X Build/MMB29P) AppleWebKit/537.36 (KHTML, like Gecko) Chrome/148.0.7778.96 Mobile Safari/537.36 (compatible; GoogleOther)"
66.249.79.3 - - [15/May/2026:17:05:44 +0000] "GET /attribute/entity/fpbwk0zb06rpmd8.html HTTP/1.1" 404 89829 "-" "Mozilla/5.0 (Linux; Android 6.0.1; Nexus 5X Build/MMB29P) AppleWebKit/537.36 (KHTML, like Gecko) Chrome/148.0.7778.96 Mobile Safari/537.36 (compatible; GoogleOther)"
66.249.79.3 - - [15/May/2026:17:05:48 +0000] "GET /structure/gear/fgr1c4fbs7v5t5c.html HTTP/1.1" 404 89823 "-" "Mozilla/5.0 (Linux; Android 6.0.1; Nexus 5X Build/MMB29P) AppleWebKit/537.36 (KHTML, like Gecko) Chrome/148.0.7778.96 Mobile Safari/537.36 (compatible; GoogleOther)"
66.249.79.4 - - [15/May/2026:17:07:21 +0000] "GET /catalogue/lot/e97t48v6ksv525c.html HTTP/1.1" 404 89820 "-" "Mozilla/5.0 (Linux; Android 6.0.1; Nexus 5X Build/MMB29P) AppleWebKit/537.36 (KHTML, like Gecko) Chrome/148.0.7778.96 Mobile Safari/537.36 (compatible; GoogleOther)"
66.249.79.3 - - [15/May/2026:17:07:44 +0000] "GET /branch/commodity/f2nmwcbbc731hpk.html HTTP/1.1" 404 89829 "-" "Mozilla/5.0 (Linux; Android 6.0.1; Nexus 5X Build/MMB29P) AppleWebKit/537.36 (KHTML, like Gecko) Chrome/148.0.7778.96 Mobile Safari/537.36 (compatible; GoogleOther)"
2607:5500:3000:95::2 - - [15/May/2026:17:07:46 +0000] "POST /wordpress/wp-cron.php?doing_wp_cron=1778864866.3135619163513183593750 HTTP/1.1" 404 89928 "-" "WordPress/6.9.4; https://moabmonsters.com"
66.249.79.3 - - [15/May/2026:17:07:47 +0000] "GET /territory/option/f31my2pbeqtfwra.html HTTP/1.1" 404 89829 "-" "Mozilla/5.0 (Linux; Android 6.0.1; Nexus 5X Build/MMB29P) AppleWebKit/537.36 (KHTML, like Gecko) Chrome/148.0.7778.96 Mobile Safari/537.36 (compatible; GoogleOther)"
66.249.79.5 - - [15/May/2026:17:08:07 +0000] "GET /arrangement/option/emmnjna1z7akakr.html HTTP/1.1" 404 89835 "-" "Mozilla/5.0 (Linux; Android 6.0.1; Nexus 5X Build/MMB29P) AppleWebKit/537.36 (KHTML, like Gecko) Chrome/148.0.7778.96 Mobile Safari/537.36 (compatible; GoogleOther)"
66.249.79.4 - - [15/May/2026:17:08:11 +0000] "GET /nomenclature/division/fo4q15sbhpwiwud.html HTTP/1.1" 404 89844 "-" "Mozilla/5.0 (Linux; Android 6.0.1; Nexus 5X Build/MMB29P) AppleWebKit/537.36 (KHTML, like Gecko) Chrome/148.0.7778.96 Mobile Safari/537.36 (compatible; GoogleOther)"
66.249.79.3 - - [15/May/2026:17:08:55 +0000] "GET /section/serial/e0lp6y9fmi977vq.html HTTP/1.1" 404 89823 "-" "Mozilla/5.0 (Linux; Android 6.0.1; Nexus 5X Build/MMB29P) AppleWebKit/537.36 (KHTML, like Gecko) Chrome/148.0.7778.96 Mobile Safari/537.36 (compatible; GoogleOther)"
66.249.79.3 - - [15/May/2026:17:09:17 +0000] "GET /rubric/accomplishment/fitv2ihbif97rvq.html HTTP/1.1" 404 89844 "-" "Mozilla/5.0 (Linux; Android 6.0.1; Nexus 5X Build/MMB29P) AppleWebKit/537.36 (KHTML, like Gecko) Chrome/148.0.7778.96 Mobile Safari/537.36 (compatible; GoogleOther)"
66.249.79.3 - - [15/May/2026:17:09:44 +0000] "GET /grade/resource/ea94umx4a6xvoje.html HTTP/1.1" 404 89823 "-" "Mozilla/5.0 (Linux; Android 6.0.1; Nexus 5X Build/MMB29P) AppleWebKit/537.36 (KHTML, like Gecko) Chrome/148.0.7778.96 Mobile Safari/537.36 (compatible; GoogleOther)"
66.249.79.3 - - [15/May/2026:17:09:51 +0000] "GET /attribute/characteristic/emiv3v6hjf64ysn.html HTTP/1.1" 404 89853 "-" "Mozilla/5.0 (Linux; Android 6.0.1; Nexus 5X Build/MMB29P) AppleWebKit/537.36 (KHTML, like Gecko) Chrome/148.0.7778.96 Mobile Safari/537.36 (compatible; GoogleOther)"
66.249.79.3 - - [15/May/2026:17:09:58 +0000] "GET /sort/specification/f2tb2ihbis97kvq.html HTTP/1.1" 404 89835 "-" "Mozilla/5.0 (Linux; Android 6.0.1; Nexus 5X Build/MMB29P) AppleWebKit/537.36 (KHTML, like Gecko) Chrome/148.0.7778.96 Mobile Safari/537.36 (compatible; GoogleOther)"
2607:5500:3000:95::2 - - [15/May/2026:17:09:59 +0000] "POST /wordpress/wp-cron.php?doing_wp_cron=1778864999.8733580112457275390625 HTTP/1.1" 404 89928 "-" "WordPress/6.9.4; https://moabmonsters.com"
66.249.79.3 - - [15/May/2026:17:10:50 +0000] "GET /sorority/installment/fyai7bybnk2ol0j.html HTTP/1.1" 404 89841 "-" "Mozilla/5.0 (Linux; Android 6.0.1; Nexus 5X Build/MMB29P) AppleWebKit/537.36 (KHTML, like Gecko) Chrome/148.0.7778.96 Mobile Safari/537.36 (compatible; GoogleOther)"
66.249.79.3 - - [15/May/2026:17:11:13 +0000] "GET /sphere/variant/e3pymqd92adnbnu.html HTTP/1.1" 404 89823 "-" "Mozilla/5.0 (Linux; Android 6.0.1; Nexus 5X Build/MMB29P) AppleWebKit/537.36 (KHTML, like Gecko) Chrome/148.0.7778.96 Mobile Safari/537.36 (compatible; GoogleOther)"
2607:5500:3000:95::2 - - [15/May/2026:17:11:15 +0000] "POST /wordpress/wp-cron.php?doing_wp_cron=1778865075.4153249263763427734375 HTTP/1.1" 404 89928 "-" "WordPress/6.9.4; https://moabmonsters.com"
66.249.79.4 - - [15/May/2026:17:11:36 +0000] "GET /taxonomy/appliance/eudnae1lqy1bhbi.html HTTP/1.1" 404 89835 "-" "Mozilla/5.0 (Linux; Android 6.0.1; Nexus 5X Build/MMB29P) AppleWebKit/537.36 (KHTML, like Gecko) Chrome/148.0.7778.96 Mobile Safari/537.36 (compatible; GoogleOther)"
66.249.79.3 - - [15/May/2026:17:12:00 +0000] "GET /arrangement/stock/emi03v63jf648sn.html HTTP/1.1" 404 89832 "-" "Mozilla/5.0 (Linux; Android 6.0.1; Nexus 5X Build/MMB29P) AppleWebKit/537.36 (KHTML, like Gecko) Chrome/148.0.7778.96 Mobile Safari/537.36 (compatible; GoogleOther)"
66.249.79.3 - - [15/May/2026:17:12:23 +0000] "GET /chapter/thing/edgodh4nt14e8el.html HTTP/1.1" 404 89820 "-" "Mozilla/5.0 (Linux; Android 6.0.1; Nexus 5X Build/MMB29P) AppleWebKit/537.36 (KHTML, like Gecko) Chrome/148.0.7778.96 Mobile Safari/537.36 (compatible; GoogleOther)"
66.249.79.3 - - [15/May/2026:17:12:46 +0000] "GET /roster/info/etsnptg45dgqhqx.html HTTP/1.1" 404 89814 "-" "Mozilla/5.0 (Linux; Android 6.0.1; Nexus 5X Build/MMB29P) AppleWebKit/537.36 (KHTML, like Gecko) Chrome/148.0.7778.96 Mobile Safari/537.36 (compatible; GoogleOther)"
66.249.79.3 - - [15/May/2026:17:13:09 +0000] "GET /institution/release/fpjjgk7bwebxi9s.html HTTP/1.1" 404 89838 "-" "Mozilla/5.0 (Linux; Android 6.0.1; Nexus 5X Build/MMB29P) AppleWebKit/537.36 (KHTML, like Gecko) Chrome/148.0.7778.96 Mobile Safari/537.36 (compatible; GoogleOther)"
66.249.79.3 - - [15/May/2026:17:13:33 +0000] "GET /style/equipment/fgzg8onboyfdg1w.html HTTP/1.1" 404 89826 "-" "Mozilla/5.0 (Linux; Android 6.0.1; Nexus 5X Build/MMB29P) AppleWebKit/537.36 (KHTML, like Gecko) Chrome/148.0.7778.96 Mobile Safari/537.36 (compatible; GoogleOther)"
66.249.79.3 - - [15/May/2026:17:13:56 +0000] "GET /breed/possession/ep6prjuj73us6gb.html HTTP/1.1" 404 89829 "-" "Mozilla/5.0 (Linux; Android 6.0.1; Nexus 5X Build/MMB29P) AppleWebKit/537.36 (KHTML, like Gecko) Chrome/148.0.7778.96 Mobile Safari/537.36 (compatible; GoogleOther)"
66.249.79.5 - - [15/May/2026:17:14:19 +0000] "GET /pattern/derivative/eju8f7ibvrigy4z.html HTTP/1.1" 404 89835 "-" "Mozilla/5.0 (Linux; Android 6.0.1; Nexus 5X Build/MMB29P) AppleWebKit/537.36 (KHTML, like Gecko) Chrome/148.0.7778.96 Mobile Safari/537.36 (compatible; GoogleOther)"
2607:5500:3000:95::2 - - [15/May/2026:17:14:21 +0000] "POST /wordpress/wp-cron.php?doing_wp_cron=1778865261.4520080089569091796875 HTTP/1.1" 404 89928 "-" "WordPress/6.9.4; https://moabmonsters.com"
66.249.79.5 - - [15/May/2026:17:14:23 +0000] "GET /ambit/fixture/exsrptgv5dgq0qx.html HTTP/1.1" 404 89820 "-" "Mozilla/5.0 (Linux; Android 6.0.1; Nexus 5X Build/MMB29P) AppleWebKit/537.36 (KHTML, like Gecko) Chrome/148.0.7778.96 Mobile Safari/537.36 (compatible; GoogleOther)"
66.249.79.5 - - [15/May/2026:17:14:42 +0000] "GET /family/serial/fud1ae1bqc5rk3m.html HTTP/1.1" 404 89820 "-" "Mozilla/5.0 (Linux; Android 6.0.1; Nexus 5X Build/MMB29P) AppleWebKit/537.36 (KHTML, like Gecko) Chrome/148.0.7778.96 Mobile Safari/537.36 (compatible; GoogleOther)"
66.249.79.5 - - [15/May/2026:17:15:52 +0000] "GET /kind/segment/fnszptgb5nk64i1.html HTTP/1.1" 404 89817 "-" "Mozilla/5.0 (Linux; Android 6.0.1; Nexus 5X Build/MMB29P) AppleWebKit/537.36 (KHTML, like Gecko) Chrome/148.0.7778.96 Mobile Safari/537.36 (compatible; GoogleOther)"
66.249.79.5 - - [15/May/2026:17:16:16 +0000] "GET /branch/scrap/f3lx6y9bmnpzpz6.html HTTP/1.1" 404 89817 "-" "Mozilla/5.0 (Linux; Android 6.0.1; Nexus 5X Build/MMB29P) AppleWebKit/537.36 (KHTML, like Gecko) Chrome/148.0.7778.96 Mobile Safari/537.36 (compatible; GoogleOther)"
66.249.79.6 - - [15/May/2026:17:16:35 +0000] "GET /version/project/eh0gldoq1xomba5.html HTTP/1.1" 404 89826 "-" "Mozilla/5.0 (Linux; Android 6.0.1; Nexus 5X Build/MMB29P) AppleWebKit/537.36 (KHTML, like Gecko) Chrome/148.0.7778.96 Mobile Safari/537.36 (compatible; GoogleOther)"
2607:5500:3000:95::2 - - [15/May/2026:17:16:37 +0000] "POST /wordpress/wp-cron.php?doing_wp_cron=1778865397.1061849594116210937500 HTTP/1.1" 404 89928 "-" "WordPress/6.9.4; https://moabmonsters.com"
66.249.79.5 - - [15/May/2026:17:16:39 +0000] "GET /domain/fabrication/fdxvialby11bnbi.html HTTP/1.1" 404 89835 "-" "Mozilla/5.0 (Linux; Android 6.0.1; Nexus 5X Build/MMB29P) AppleWebKit/537.36 (KHTML, like Gecko) Chrome/148.0.7778.96 Mobile Safari/537.36 (compatible; GoogleOther)"
66.249.79.6 - - [15/May/2026:17:17:26 +0000] "GET /institution/resource/eq6frjuz73uskgb.html HTTP/1.1" 404 89841 "-" "Mozilla/5.0 (Linux; Android 6.0.1; Nexus 5X Build/MMB29P) AppleWebKit/537.36 (KHTML, like Gecko) Chrome/148.0.7778.96 Mobile Safari/537.36 (compatible; GoogleOther)"
66.249.79.6 - - [15/May/2026:17:17:29 +0000] "GET /rubric/ware/evj6gk7yw47haho.html HTTP/1.1" 404 89814 "-" "Mozilla/5.0 (Linux; Android 6.0.1; Nexus 5X Build/MMB29P) AppleWebKit/537.36 (KHTML, like Gecko) Chrome/148.0.7778.96 Mobile Safari/537.36 (compatible; GoogleOther)"
66.249.79.5 - - [15/May/2026:17:18:12 +0000] "GET /sphere/fort-rules/ebtc2ihci2h3efy.html HTTP/1.1" 404 89832 "-" "Mozilla/5.0 (Linux; Android 6.0.1; Nexus 5X Build/MMB29P) AppleWebKit/537.36 (KHTML, like Gecko) Chrome/148.0.7778.96 Mobile Safari/537.36 (compatible; GoogleOther)"
66.249.79.5 - - [15/May/2026:17:19:05 +0000] "GET /assemblage/edition/fx6irjub7tak4kr.html HTTP/1.1" 404 89835 "-" "Mozilla/5.0 (Linux; Android 6.0.1; Nexus 5X Build/MMB29P) AppleWebKit/537.36 (KHTML, like Gecko) Chrome/148.0.7778.96 Mobile Safari/537.36 (compatible; GoogleOther)"
66.249.79.3 - - [15/May/2026:17:19:22 +0000] "GET /aggregation/outcome/faos91cbpqs2529.html HTTP/1.1" 404 89838 "-" "Mozilla/5.0 (Linux; Android 6.0.1; Nexus 5X Build/MMB29P) AppleWebKit/537.36 (KHTML, like Gecko) Chrome/148.0.7778.96 Mobile Safari/537.36 (compatible; GoogleOther)"
66.249.79.3 - - [15/May/2026:17:19:53 +0000] "GET /property/load/erj3gk7nw47h7ho.html HTTP/1.1" 404 89820 "-" "Mozilla/5.0 (Linux; Android 6.0.1; Nexus 5X Build/MMB29P) AppleWebKit/537.36 (KHTML, like Gecko) Chrome/148.0.7778.96 Mobile Safari/537.36 (compatible; GoogleOther)"
66.249.79.3 - - [15/May/2026:17:19:55 +0000] "GET /items/W266210527// HTTP/1.1" 200 226030 "-" "Mozilla/5.0 (Linux; Android 6.0.1; Nexus 5X Build/MMB29P) AppleWebKit/537.36 (KHTML, like Gecko) Chrome/148.0.7778.96 Mobile Safari/537.36 (compatible; Googlebot/2.1; +http://www.google.com/bot.html)"
66.249.79.5 - - [15/May/2026:17:20:08 +0000] "GET /module/resource/eqjcgk7xw47hjho.html HTTP/1.1" 404 89826 "-" "Mozilla/5.0 (Linux; Android 6.0.1; Nexus 5X Build/MMB29P) AppleWebKit/537.36 (KHTML, like Gecko) Chrome/148.0.7778.96 Mobile Safari/537.36 (compatible; GoogleOther)"
66.249.79.3 - - [15/May/2026:17:21:41 +0000] "GET /chapter/apparatus/f5ti2ihbix97zvq.html HTTP/1.1" 404 89832 "-" "Mozilla/5.0 (Linux; Android 6.0.1; Nexus 5X Build/MMB29P) AppleWebKit/537.36 (KHTML, like Gecko) Chrome/148.0.7778.96 Mobile Safari/537.36 (compatible; GoogleOther)"
66.249.79.3 - - [15/May/2026:17:21:57 +0000] "GET /collection/entity/fc4w15sbhmwitud.html HTTP/1.1" 404 89832 "-" "Mozilla/5.0 (Linux; Android 6.0.1; Nexus 5X Build/MMB29P) AppleWebKit/537.36 (KHTML, like Gecko) Chrome/148.0.7778.96 Mobile Safari/537.36 (compatible; GoogleOther)"
2607:5500:3000:95::2 - - [15/May/2026:17:21:59 +0000] "POST /wordpress/wp-cron.php?doing_wp_cron=1778865719.1917788982391357421875 HTTP/1.1" 404 89928 "-" "WordPress/6.9.4; https://moabmonsters.com"
66.249.79.3 - - [15/May/2026:17:22:08 +0000] "GET /chapter/bit/flytvzmbbhqc8o7.html HTTP/1.1" 404 89814 "-" "Mozilla/5.0 (Linux; Android 6.0.1; Nexus 5X Build/MMB29P) AppleWebKit/537.36 (KHTML, like Gecko) Chrome/148.0.7778.96 Mobile Safari/537.36 (compatible; GoogleOther)"
66.249.79.3 - - [15/May/2026:17:23:45 +0000] "GET /attribute/resource/ey8ghxwgxhwibud.html HTTP/1.1" 404 89835 "-" "Mozilla/5.0 (Linux; Android 6.0.1; Nexus 5X Build/MMB29P) AppleWebKit/537.36 (KHTML, like Gecko) Chrome/148.0.7778.96 Mobile Safari/537.36 (compatible; GoogleOther)"
66.249.79.3 - - [15/May/2026:17:24:21 +0000] "GET /rubric/kind/ez4315s2hps2f29.html HTTP/1.1" 404 89814 "-" "Mozilla/5.0 (Linux; Android 6.0.1; Nexus 5X Build/MMB29P) AppleWebKit/537.36 (KHTML, like Gecko) Chrome/148.0.7778.96 Mobile Safari/537.36 (compatible; GoogleOther)"
66.249.79.3 - - [15/May/2026:17:24:40 +0000] "GET /population/output/fp4v15sbhqwi3ud.html HTTP/1.1" 404 89832 "-" "Mozilla/5.0 (Linux; Android 6.0.1; Nexus 5X Build/MMB29P) AppleWebKit/537.36 (KHTML, like Gecko) Chrome/148.0.7778.96 Mobile Safari/537.36 (compatible; GoogleOther)"
66.249.79.3 - - [15/May/2026:17:24:47 +0000] "GET /department/property/furlc4fbssv5a5c.html HTTP/1.1" 404 89838 "-" "Mozilla/5.0 (Linux; Android 6.0.1; Nexus 5X Build/MMB29P) AppleWebKit/537.36 (KHTML, like Gecko) Chrome/148.0.7778.96 Mobile Safari/537.36 (compatible; GoogleOther)"
66.249.79.3 - - [15/May/2026:17:25:24 +0000] "GET /phylum/equipment/fr7b48vbkuzlqxg.html HTTP/1.1" 404 89829 "-" "Mozilla/5.0 (Linux; Android 6.0.1; Nexus 5X Build/MMB29P) AppleWebKit/537.36 (KHTML, like Gecko) Chrome/148.0.7778.96 Mobile Safari/537.36 (compatible; GoogleOther)"
66.249.79.3 - - [15/May/2026:17:25:34 +0000] "GET /grouping/proceeds/fwehn32b3lusegb.html HTTP/1.1" 404 89832 "-" "Mozilla/5.0 (Linux; Android 6.0.1; Nexus 5X Build/MMB29P) AppleWebKit/537.36 (KHTML, like Gecko) Chrome/148.0.7778.96 Mobile Safari/537.36 (compatible; GoogleOther)"
66.249.79.3 - - [15/May/2026:17:25:57 +0000] "GET /version/category/e5v4swjx8gjtpt0.html HTTP/1.1" 404 89829 "-" "Mozilla/5.0 (Linux; Android 6.0.1; Nexus 5X Build/MMB29P) AppleWebKit/537.36 (KHTML, like Gecko) Chrome/148.0.7778.96 Mobile Safari/537.36 (compatible; GoogleOther)"
66.249.79.3 - - [15/May/2026:17:26:20 +0000] "GET /cohort/project/exx7ial5yulj372.html HTTP/1.1" 404 89823 "-" "Mozilla/5.0 (Linux; Android 6.0.1; Nexus 5X Build/MMB29P) AppleWebKit/537.36 (KHTML, like Gecko) Chrome/148.0.7778.96 Mobile Safari/537.36 (compatible; GoogleOther)"
2607:5500:3000:95::2 - - [15/May/2026:17:26:22 +0000] "POST /wordpress/wp-cron.php?doing_wp_cron=1778865982.3176639080047607421875 HTTP/1.1" 404 89928 "-" "WordPress/6.9.4; https://moabmonsters.com"
66.249.79.3 - - [15/May/2026:17:26:30 +0000] "GET /system/module/e0u5f7i2vrigf4z.html HTTP/1.1" 404 89820 "-" "Mozilla/5.0 (Linux; Android 6.0.1; Nexus 5X Build/MMB29P) AppleWebKit/537.36 (KHTML, like Gecko) Chrome/148.0.7778.96 Mobile Safari/537.36 (compatible; GoogleOther)"
66.249.79.3 - - [15/May/2026:17:26:44 +0000] "GET /echelon/produce/f34h15sbhhwieud.html HTTP/1.1" 404 89826 "-" "Mozilla/5.0 (Linux; Android 6.0.1; Nexus 5X Build/MMB29P) AppleWebKit/537.36 (KHTML, like Gecko) Chrome/148.0.7778.96 Mobile Safari/537.36 (compatible; GoogleOther)"
66.249.79.4 - - [15/May/2026:17:27:07 +0000] "GET /characteristic/cargo/fhvgswjb8hn9dl4.html HTTP/1.1" 404 89841 "-" "Mozilla/5.0 (Linux; Android 6.0.1; Nexus 5X Build/MMB29P) AppleWebKit/537.36 (KHTML, like Gecko) Chrome/148.0.7778.96 Mobile Safari/537.36 (compatible; GoogleOther)"
66.249.79.3 - - [15/May/2026:17:27:30 +0000] "GET /typology/derivative/ez19y2pqempz0z6.html HTTP/1.1" 404 89838 "-" "Mozilla/5.0 (Linux; Android 6.0.1; Nexus 5X Build/MMB29P) AppleWebKit/537.36 (KHTML, like Gecko) Chrome/148.0.7778.96 Mobile Safari/537.36 (compatible; GoogleOther)"
2607:5500:3000:95::2 - - [15/May/2026:17:27:32 +0000] "POST /wordpress/wp-cron.php?doing_wp_cron=1778866052.0701580047607421875000 HTTP/1.1" 404 89928 "-" "WordPress/6.9.4; https://moabmonsters.com"
66.249.79.3 - - [15/May/2026:17:27:53 +0000] "GET /sorority/specification/f9dyae1bq45r23m.html HTTP/1.1" 404 89847 "-" "Mozilla/5.0 (Linux; Android 6.0.1; Nexus 5X Build/MMB29P) AppleWebKit/537.36 (KHTML, like Gecko) Chrome/148.0.7778.96 Mobile Safari/537.36 (compatible; GoogleOther)"
66.249.79.5 - - [15/May/2026:17:28:16 +0000] "GET /framework/article/fldhae1bqu5r83m.html HTTP/1.1" 404 89832 "-" "Mozilla/5.0 (Linux; Android 6.0.1; Nexus 5X Build/MMB29P) AppleWebKit/537.36 (KHTML, like Gecko) Chrome/148.0.7778.96 Mobile Safari/537.36 (compatible; GoogleOther)"
66.249.79.4 - - [15/May/2026:17:28:26 +0000] "GET /bunch/tool/fa2ibrqbrbigs4z.html HTTP/1.1" 404 89811 "-" "Mozilla/5.0 (Linux; Android 6.0.1; Nexus 5X Build/MMB29P) AppleWebKit/537.36 (KHTML, like Gecko) Chrome/148.0.7778.96 Mobile Safari/537.36 (compatible; GoogleOther)"
66.249.79.3 - - [15/May/2026:17:28:40 +0000] "GET /gamut/case/fsein32b3gus1gb.html HTTP/1.1" 404 89811 "-" "Mozilla/5.0 (Linux; Android 6.0.1; Nexus 5X Build/MMB29P) AppleWebKit/537.36 (KHTML, like Gecko) Chrome/148.0.7778.96 Mobile Safari/537.36 (compatible; GoogleOther)"
2607:5500:3000:95::2 - - [15/May/2026:17:28:42 +0000] "POST /wordpress/wp-cron.php?doing_wp_cron=1778866122.0066649913787841796875 HTTP/1.1" 404 89928 "-" "WordPress/6.9.4; https://moabmonsters.com"
66.249.79.4 - - [15/May/2026:17:29:03 +0000] "GET /property/fort-rules/e3q8zfetfze0kcv.html HTTP/1.1" 404 89838 "-" "Mozilla/5.0 (Linux; Android 6.0.1; Nexus 5X Build/MMB29P) AppleWebKit/537.36 (KHTML, like Gecko) Chrome/148.0.7778.96 Mobile Safari/537.36 (compatible; GoogleOther)"
66.249.79.3 - - [15/May/2026:17:29:26 +0000] "GET /fraternity/production/fjit3v6bjnmwew3.html HTTP/1.1" 404 89844 "-" "Mozilla/5.0 (Linux; Android 6.0.1; Nexus 5X Build/MMB29P) AppleWebKit/537.36 (KHTML, like Gecko) Chrome/148.0.7778.96 Mobile Safari/537.36 (compatible; GoogleOther)"
66.249.79.3 - - [15/May/2026:17:29:49 +0000] "GET /taxonomy/outcome/e6nywcbqcwbxk9s.html HTTP/1.1" 404 89829 "-" "Mozilla/5.0 (Linux; Android 6.0.1; Nexus 5X Build/MMB29P) AppleWebKit/537.36 (KHTML, like Gecko) Chrome/148.0.7778.96 Mobile Safari/537.36 (compatible; GoogleOther)"
2607:5500:3000:95::2 - - [15/May/2026:17:29:51 +0000] "POST /wordpress/wp-cron.php?doing_wp_cron=1778866191.1822280883789062500000 HTTP/1.1" 404 89928 "-" "WordPress/6.9.4; https://moabmonsters.com"
66.249.79.3 - - [15/May/2026:17:29:53 +0000] "GET /taxon/work/e2bpk0z80kzlmxg.html HTTP/1.1" 404 89811 "-" "Mozilla/5.0 (Linux; Android 6.0.1; Nexus 5X Build/MMB29P) AppleWebKit/537.36 (KHTML, like Gecko) Chrome/148.0.7778.96 Mobile Safari/537.36 (compatible; GoogleOther)"
66.249.79.3 - - [15/May/2026:17:29:56 +0000] "GET /items/P169140911/ HTTP/1.1" 200 221053 "-" "Mozilla/5.0 (Linux; Android 6.0.1; Nexus 5X Build/MMB29P) AppleWebKit/537.36 (KHTML, like Gecko) Chrome/148.0.7778.96 Mobile Safari/537.36 (compatible; Googlebot/2.1; +http://www.google.com/bot.html)"
66.249.79.3 - - [15/May/2026:17:30:03 +0000] "GET /aggregation/harvest/fvoi91cbpes2b29.html HTTP/1.1" 404 89838 "-" "Mozilla/5.0 (Linux; Android 6.0.1; Nexus 5X Build/MMB29P) AppleWebKit/537.36 (KHTML, like Gecko) Chrome/148.0.7778.96 Mobile Safari/537.36 (compatible; GoogleOther)"
66.249.79.3 - - [15/May/2026:17:30:13 +0000] "GET /pattern/load/fdz28onbovfdj1w.html HTTP/1.1" 404 89817 "-" "Mozilla/5.0 (Linux; Android 6.0.1; Nexus 5X Build/MMB29P) AppleWebKit/537.36 (KHTML, like Gecko) Chrome/148.0.7778.96 Mobile Safari/537.36 (compatible; GoogleOther)"
66.249.79.3 - - [15/May/2026:17:30:36 +0000] "GET /swarm/goods/fy2ibrqbr4igd4z.html HTTP/1.1" 404 89814 "-" "Mozilla/5.0 (Linux; Android 6.0.1; Nexus 5X Build/MMB29P) AppleWebKit/537.36 (KHTML, like Gecko) Chrome/148.0.7778.96 Mobile Safari/537.36 (compatible; GoogleOther)"
66.249.79.3 - - [15/May/2026:17:31:03 +0000] "GET /pack/kind/ftto2ihbij97hvq.html HTTP/1.1" 404 89808 "-" "Mozilla/5.0 (Linux; Android 6.0.1; Nexus 5X Build/MMB29P) AppleWebKit/537.36 (KHTML, like Gecko) Chrome/148.0.7778.96 Mobile Safari/537.36 (compatible; GoogleOther)"
66.249.79.3 - - [15/May/2026:17:31:22 +0000] "GET /version/handicraft/e1nnwcbgcwbx89s.html HTTP/1.1" 404 89835 "-" "Mozilla/5.0 (Linux; Android 6.0.1; Nexus 5X Build/MMB29P) AppleWebKit/537.36 (KHTML, like Gecko) Chrome/148.0.7778.96 Mobile Safari/537.36 (compatible; GoogleOther)"
66.249.79.3 - - [15/May/2026:17:31:46 +0000] "GET /chapter/attribute/edl66y92mi97gvq.html HTTP/1.1" 404 89832 "-" "Mozilla/5.0 (Linux; Android 6.0.1; Nexus 5X Build/MMB29P) AppleWebKit/537.36 (KHTML, like Gecko) Chrome/148.0.7778.96 Mobile Safari/537.36 (compatible; GoogleOther)"
66.249.79.3 - - [15/May/2026:17:32:01 +0000] "GET /clade/property/ewl96y9emi972vq.html HTTP/1.1" 404 89823 "-" "Mozilla/5.0 (Linux; Android 6.0.1; Nexus 5X Build/MMB29P) AppleWebKit/537.36 (KHTML, like Gecko) Chrome/148.0.7778.96 Mobile Safari/537.36 (compatible; GoogleOther)"
2607:5500:3000:95::2 - - [15/May/2026:17:32:03 +0000] "POST /wordpress/wp-cron.php?doing_wp_cron=1778866323.4616949558258056640625 HTTP/1.1" 404 89928 "-" "WordPress/6.9.4; https://moabmonsters.com"
66.249.79.3 - - [15/May/2026:17:32:09 +0000] "GET /flock/produce/f88xhxwbx9om8a5.html HTTP/1.1" 404 89820 "-" "Mozilla/5.0 (Linux; Android 6.0.1; Nexus 5X Build/MMB29P) AppleWebKit/537.36 (KHTML, like Gecko) Chrome/148.0.7778.96 Mobile Safari/537.36 (compatible; GoogleOther)"
66.249.79.3 - - [15/May/2026:17:32:32 +0000] "GET /cohort/division/fktj2ihbit97hvq.html HTTP/1.1" 404 89826 "-" "Mozilla/5.0 (Linux; Android 6.0.1; Nexus 5X Build/MMB29P) AppleWebKit/537.36 (KHTML, like Gecko) Chrome/148.0.7778.96 Mobile Safari/537.36 (compatible; GoogleOther)"
66.249.79.3 - - [15/May/2026:17:32:55 +0000] "GET /index/accomplishment/fya07bybn32oo0j.html HTTP/1.1" 404 89841 "-" "Mozilla/5.0 (Linux; Android 6.0.1; Nexus 5X Build/MMB29P) AppleWebKit/537.36 (KHTML, like Gecko) Chrome/148.0.7778.96 Mobile Safari/537.36 (compatible; GoogleOther)"
66.249.79.3 - - [15/May/2026:17:33:07 +0000] "GET /genus/info/fk5feutbu1ljt72.html HTTP/1.1" 404 89811 "-" "Mozilla/5.0 (Linux; Android 6.0.1; Nexus 5X Build/MMB29P) AppleWebKit/537.36 (KHTML, like Gecko) Chrome/148.0.7778.96 Mobile Safari/537.36 (compatible; GoogleOther)"
2607:5500:3000:95::2 - - [15/May/2026:17:33:09 +0000] "POST /wordpress/wp-cron.php?doing_wp_cron=1778866389.5548200607299804687500 HTTP/1.1" 404 89928 "-" "WordPress/6.9.4; https://moabmonsters.com"
66.249.79.4 - - [15/May/2026:17:33:11 +0000] "GET /status/prototype/f3cixp0bdagqvqx.html HTTP/1.1" 404 89829 "-" "Mozilla/5.0 (Linux; Android 6.0.1; Nexus 5X Build/MMB29P) AppleWebKit/537.36 (KHTML, like Gecko) Chrome/148.0.7778.96 Mobile Safari/537.36 (compatible; GoogleOther)"
66.249.79.3 - - [15/May/2026:17:33:19 +0000] "GET /taxonomy/output/fumvjnabzae0ncv.html HTTP/1.1" 404 89826 "-" "Mozilla/5.0 (Linux; Android 6.0.1; Nexus 5X Build/MMB29P) AppleWebKit/537.36 (KHTML, like Gecko) Chrome/148.0.7778.96 Mobile Safari/537.36 (compatible; GoogleOther)"
66.249.79.3 - - [15/May/2026:17:33:43 +0000] "GET /bunch/segment/fyfq0s3bgbjtht0.html HTTP/1.1" 404 89820 "-" "Mozilla/5.0 (Linux; Android 6.0.1; Nexus 5X Build/MMB29P) AppleWebKit/537.36 (KHTML, like Gecko) Chrome/148.0.7778.96 Mobile Safari/537.36 (compatible; GoogleOther)"
66.249.79.5 - - [15/May/2026:17:34:05 +0000] "GET /cohort/attribute/fgkwt98b990y4mh.html HTTP/1.1" 404 89829 "-" "Mozilla/5.0 (Linux; Android 6.0.1; Nexus 5X Build/MMB29P) AppleWebKit/537.36 (KHTML, like Gecko) Chrome/148.0.7778.96 Mobile Safari/537.36 (compatible; GoogleOther)"
66.249.79.5 - - [15/May/2026:17:34:14 +0000] "GET /flock/edition/elgodh4zt14esel.html HTTP/1.1" 404 89820 "-" "Mozilla/5.0 (Linux; Android 6.0.1; Nexus 5X Build/MMB29P) AppleWebKit/537.36 (KHTML, like Gecko) Chrome/148.0.7778.96 Mobile Safari/537.36 (compatible; GoogleOther)"
66.249.79.5 - - [15/May/2026:17:34:28 +0000] "GET /species/offering/fa6krjub7makzkr.html HTTP/1.1" 404 89829 "-" "Mozilla/5.0 (Linux; Android 6.0.1; Nexus 5X Build/MMB29P) AppleWebKit/537.36 (KHTML, like Gecko) Chrome/148.0.7778.96 Mobile Safari/537.36 (compatible; GoogleOther)"
66.249.79.5 - - [15/May/2026:17:34:52 +0000] "GET /section/version/e8pomqdh2adnxnu.html HTTP/1.1" 404 89826 "-" "Mozilla/5.0 (Linux; Android 6.0.1; Nexus 5X Build/MMB29P) AppleWebKit/537.36 (KHTML, like Gecko) Chrome/148.0.7778.96 Mobile Safari/537.36 (compatible; GoogleOther)"
66.249.79.5 - - [15/May/2026:17:35:15 +0000] "GET /population/unit/f35seutbuylj072.html HTTP/1.1" 404 89826 "-" "Mozilla/5.0 (Linux; Android 6.0.1; Nexus 5X Build/MMB29P) AppleWebKit/537.36 (KHTML, like Gecko) Chrome/148.0.7778.96 Mobile Safari/537.36 (compatible; GoogleOther)"
66.249.79.5 - - [15/May/2026:17:35:38 +0000] "GET /module/career/f88khxwbxuomta5.html HTTP/1.1" 404 89820 "-" "Mozilla/5.0 (Linux; Android 6.0.1; Nexus 5X Build/MMB29P) AppleWebKit/537.36 (KHTML, like Gecko) Chrome/148.0.7778.96 Mobile Safari/537.36 (compatible; GoogleOther)"
66.249.79.7 - - [15/May/2026:17:36:01 +0000] "GET /ambit/cargo/f7ih3v6bjdmw8w3.html HTTP/1.1" 404 89814 "-" "Mozilla/5.0 (Linux; Android 6.0.1; Nexus 5X Build/MMB29P) AppleWebKit/537.36 (KHTML, like Gecko) Chrome/148.0.7778.96 Mobile Safari/537.36 (compatible; GoogleOther)"
66.249.79.6 - - [15/May/2026:17:36:25 +0000] "GET /schedule/outcome/e6s1ptg15dgqcqx.html HTTP/1.1" 404 89829 "-" "Mozilla/5.0 (Linux; Android 6.0.1; Nexus 5X Build/MMB29P) AppleWebKit/537.36 (KHTML, like Gecko) Chrome/148.0.7778.96 Mobile Safari/537.36 (compatible; GoogleOther)"
66.249.79.5 - - [15/May/2026:17:36:29 +0000] "GET /lot/work/f5dhae1bq25rg3m.html HTTP/1.1" 404 89805 "-" "Mozilla/5.0 (Linux; Android 6.0.1; Nexus 5X Build/MMB29P) AppleWebKit/537.36 (KHTML, like Gecko) Chrome/148.0.7778.96 Mobile Safari/537.36 (compatible; GoogleOther)"
66.249.79.5 - - [15/May/2026:17:36:48 +0000] "GET /fraternity/build/ftejn32b3fusegb.html HTTP/1.1" 404 89829 "-" "Mozilla/5.0 (Linux; Android 6.0.1; Nexus 5X Build/MMB29P) AppleWebKit/537.36 (KHTML, like Gecko) Chrome/148.0.7778.96 Mobile Safari/537.36 (compatible; GoogleOther)"
66.249.79.5 - - [15/May/2026:17:37:11 +0000] "GET /version/produce/e1ak7by9nvy808f.html HTTP/1.1" 404 89826 "-" "Mozilla/5.0 (Linux; Android 6.0.1; Nexus 5X Build/MMB29P) AppleWebKit/537.36 (KHTML, like Gecko) Chrome/148.0.7778.96 Mobile Safari/537.36 (compatible; GoogleOther)"
2607:5500:3000:95::2 - - [15/May/2026:17:37:13 +0000] "POST /wordpress/wp-cron.php?doing_wp_cron=1778866633.4943339824676513671875 HTTP/1.1" 404 89928 "-" "WordPress/6.9.4; https://moabmonsters.com"
66.249.79.5 - - [15/May/2026:17:37:32 +0000] "GET /caste/installment/fh7x48vbk0zl4xg.html HTTP/1.1" 404 89832 "-" "Mozilla/5.0 (Linux; Android 6.0.1; Nexus 5X Build/MMB29P) AppleWebKit/537.36 (KHTML, like Gecko) Chrome/148.0.7778.96 Mobile Safari/537.36 (compatible; GoogleOther)"
66.249.79.5 - - [15/May/2026:17:37:36 +0000] "GET /component/scrap/fvjzgk7bwrbxf9s.html HTTP/1.1" 404 89826 "-" "Mozilla/5.0 (Linux; Android 6.0.1; Nexus 5X Build/MMB29P) AppleWebKit/537.36 (KHTML, like Gecko) Chrome/148.0.7778.96 Mobile Safari/537.36 (compatible; GoogleOther)"
66.249.79.5 - - [15/May/2026:17:37:58 +0000] "GET /attribute/characteristic/f0m0jnabz2e0zcv.html HTTP/1.1" 404 89853 "-" "Mozilla/5.0 (Linux; Android 6.0.1; Nexus 5X Build/MMB29P) AppleWebKit/537.36 (KHTML, like Gecko) Chrome/148.0.7778.96 Mobile Safari/537.36 (compatible; GoogleOther)"
66.249.79.5 - - [15/May/2026:17:38:10 +0000] "GET /aggregation/resource/ftoz91cbpms2r29.html HTTP/1.1" 404 89841 "-" "Mozilla/5.0 (Linux; Android 6.0.1; Nexus 5X Build/MMB29P) AppleWebKit/537.36 (KHTML, like Gecko) Chrome/148.0.7778.96 Mobile Safari/537.36 (compatible; GoogleOther)"
66.249.79.5 - - [15/May/2026:17:38:21 +0000] "GET /segment/merchandise/fyrtc4fbshv5b5c.html HTTP/1.1" 404 89838 "-" "Mozilla/5.0 (Linux; Android 6.0.1; Nexus 5X Build/MMB29P) AppleWebKit/537.36 (KHTML, like Gecko) Chrome/148.0.7778.96 Mobile Safari/537.36 (compatible; GoogleOther)"
66.249.79.5 - - [15/May/2026:17:38:38 +0000] "GET /hierarchy/abtameru/fbdmae1bq15rv3m.html HTTP/1.1" 404 89835 "-" "Mozilla/5.0 (Linux; Android 6.0.1; Nexus 5X Build/MMB29P) AppleWebKit/537.36 (KHTML, like Gecko) Chrome/148.0.7778.96 Mobile Safari/537.36 (compatible; GoogleOther)"
66.249.79.5 - - [15/May/2026:17:38:44 +0000] "GET /section/section/ekdsae17qy1bzbi.html HTTP/1.1" 404 89826 "-" "Mozilla/5.0 (Linux; Android 6.0.1; Nexus 5X Build/MMB29P) AppleWebKit/537.36 (KHTML, like Gecko) Chrome/148.0.7778.96 Mobile Safari/537.36 (compatible; GoogleOther)"
66.249.79.6 - - [15/May/2026:17:39:10 +0000] "GET /society/case/eom3jnajz7ak0kr.html HTTP/1.1" 404 89817 "-" "Mozilla/5.0 (Linux; Android 6.0.1; Nexus 5X Build/MMB29P) AppleWebKit/537.36 (KHTML, like Gecko) Chrome/148.0.7778.96 Mobile Safari/537.36 (compatible; GoogleOther)"
66.249.79.6 - - [15/May/2026:17:39:31 +0000] "GET /feature/property/e0nawcbqcwbxw9s.html HTTP/1.1" 404 89829 "-" "Mozilla/5.0 (Linux; Android 6.0.1; Nexus 5X Build/MMB29P) AppleWebKit/537.36 (KHTML, like Gecko) Chrome/148.0.7778.96 Mobile Safari/537.36 (compatible; GoogleOther)"
66.249.79.5 - - [15/May/2026:17:39:44 +0000] "GET /make/fixture/e1k1t9849t8u56p.html HTTP/1.1" 404 89817 "-" "Mozilla/5.0 (Linux; Android 6.0.1; Nexus 5X Build/MMB29P) AppleWebKit/537.36 (KHTML, like Gecko) Chrome/148.0.7778.96 Mobile Safari/537.36 (compatible; GoogleOther)"
66.249.79.5 - - [15/May/2026:17:39:54 +0000] "GET /flock/attribute/f5ntwcbbc531tpk.html HTTP/1.1" 404 89826 "-" "Mozilla/5.0 (Linux; Android 6.0.1; Nexus 5X Build/MMB29P) AppleWebKit/537.36 (KHTML, like Gecko) Chrome/148.0.7778.96 Mobile Safari/537.36 (compatible; GoogleOther)"
66.249.79.6 - - [15/May/2026:17:40:17 +0000] "GET /attribute/work/ft12y2pbeatfgra.html HTTP/1.1" 404 89823 "-" "Mozilla/5.0 (Linux; Android 6.0.1; Nexus 5X Build/MMB29P) AppleWebKit/537.36 (KHTML, like Gecko) Chrome/148.0.7778.96 Mobile Safari/537.36 (compatible; GoogleOther)"
