2.56.72.36 - - [15/May/2026:10:18:55 +0000] "GET /wordpress/wp-content/plugins/qi-addons-for-elementor/assets/css/grid.min.css?ver=1.9.6 HTTP/1.1" 304 - "https://moabmonsters.com/" "Mozilla/5.0 (iPhone; CPU iPhone OS 26_3 like Mac OS X) AppleWebKit/605.1.15 (KHTML, like Gecko) CriOS/144.0.7559.95 Mobile/15E148 Safari/604.1"
2.56.72.36 - - [15/May/2026:10:18:55 +0000] "GET /wordpress/wp-content/themes/kamperen/style.css?ver=7b42d7a904609cfa79643e4c7034635f HTTP/1.1" 200 517 "https://moabmonsters.com/" "Mozilla/5.0 (iPhone; CPU iPhone OS 26_3 like Mac OS X) AppleWebKit/605.1.15 (KHTML, like Gecko) CriOS/144.0.7559.95 Mobile/15E148 Safari/604.1"
2.56.72.36 - - [15/May/2026:10:18:56 +0000] "GET /wordpress/wp-content/plugins/kamperen-core/assets/css/kamperen-core.min.css?ver=7b42d7a904609cfa79643e4c7034635f HTTP/1.1" 304 - "https://moabmonsters.com/" "Mozilla/5.0 (iPhone; CPU iPhone OS 26_3 like Mac OS X) AppleWebKit/605.1.15 (KHTML, like Gecko) CriOS/144.0.7559.95 Mobile/15E148 Safari/604.1"
2.56.72.36 - - [15/May/2026:10:18:56 +0000] "GET /wordpress/wp-content/plugins/mailchimp/assets/css/frontend.css?ver=2.0.1 HTTP/1.1" 304 - "https://moabmonsters.com/" "Mozilla/5.0 (iPhone; CPU iPhone OS 26_3 like Mac OS X) AppleWebKit/605.1.15 (KHTML, like Gecko) CriOS/144.0.7559.95 Mobile/15E148 Safari/604.1"
2.56.72.36 - - [15/May/2026:10:18:56 +0000] "GET /wordpress/wp-content/uploads/elementor/css/post-11.css?ver=1778545415 HTTP/1.1" 200 1169 "https://moabmonsters.com/" "Mozilla/5.0 (iPhone; CPU iPhone OS 26_3 like Mac OS X) AppleWebKit/605.1.15 (KHTML, like Gecko) CriOS/144.0.7559.95 Mobile/15E148 Safari/604.1"
2.56.72.36 - - [15/May/2026:10:18:56 +0000] "GET /wordpress/wp-content/themes/kamperen/assets/css/main.min.css?ver=7b42d7a904609cfa79643e4c7034635f HTTP/1.1" 304 - "https://moabmonsters.com/" "Mozilla/5.0 (iPhone; CPU iPhone OS 26_3 like Mac OS X) AppleWebKit/605.1.15 (KHTML, like Gecko) CriOS/144.0.7559.95 Mobile/15E148 Safari/604.1"
2.56.72.36 - - [15/May/2026:10:18:56 +0000] "GET /wordpress/wp-content/themes/kamperen/inc/justified-gallery/assets/js/plugins/jquery.justifiedGallery.min.js?ver=1 HTTP/1.1" 200 19285 "https://moabmonsters.com/" "Mozilla/5.0 (iPhone; CPU iPhone OS 26_3 like Mac OS X) AppleWebKit/605.1.15 (KHTML, like Gecko) CriOS/144.0.7559.95 Mobile/15E148 Safari/604.1"
2.56.72.36 - - [15/May/2026:10:18:57 +0000] "GET /wordpress/wp-content/plugins/qi-addons-for-elementor/assets/css/main.min.css?ver=1.9.6 HTTP/1.1" 304 - "https://moabmonsters.com/" "Mozilla/5.0 (iPhone; CPU iPhone OS 26_3 like Mac OS X) AppleWebKit/605.1.15 (KHTML, like Gecko) CriOS/144.0.7559.95 Mobile/15E148 Safari/604.1"
2.56.72.36 - - [15/May/2026:10:18:57 +0000] "GET /wordpress/wp-content/uploads/elementor/google-fonts/css/robotoslab.css?ver=1756764574 HTTP/1.1" 200 24219 "https://moabmonsters.com/" "Mozilla/5.0 (iPhone; CPU iPhone OS 26_3 like Mac OS X) AppleWebKit/605.1.15 (KHTML, like Gecko) CriOS/144.0.7559.95 Mobile/15E148 Safari/604.1"
2.56.72.36 - - [15/May/2026:10:18:57 +0000] "GET /wordpress/wp-content/plugins/elementor/assets/css/widget-heading.min.css?ver=4.0.7 HTTP/1.1" 304 - "https://moabmonsters.com/" "Mozilla/5.0 (iPhone; CPU iPhone OS 26_3 like Mac OS X) AppleWebKit/605.1.15 (KHTML, like Gecko) CriOS/144.0.7559.95 Mobile/15E148 Safari/604.1"
2.56.72.36 - - [15/May/2026:10:18:57 +0000] "GET /wordpress/wp-content/plugins/kamperen-core/inc/plugins/elementor/assets/css/elementor.min.css?ver=7b42d7a904609cfa79643e4c7034635f HTTP/1.1" 304 - "https://moabmonsters.com/" "Mozilla/5.0 (iPhone; CPU iPhone OS 26_3 like Mac OS X) AppleWebKit/605.1.15 (KHTML, like Gecko) CriOS/144.0.7559.95 Mobile/15E148 Safari/604.1"
2.56.72.36 - - [15/May/2026:10:18:57 +0000] "GET /wordpress/wp-includes/js/jquery/jquery.min.js?ver=3.7.1 HTTP/1.1" 304 - "https://moabmonsters.com/" "Mozilla/5.0 (iPhone; CPU iPhone OS 26_3 like Mac OS X) AppleWebKit/605.1.15 (KHTML, like Gecko) CriOS/144.0.7559.95 Mobile/15E148 Safari/604.1"
2.56.72.36 - - [15/May/2026:10:18:57 +0000] "GET /wordpress/wp-content/uploads/2025/09/DJI_20241207122129_0282_D-1536x1150.jpg HTTP/1.1" 304 - "https://moabmonsters.com/" "Mozilla/5.0 (iPhone; CPU iPhone OS 26_3 like Mac OS X) AppleWebKit/605.1.15 (KHTML, like Gecko) CriOS/144.0.7559.95 Mobile/15E148 Safari/604.1"
2.56.72.36 - - [15/May/2026:10:18:57 +0000] "GET /wordpress/wp-includes/js/mediaelement/mediaelementplayer-legacy.min.css?ver=4.2.17 HTTP/1.1" 304 - "https://moabmonsters.com/" "Mozilla/5.0 (iPhone; CPU iPhone OS 26_3 like Mac OS X) AppleWebKit/605.1.15 (KHTML, like Gecko) CriOS/144.0.7559.95 Mobile/15E148 Safari/604.1"
2.56.72.36 - - [15/May/2026:10:18:57 +0000] "GET /wordpress/wp-includes/js/mediaelement/wp-mediaelement.min.css?ver=7b42d7a904609cfa79643e4c7034635f HTTP/1.1" 200 4186 "https://moabmonsters.com/" "Mozilla/5.0 (iPhone; CPU iPhone OS 26_3 like Mac OS X) AppleWebKit/605.1.15 (KHTML, like Gecko) CriOS/144.0.7559.95 Mobile/15E148 Safari/604.1"
2.56.72.36 - - [15/May/2026:10:18:57 +0000] "GET /wordpress/wp-content/uploads/elementor/css/post-7917.css?ver=1778548624 HTTP/1.1" 200 16113 "https://moabmonsters.com/" "Mozilla/5.0 (iPhone; CPU iPhone OS 26_3 like Mac OS X) AppleWebKit/605.1.15 (KHTML, like Gecko) CriOS/144.0.7559.95 Mobile/15E148 Safari/604.1"
2.56.72.36 - - [15/May/2026:10:18:58 +0000] "GET /wordpress/wp-includes/js/jquery/jquery-migrate.min.js?ver=3.4.1 HTTP/1.1" 304 - "https://moabmonsters.com/" "Mozilla/5.0 (iPhone; CPU iPhone OS 26_3 like Mac OS X) AppleWebKit/605.1.15 (KHTML, like Gecko) CriOS/144.0.7559.95 Mobile/15E148 Safari/604.1"
2.56.72.36 - - [15/May/2026:10:18:58 +0000] "GET /wordpress/wp-content/uploads/elementor/google-fonts/css/roboto.css?ver=1756764558 HTTP/1.1" 304 - "https://moabmonsters.com/" "Mozilla/5.0 (iPhone; CPU iPhone OS 26_3 like Mac OS X) AppleWebKit/605.1.15 (KHTML, like Gecko) CriOS/144.0.7559.95 Mobile/15E148 Safari/604.1"
2.56.72.36 - - [15/May/2026:10:18:58 +0000] "GET /wordpress/wp-content/plugins/elementor/assets/css/widget-image.min.css?ver=4.0.7 HTTP/1.1" 200 214 "https://moabmonsters.com/" "Mozilla/5.0 (iPhone; CPU iPhone OS 26_3 like Mac OS X) AppleWebKit/605.1.15 (KHTML, like Gecko) CriOS/144.0.7559.95 Mobile/15E148 Safari/604.1"
2.56.72.36 - - [15/May/2026:10:18:58 +0000] "GET /wordpress/wp-content/plugins/woocommerce-gateway-stripe/build/upe-blocks.css?ver=f2371901e73cb7e29721 HTTP/1.1" 304 - "https://moabmonsters.com/" "Mozilla/5.0 (iPhone; CPU iPhone OS 26_3 like Mac OS X) AppleWebKit/605.1.15 (KHTML, like Gecko) CriOS/144.0.7559.95 Mobile/15E148 Safari/604.1"
2.56.72.36 - - [15/May/2026:10:18:58 +0000] "GET /wordpress/wp-content/plugins/woocommerce/assets/client/blocks/wc-blocks.css?ver=wc-10.7.0 HTTP/1.1" 200 14006 "https://moabmonsters.com/" "Mozilla/5.0 (iPhone; CPU iPhone OS 26_3 like Mac OS X) AppleWebKit/605.1.15 (KHTML, like Gecko) CriOS/144.0.7559.95 Mobile/15E148 Safari/604.1"
2.56.72.36 - - [15/May/2026:10:18:58 +0000] "GET /wordpress/wp-includes/js/dist/i18n.min.js?ver=c26c3dc7bed366793375 HTTP/1.1" 200 5314 "https://moabmonsters.com/" "Mozilla/5.0 (iPhone; CPU iPhone OS 26_3 like Mac OS X) AppleWebKit/605.1.15 (KHTML, like Gecko) CriOS/144.0.7559.95 Mobile/15E148 Safari/604.1"
2.56.72.36 - - [15/May/2026:10:18:58 +0000] "GET /wordpress/wp-content/plugins/contact-form-7/includes/js/index.js?ver=6.1.5 HTTP/1.1" 304 - "https://moabmonsters.com/" "Mozilla/5.0 (iPhone; CPU iPhone OS 26_3 like Mac OS X) AppleWebKit/605.1.15 (KHTML, like Gecko) CriOS/144.0.7559.95 Mobile/15E148 Safari/604.1"
2.56.72.36 - - [15/May/2026:10:18:58 +0000] "GET /wordpress/wp-includes/js/dist/hooks.min.js?ver=dd5603f07f9220ed27f1 HTTP/1.1" 200 5661 "https://moabmonsters.com/" "Mozilla/5.0 (iPhone; CPU iPhone OS 26_3 like Mac OS X) AppleWebKit/605.1.15 (KHTML, like Gecko) CriOS/144.0.7559.95 Mobile/15E148 Safari/604.1"
2.56.72.36 - - [15/May/2026:10:18:58 +0000] "GET /wordpress/wp-content/plugins/contact-form-7/includes/swv/js/index.js?ver=6.1.5 HTTP/1.1" 304 - "https://moabmonsters.com/" "Mozilla/5.0 (iPhone; CPU iPhone OS 26_3 like Mac OS X) AppleWebKit/605.1.15 (KHTML, like Gecko) CriOS/144.0.7559.95 Mobile/15E148 Safari/604.1"
2.56.72.36 - - [15/May/2026:10:18:58 +0000] "GET /wordpress/wp-content/plugins/woocommerce/assets/js/js-cookie/js.cookie.min.js?ver=2.1.4-wc.10.7.0 HTTP/1.1" 200 1720 "https://moabmonsters.com/" "Mozilla/5.0 (iPhone; CPU iPhone OS 26_3 like Mac OS X) AppleWebKit/605.1.15 (KHTML, like Gecko) CriOS/144.0.7559.95 Mobile/15E148 Safari/604.1"
2.56.72.36 - - [15/May/2026:10:18:58 +0000] "GET /wordpress/wp-content/plugins/kamperen-core/assets/plugins/modernizr/modernizr.js?ver=7b42d7a904609cfa79643e4c7034635f HTTP/1.1" 200 2729 "https://moabmonsters.com/" "Mozilla/5.0 (iPhone; CPU iPhone OS 26_3 like Mac OS X) AppleWebKit/605.1.15 (KHTML, like Gecko) CriOS/144.0.7559.95 Mobile/15E148 Safari/604.1"
2.56.72.36 - - [15/May/2026:10:18:58 +0000] "GET /wordpress/wp-content/plugins/kamperen-core/assets/plugins/gsap/gsap.min.js?ver=7b42d7a904609cfa79643e4c7034635f HTTP/1.1" 200 71157 "https://moabmonsters.com/" "Mozilla/5.0 (iPhone; CPU iPhone OS 26_3 like Mac OS X) AppleWebKit/605.1.15 (KHTML, like Gecko) CriOS/144.0.7559.95 Mobile/15E148 Safari/604.1"
2.56.72.36 - - [15/May/2026:10:18:59 +0000] "GET /wordpress/wp-content/plugins/kamperen-core/assets/plugins/gsap/ScrollTrigger.min.js?ver=7b42d7a904609cfa79643e4c7034635f HTTP/1.1" 200 40596 "https://moabmonsters.com/" "Mozilla/5.0 (iPhone; CPU iPhone OS 26_3 like Mac OS X) AppleWebKit/605.1.15 (KHTML, like Gecko) CriOS/144.0.7559.95 Mobile/15E148 Safari/604.1"
2.56.72.36 - - [15/May/2026:10:18:59 +0000] "GET /wordpress/wp-includes/js/jquery/ui/core.min.js?ver=1.13.3 HTTP/1.1" 200 21464 "https://moabmonsters.com/" "Mozilla/5.0 (iPhone; CPU iPhone OS 26_3 like Mac OS X) AppleWebKit/605.1.15 (KHTML, like Gecko) CriOS/144.0.7559.95 Mobile/15E148 Safari/604.1"
2.56.72.36 - - [15/May/2026:10:18:59 +0000] "GET /wordpress/wp-content/plugins/qi-addons-for-elementor/assets/js/main.min.js?ver=1.9.6 HTTP/1.1" 200 63321 "https://moabmonsters.com/" "Mozilla/5.0 (iPhone; CPU iPhone OS 26_3 like Mac OS X) AppleWebKit/605.1.15 (KHTML, like Gecko) CriOS/144.0.7559.95 Mobile/15E148 Safari/604.1"
2.56.72.36 - - [15/May/2026:10:18:59 +0000] "GET /wordpress/wp-content/plugins/kamperen-core/assets/js/kamperen-core.min.js?ver=7b42d7a904609cfa79643e4c7034635f HTTP/1.1" 200 74384 "https://moabmonsters.com/" "Mozilla/5.0 (iPhone; CPU iPhone OS 26_3 like Mac OS X) AppleWebKit/605.1.15 (KHTML, like Gecko) CriOS/144.0.7559.95 Mobile/15E148 Safari/604.1"
2.56.72.36 - - [15/May/2026:10:18:59 +0000] "GET /wordpress/wp-includes/js/jquery/ui/tabs.min.js?ver=1.13.3 HTTP/1.1" 200 12008 "https://moabmonsters.com/" "Mozilla/5.0 (iPhone; CPU iPhone OS 26_3 like Mac OS X) AppleWebKit/605.1.15 (KHTML, like Gecko) CriOS/144.0.7559.95 Mobile/15E148 Safari/604.1"
2.56.72.36 - - [15/May/2026:10:18:59 +0000] "GET /wordpress/wp-content/themes/kamperen/assets/js/main.min.js?ver=7b42d7a904609cfa79643e4c7034635f HTTP/1.1" 200 20510 "https://moabmonsters.com/" "Mozilla/5.0 (iPhone; CPU iPhone OS 26_3 like Mac OS X) AppleWebKit/605.1.15 (KHTML, like Gecko) CriOS/144.0.7559.95 Mobile/15E148 Safari/604.1"
2.56.72.36 - - [15/May/2026:10:18:59 +0000] "GET /wordpress/wp-includes/js/hoverIntent.min.js?ver=1.10.2 HTTP/1.1" 200 1499 "https://moabmonsters.com/" "Mozilla/5.0 (iPhone; CPU iPhone OS 26_3 like Mac OS X) AppleWebKit/605.1.15 (KHTML, like Gecko) CriOS/144.0.7559.95 Mobile/15E148 Safari/604.1"
2.56.72.36 - - [15/May/2026:10:18:59 +0000] "GET /wordpress/wp-includes/js/jquery/jquery.form.min.js?ver=4.3.0 HTTP/1.1" 200 15977 "https://moabmonsters.com/" "Mozilla/5.0 (iPhone; CPU iPhone OS 26_3 like Mac OS X) AppleWebKit/605.1.15 (KHTML, like Gecko) CriOS/144.0.7559.95 Mobile/15E148 Safari/604.1"
2.56.72.36 - - [15/May/2026:10:18:59 +0000] "GET /wordpress/wp-content/plugins/kamperen-core/assets/plugins/anime/anime.min.js?ver=7b42d7a904609cfa79643e4c7034635f HTTP/1.1" 200 17741 "https://moabmonsters.com/" "Mozilla/5.0 (iPhone; CPU iPhone OS 26_3 like Mac OS X) AppleWebKit/605.1.15 (KHTML, like Gecko) CriOS/144.0.7559.95 Mobile/15E148 Safari/604.1"
2.56.72.36 - - [15/May/2026:10:18:59 +0000] "GET /wordpress/wp-content/plugins/kamperen-membership/assets/js/kamperen-membership.min.js?ver=7b42d7a904609cfa79643e4c7034635f HTTP/1.1" 200 6624 "https://moabmonsters.com/" "Mozilla/5.0 (iPhone; CPU iPhone OS 26_3 like Mac OS X) AppleWebKit/605.1.15 (KHTML, like Gecko) CriOS/144.0.7559.95 Mobile/15E148 Safari/604.1"
2.56.72.36 - - [15/May/2026:10:18:59 +0000] "GET /wordpress/wp-content/plugins/qi-addons-for-elementor/assets/plugins/swiper/8.4.5/swiper.min.js?ver=8.4.5 HTTP/1.1" 304 - "https://moabmonsters.com/" "Mozilla/5.0 (iPhone; CPU iPhone OS 26_3 like Mac OS X) AppleWebKit/605.1.15 (KHTML, like Gecko) CriOS/144.0.7559.95 Mobile/15E148 Safari/604.1"
2.56.72.36 - - [15/May/2026:10:18:59 +0000] "GET /wordpress/wp-content/plugins/woocommerce/assets/js/frontend/order-attribution.min.js?ver=10.7.0 HTTP/1.1" 200 2439 "https://moabmonsters.com/" "Mozilla/5.0 (iPhone; CPU iPhone OS 26_3 like Mac OS X) AppleWebKit/605.1.15 (KHTML, like Gecko) CriOS/144.0.7559.95 Mobile/15E148 Safari/604.1"
2.56.72.36 - - [15/May/2026:10:18:59 +0000] "GET /wordpress/wp-includes/js/jquery/ui/datepicker.min.js?ver=1.13.3 HTTP/1.1" 304 - "https://moabmonsters.com/" "Mozilla/5.0 (iPhone; CPU iPhone OS 26_3 like Mac OS X) AppleWebKit/605.1.15 (KHTML, like Gecko) CriOS/144.0.7559.95 Mobile/15E148 Safari/604.1"
2.56.72.36 - - [15/May/2026:10:18:59 +0000] "GET /wordpress/wp-content/plugins/mailchimp/assets/js/mailchimp.js?ver=2.0.1 HTTP/1.1" 304 - "https://moabmonsters.com/" "Mozilla/5.0 (iPhone; CPU iPhone OS 26_3 like Mac OS X) AppleWebKit/605.1.15 (KHTML, like Gecko) CriOS/144.0.7559.95 Mobile/15E148 Safari/604.1"
2.56.72.36 - - [15/May/2026:10:18:59 +0000] "GET /wordpress/wp-content/plugins/woocommerce/assets/js/sourcebuster/sourcebuster.min.js?ver=10.7.0 HTTP/1.1" 304 - "https://moabmonsters.com/" "Mozilla/5.0 (iPhone; CPU iPhone OS 26_3 like Mac OS X) AppleWebKit/605.1.15 (KHTML, like Gecko) CriOS/144.0.7559.95 Mobile/15E148 Safari/604.1"
2.56.72.36 - - [15/May/2026:10:18:59 +0000] "GET /wordpress/wp-content/themes/kamperen/assets/plugins/waitforimages/jquery.waitforimages.js?ver=7b42d7a904609cfa79643e4c7034635f HTTP/1.1" 304 - "https://moabmonsters.com/" "Mozilla/5.0 (iPhone; CPU iPhone OS 26_3 like Mac OS X) AppleWebKit/605.1.15 (KHTML, like Gecko) CriOS/144.0.7559.95 Mobile/15E148 Safari/604.1"
2.56.72.36 - - [15/May/2026:10:18:59 +0000] "GET /wordpress/wp-content/plugins/wp-statistics/assets/js/tracker.js?ver=14.16.6 HTTP/1.1" 200 7922 "https://moabmonsters.com/" "Mozilla/5.0 (iPhone; CPU iPhone OS 26_3 like Mac OS X) AppleWebKit/605.1.15 (KHTML, like Gecko) CriOS/144.0.7559.95 Mobile/15E148 Safari/604.1"
2.56.72.36 - - [15/May/2026:10:18:59 +0000] "GET /wordpress/wp-content/plugins/kamperen-core/assets/plugins/magnific-popup/jquery.magnific-popup.min.js?ver=7b42d7a904609cfa79643e4c7034635f HTTP/1.1" 200 20216 "https://moabmonsters.com/" "Mozilla/5.0 (iPhone; CPU iPhone OS 26_3 like Mac OS X) AppleWebKit/605.1.15 (KHTML, like Gecko) CriOS/144.0.7559.95 Mobile/15E148 Safari/604.1"
2.56.72.36 - - [15/May/2026:10:18:59 +0000] "GET /wordpress/wp-content/plugins/elementor/assets/js/webpack.runtime.min.js?ver=4.0.7 HTTP/1.1" 200 5722 "https://moabmonsters.com/" "Mozilla/5.0 (iPhone; CPU iPhone OS 26_3 like Mac OS X) AppleWebKit/605.1.15 (KHTML, like Gecko) CriOS/144.0.7559.95 Mobile/15E148 Safari/604.1"
2.56.72.36 - - [15/May/2026:10:18:59 +0000] "GET /wordpress/wp-content/plugins/elementor/assets/js/frontend-modules.min.js?ver=4.0.7 HTTP/1.1" 304 - "https://moabmonsters.com/" "Mozilla/5.0 (iPhone; CPU iPhone OS 26_3 like Mac OS X) AppleWebKit/605.1.15 (KHTML, like Gecko) CriOS/144.0.7559.95 Mobile/15E148 Safari/604.1"
2.56.72.36 - - [15/May/2026:10:18:59 +0000] "GET /wordpress/wp-content/plugins/kamperen-core/inc/plugins/elementor/assets/js/elementor.min.js?ver=7b42d7a904609cfa79643e4c7034635f HTTP/1.1" 304 - "https://moabmonsters.com/" "Mozilla/5.0 (iPhone; CPU iPhone OS 26_3 like Mac OS X) AppleWebKit/605.1.15 (KHTML, like Gecko) CriOS/144.0.7559.95 Mobile/15E148 Safari/604.1"
2.56.72.36 - - [15/May/2026:10:18:59 +0000] "GET /wordpress/wp-content/plugins/revslider/public/js/libs/tptools.js?ver=6.7.29 HTTP/1.1" 200 208006 "https://moabmonsters.com/" "Mozilla/5.0 (iPhone; CPU iPhone OS 26_3 like Mac OS X) AppleWebKit/605.1.15 (KHTML, like Gecko) CriOS/144.0.7559.95 Mobile/15E148 Safari/604.1"
2.56.72.36 - - [15/May/2026:10:18:59 +0000] "GET /wordpress/wp-includes/js/mediaelement/mediaelement-migrate.min.js?ver=7b42d7a904609cfa79643e4c7034635f HTTP/1.1" 200 1191 "https://moabmonsters.com/" "Mozilla/5.0 (iPhone; CPU iPhone OS 26_3 like Mac OS X) AppleWebKit/605.1.15 (KHTML, like Gecko) CriOS/144.0.7559.95 Mobile/15E148 Safari/604.1"
2.56.72.36 - - [15/May/2026:10:18:59 +0000] "GET /wordpress/wp-includes/js/mediaelement/mediaelement-and-player.min.js?ver=4.2.17 HTTP/1.1" 304 - "https://moabmonsters.com/" "Mozilla/5.0 (iPhone; CPU iPhone OS 26_3 like Mac OS X) AppleWebKit/605.1.15 (KHTML, like Gecko) CriOS/144.0.7559.95 Mobile/15E148 Safari/604.1"
2.56.72.36 - - [15/May/2026:10:18:59 +0000] "GET /wordpress/wp-content/plugins/qi-addons-for-elementor/inc/masonry/assets/js/plugins/isotope.pkgd.min.js?ver=3.0.6 HTTP/1.1" 200 35284 "https://moabmonsters.com/" "Mozilla/5.0 (iPhone; CPU iPhone OS 26_3 like Mac OS X) AppleWebKit/605.1.15 (KHTML, like Gecko) CriOS/144.0.7559.95 Mobile/15E148 Safari/604.1"
2.56.72.36 - - [15/May/2026:10:18:59 +0000] "GET /wordpress/wp-content/plugins/elementor/assets/js/frontend.min.js?ver=4.0.7 HTTP/1.1" 304 - "https://moabmonsters.com/" "Mozilla/5.0 (iPhone; CPU iPhone OS 26_3 like Mac OS X) AppleWebKit/605.1.15 (KHTML, like Gecko) CriOS/144.0.7559.95 Mobile/15E148 Safari/604.1"
2.56.72.36 - - [15/May/2026:10:18:59 +0000] "GET /wordpress/wp-includes/js/mediaelement/wp-mediaelement.min.js?ver=7b42d7a904609cfa79643e4c7034635f HTTP/1.1" 200 1107 "https://moabmonsters.com/" "Mozilla/5.0 (iPhone; CPU iPhone OS 26_3 like Mac OS X) AppleWebKit/605.1.15 (KHTML, like Gecko) CriOS/144.0.7559.95 Mobile/15E148 Safari/604.1"
2.56.72.36 - - [15/May/2026:10:18:59 +0000] "GET /wordpress/wp-content/plugins/woocommerce/assets/js/jquery-blockui/jquery.blockUI.min.js?ver=2.7.0-wc.10.7.0 HTTP/1.1" 200 9636 "https://moabmonsters.com/" "Mozilla/5.0 (iPhone; CPU iPhone OS 26_3 like Mac OS X) AppleWebKit/605.1.15 (KHTML, like Gecko) CriOS/144.0.7559.95 Mobile/15E148 Safari/604.1"
2.56.72.36 - - [15/May/2026:10:18:59 +0000] "GET /wordpress/wp-content/plugins/woocommerce/assets/js/frontend/woocommerce.min.js?ver=10.7.0 HTTP/1.1" 200 4131 "https://moabmonsters.com/" "Mozilla/5.0 (iPhone; CPU iPhone OS 26_3 like Mac OS X) AppleWebKit/605.1.15 (KHTML, like Gecko) CriOS/144.0.7559.95 Mobile/15E148 Safari/604.1"
2.56.72.36 - - [15/May/2026:10:18:59 +0000] "GET /wordpress/wp-includes/js/mediaelement/renderers/vimeo.min.js?ver=4.2.17 HTTP/1.1" 304 - "https://moabmonsters.com/" "Mozilla/5.0 (iPhone; CPU iPhone OS 26_3 like Mac OS X) AppleWebKit/605.1.15 (KHTML, like Gecko) CriOS/144.0.7559.95 Mobile/15E148 Safari/604.1"
2.56.72.36 - - [15/May/2026:10:18:59 +0000] "GET /wordpress/wp-content/plugins/revslider/public/js/sr7.js?ver=6.7.29 HTTP/1.1" 304 - "https://moabmonsters.com/" "Mozilla/5.0 (iPhone; CPU iPhone OS 26_3 like Mac OS X) AppleWebKit/605.1.15 (KHTML, like Gecko) CriOS/144.0.7559.95 Mobile/15E148 Safari/604.1"
2.56.72.36 - - [15/May/2026:10:18:59 +0000] "GET /wordpress/wp-content/plugins/woocommerce/assets/js/frontend/add-to-cart.min.js?ver=10.7.0 HTTP/1.1" 200 4350 "https://moabmonsters.com/" "Mozilla/5.0 (iPhone; CPU iPhone OS 26_3 like Mac OS X) AppleWebKit/605.1.15 (KHTML, like Gecko) CriOS/144.0.7559.95 Mobile/15E148 Safari/604.1"
2.56.72.36 - - [15/May/2026:10:18:59 +0000] "GET /wordpress/wp-content/plugins/qi-addons-for-elementor/inc/masonry/assets/js/plugins/packery-mode.pkgd.min.js?ver=2.0.1 HTTP/1.1" 200 13624 "https://moabmonsters.com/" "Mozilla/5.0 (iPhone; CPU iPhone OS 26_3 like Mac OS X) AppleWebKit/605.1.15 (KHTML, like Gecko) CriOS/144.0.7559.95 Mobile/15E148 Safari/604.1"
2.56.72.36 - - [15/May/2026:10:19:00 +0000] "GET /wordpress/wp-content/uploads/2025/09/Moab-Monsters-trans.png HTTP/1.1" 304 - "https://moabmonsters.com/" "Mozilla/5.0 (iPhone; CPU iPhone OS 26_3 like Mac OS X) AppleWebKit/605.1.15 (KHTML, like Gecko) CriOS/144.0.7559.95 Mobile/15E148 Safari/604.1"
2.56.72.36 - - [15/May/2026:10:19:00 +0000] "GET /wordpress/wp-content/plugins/woocommerce/assets/js/select2/select2.full.min.js?ver=4.0.3-wc.10.7.0 HTTP/1.1" 200 74620 "https://moabmonsters.com/" "Mozilla/5.0 (iPhone; CPU iPhone OS 26_3 like Mac OS X) AppleWebKit/605.1.15 (KHTML, like Gecko) CriOS/144.0.7559.95 Mobile/15E148 Safari/604.1"
2.56.72.36 - - [15/May/2026:10:19:00 +0000] "GET /wordpress/wp-content/plugins/qi-addons-for-elementor/inc/plugins/elementor/assets/js/elementor.js?ver=7b42d7a904609cfa79643e4c7034635f HTTP/1.1" 304 - "https://moabmonsters.com/" "Mozilla/5.0 (iPhone; CPU iPhone OS 26_3 like Mac OS X) AppleWebKit/605.1.15 (KHTML, like Gecko) CriOS/144.0.7559.95 Mobile/15E148 Safari/604.1"
2.56.72.36 - - [15/May/2026:10:19:00 +0000] "GET /wordpress/wp-content/plugins/kamperen-core/inc/icons/font-awesome/assets/webfonts/fa-brands-400.woff2 HTTP/1.1" 200 118072 "https://moabmonsters.com/wordpress/wp-content/plugins/kamperen-core/inc/icons/font-awesome/assets/css/all.min.css?ver=1.2.5" "Mozilla/5.0 (iPhone; CPU iPhone OS 26_3 like Mac OS X) AppleWebKit/605.1.15 (KHTML, like Gecko) CriOS/144.0.7559.95 Mobile/15E148 Safari/604.1"
2.56.72.36 - - [15/May/2026:10:19:00 +0000] "GET /wordpress/wp-content/plugins/kamperen-core/inc/icons/font-awesome/assets/webfonts/fa-solid-900.woff2 HTTP/1.1" 304 - "https://moabmonsters.com/wordpress/wp-content/plugins/kamperen-core/inc/icons/font-awesome/assets/css/all.min.css?ver=1.2.5" "Mozilla/5.0 (iPhone; CPU iPhone OS 26_3 like Mac OS X) AppleWebKit/605.1.15 (KHTML, like Gecko) CriOS/144.0.7559.95 Mobile/15E148 Safari/604.1"
2.56.72.36 - - [15/May/2026:10:19:00 +0000] "GET /wordpress/wp-content/uploads/2025/09/Moab_Monsters_Group-1536x1150.jpg HTTP/1.1" 304 - "https://moabmonsters.com/" "Mozilla/5.0 (iPhone; CPU iPhone OS 26_3 like Mac OS X) AppleWebKit/605.1.15 (KHTML, like Gecko) CriOS/144.0.7559.95 Mobile/15E148 Safari/604.1"
2.56.72.36 - - [15/May/2026:10:19:00 +0000] "GET /wordpress/wp-content/uploads/elementor/google-fonts/fonts/roboto-fb5169d9.woff2 HTTP/1.1" 200 40128 "https://moabmonsters.com/wordpress/wp-content/uploads/elementor/google-fonts/css/roboto.css?ver=1756764558" "Mozilla/5.0 (iPhone; CPU iPhone OS 26_3 like Mac OS X) AppleWebKit/605.1.15 (KHTML, like Gecko) CriOS/144.0.7559.95 Mobile/15E148 Safari/604.1"
2.56.72.36 - - [15/May/2026:10:19:00 +0000] "GET /wordpress/wp-content/plugins/kamperen-core/inc/icons/elegant-icons/assets/fonts/ElegantIcons.woff HTTP/1.1" 304 - "https://moabmonsters.com/wordpress/wp-content/plugins/kamperen-core/inc/icons/elegant-icons/assets/css/elegant-icons.min.css?ver=1.2.5" "Mozilla/5.0 (iPhone; CPU iPhone OS 26_3 like Mac OS X) AppleWebKit/605.1.15 (KHTML, like Gecko) CriOS/144.0.7559.95 Mobile/15E148 Safari/604.1"
2.56.72.36 - - [15/May/2026:10:19:00 +0000] "GET /wordpress/wp-content/uploads/2025/09/IMG_8730-1536x1152.jpg HTTP/1.1" 200 225226 "https://moabmonsters.com/" "Mozilla/5.0 (iPhone; CPU iPhone OS 26_3 like Mac OS X) AppleWebKit/605.1.15 (KHTML, like Gecko) CriOS/144.0.7559.95 Mobile/15E148 Safari/604.1"
2.56.72.36 - - [15/May/2026:10:19:00 +0000] "GET /wordpress/wp-content/plugins/mailchimp/assets/css/flick/images/ui-bg_highlight-soft_50_dddddd_1x100.png HTTP/1.1" 200 92 "https://moabmonsters.com/wordpress/wp-content/plugins/mailchimp/assets/css/flick/flick.css?ver=2.0.1" "Mozilla/5.0 (iPhone; CPU iPhone OS 26_3 like Mac OS X) AppleWebKit/605.1.15 (KHTML, like Gecko) CriOS/144.0.7559.95 Mobile/15E148 Safari/604.1"
2.56.72.36 - - [15/May/2026:10:19:00 +0000] "GET /wordpress/wp-content/plugins/mailchimp/assets/css/flick/images/ui-bg_glass_65_ffffff_1x400.png HTTP/1.1" 200 105 "https://moabmonsters.com/wordpress/wp-content/plugins/mailchimp/assets/css/flick/flick.css?ver=2.0.1" "Mozilla/5.0 (iPhone; CPU iPhone OS 26_3 like Mac OS X) AppleWebKit/605.1.15 (KHTML, like Gecko) CriOS/144.0.7559.95 Mobile/15E148 Safari/604.1"
2.56.72.36 - - [15/May/2026:10:19:00 +0000] "GET /wordpress/wp-content/plugins/mailchimp/assets/css/flick/images/ui-bg_flat_75_ffffff_40x100.png HTTP/1.1" 304 - "https://moabmonsters.com/wordpress/wp-content/plugins/mailchimp/assets/css/flick/flick.css?ver=2.0.1" "Mozilla/5.0 (iPhone; CPU iPhone OS 26_3 like Mac OS X) AppleWebKit/605.1.15 (KHTML, like Gecko) CriOS/144.0.7559.95 Mobile/15E148 Safari/604.1"
2.56.72.36 - - [15/May/2026:10:19:00 +0000] "GET /wordpress/wp-content/plugins/mailchimp/assets/css/flick/images/ui-bg_highlight-soft_100_f6f6f6_1x100.png HTTP/1.1" 304 - "https://moabmonsters.com/wordpress/wp-content/plugins/mailchimp/assets/css/flick/flick.css?ver=2.0.1" "Mozilla/5.0 (iPhone; CPU iPhone OS 26_3 like Mac OS X) AppleWebKit/605.1.15 (KHTML, like Gecko) CriOS/144.0.7559.95 Mobile/15E148 Safari/604.1"
2a03:2880:f806:3d:: - - [15/May/2026:10:18:58 +0000] "GET /items/F252052517/ HTTP/1.1" 404 89772 "-" "meta-externalagent/1.1 (+https://developers.facebook.com/docs/sharing/webmasters/crawler)"
2.56.72.36 - - [15/May/2026:10:19:00 +0000] "GET /wordpress/wp-content/uploads/2025/09/Z72_6133-scaled.jpg HTTP/1.1" 200 650060 "https://moabmonsters.com/" "Mozilla/5.0 (iPhone; CPU iPhone OS 26_3 like Mac OS X) AppleWebKit/605.1.15 (KHTML, like Gecko) CriOS/144.0.7559.95 Mobile/15E148 Safari/604.1"
2.56.72.36 - - [15/May/2026:10:19:00 +0000] "GET /wordpress/wp-content/plugins/elementor/assets/js/section-frontend-handlers.d85ab872da118940910d.bundle.min.js HTTP/1.1" 200 449 "https://moabmonsters.com/" "Mozilla/5.0 (iPhone; CPU iPhone OS 26_3 like Mac OS X) AppleWebKit/605.1.15 (KHTML, like Gecko) CriOS/144.0.7559.95 Mobile/15E148 Safari/604.1"
2.56.72.36 - - [15/May/2026:10:19:00 +0000] "GET /wordpress/wp-content/plugins/elementor/assets/js/shared-frontend-handlers.03caa53373b56d3bab67.bundle.min.js HTTP/1.1" 304 - "https://moabmonsters.com/" "Mozilla/5.0 (iPhone; CPU iPhone OS 26_3 like Mac OS X) AppleWebKit/605.1.15 (KHTML, like Gecko) CriOS/144.0.7559.95 Mobile/15E148 Safari/604.1"
2.56.72.36 - - [15/May/2026:10:19:00 +0000] "GET /wordpress/wp-content/plugins/revslider/public/css/sr7.lp.css HTTP/1.1" 304 - "https://moabmonsters.com/" "Mozilla/5.0 (iPhone; CPU iPhone OS 26_3 like Mac OS X) AppleWebKit/605.1.15 (KHTML, like Gecko) CriOS/144.0.7559.95 Mobile/15E148 Safari/604.1"
2.56.72.36 - - [15/May/2026:10:19:00 +0000] "GET /wordpress/wp-content/plugins/elementor/assets/js/text-editor.45609661e409413f1cef.bundle.min.js HTTP/1.1" 200 1348 "https://moabmonsters.com/" "Mozilla/5.0 (iPhone; CPU iPhone OS 26_3 like Mac OS X) AppleWebKit/605.1.15 (KHTML, like Gecko) CriOS/144.0.7559.95 Mobile/15E148 Safari/604.1"
2.56.72.36 - - [15/May/2026:10:19:00 +0000] "GET /wordpress/wp-content/uploads/2025/09/banner-4.mp4 HTTP/1.1" 304 - "https://moabmonsters.com/" "Mozilla/5.0 (iPhone; CPU iPhone OS 26_3 like Mac OS X) AppleWebKit/605.1.15 (KHTML, like Gecko) CriOS/144.0.7559.95 Mobile/15E148 Safari/604.1"
2.56.72.36 - - [15/May/2026:10:19:01 +0000] "GET /wordpress/wp-content/plugins/revslider/public/css/sr7.media.css HTTP/1.1" 200 1783 "https://moabmonsters.com/" "Mozilla/5.0 (iPhone; CPU iPhone OS 26_3 like Mac OS X) AppleWebKit/605.1.15 (KHTML, like Gecko) CriOS/144.0.7559.95 Mobile/15E148 Safari/604.1"
2.56.72.36 - - [15/May/2026:10:19:01 +0000] "GET /wordpress/wp-content/plugins/revslider/public/css/sr7.btns.css HTTP/1.1" 200 2747 "https://moabmonsters.com/" "Mozilla/5.0 (iPhone; CPU iPhone OS 26_3 like Mac OS X) AppleWebKit/605.1.15 (KHTML, like Gecko) CriOS/144.0.7559.95 Mobile/15E148 Safari/604.1"
2.56.72.36 - - [15/May/2026:10:19:01 +0000] "GET /wordpress/wp-content/uploads/2025/09/Moab-Monsters-trans.png HTTP/1.1" 200 1068582 "https://moabmonsters.com/" "Mozilla/5.0 (iPhone; CPU iPhone OS 26_3 like Mac OS X) AppleWebKit/605.1.15 (KHTML, like Gecko) CriOS/144.0.7559.95 Mobile/15E148 Safari/604.1"
2.56.72.36 - - [15/May/2026:10:19:01 +0000] "GET /wordpress/wp-content/uploads/2025/09/NZ8_2927-Edit-Edit-Edit-scaled.jpg HTTP/1.1" 200 475080 "https://moabmonsters.com/" "Mozilla/5.0 (iPhone; CPU iPhone OS 26_3 like Mac OS X) AppleWebKit/605.1.15 (KHTML, like Gecko) CriOS/144.0.7559.95 Mobile/15E148 Safari/604.1"
2.56.72.36 - - [15/May/2026:10:19:01 +0000] "GET /wordpress/wp-content/uploads/2025/09/NZ8_2927-Edit-Edit-Edit-scaled.jpg HTTP/1.1" 200 475080 "https://moabmonsters.com/" "Mozilla/5.0 (iPhone; CPU iPhone OS 26_3 like Mac OS X) AppleWebKit/605.1.15 (KHTML, like Gecko) CriOS/144.0.7559.95 Mobile/15E148 Safari/604.1"
2.56.72.36 - - [15/May/2026:10:19:01 +0000] "GET /wordpress/wp-content/uploads/2025/09/Moab-Monsters-trans-100x100.png HTTP/1.1" 304 - "https://moabmonsters.com/" "Mozilla/5.0 (iPhone; CPU iPhone OS 26_3 like Mac OS X) AppleWebKit/605.1.15 (KHTML, like Gecko) CriOS/144.0.7559.95 Mobile/15E148 Safari/604.1"
2.56.72.36 - - [15/May/2026:10:19:00 +0000] "POST /wp-json/wp-statistics/v2/hit HTTP/1.1" 200 15 "https://moabmonsters.com/" "Mozilla/5.0 (iPhone; CPU iPhone OS 26_3 like Mac OS X) AppleWebKit/605.1.15 (KHTML, like Gecko) CriOS/144.0.7559.95 Mobile/15E148 Safari/604.1"
66.249.79.3 - - [15/May/2026:10:19:06 +0000] "GET /items/X141475577/ HTTP/1.1" 404 89769 "-" "Mozilla/5.0 (Linux; Android 6.0.1; Nexus 5X Build/MMB29P) AppleWebKit/537.36 (KHTML, like Gecko) Chrome/148.0.7778.96 Mobile Safari/537.36 (compatible; GoogleOther)"
2607:5500:3000:95::2 - - [15/May/2026:10:19:07 +0000] "POST /wordpress/wp-cron.php?doing_wp_cron=1778840347.9303541183471679687500 HTTP/1.1" 404 89928 "-" "WordPress/6.9.4; https://moabmonsters.com"
66.249.79.4 - - [15/May/2026:10:19:16 +0000] "GET /items/S162823709/ HTTP/1.1" 404 89769 "-" "Mozilla/5.0 (Linux; Android 6.0.1; Nexus 5X Build/MMB29P) AppleWebKit/537.36 (KHTML, like Gecko) Chrome/148.0.7778.96 Mobile Safari/537.36 (compatible; GoogleOther)"
2a03:2880:f806:6:: - - [15/May/2026:10:19:48 +0000] "GET /items/F201614820/ HTTP/1.1" 404 89772 "-" "meta-externalagent/1.1 (+https://developers.facebook.com/docs/sharing/webmasters/crawler)"
2a03:2880:f806:20:: - - [15/May/2026:10:20:40 +0000] "GET /items/F271486658/ HTTP/1.1" 404 89772 "-" "meta-externalagent/1.1 (+https://developers.facebook.com/docs/sharing/webmasters/crawler)"
2607:5500:3000:95::2 - - [15/May/2026:10:20:42 +0000] "POST /wordpress/wp-cron.php?doing_wp_cron=1778840442.4800078868865966796875 HTTP/1.1" 404 89928 "-" "WordPress/6.9.4; https://moabmonsters.com"
2a03:2880:f806:36:: - - [15/May/2026:10:21:33 +0000] "GET /items/F283317375/ HTTP/1.1" 404 89772 "-" "meta-externalagent/1.1 (+https://developers.facebook.com/docs/sharing/webmasters/crawler)"
2a03:2880:f806:52:: - - [15/May/2026:10:22:25 +0000] "GET /items/F85446648/ HTTP/1.1" 404 89769 "-" "meta-externalagent/1.1 (+https://developers.facebook.com/docs/sharing/webmasters/crawler)"
2607:5500:3000:95::2 - - [15/May/2026:10:22:28 +0000] "POST /wordpress/wp-cron.php?doing_wp_cron=1778840548.1584570407867431640625 HTTP/1.1" 404 89928 "-" "WordPress/6.9.4; https://moabmonsters.com"
66.249.79.3 - - [15/May/2026:10:22:51 +0000] "GET /items/Y215666961/ HTTP/1.1" 404 89769 "-" "Mozilla/5.0 (Linux; Android 6.0.1; Nexus 5X Build/MMB29P) AppleWebKit/537.36 (KHTML, like Gecko) Chrome/148.0.7778.96 Mobile Safari/537.36 (compatible; GoogleOther)"
2a03:2880:f806:: - - [15/May/2026:10:23:18 +0000] "GET /items/F313166557/ HTTP/1.1" 404 89772 "-" "meta-externalagent/1.1 (+https://developers.facebook.com/docs/sharing/webmasters/crawler)"
66.249.79.4 - - [15/May/2026:10:23:20 +0000] "GET /items/K167232800/ HTTP/1.1" 404 89769 "-" "Mozilla/5.0 (Linux; Android 6.0.1; Nexus 5X Build/MMB29P) AppleWebKit/537.36 (KHTML, like Gecko) Chrome/148.0.7778.96 Mobile Safari/537.36 (compatible; GoogleOther)"
2a03:2880:f806:35:: - - [15/May/2026:10:24:10 +0000] "GET /items/F61418002/ HTTP/1.1" 404 89769 "-" "meta-externalagent/1.1 (+https://developers.facebook.com/docs/sharing/webmasters/crawler)"
2607:5500:3000:95::2 - - [15/May/2026:10:24:12 +0000] "POST /wordpress/wp-cron.php?doing_wp_cron=1778840652.1994879245758056640625 HTTP/1.1" 404 89928 "-" "WordPress/6.9.4; https://moabmonsters.com"
2a03:2880:f806:3f:: - - [15/May/2026:10:25:03 +0000] "GET /items/F196531052/ HTTP/1.1" 404 89772 "-" "meta-externalagent/1.1 (+https://developers.facebook.com/docs/sharing/webmasters/crawler)"
2a03:2880:f806:10:: - - [15/May/2026:10:25:56 +0000] "GET /items/F309596365/ HTTP/1.1" 404 89772 "-" "meta-externalagent/1.1 (+https://developers.facebook.com/docs/sharing/webmasters/crawler)"
2607:5500:3000:95::2 - - [15/May/2026:10:25:57 +0000] "POST /wordpress/wp-cron.php?doing_wp_cron=1778840757.9379239082336425781250 HTTP/1.1" 404 89928 "-" "WordPress/6.9.4; https://moabmonsters.com"
66.249.79.5 - - [15/May/2026:10:26:17 +0000] "GET /swarm/make/f5yuvzmbbsqcvo7.html HTTP/1.1" 404 89811 "-" "Mozilla/5.0 (Linux; Android 6.0.1; Nexus 5X Build/MMB29P) AppleWebKit/537.36 (KHTML, like Gecko) Chrome/148.0.7778.96 Mobile Safari/537.36 (compatible; GoogleOther)"
66.249.79.4 - - [15/May/2026:10:26:36 +0000] "GET /items/A316206183/ HTTP/1.1" 404 89769 "-" "Mozilla/5.0 (Linux; Android 6.0.1; Nexus 5X Build/MMB29P) AppleWebKit/537.36 (KHTML, like Gecko) Chrome/148.0.7778.96 Mobile Safari/537.36 (compatible; GoogleOther)"
2a03:2880:f806:23:: - - [15/May/2026:10:26:48 +0000] "GET /items/F103248759/ HTTP/1.1" 404 89772 "-" "meta-externalagent/1.1 (+https://developers.facebook.com/docs/sharing/webmasters/crawler)"
66.249.79.3 - - [15/May/2026:10:27:23 +0000] "GET /items/P154487224/ HTTP/1.1" 404 89769 "-" "Mozilla/5.0 (Linux; Android 6.0.1; Nexus 5X Build/MMB29P) AppleWebKit/537.36 (KHTML, like Gecko) Chrome/148.0.7778.96 Mobile Safari/537.36 (compatible; GoogleOther)"
2607:5500:3000:95::2 - - [15/May/2026:10:27:25 +0000] "POST /wordpress/wp-cron.php?doing_wp_cron=1778840845.1878440380096435546875 HTTP/1.1" 404 89928 "-" "WordPress/6.9.4; https://moabmonsters.com"
2a03:2880:f806:4c:: - - [15/May/2026:10:27:41 +0000] "GET /items/F148313880/ HTTP/1.1" 404 89772 "-" "meta-externalagent/1.1 (+https://developers.facebook.com/docs/sharing/webmasters/crawler)"
2a03:2880:f806:4a:: - - [15/May/2026:10:28:34 +0000] "GET /items/F270459204/ HTTP/1.1" 404 89772 "-" "meta-externalagent/1.1 (+https://developers.facebook.com/docs/sharing/webmasters/crawler)"
2607:5500:3000:95::2 - - [15/May/2026:10:28:36 +0000] "POST /wordpress/wp-cron.php?doing_wp_cron=1778840915.9622080326080322265625 HTTP/1.1" 404 89928 "-" "WordPress/6.9.4; https://moabmonsters.com"
114.119.134.106 - - [15/May/2026:10:29:00 +0000] "GET /a-heartbreaking-loss-in-downtown-slc/ HTTP/1.1" 404 107548 "https://moabmonsters.com/" "Mozilla/5.0 (Linux; Android 7.0;) AppleWebKit/537.36 (HTML, like Gecko) Mobile Safari/537.36 (compatible; PetalBot;+https://webmaster.petalsearch.com/site/petalbot)"
2a03:2880:f806:4c:: - - [15/May/2026:10:29:26 +0000] "GET /items/F27264789/ HTTP/1.1" 404 89769 "-" "meta-externalagent/1.1 (+https://developers.facebook.com/docs/sharing/webmasters/crawler)"
2a03:2880:f806:48:: - - [15/May/2026:10:30:18 +0000] "GET /items/F304529032/ HTTP/1.1" 404 89772 "-" "meta-externalagent/1.1 (+https://developers.facebook.com/docs/sharing/webmasters/crawler)"
2607:5500:3000:95::2 - - [15/May/2026:10:30:20 +0000] "POST /wordpress/wp-cron.php?doing_wp_cron=1778841020.3681659698486328125000 HTTP/1.1" 404 89928 "-" "WordPress/6.9.4; https://moabmonsters.com"
66.249.79.5 - - [15/May/2026:10:30:21 +0000] "GET /items/H270436921/ HTTP/1.1" 404 89769 "-" "Mozilla/5.0 (Linux; Android 6.0.1; Nexus 5X Build/MMB29P) AppleWebKit/537.36 (KHTML, like Gecko) Chrome/148.0.7778.96 Mobile Safari/537.36 (compatible; GoogleOther)"
2a03:2880:f806:20:: - - [15/May/2026:10:31:11 +0000] "GET /items/F179722436/ HTTP/1.1" 404 89772 "-" "meta-externalagent/1.1 (+https://developers.facebook.com/docs/sharing/webmasters/crawler)"
66.249.79.3 - - [15/May/2026:10:31:26 +0000] "GET /items/Z169817608/ HTTP/1.1" 404 89769 "-" "Mozilla/5.0 (Linux; Android 6.0.1; Nexus 5X Build/MMB29P) AppleWebKit/537.36 (KHTML, like Gecko) Chrome/148.0.7778.96 Mobile Safari/537.36 (compatible; GoogleOther)"
2607:5500:3000:95::2 - - [15/May/2026:10:31:28 +0000] "POST /wordpress/wp-cron.php?doing_wp_cron=1778841088.5234088897705078125000 HTTP/1.1" 404 89928 "-" "WordPress/6.9.4; https://moabmonsters.com"
2a03:2880:f806:22:: - - [15/May/2026:10:32:04 +0000] "GET /items/F262702981/ HTTP/1.1" 404 89772 "-" "meta-externalagent/1.1 (+https://developers.facebook.com/docs/sharing/webmasters/crawler)"
2a03:2880:f806:43:: - - [15/May/2026:10:32:56 +0000] "GET /items/F205006355/ HTTP/1.1" 404 89772 "-" "meta-externalagent/1.1 (+https://developers.facebook.com/docs/sharing/webmasters/crawler)"
2607:5500:3000:95::2 - - [15/May/2026:10:32:58 +0000] "POST /wordpress/wp-cron.php?doing_wp_cron=1778841178.5333950519561767578125 HTTP/1.1" 404 89928 "-" "WordPress/6.9.4; https://moabmonsters.com"
2a03:2880:f806:12:: - - [15/May/2026:10:33:49 +0000] "GET /items/F109122375/ HTTP/1.1" 404 89772 "-" "meta-externalagent/1.1 (+https://developers.facebook.com/docs/sharing/webmasters/crawler)"
145.223.131.183 - - [15/May/2026:10:33:50 +0000] "GET /refund_returns HTTP/1.1" 301 - "-" "Mozilla/5.0 (Macintosh; Intel Mac OS X 13_5) AppleWebKit/605.1.15 (KHTML, like Gecko) Version/17.0 Safari/184.1"
145.223.131.183 - - [15/May/2026:10:33:52 +0000] "GET /refund_returns/ HTTP/1.1" 200 97285 "-" "Mozilla/5.0 (Macintosh; Intel Mac OS X 13_5) AppleWebKit/605.1.15 (KHTML, like Gecko) Version/17.0 Safari/184.1"
66.249.79.3 - - [15/May/2026:10:34:06 +0000] "GET /items/T211131860/ HTTP/1.1" 404 89769 "-" "Mozilla/5.0 (Linux; Android 6.0.1; Nexus 5X Build/MMB29P) AppleWebKit/537.36 (KHTML, like Gecko) Chrome/148.0.7778.96 Mobile Safari/537.36 (compatible; GoogleOther)"
2607:5500:3000:95::2 - - [15/May/2026:10:34:08 +0000] "POST /wordpress/wp-cron.php?doing_wp_cron=1778841248.0137240886688232421875 HTTP/1.1" 404 89928 "-" "WordPress/6.9.4; https://moabmonsters.com"
2a03:2880:f806:12:: - - [15/May/2026:10:34:41 +0000] "GET /items/F105857961/ HTTP/1.1" 404 89772 "-" "meta-externalagent/1.1 (+https://developers.facebook.com/docs/sharing/webmasters/crawler)"
66.249.79.4 - - [15/May/2026:10:35:29 +0000] "GET /items/U192340214/ HTTP/1.1" 404 89769 "-" "Mozilla/5.0 (Linux; Android 6.0.1; Nexus 5X Build/MMB29P) AppleWebKit/537.36 (KHTML, like Gecko) Chrome/148.0.7778.96 Mobile Safari/537.36 (compatible; GoogleOther)"
2607:5500:3000:95::2 - - [15/May/2026:10:35:31 +0000] "POST /wordpress/wp-cron.php?doing_wp_cron=1778841331.6947689056396484375000 HTTP/1.1" 404 89928 "-" "WordPress/6.9.4; https://moabmonsters.com"
2a03:2880:f806:51:: - - [15/May/2026:10:35:35 +0000] "GET /items/F23190618/ HTTP/1.1" 404 89769 "-" "meta-externalagent/1.1 (+https://developers.facebook.com/docs/sharing/webmasters/crawler)"
52.167.144.175 - - [15/May/2026:10:35:58 +0000] "GET /wp-sitemap-posts-accommodation-1.xml HTTP/1.1" 404 320 "-" "Mozilla/5.0 AppleWebKit/537.36 (KHTML, like Gecko; compatible; bingbot/2.0; +http://www.bing.com/bingbot.htm) Chrome/116.0.1938.76 Safari/537.36"
2a03:2880:f806:18:: - - [15/May/2026:10:36:27 +0000] "GET /items/F35312365/ HTTP/1.1" 404 89769 "-" "meta-externalagent/1.1 (+https://developers.facebook.com/docs/sharing/webmasters/crawler)"
2a03:2880:f806:42:: - - [15/May/2026:10:37:20 +0000] "GET /items/F57975375/ HTTP/1.1" 404 89769 "-" "meta-externalagent/1.1 (+https://developers.facebook.com/docs/sharing/webmasters/crawler)"
2607:5500:3000:95::2 - - [15/May/2026:10:37:21 +0000] "POST /wordpress/wp-cron.php?doing_wp_cron=1778841441.7350149154663085937500 HTTP/1.1" 404 89928 "-" "WordPress/6.9.4; https://moabmonsters.com"
66.249.79.4 - - [15/May/2026:10:37:51 +0000] "GET /items/D163418820/ HTTP/1.1" 404 89769 "-" "Mozilla/5.0 (Linux; Android 6.0.1; Nexus 5X Build/MMB29P) AppleWebKit/537.36 (KHTML, like Gecko) Chrome/148.0.7778.96 Mobile Safari/537.36 (compatible; GoogleOther)"
2a03:2880:f806:42:: - - [15/May/2026:10:38:12 +0000] "GET /items/F252756315/ HTTP/1.1" 404 89772 "-" "meta-externalagent/1.1 (+https://developers.facebook.com/docs/sharing/webmasters/crawler)"
2a03:2880:f806:50:: - - [15/May/2026:10:39:04 +0000] "GET /items/F172088173/ HTTP/1.1" 404 89772 "-" "meta-externalagent/1.1 (+https://developers.facebook.com/docs/sharing/webmasters/crawler)"
2607:5500:3000:95::2 - - [15/May/2026:10:39:06 +0000] "POST /wordpress/wp-cron.php?doing_wp_cron=1778841546.5778229236602783203125 HTTP/1.1" 404 89928 "-" "WordPress/6.9.4; https://moabmonsters.com"
66.249.79.3 - - [15/May/2026:10:39:33 +0000] "GET /items/K162145870/ HTTP/1.1" 404 89769 "-" "Mozilla/5.0 (Linux; Android 6.0.1; Nexus 5X Build/MMB29P) AppleWebKit/537.36 (KHTML, like Gecko) Chrome/148.0.7778.96 Mobile Safari/537.36 (compatible; GoogleOther)"
2a03:2880:f806:48:: - - [15/May/2026:10:39:57 +0000] "GET /items/F128546961/ HTTP/1.1" 404 89772 "-" "meta-externalagent/1.1 (+https://developers.facebook.com/docs/sharing/webmasters/crawler)"
66.249.79.4 - - [15/May/2026:10:40:45 +0000] "GET /items/Y119454153/ HTTP/1.1" 200 239141 "-" "Mozilla/5.0 (Linux; Android 6.0.1; Nexus 5X Build/MMB29P) AppleWebKit/537.36 (KHTML, like Gecko) Chrome/148.0.7778.96 Mobile Safari/537.36 (compatible; Googlebot/2.1; +http://www.google.com/bot.html)"
2a03:2880:f806:a:: - - [15/May/2026:10:40:49 +0000] "GET /items/F38503547/ HTTP/1.1" 404 89769 "-" "meta-externalagent/1.1 (+https://developers.facebook.com/docs/sharing/webmasters/crawler)"
2607:5500:3000:95::2 - - [15/May/2026:10:40:51 +0000] "POST /wordpress/wp-cron.php?doing_wp_cron=1778841651.5590128898620605468750 HTTP/1.1" 404 89928 "-" "WordPress/6.9.4; https://moabmonsters.com"
66.249.79.3 - - [15/May/2026:10:41:36 +0000] "GET /items/S287827628/ HTTP/1.1" 404 89769 "-" "Mozilla/5.0 (Linux; Android 6.0.1; Nexus 5X Build/MMB29P) AppleWebKit/537.36 (KHTML, like Gecko) Chrome/148.0.7778.96 Mobile Safari/537.36 (compatible; GoogleOther)"
2a03:2880:f806:5:: - - [15/May/2026:10:41:42 +0000] "GET /items/F89565042/ HTTP/1.1" 404 89769 "-" "meta-externalagent/1.1 (+https://developers.facebook.com/docs/sharing/webmasters/crawler)"
2a03:2880:f806:4f:: - - [15/May/2026:10:42:35 +0000] "GET /items/F28358850/ HTTP/1.1" 404 89769 "-" "meta-externalagent/1.1 (+https://developers.facebook.com/docs/sharing/webmasters/crawler)"
2607:5500:3000:95::2 - - [15/May/2026:10:42:36 +0000] "POST /wordpress/wp-cron.php?doing_wp_cron=1778841756.7370970249176025390625 HTTP/1.1" 404 89928 "-" "WordPress/6.9.4; https://moabmonsters.com"
2a03:2880:f806:48:: - - [15/May/2026:10:43:27 +0000] "GET /items/F240208406/ HTTP/1.1" 404 89772 "-" "meta-externalagent/1.1 (+https://developers.facebook.com/docs/sharing/webmasters/crawler)"
66.249.79.4 - - [15/May/2026:10:43:36 +0000] "GET /items/A220002264/ HTTP/1.1" 404 89769 "-" "Mozilla/5.0 (Linux; Android 6.0.1; Nexus 5X Build/MMB29P) AppleWebKit/537.36 (KHTML, like Gecko) Chrome/148.0.7778.96 Mobile Safari/537.36 (compatible; GoogleOther)"
2607:5500:3000:95::2 - - [15/May/2026:10:43:37 +0000] "POST /wordpress/wp-cron.php?doing_wp_cron=1778841817.8921918869018554687500 HTTP/1.1" 404 89928 "-" "WordPress/6.9.4; https://moabmonsters.com"
66.249.79.4 - - [15/May/2026:10:43:55 +0000] "GET /items/W276328981/ HTTP/1.1" 404 89769 "-" "Mozilla/5.0 (Linux; Android 6.0.1; Nexus 5X Build/MMB29P) AppleWebKit/537.36 (KHTML, like Gecko) Chrome/148.0.7778.96 Mobile Safari/537.36 (compatible; GoogleOther)"
2a03:2880:f806:14:: - - [15/May/2026:10:44:20 +0000] "GET /items/F127765436/ HTTP/1.1" 404 89772 "-" "meta-externalagent/1.1 (+https://developers.facebook.com/docs/sharing/webmasters/crawler)"
2a03:2880:f806:4c:: - - [15/May/2026:10:45:12 +0000] "GET /items/F78197608/ HTTP/1.1" 404 89769 "-" "meta-externalagent/1.1 (+https://developers.facebook.com/docs/sharing/webmasters/crawler)"
2607:5500:3000:95::2 - - [15/May/2026:10:45:14 +0000] "POST /wordpress/wp-cron.php?doing_wp_cron=1778841914.2849800586700439453125 HTTP/1.1" 404 89928 "-" "WordPress/6.9.4; https://moabmonsters.com"
66.249.79.3 - - [15/May/2026:10:45:21 +0000] "GET /items/V226728315/ HTTP/1.1" 404 89769 "-" "Mozilla/5.0 (Linux; Android 6.0.1; Nexus 5X Build/MMB29P) AppleWebKit/537.36 (KHTML, like Gecko) Chrome/148.0.7778.96 Mobile Safari/537.36 (compatible; GoogleOther)"
66.249.79.3 - - [15/May/2026:10:45:45 +0000] "GET /rules-policies/ HTTP/1.1" 200 224205 "-" "Mozilla/5.0 (Linux; Android 6.0.1; Nexus 5X Build/MMB29P) AppleWebKit/537.36 (KHTML, like Gecko) Chrome/148.0.7778.96 Mobile Safari/537.36 (compatible; Googlebot/2.1; +http://www.google.com/bot.html)"
2a03:2880:f806:47:: - - [15/May/2026:10:46:05 +0000] "GET /items/F210618204/ HTTP/1.1" 404 89772 "-" "meta-externalagent/1.1 (+https://developers.facebook.com/docs/sharing/webmasters/crawler)"
2a03:2880:f806:15:: - - [15/May/2026:10:46:58 +0000] "GET /items/F296261850/ HTTP/1.1" 404 89772 "-" "meta-externalagent/1.1 (+https://developers.facebook.com/docs/sharing/webmasters/crawler)"
2607:5500:3000:95::2 - - [15/May/2026:10:46:59 +0000] "POST /wordpress/wp-cron.php?doing_wp_cron=1778842019.8276369571685791015625 HTTP/1.1" 404 89928 "-" "WordPress/6.9.4; https://moabmonsters.com"
66.249.79.4 - - [15/May/2026:10:47:39 +0000] "GET /items/Z205432840/ HTTP/1.1" 404 89769 "-" "Mozilla/5.0 (Linux; Android 6.0.1; Nexus 5X Build/MMB29P) AppleWebKit/537.36 (KHTML, like Gecko) Chrome/148.0.7778.96 Mobile Safari/537.36 (compatible; GoogleOther)"
66.249.79.5 - - [15/May/2026:10:47:42 +0000] "GET /shop/pg/1sancyoku/ HTTP/1.1" 404 89772 "-" "Mozilla/5.0 (Linux; Android 6.0.1; Nexus 5X Build/MMB29P) AppleWebKit/537.36 (KHTML, like Gecko) Chrome/148.0.7778.96 Mobile Safari/537.36 (compatible; GoogleOther)"
2a03:2880:f806:15:: - - [15/May/2026:10:47:49 +0000] "GET /items/F201010810/ HTTP/1.1" 404 89772 "-" "meta-externalagent/1.1 (+https://developers.facebook.com/docs/sharing/webmasters/crawler)"
2a03:2880:f806:14:: - - [15/May/2026:10:48:42 +0000] "GET /items/F58325365/ HTTP/1.1" 404 89769 "-" "meta-externalagent/1.1 (+https://developers.facebook.com/docs/sharing/webmasters/crawler)"
2607:5500:3000:95::2 - - [15/May/2026:10:48:44 +0000] "POST /wordpress/wp-cron.php?doing_wp_cron=1778842124.5573859214782714843750 HTTP/1.1" 404 89928 "-" "WordPress/6.9.4; https://moabmonsters.com"
66.249.79.7 - - [15/May/2026:10:49:06 +0000] "GET /items/V206798143/ HTTP/1.1" 404 89769 "-" "Mozilla/5.0 (Linux; Android 6.0.1; Nexus 5X Build/MMB29P) AppleWebKit/537.36 (KHTML, like Gecko) Chrome/148.0.7778.96 Mobile Safari/537.36 (compatible; GoogleOther)"
2a03:2880:f806:6:: - - [15/May/2026:10:49:35 +0000] "GET /items/F145661365/ HTTP/1.1" 404 89772 "-" "meta-externalagent/1.1 (+https://developers.facebook.com/docs/sharing/webmasters/crawler)"
66.249.79.6 - - [15/May/2026:10:51:42 +0000] "GET /items/P135777567/ HTTP/1.1" 404 89769 "-" "Mozilla/5.0 (Linux; Android 6.0.1; Nexus 5X Build/MMB29P) AppleWebKit/537.36 (KHTML, like Gecko) Chrome/148.0.7778.96 Mobile Safari/537.36 (compatible; GoogleOther)"
2607:5500:3000:95::2 - - [15/May/2026:10:51:44 +0000] "POST /wordpress/wp-cron.php?doing_wp_cron=1778842304.4453659057617187500000 HTTP/1.1" 404 89928 "-" "WordPress/6.9.4; https://moabmonsters.com"
66.249.79.6 - - [15/May/2026:10:52:51 +0000] "GET /items/Q221177446/ HTTP/1.1" 404 89769 "-" "Mozilla/5.0 (Linux; Android 6.0.1; Nexus 5X Build/MMB29P) AppleWebKit/537.36 (KHTML, like Gecko) Chrome/148.0.7778.96 Mobile Safari/537.36 (compatible; GoogleOther)"
2607:5500:3000:95::2 - - [15/May/2026:10:52:54 +0000] "POST /wordpress/wp-cron.php?doing_wp_cron=1778842374.5830559730529785156250 HTTP/1.1" 404 89928 "-" "WordPress/6.9.4; https://moabmonsters.com"
66.249.79.4 - - [15/May/2026:10:55:11 +0000] "GET /version/bit/ehhnq65d6q5rf3m.html HTTP/1.1" 404 89814 "-" "Mozilla/5.0 (Linux; Android 6.0.1; Nexus 5X Build/MMB29P) AppleWebKit/537.36 (KHTML, like Gecko) Chrome/148.0.7778.96 Mobile Safari/537.36 (compatible; GoogleOther)"
2607:5500:3000:95::2 - - [15/May/2026:10:55:13 +0000] "POST /wordpress/wp-cron.php?doing_wp_cron=1778842513.6725239753723144531250 HTTP/1.1" 404 89928 "-" "WordPress/6.9.4; https://moabmonsters.com"
66.249.79.4 - - [15/May/2026:10:55:16 +0000] "GET /property/production/furcc4fbsvv515c.html HTTP/1.1" 404 89838 "-" "Mozilla/5.0 (Linux; Android 6.0.1; Nexus 5X Build/MMB29P) AppleWebKit/537.36 (KHTML, like Gecko) Chrome/148.0.7778.96 Mobile Safari/537.36 (compatible; GoogleOther)"
66.249.79.3 - - [15/May/2026:10:55:22 +0000] "GET /element/craft/e480hxwzxhwi6ud.html HTTP/1.1" 404 89820 "-" "Mozilla/5.0 (Linux; Android 6.0.1; Nexus 5X Build/MMB29P) AppleWebKit/537.36 (KHTML, like Gecko) Chrome/148.0.7778.96 Mobile Safari/537.36 (compatible; GoogleOther)"
66.249.79.4 - - [15/May/2026:10:57:11 +0000] "GET / HTTP/1.1" 200 224296 "-" "Mozilla/5.0 (Linux; Android 6.0.1; Nexus 5X Build/MMB29P) AppleWebKit/537.36 (KHTML, like Gecko) Chrome/148.0.7778.96 Mobile Safari/537.36 (compatible; Googlebot/2.1; +http://www.google.com/bot.html)"
66.249.79.4 - - [15/May/2026:10:58:31 +0000] "GET /chapter/possession/fahfq65b61xvdje.html HTTP/1.1" 404 89835 "-" "Mozilla/5.0 (Linux; Android 6.0.1; Nexus 5X Build/MMB29P) AppleWebKit/537.36 (KHTML, like Gecko) Chrome/148.0.7778.96 Mobile Safari/537.36 (compatible; GoogleOther)"
2607:5500:3000:95::2 - - [15/May/2026:10:58:33 +0000] "POST /wordpress/wp-cron.php?doing_wp_cron=1778842713.7565250396728515625000 HTTP/1.1" 404 89928 "-" "WordPress/6.9.4; https://moabmonsters.com"
66.249.79.4 - - [15/May/2026:10:58:37 +0000] "GET /section/sort/eshzq6516q5r53m.html HTTP/1.1" 404 89817 "-" "Mozilla/5.0 (Linux; Android 6.0.1; Nexus 5X Build/MMB29P) AppleWebKit/537.36 (KHTML, like Gecko) Chrome/148.0.7778.96 Mobile Safari/537.36 (compatible; GoogleOther)"
