66.249.79.6 - - [15/May/2026:11:02:03 +0000] "GET /chapter/produce/edx2ialcyuljq72.html HTTP/1.1" 404 89826 "-" "Mozilla/5.0 (Linux; Android 6.0.1; Nexus 5X Build/MMB29P) AppleWebKit/537.36 (KHTML, like Gecko) Chrome/148.0.7778.96 Mobile Safari/537.36 (compatible; GoogleOther)"
2607:5500:3000:95::2 - - [15/May/2026:11:02:05 +0000] "POST /wordpress/wp-cron.php?doing_wp_cron=1778842925.5914459228515625000000 HTTP/1.1" 404 89928 "-" "WordPress/6.9.4; https://moabmonsters.com"
66.249.79.6 - - [15/May/2026:11:02:08 +0000] "GET /style/option/ea09ldot1xomsa5.html HTTP/1.1" 404 89817 "-" "Mozilla/5.0 (Linux; Android 6.0.1; Nexus 5X Build/MMB29P) AppleWebKit/537.36 (KHTML, like Gecko) Chrome/148.0.7778.96 Mobile Safari/537.36 (compatible; GoogleOther)"
66.249.79.5 - - [15/May/2026:11:02:50 +0000] "GET /version/apparatus/fwmejnabz9e0acv.html HTTP/1.1" 404 89832 "-" "Mozilla/5.0 (Linux; Android 6.0.1; Nexus 5X Build/MMB29P) AppleWebKit/537.36 (KHTML, like Gecko) Chrome/148.0.7778.96 Mobile Safari/537.36 (compatible; GoogleOther)"
66.249.79.6 - - [15/May/2026:11:04:23 +0000] "GET /rubric/shipment/dm5jeuteuetfbra.html HTTP/1.1" 404 89826 "-" "Mozilla/5.0 (Linux; Android 6.0.1; Nexus 5X Build/MMB29P) AppleWebKit/537.36 (KHTML, like Gecko) Chrome/148.0.7778.96 Mobile Safari/537.36 (compatible; GoogleOther)"
2607:5500:3000:95::2 - - [15/May/2026:11:04:25 +0000] "POST /wordpress/wp-cron.php?doing_wp_cron=1778843065.1671490669250488281250 HTTP/1.1" 404 89928 "-" "WordPress/6.9.4; https://moabmonsters.com"
66.249.79.6 - - [15/May/2026:11:05:21 +0000] "GET /robots.txt HTTP/1.1" 304 - "-" "Mozilla/5.0 (compatible; Googlebot/2.1; +http://www.google.com/bot.html)"
66.249.79.6 - - [15/May/2026:11:05:20 +0000] "GET /chapter/pattern/edlk6y96mi978vq.html HTTP/1.1" 404 89826 "-" "Mozilla/5.0 (Linux; Android 6.0.1; Nexus 5X Build/MMB29P) AppleWebKit/537.36 (KHTML, like Gecko) Chrome/148.0.7778.96 Mobile Safari/537.36 (compatible; GoogleOther)"
2a03:2880:f806:24:: - - [15/May/2026:11:06:36 +0000] "GET /wp-sitemap-taxonomies-masonry-gallery-category-1.xml HTTP/1.1" 404 354 "-" "meta-externalagent/1.1 (+https://developers.facebook.com/docs/sharing/webmasters/crawler)"
2607:5500:3000:95::2 - - [15/May/2026:11:06:37 +0000] "POST /wordpress/wp-cron.php?doing_wp_cron=1778843197.7433879375457763671875 HTTP/1.1" 404 89928 "-" "WordPress/6.9.4; https://moabmonsters.com"
216.73.217.61 - - [15/May/2026:11:08:29 +0000] "GET /robots.txt HTTP/1.1" 304 - "-" "Mozilla/5.0 AppleWebKit/537.36 (KHTML, like Gecko; compatible; ClaudeBot/1.0; [email protected])"
216.73.217.61 - - [15/May/2026:11:08:29 +0000] "GET / HTTP/1.1" 404 179159 "-" "Mozilla/5.0 AppleWebKit/537.36 (KHTML, like Gecko; compatible; ClaudeBot/1.0; [email protected])"
2607:5500:3000:95::2 - - [15/May/2026:11:08:31 +0000] "POST /wordpress/wp-cron.php?doing_wp_cron=1778843311.4406778812408447265625 HTTP/1.1" 404 89928 "-" "WordPress/6.9.4; https://moabmonsters.com"
66.249.79.6 - - [15/May/2026:11:09:05 +0000] "GET /robots.txt HTTP/1.1" 304 - "-" "Mozilla/5.0 (compatible; Googlebot/2.1; +http://www.google.com/bot.html)"
66.249.79.5 - - [15/May/2026:11:09:05 +0000] "GET /union/model/fqoe91cbpms2x29.html HTTP/1.1" 404 89814 "-" "Mozilla/5.0 (Linux; Android 6.0.1; Nexus 5X Build/MMB29P) AppleWebKit/537.36 (KHTML, like Gecko) Chrome/148.0.7778.96 Mobile Safari/537.36 (compatible; GoogleOther)"
66.249.79.5 - - [15/May/2026:11:09:09 +0000] "GET /entity/return/e4qozfeqfze0fcv.html HTTP/1.1" 404 89820 "-" "Mozilla/5.0 (Linux; Android 6.0.1; Nexus 5X Build/MMB29P) AppleWebKit/537.36 (KHTML, like Gecko) Chrome/148.0.7778.96 Mobile Safari/537.36 (compatible; GoogleOther)"
66.249.79.5 - - [15/May/2026:11:09:14 +0000] "GET /items/M296472456/ HTTP/1.1" 404 89769 "-" "Mozilla/5.0 (Linux; Android 6.0.1; Nexus 5X Build/MMB29P) AppleWebKit/537.36 (KHTML, like Gecko) Chrome/148.0.7778.96 Mobile Safari/537.36 (compatible; GoogleOther)"
66.249.79.5 - - [15/May/2026:11:09:18 +0000] "GET /array/contraption/eo7i48v0ksv5q5c.html HTTP/1.1" 404 89832 "-" "Mozilla/5.0 (Linux; Android 6.0.1; Nexus 5X Build/MMB29P) AppleWebKit/537.36 (KHTML, like Gecko) Chrome/148.0.7778.96 Mobile Safari/537.36 (compatible; GoogleOther)"
66.249.79.5 - - [15/May/2026:11:09:22 +0000] "GET /division/scrap/e3wd5lk9l5k6ui1.html HTTP/1.1" 404 89823 "-" "Mozilla/5.0 (Linux; Android 6.0.1; Nexus 5X Build/MMB29P) AppleWebKit/537.36 (KHTML, like Gecko) Chrome/148.0.7778.96 Mobile Safari/537.36 (compatible; GoogleOther)"
66.249.79.5 - - [15/May/2026:11:10:04 +0000] "GET /sector/appliance/eqlk6y9ymi97yvq.html HTTP/1.1" 404 89829 "-" "Mozilla/5.0 (Linux; Android 6.0.1; Nexus 5X Build/MMB29P) AppleWebKit/537.36 (KHTML, like Gecko) Chrome/148.0.7778.96 Mobile Safari/537.36 (compatible; GoogleOther)"
2607:5500:3000:95::2 - - [15/May/2026:11:10:07 +0000] "POST /wordpress/wp-cron.php?doing_wp_cron=1778843407.0573060512542724609375 HTTP/1.1" 404 89928 "-" "WordPress/6.9.4; https://moabmonsters.com"
66.249.79.7 - - [15/May/2026:11:10:09 +0000] "GET /robots.txt HTTP/1.1" 200 100 "-" "Mozilla/5.0 (compatible; Googlebot/2.1; +http://www.google.com/bot.html)"
66.249.79.7 - - [15/May/2026:11:10:09 +0000] "GET /rubric/fort-rules/ejuhf7iqvrigd4z.html HTTP/1.1" 404 89832 "-" "Mozilla/5.0 (Linux; Android 6.0.1; Nexus 5X Build/MMB29P) AppleWebKit/537.36 (KHTML, like Gecko) Chrome/148.0.7778.96 Mobile Safari/537.36 (compatible; GoogleOther)"
66.249.79.7 - - [15/May/2026:11:12:10 +0000] "GET /rubric/derivative/fxncwcbbcz31rpk.html HTTP/1.1" 404 89832 "-" "Mozilla/5.0 (Linux; Android 6.0.1; Nexus 5X Build/MMB29P) AppleWebKit/537.36 (KHTML, like Gecko) Chrome/148.0.7778.96 Mobile Safari/537.36 (compatible; GoogleOther)"
2607:5500:3000:95::2 - - [15/May/2026:11:12:12 +0000] "POST /wordpress/wp-cron.php?doing_wp_cron=1778843531.8852620124816894531250 HTTP/1.1" 404 89928 "-" "WordPress/6.9.4; https://moabmonsters.com"
66.249.79.6 - - [15/May/2026:11:15:55 +0000] "GET /society/serial/e8d5ae19qy1b1bi.html HTTP/1.1" 404 89823 "-" "Mozilla/5.0 (Linux; Android 6.0.1; Nexus 5X Build/MMB29P) AppleWebKit/537.36 (KHTML, like Gecko) Chrome/148.0.7778.96 Mobile Safari/537.36 (compatible; GoogleOther)"
2607:5500:3000:95::2 - - [15/May/2026:11:15:58 +0000] "POST /wordpress/wp-cron.php?doing_wp_cron=1778843758.5714349746704101562500 HTTP/1.1" 404 89928 "-" "WordPress/6.9.4; https://moabmonsters.com"
66.249.79.6 - - [15/May/2026:11:18:59 +0000] "GET /chapter/issue/fxveswjb8hn9hl4.html HTTP/1.1" 404 89820 "-" "Mozilla/5.0 (Linux; Android 6.0.1; Nexus 5X Build/MMB29P) AppleWebKit/537.36 (KHTML, like Gecko) Chrome/148.0.7778.96 Mobile Safari/537.36 (compatible; GoogleOther)"
2607:5500:3000:95::2 - - [15/May/2026:11:19:00 +0000] "POST /wordpress/wp-cron.php?doing_wp_cron=1778843940.9233229160308837890625 HTTP/1.1" 404 89928 "-" "WordPress/6.9.4; https://moabmonsters.com"
66.249.79.6 - - [15/May/2026:11:21:42 +0000] "GET /breed/set/fbdrae1bq15r73m.html HTTP/1.1" 404 89808 "-" "Mozilla/5.0 (Linux; Android 6.0.1; Nexus 5X Build/MMB29P) AppleWebKit/537.36 (KHTML, like Gecko) Chrome/148.0.7778.96 Mobile Safari/537.36 (compatible; GoogleOther)"
2607:5500:3000:95::2 - - [15/May/2026:11:21:43 +0000] "POST /wordpress/wp-cron.php?doing_wp_cron=1778844103.7576820850372314453125 HTTP/1.1" 404 89928 "-" "WordPress/6.9.4; https://moabmonsters.com"
66.249.79.7 - - [15/May/2026:11:25:48 +0000] "GET /rubric/accomplishment/ezxjialfyulj972.html HTTP/1.1" 404 89844 "-" "Mozilla/5.0 (Linux; Android 6.0.1; Nexus 5X Build/MMB29P) AppleWebKit/537.36 (KHTML, like Gecko) Chrome/148.0.7778.96 Mobile Safari/537.36 (compatible; GoogleOther)"
2607:5500:3000:95::2 - - [15/May/2026:11:25:49 +0000] "POST /wordpress/wp-cron.php?doing_wp_cron=1778844349.8780579566955566406250 HTTP/1.1" 404 89928 "-" "WordPress/6.9.4; https://moabmonsters.com"
66.249.79.7 - - [15/May/2026:11:27:28 +0000] "GET /rubric/segment/ejcfxp0ud90yzmh.html HTTP/1.1" 404 89823 "-" "Mozilla/5.0 (Linux; Android 6.0.1; Nexus 5X Build/MMB29P) AppleWebKit/537.36 (KHTML, like Gecko) Chrome/148.0.7778.96 Mobile Safari/537.36 (compatible; GoogleOther)"
2607:5500:3000:95::2 - - [15/May/2026:11:27:32 +0000] "POST /wordpress/wp-cron.php?doing_wp_cron=1778844452.1211740970611572265625 HTTP/1.1" 404 89928 "-" "WordPress/6.9.4; https://moabmonsters.com"
47.128.126.30 - - [15/May/2026:11:30:02 +0000] "GET /robots.txt HTTP/1.1" 200 100 "-" "Mozilla/5.0 (Linux; Android 5.0) AppleWebKit/537.36 (KHTML, like Gecko) Mobile Safari/537.36 (compatible; Bytespider; [email protected])"
66.249.79.3 - - [15/May/2026:11:32:37 +0000] "GET /chapter/set/exh1q65t6q5rz3m.html HTTP/1.1" 404 89814 "-" "Mozilla/5.0 (Linux; Android 6.0.1; Nexus 5X Build/MMB29P) AppleWebKit/537.36 (KHTML, like Gecko) Chrome/148.0.7778.96 Mobile Safari/537.36 (compatible; GoogleOther)"
2607:5500:3000:95::2 - - [15/May/2026:11:32:39 +0000] "POST /wordpress/wp-cron.php?doing_wp_cron=1778844759.0145990848541259765625 HTTP/1.1" 404 89928 "-" "WordPress/6.9.4; https://moabmonsters.com"
66.249.79.5 - - [15/May/2026:11:33:14 +0000] "GET /chapter/bit/e5iy3v6ujf64xsn.html HTTP/1.1" 404 89814 "-" "Mozilla/5.0 (Linux; Android 6.0.1; Nexus 5X Build/MMB29P) AppleWebKit/537.36 (KHTML, like Gecko) Chrome/148.0.7778.96 Mobile Safari/537.36 (compatible; GoogleOther)"
66.249.79.5 - - [15/May/2026:11:37:14 +0000] "GET /items/U120580052/ HTTP/1.1" 404 89769 "-" "Mozilla/5.0 (Linux; Android 6.0.1; Nexus 5X Build/MMB29P) AppleWebKit/537.36 (KHTML, like Gecko) Chrome/148.0.7778.96 Mobile Safari/537.36 (compatible; GoogleOther)"
2607:5500:3000:95::2 - - [15/May/2026:11:37:16 +0000] "POST /wordpress/wp-cron.php?doing_wp_cron=1778845036.7484450340270996093750 HTTP/1.1" 404 89928 "-" "WordPress/6.9.4; https://moabmonsters.com"
66.249.79.5 - - [15/May/2026:11:37:42 +0000] "GET /collection/resource/eiu6f7icvrigp4z.html HTTP/1.1" 404 89838 "-" "Mozilla/5.0 (Linux; Android 6.0.1; Nexus 5X Build/MMB29P) AppleWebKit/537.36 (KHTML, like Gecko) Chrome/148.0.7778.96 Mobile Safari/537.36 (compatible; GoogleOther)"
66.249.79.6 - - [15/May/2026:11:39:00 +0000] "GET /chapter/edition/dkf20s3ugc311pk.html HTTP/1.1" 404 89826 "-" "Mozilla/5.0 (Linux; Android 6.0.1; Nexus 5X Build/MMB29P) AppleWebKit/537.36 (KHTML, like Gecko) Chrome/148.0.7778.96 Mobile Safari/537.36 (compatible; GoogleOther)"
2607:5500:3000:95::2 - - [15/May/2026:11:39:02 +0000] "POST /wordpress/wp-cron.php?doing_wp_cron=1778845142.5680599212646484375000 HTTP/1.1" 404 89928 "-" "WordPress/6.9.4; https://moabmonsters.com"
66.249.79.6 - - [15/May/2026:11:39:26 +0000] "GET /chapter/proceeds/ehcnxp0md90yvmh.html HTTP/1.1" 404 89829 "-" "Mozilla/5.0 (Linux; Android 6.0.1; Nexus 5X Build/MMB29P) AppleWebKit/537.36 (KHTML, like Gecko) Chrome/148.0.7778.96 Mobile Safari/537.36 (compatible; GoogleOther)"
66.249.79.3 - - [15/May/2026:11:44:46 +0000] "GET /coterie/consequence/eijbgk74w47h6ho.html HTTP/1.1" 404 89838 "-" "Mozilla/5.0 (Linux; Android 6.0.1; Nexus 5X Build/MMB29P) AppleWebKit/537.36 (KHTML, like Gecko) Chrome/148.0.7778.96 Mobile Safari/537.36 (compatible; GoogleOther)"
2607:5500:3000:95::2 - - [15/May/2026:11:44:48 +0000] "POST /wordpress/wp-cron.php?doing_wp_cron=1778845488.5594561100006103515625 HTTP/1.1" 404 89928 "-" "WordPress/6.9.4; https://moabmonsters.com"
66.249.79.5 - - [15/May/2026:11:46:15 +0000] "GET /quality/version/eo0mldo51xomoa5.html HTTP/1.1" 404 89826 "-" "Mozilla/5.0 (Linux; Android 6.0.1; Nexus 5X Build/MMB29P) AppleWebKit/537.36 (KHTML, like Gecko) Chrome/148.0.7778.96 Mobile Safari/537.36 (compatible; GoogleOther)"
2607:5500:3000:95::2 - - [15/May/2026:11:46:17 +0000] "POST /wordpress/wp-cron.php?doing_wp_cron=1778845577.3423359394073486328125 HTTP/1.1" 404 89928 "-" "WordPress/6.9.4; https://moabmonsters.com"
66.249.79.4 - - [15/May/2026:11:50:32 +0000] "GET /branch/derivative/eb23brqzrbqcyo7.html HTTP/1.1" 404 89832 "-" "Mozilla/5.0 (Linux; Android 6.0.1; Nexus 5X Build/MMB29P) AppleWebKit/537.36 (KHTML, like Gecko) Chrome/148.0.7778.96 Mobile Safari/537.36 (compatible; GoogleOther)"
2607:5500:3000:95::2 - - [15/May/2026:11:50:34 +0000] "POST /wordpress/wp-cron.php?doing_wp_cron=1778845834.5649259090423583984375 HTTP/1.1" 404 89928 "-" "WordPress/6.9.4; https://moabmonsters.com"
84.233.216.173 - - [15/May/2026:11:52:45 +0000] "GET /wp-content/plugins/fix/up.php HTTP/1.1" 404 89808 "-" "Mozilla/5.0"
66.249.79.3 - - [15/May/2026:11:53:04 +0000] "GET /chapter/package/edl76y9qmi97svq.html HTTP/1.1" 404 89826 "-" "Mozilla/5.0 (Linux; Android 6.0.1; Nexus 5X Build/MMB29P) AppleWebKit/537.36 (KHTML, like Gecko) Chrome/148.0.7778.96 Mobile Safari/537.36 (compatible; GoogleOther)"
66.249.79.7 - - [15/May/2026:11:56:18 +0000] "GET /society/object/esl46y9lmi975vq.html HTTP/1.1" 404 89823 "-" "Mozilla/5.0 (Linux; Android 6.0.1; Nexus 5X Build/MMB29P) AppleWebKit/537.36 (KHTML, like Gecko) Chrome/148.0.7778.96 Mobile Safari/537.36 (compatible; GoogleOther)"
2607:5500:3000:95::2 - - [15/May/2026:11:56:21 +0000] "POST /wordpress/wp-cron.php?doing_wp_cron=1778846181.2262189388275146484375 HTTP/1.1" 404 89928 "-" "WordPress/6.9.4; https://moabmonsters.com"
66.249.79.7 - - [15/May/2026:11:59:53 +0000] "GET /system/property/eojzgk7mw47hcho.html HTTP/1.1" 404 89826 "-" "Mozilla/5.0 (Linux; Android 6.0.1; Nexus 5X Build/MMB29P) AppleWebKit/537.36 (KHTML, like Gecko) Chrome/148.0.7778.96 Mobile Safari/537.36 (compatible; GoogleOther)"
2607:5500:3000:95::2 - - [15/May/2026:11:59:56 +0000] "POST /wordpress/wp-cron.php?doing_wp_cron=1778846396.5168290138244628906250 HTTP/1.1" 404 89928 "-" "WordPress/6.9.4; https://moabmonsters.com"
66.249.79.5 - - [15/May/2026:12:00:00 +0000] "GET /attribute/resource/eurzc4fgsofdq1w.html HTTP/1.1" 404 89835 "-" "Mozilla/5.0 (Linux; Android 6.0.1; Nexus 5X Build/MMB29P) AppleWebKit/537.36 (KHTML, like Gecko) Chrome/148.0.7778.96 Mobile Safari/537.36 (compatible; GoogleOther)"
66.249.79.7 - - [15/May/2026:12:02:05 +0000] "GET /taxonomy/stock/eanjwcbgcwbx29s.html HTTP/1.1" 404 89823 "-" "Mozilla/5.0 (Linux; Android 6.0.1; Nexus 5X Build/MMB29P) AppleWebKit/537.36 (KHTML, like Gecko) Chrome/148.0.7778.96 Mobile Safari/537.36 (compatible; GoogleOther)"
2607:5500:3000:95::2 - - [15/May/2026:12:02:06 +0000] "POST /wordpress/wp-cron.php?doing_wp_cron=1778846526.8318409919738769531250 HTTP/1.1" 404 89928 "-" "WordPress/6.9.4; https://moabmonsters.com"
66.249.79.6 - - [15/May/2026:12:02:20 +0000] "GET /items/W238511779/ HTTP/1.1" 200 234771 "-" "Mozilla/5.0 (Linux; Android 6.0.1; Nexus 5X Build/MMB29P) AppleWebKit/537.36 (KHTML, like Gecko) Chrome/148.0.7778.96 Mobile Safari/537.36 (compatible; Googlebot/2.1; +http://www.google.com/bot.html)"
34.7.201.161 - - [15/May/2026:12:06:29 +0000] "GET / HTTP/1.1" 301 - "-" "Mozilla/5.0 (X11; Linux x86_64) AppleWebKit/537.36 (KHTML, like Gecko) Chrome/124.0 Safari/537.36"
2607:5500:3000:95::2 - - [15/May/2026:12:06:30 +0000] "POST /wordpress/wp-cron.php?doing_wp_cron=1778846790.7812640666961669921875 HTTP/1.1" 404 89928 "-" "WordPress/6.9.4; https://moabmonsters.com"
34.7.201.161 - - [15/May/2026:12:06:33 +0000] "GET / HTTP/1.1" 200 179159 "https://mail.moabmonsters.com" "Mozilla/5.0 (X11; Linux x86_64) AppleWebKit/537.36 (KHTML, like Gecko) Chrome/124.0 Safari/537.36"
66.249.79.5 - - [15/May/2026:12:06:42 +0000] "GET /chapter/residue/e9xhialiyuljs72.html HTTP/1.1" 404 89826 "-" "Mozilla/5.0 (Linux; Android 6.0.1; Nexus 5X Build/MMB29P) AppleWebKit/537.36 (KHTML, like Gecko) Chrome/148.0.7778.96 Mobile Safari/537.36 (compatible; GoogleOther)"
216.73.217.61 - - [15/May/2026:12:07:20 +0000] "GET /robots.txt HTTP/1.1" 304 - "-" "Mozilla/5.0 AppleWebKit/537.36 (KHTML, like Gecko; compatible; ClaudeBot/1.0; [email protected])"
216.73.217.61 - - [15/May/2026:12:07:20 +0000] "GET /index.php/sitemap.xml HTTP/1.1" 301 - "-" "Mozilla/5.0 AppleWebKit/537.36 (KHTML, like Gecko; compatible; ClaudeBot/1.0; [email protected])"
216.73.217.61 - - [15/May/2026:12:07:22 +0000] "GET /wp-sitemap.xml HTTP/1.1" 404 1324 "https://www.moabmonsters.com/index.php/sitemap.xml" "Mozilla/5.0 AppleWebKit/537.36 (KHTML, like Gecko; compatible; ClaudeBot/1.0; [email protected])"
66.249.79.7 - - [15/May/2026:12:07:51 +0000] "GET /version/bit/et1ly2pqempzcz6.html HTTP/1.1" 404 89814 "-" "Mozilla/5.0 (Linux; Android 6.0.1; Nexus 5X Build/MMB29P) AppleWebKit/537.36 (KHTML, like Gecko) Chrome/148.0.7778.96 Mobile Safari/537.36 (compatible; GoogleOther)"
2607:5500:3000:95::2 - - [15/May/2026:12:07:53 +0000] "POST /wordpress/wp-cron.php?doing_wp_cron=1778846873.0595419406890869140625 HTTP/1.1" 404 89928 "-" "WordPress/6.9.4; https://moabmonsters.com"
52.167.144.175 - - [15/May/2026:12:10:57 +0000] "GET /sitemap.xml HTTP/1.1" 301 - "-" "Mozilla/5.0 AppleWebKit/537.36 (KHTML, like Gecko; compatible; bingbot/2.0; +http://www.bing.com/bingbot.htm) Chrome/116.0.1938.76 Safari/537.36"
2607:5500:3000:95::2 - - [15/May/2026:12:10:58 +0000] "POST /wordpress/wp-cron.php?doing_wp_cron=1778847058.5704979896545410156250 HTTP/1.1" 404 89928 "-" "WordPress/6.9.4; https://moabmonsters.com"
52.167.144.175 - - [15/May/2026:12:11:00 +0000] "GET /wp-sitemap.xml HTTP/1.1" 404 1324 "-" "Mozilla/5.0 AppleWebKit/537.36 (KHTML, like Gecko; compatible; bingbot/2.0; +http://www.bing.com/bingbot.htm) Chrome/116.0.1938.76 Safari/537.36"
34.7.201.161 - - [15/May/2026:12:12:50 +0000] "GET /wordpress/wp-includes/js/wp-emoji-release.min.js?ver=7b42d7a904609cfa79643e4c7034635f HTTP/1.1" 200 22762 "-" "Mozilla/5.0 (X11; Linux x86_64) AppleWebKit/537.36 (KHTML, like Gecko) Chrome/124.0 Safari/537.36"
34.7.201.161 - - [15/May/2026:12:12:56 +0000] "GET /wordpress/wp-includes/js/wp-emoji-release.min.js.map HTTP/1.1" 404 89877 "-" "Mozilla/5.0 (X11; Linux x86_64) AppleWebKit/537.36 (KHTML, like Gecko) Chrome/124.0 Safari/537.36"
2607:5500:3000:95::2 - - [15/May/2026:12:12:58 +0000] "POST /wordpress/wp-cron.php?doing_wp_cron=1778847178.0107939243316650390625 HTTP/1.1" 404 89928 "-" "WordPress/6.9.4; https://moabmonsters.com"
34.7.201.161 - - [15/May/2026:12:13:28 +0000] "GET /wordpress/wp-content/plugins/revslider/public/js/libs/tptools.js?ver=6.7.29 HTTP/1.1" 304 - "-" "Mozilla/5.0 (X11; Linux x86_64) AppleWebKit/537.36 (KHTML, like Gecko) Chrome/124.0 Safari/537.36"
34.7.201.161 - - [15/May/2026:12:13:28 +0000] "GET /wordpress/wp-content/plugins/revslider/public/js/sr7.js?ver=6.7.29 HTTP/1.1" 200 329866 "-" "Mozilla/5.0 (X11; Linux x86_64) AppleWebKit/537.36 (KHTML, like Gecko) Chrome/124.0 Safari/537.36"
34.7.201.161 - - [15/May/2026:12:13:29 +0000] "GET /wordpress/wp-includes/js/jquery/jquery.min.js?ver=3.7.1 HTTP/1.1" 304 - "-" "Mozilla/5.0 (X11; Linux x86_64) AppleWebKit/537.36 (KHTML, like Gecko) Chrome/124.0 Safari/537.36"
34.7.201.161 - - [15/May/2026:12:13:29 +0000] "GET /wordpress/wp-includes/js/jquery/jquery-migrate.min.js?ver=3.4.1 HTTP/1.1" 304 - "-" "Mozilla/5.0 (X11; Linux x86_64) AppleWebKit/537.36 (KHTML, like Gecko) Chrome/124.0 Safari/537.36"
34.7.201.161 - - [15/May/2026:12:13:29 +0000] "GET /wordpress/wp-content/plugins/woocommerce/assets/js/jquery-blockui/jquery.blockUI.min.js?ver=2.7.0-wc.10.7.0 HTTP/1.1" 200 9636 "-" "Mozilla/5.0 (X11; Linux x86_64) AppleWebKit/537.36 (KHTML, like Gecko) Chrome/124.0 Safari/537.36"
34.7.201.161 - - [15/May/2026:12:13:29 +0000] "GET /wordpress/wp-content/plugins/woocommerce/assets/js/frontend/add-to-cart.min.js?ver=10.7.0 HTTP/1.1" 304 - "-" "Mozilla/5.0 (X11; Linux x86_64) AppleWebKit/537.36 (KHTML, like Gecko) Chrome/124.0 Safari/537.36"
34.7.201.161 - - [15/May/2026:12:13:30 +0000] "GET /wordpress/wp-content/plugins/woocommerce/assets/js/js-cookie/js.cookie.min.js?ver=2.1.4-wc.10.7.0 HTTP/1.1" 304 - "-" "Mozilla/5.0 (X11; Linux x86_64) AppleWebKit/537.36 (KHTML, like Gecko) Chrome/124.0 Safari/537.36"
34.7.201.161 - - [15/May/2026:12:13:30 +0000] "GET /wordpress/wp-content/plugins/woocommerce/assets/js/frontend/woocommerce.min.js?ver=10.7.0 HTTP/1.1" 304 - "-" "Mozilla/5.0 (X11; Linux x86_64) AppleWebKit/537.36 (KHTML, like Gecko) Chrome/124.0 Safari/537.36"
34.7.201.161 - - [15/May/2026:12:13:31 +0000] "GET /wordpress/wp-content/plugins/woocommerce/assets/js/select2/select2.full.min.js?ver=4.0.3-wc.10.7.0 HTTP/1.1" 304 - "-" "Mozilla/5.0 (X11; Linux x86_64) AppleWebKit/537.36 (KHTML, like Gecko) Chrome/124.0 Safari/537.36"
34.7.201.161 - - [15/May/2026:12:13:31 +0000] "GET /wordpress/wp-content/themes/kamperen/inc/justified-gallery/assets/js/plugins/jquery.justifiedGallery.min.js?ver=1 HTTP/1.1" 304 - "-" "Mozilla/5.0 (X11; Linux x86_64) AppleWebKit/537.36 (KHTML, like Gecko) Chrome/124.0 Safari/537.36"
34.7.201.161 - - [15/May/2026:12:13:31 +0000] "GET /wordpress/wp-includes/js/dist/hooks.min.js?ver=dd5603f07f9220ed27f1 HTTP/1.1" 304 - "-" "Mozilla/5.0 (X11; Linux x86_64) AppleWebKit/537.36 (KHTML, like Gecko) Chrome/124.0 Safari/537.36"
34.7.201.161 - - [15/May/2026:12:13:32 +0000] "GET /wordpress/wp-includes/js/dist/i18n.min.js?ver=c26c3dc7bed366793375 HTTP/1.1" 200 5314 "-" "Mozilla/5.0 (X11; Linux x86_64) AppleWebKit/537.36 (KHTML, like Gecko) Chrome/124.0 Safari/537.36"
34.7.201.161 - - [15/May/2026:12:13:33 +0000] "GET /wordpress/wp-content/plugins/contact-form-7/includes/swv/js/index.js?ver=6.1.5 HTTP/1.1" 304 - "-" "Mozilla/5.0 (X11; Linux x86_64) AppleWebKit/537.36 (KHTML, like Gecko) Chrome/124.0 Safari/537.36"
34.7.201.161 - - [15/May/2026:12:13:33 +0000] "GET /wordpress/wp-content/plugins/contact-form-7/includes/js/index.js?ver=6.1.5 HTTP/1.1" 304 - "-" "Mozilla/5.0 (X11; Linux x86_64) AppleWebKit/537.36 (KHTML, like Gecko) Chrome/124.0 Safari/537.36"
34.7.201.161 - - [15/May/2026:12:13:33 +0000] "GET /wordpress/wp-includes/js/jquery/ui/core.min.js?ver=1.13.3 HTTP/1.1" 304 - "-" "Mozilla/5.0 (X11; Linux x86_64) AppleWebKit/537.36 (KHTML, like Gecko) Chrome/124.0 Safari/537.36"
34.7.201.161 - - [15/May/2026:12:13:33 +0000] "GET /wordpress/wp-content/plugins/qi-addons-for-elementor/assets/js/main.min.js?ver=1.9.6 HTTP/1.1" 304 - "-" "Mozilla/5.0 (X11; Linux x86_64) AppleWebKit/537.36 (KHTML, like Gecko) Chrome/124.0 Safari/537.36"
34.7.201.161 - - [15/May/2026:12:13:34 +0000] "GET /wordpress/wp-includes/js/hoverIntent.min.js?ver=1.10.2 HTTP/1.1" 304 - "-" "Mozilla/5.0 (X11; Linux x86_64) AppleWebKit/537.36 (KHTML, like Gecko) Chrome/124.0 Safari/537.36"
34.7.201.161 - - [15/May/2026:12:13:34 +0000] "GET /wordpress/wp-content/plugins/kamperen-core/assets/plugins/gsap/gsap.min.js?ver=7b42d7a904609cfa79643e4c7034635f HTTP/1.1" 304 - "-" "Mozilla/5.0 (X11; Linux x86_64) AppleWebKit/537.36 (KHTML, like Gecko) Chrome/124.0 Safari/537.36"
34.7.201.161 - - [15/May/2026:12:13:32 +0000] "GET /wordpress/wp-content/plugins/woocommerce/assets/js/frontend/add-to-cart.min.js.map HTTP/1.1" 404 89967 "-" "Mozilla/5.0 (X11; Linux x86_64) AppleWebKit/537.36 (KHTML, like Gecko) Chrome/124.0 Safari/537.36"
34.7.201.161 - - [15/May/2026:12:13:32 +0000] "GET /wordpress/wp-content/plugins/woocommerce/assets/js/js-cookie/js.cookie.min.js.map HTTP/1.1" 404 89964 "-" "Mozilla/5.0 (X11; Linux x86_64) AppleWebKit/537.36 (KHTML, like Gecko) Chrome/124.0 Safari/537.36"
34.7.201.161 - - [15/May/2026:12:13:34 +0000] "GET /wordpress/wp-content/plugins/kamperen-core/assets/plugins/gsap/ScrollTrigger.min.js?ver=7b42d7a904609cfa79643e4c7034635f HTTP/1.1" 304 - "-" "Mozilla/5.0 (X11; Linux x86_64) AppleWebKit/537.36 (KHTML, like Gecko) Chrome/124.0 Safari/537.36"
34.7.201.161 - - [15/May/2026:12:13:34 +0000] "GET /wordpress/wp-content/plugins/kamperen-core/assets/plugins/modernizr/modernizr.js?ver=7b42d7a904609cfa79643e4c7034635f HTTP/1.1" 304 - "-" "Mozilla/5.0 (X11; Linux x86_64) AppleWebKit/537.36 (KHTML, like Gecko) Chrome/124.0 Safari/537.36"
66.249.66.4 - - [15/May/2026:12:13:32 +0000] "GET /version/produce/epts2ihri2h3dfy.html HTTP/1.1" 404 89826 "-" "Mozilla/5.0 (Linux; Android 6.0.1; Nexus 5X Build/MMB29P) AppleWebKit/537.36 (KHTML, like Gecko) Chrome/148.0.7778.96 Mobile Safari/537.36 (compatible; GoogleOther)"
34.7.201.161 - - [15/May/2026:12:13:35 +0000] "GET /wordpress/wp-content/themes/kamperen/assets/js/main.min.js?ver=7b42d7a904609cfa79643e4c7034635f HTTP/1.1" 304 - "-" "Mozilla/5.0 (X11; Linux x86_64) AppleWebKit/537.36 (KHTML, like Gecko) Chrome/124.0 Safari/537.36"
34.7.201.161 - - [15/May/2026:12:13:35 +0000] "GET /wordpress/wp-content/plugins/kamperen-core/assets/plugins/anime/anime.min.js?ver=7b42d7a904609cfa79643e4c7034635f HTTP/1.1" 304 - "-" "Mozilla/5.0 (X11; Linux x86_64) AppleWebKit/537.36 (KHTML, like Gecko) Chrome/124.0 Safari/537.36"
34.7.201.161 - - [15/May/2026:12:13:33 +0000] "GET /wordpress/wp-content/plugins/woocommerce/assets/js/frontend/woocommerce.min.js.map HTTP/1.1" 404 89967 "-" "Mozilla/5.0 (X11; Linux x86_64) AppleWebKit/537.36 (KHTML, like Gecko) Chrome/124.0 Safari/537.36"
34.7.201.161 - - [15/May/2026:12:13:36 +0000] "GET /wordpress/wp-content/plugins/kamperen-core/assets/js/kamperen-core.min.js?ver=7b42d7a904609cfa79643e4c7034635f HTTP/1.1" 304 - "-" "Mozilla/5.0 (X11; Linux x86_64) AppleWebKit/537.36 (KHTML, like Gecko) Chrome/124.0 Safari/537.36"
34.7.201.161 - - [15/May/2026:12:13:33 +0000] "GET /wordpress/wp-content/plugins/woocommerce/assets/js/jquery-blockui/jquery.blockUI.min.js.map HTTP/1.1" 404 89994 "-" "Mozilla/5.0 (X11; Linux x86_64) AppleWebKit/537.36 (KHTML, like Gecko) Chrome/124.0 Safari/537.36"
34.7.201.161 - - [15/May/2026:12:13:36 +0000] "GET /wordpress/wp-includes/js/jquery/ui/tabs.min.js?ver=1.13.3 HTTP/1.1" 304 - "-" "Mozilla/5.0 (X11; Linux x86_64) AppleWebKit/537.36 (KHTML, like Gecko) Chrome/124.0 Safari/537.36"
34.7.201.161 - - [15/May/2026:12:13:36 +0000] "GET /wordpress/wp-content/plugins/kamperen-membership/assets/js/kamperen-membership.min.js?ver=7b42d7a904609cfa79643e4c7034635f HTTP/1.1" 304 - "-" "Mozilla/5.0 (X11; Linux x86_64) AppleWebKit/537.36 (KHTML, like Gecko) Chrome/124.0 Safari/537.36"
34.7.201.161 - - [15/May/2026:12:13:34 +0000] "GET /wordpress/wp-includes/js/jquery/jquery-migrate.min.js.map HTTP/1.1" 404 89892 "-" "Mozilla/5.0 (X11; Linux x86_64) AppleWebKit/537.36 (KHTML, like Gecko) Chrome/124.0 Safari/537.36"
34.7.201.161 - - [15/May/2026:12:13:37 +0000] "GET /wordpress/wp-content/themes/kamperen/assets/plugins/waitforimages/jquery.waitforimages.js?ver=7b42d7a904609cfa79643e4c7034635f HTTP/1.1" 304 - "-" "Mozilla/5.0 (X11; Linux x86_64) AppleWebKit/537.36 (KHTML, like Gecko) Chrome/124.0 Safari/537.36"
34.7.201.161 - - [15/May/2026:12:13:35 +0000] "GET /wordpress/wp-includes/js/dist/i18n.min.js.map HTTP/1.1" 404 89856 "-" "Mozilla/5.0 (X11; Linux x86_64) AppleWebKit/537.36 (KHTML, like Gecko) Chrome/124.0 Safari/537.36"
34.7.201.161 - - [15/May/2026:12:13:37 +0000] "GET /wordpress/wp-content/plugins/qi-addons-for-elementor/assets/plugins/swiper/8.4.5/swiper.min.js?ver=8.4.5 HTTP/1.1" 200 143662 "-" "Mozilla/5.0 (X11; Linux x86_64) AppleWebKit/537.36 (KHTML, like Gecko) Chrome/124.0 Safari/537.36"
34.7.201.161 - - [15/May/2026:12:13:35 +0000] "GET /wordpress/wp-includes/js/dist/hooks.min.js.map HTTP/1.1" 404 89859 "-" "Mozilla/5.0 (X11; Linux x86_64) AppleWebKit/537.36 (KHTML, like Gecko) Chrome/124.0 Safari/537.36"
34.7.201.161 - - [15/May/2026:12:13:35 +0000] "GET /wordpress/wp-includes/js/hoverIntent.min.js.map HTTP/1.1" 404 89862 "-" "Mozilla/5.0 (X11; Linux x86_64) AppleWebKit/537.36 (KHTML, like Gecko) Chrome/124.0 Safari/537.36"
34.7.201.161 - - [15/May/2026:12:13:36 +0000] "GET /wordpress/wp-content/themes/kamperen/inc/justified-gallery/assets/js/plugins/jquery.justifiedGallery.min.js.map HTTP/1.1" 404 90054 "-" "Mozilla/5.0 (X11; Linux x86_64) AppleWebKit/537.36 (KHTML, like Gecko) Chrome/124.0 Safari/537.36"
34.7.201.161 - - [15/May/2026:12:13:38 +0000] "GET /wordpress/wp-includes/js/jquery/ui/datepicker.min.js?ver=1.13.3 HTTP/1.1" 200 36748 "-" "Mozilla/5.0 (X11; Linux x86_64) AppleWebKit/537.36 (KHTML, like Gecko) Chrome/124.0 Safari/537.36"
34.7.201.161 - - [15/May/2026:12:13:38 +0000] "GET /wordpress/wp-includes/js/jquery/jquery.form.min.js?ver=4.3.0 HTTP/1.1" 304 - "-" "Mozilla/5.0 (X11; Linux x86_64) AppleWebKit/537.36 (KHTML, like Gecko) Chrome/124.0 Safari/537.36"
34.7.201.161 - - [15/May/2026:12:13:38 +0000] "GET /wordpress/wp-content/plugins/mailchimp/assets/js/mailchimp.js?ver=2.0.1 HTTP/1.1" 304 - "-" "Mozilla/5.0 (X11; Linux x86_64) AppleWebKit/537.36 (KHTML, like Gecko) Chrome/124.0 Safari/537.36"
34.7.201.161 - - [15/May/2026:12:13:38 +0000] "GET /wordpress/wp-content/plugins/woocommerce/assets/js/sourcebuster/sourcebuster.min.js?ver=10.7.0 HTTP/1.1" 304 - "-" "Mozilla/5.0 (X11; Linux x86_64) AppleWebKit/537.36 (KHTML, like Gecko) Chrome/124.0 Safari/537.36"
34.7.201.161 - - [15/May/2026:12:13:37 +0000] "GET /wordpress/wp-content/plugins/contact-form-7/includes/js/index.js.map HTTP/1.1" 404 89925 "-" "Mozilla/5.0 (X11; Linux x86_64) AppleWebKit/537.36 (KHTML, like Gecko) Chrome/124.0 Safari/537.36"
34.7.201.161 - - [15/May/2026:12:13:39 +0000] "GET /wordpress/wp-content/plugins/woocommerce/assets/js/frontend/order-attribution.min.js?ver=10.7.0 HTTP/1.1" 304 - "-" "Mozilla/5.0 (X11; Linux x86_64) AppleWebKit/537.36 (KHTML, like Gecko) Chrome/124.0 Safari/537.36"
34.7.201.161 - - [15/May/2026:12:13:39 +0000] "GET /wordpress/wp-content/plugins/wp-statistics/assets/js/tracker.js?ver=14.16.6 HTTP/1.1" 304 - "-" "Mozilla/5.0 (X11; Linux x86_64) AppleWebKit/537.36 (KHTML, like Gecko) Chrome/124.0 Safari/537.36"
34.7.201.161 - - [15/May/2026:12:13:39 +0000] "GET /wordpress/wp-content/plugins/elementor/assets/js/webpack.runtime.min.js?ver=4.0.7 HTTP/1.1" 304 - "-" "Mozilla/5.0 (X11; Linux x86_64) AppleWebKit/537.36 (KHTML, like Gecko) Chrome/124.0 Safari/537.36"
66.249.79.5 - - [15/May/2026:12:13:37 +0000] "GET /section/contraption/ecmhjnagz7akxkr.html HTTP/1.1" 404 89838 "-" "Mozilla/5.0 (Linux; Android 6.0.1; Nexus 5X Build/MMB29P) AppleWebKit/537.36 (KHTML, like Gecko) Chrome/148.0.7778.96 Mobile Safari/537.36 (compatible; GoogleOther)"
34.7.201.161 - - [15/May/2026:12:13:39 +0000] "GET /wordpress/wp-content/plugins/elementor/assets/js/frontend-modules.min.js?ver=4.0.7 HTTP/1.1" 304 - "-" "Mozilla/5.0 (X11; Linux x86_64) AppleWebKit/537.36 (KHTML, like Gecko) Chrome/124.0 Safari/537.36"
34.7.201.161 - - [15/May/2026:12:13:37 +0000] "GET /wordpress/wp-content/plugins/kamperen-core/assets/plugins/modernizr/modernizr.js.map HTTP/1.1" 404 89973 "-" "Mozilla/5.0 (X11; Linux x86_64) AppleWebKit/537.36 (KHTML, like Gecko) Chrome/124.0 Safari/537.36"
34.7.201.161 - - [15/May/2026:12:13:38 +0000] "GET /wordpress/wp-content/plugins/contact-form-7/includes/swv/js/index.js.map HTTP/1.1" 404 89937 "-" "Mozilla/5.0 (X11; Linux x86_64) AppleWebKit/537.36 (KHTML, like Gecko) Chrome/124.0 Safari/537.36"
34.7.201.161 - - [15/May/2026:12:13:40 +0000] "GET /wordpress/wp-content/plugins/elementor/assets/js/frontend.min.js?ver=4.0.7 HTTP/1.1" 200 31928 "-" "Mozilla/5.0 (X11; Linux x86_64) AppleWebKit/537.36 (KHTML, like Gecko) Chrome/124.0 Safari/537.36"
34.7.201.161 - - [15/May/2026:12:13:39 +0000] "GET /wordpress/wp-content/plugins/kamperen-membership/assets/js/kamperen-membership.min.js.map HTTP/1.1" 404 89988 "-" "Mozilla/5.0 (X11; Linux x86_64) AppleWebKit/537.36 (KHTML, like Gecko) Chrome/124.0 Safari/537.36"
34.7.201.161 - - [15/May/2026:12:13:41 +0000] "GET /wordpress/wp-content/plugins/kamperen-core/assets/plugins/magnific-popup/jquery.magnific-popup.min.js?ver=7b42d7a904609cfa79643e4c7034635f HTTP/1.1" 304 - "-" "Mozilla/5.0 (X11; Linux x86_64) AppleWebKit/537.36 (KHTML, like Gecko) Chrome/124.0 Safari/537.36"
34.7.201.161 - - [15/May/2026:12:13:41 +0000] "GET /wordpress/wp-includes/js/mediaelement/mediaelement-and-player.min.js?ver=4.2.17 HTTP/1.1" 304 - "-" "Mozilla/5.0 (X11; Linux x86_64) AppleWebKit/537.36 (KHTML, like Gecko) Chrome/124.0 Safari/537.36"
34.7.201.161 - - [15/May/2026:12:13:41 +0000] "GET /wordpress/wp-includes/js/mediaelement/mediaelement-migrate.min.js?ver=7b42d7a904609cfa79643e4c7034635f HTTP/1.1" 304 - "-" "Mozilla/5.0 (X11; Linux x86_64) AppleWebKit/537.36 (KHTML, like Gecko) Chrome/124.0 Safari/537.36"
34.7.201.161 - - [15/May/2026:12:13:41 +0000] "GET /wordpress/wp-includes/js/mediaelement/wp-mediaelement.min.js?ver=7b42d7a904609cfa79643e4c7034635f HTTP/1.1" 304 - "-" "Mozilla/5.0 (X11; Linux x86_64) AppleWebKit/537.36 (KHTML, like Gecko) Chrome/124.0 Safari/537.36"
34.7.201.161 - - [15/May/2026:12:13:41 +0000] "GET /wordpress/wp-includes/js/mediaelement/renderers/vimeo.min.js?ver=4.2.17 HTTP/1.1" 200 6464 "-" "Mozilla/5.0 (X11; Linux x86_64) AppleWebKit/537.36 (KHTML, like Gecko) Chrome/124.0 Safari/537.36"
34.7.201.161 - - [15/May/2026:12:13:40 +0000] "GET /wordpress/wp-content/themes/kamperen/assets/plugins/waitforimages/jquery.waitforimages.js.map HTTP/1.1" 404 90000 "-" "Mozilla/5.0 (X11; Linux x86_64) AppleWebKit/537.36 (KHTML, like Gecko) Chrome/124.0 Safari/537.36"
34.7.201.161 - - [15/May/2026:12:13:40 +0000] "GET /wordpress/wp-content/plugins/wp-statistics/assets/js/tracker.js.map HTTP/1.1" 404 89922 "-" "Mozilla/5.0 (X11; Linux x86_64) AppleWebKit/537.36 (KHTML, like Gecko) Chrome/124.0 Safari/537.36"
34.7.201.161 - - [15/May/2026:12:13:41 +0000] "GET /wordpress/wp-content/plugins/mailchimp/assets/js/mailchimp.js.map HTTP/1.1" 404 89916 "-" "Mozilla/5.0 (X11; Linux x86_64) AppleWebKit/537.36 (KHTML, like Gecko) Chrome/124.0 Safari/537.36"
34.7.201.161 - - [15/May/2026:12:13:41 +0000] "GET /wordpress/wp-content/plugins/woocommerce/assets/js/frontend/order-attribution.min.js.map HTTP/1.1" 404 89985 "-" "Mozilla/5.0 (X11; Linux x86_64) AppleWebKit/537.36 (KHTML, like Gecko) Chrome/124.0 Safari/537.36"
34.7.201.161 - - [15/May/2026:12:13:43 +0000] "GET /wordpress/wp-content/plugins/qi-addons-for-elementor/inc/masonry/assets/js/plugins/isotope.pkgd.min.js?ver=3.0.6 HTTP/1.1" 200 35284 "-" "Mozilla/5.0 (X11; Linux x86_64) AppleWebKit/537.36 (KHTML, like Gecko) Chrome/124.0 Safari/537.36"
34.7.201.161 - - [15/May/2026:12:13:41 +0000] "GET /wordpress/wp-content/plugins/kamperen-core/assets/plugins/anime/anime.min.js.map HTTP/1.1" 404 89961 "-" "Mozilla/5.0 (X11; Linux x86_64) AppleWebKit/537.36 (KHTML, like Gecko) Chrome/124.0 Safari/537.36"
34.7.201.161 - - [15/May/2026:12:13:43 +0000] "GET /wordpress/wp-content/plugins/qi-addons-for-elementor/inc/masonry/assets/js/plugins/packery-mode.pkgd.min.js?ver=2.0.1 HTTP/1.1" 304 - "-" "Mozilla/5.0 (X11; Linux x86_64) AppleWebKit/537.36 (KHTML, like Gecko) Chrome/124.0 Safari/537.36"
34.7.201.161 - - [15/May/2026:12:13:43 +0000] "GET /wordpress/wp-content/plugins/qi-addons-for-elementor/inc/plugins/elementor/assets/js/elementor.js?ver=7b42d7a904609cfa79643e4c7034635f HTTP/1.1" 304 - "-" "Mozilla/5.0 (X11; Linux x86_64) AppleWebKit/537.36 (KHTML, like Gecko) Chrome/124.0 Safari/537.36"
34.7.201.161 - - [15/May/2026:12:13:43 +0000] "GET /wordpress/wp-content/plugins/kamperen-core/inc/plugins/elementor/assets/js/elementor.min.js?ver=7b42d7a904609cfa79643e4c7034635f HTTP/1.1" 200 9012 "-" "Mozilla/5.0 (X11; Linux x86_64) AppleWebKit/537.36 (KHTML, like Gecko) Chrome/124.0 Safari/537.36"
34.7.201.161 - - [15/May/2026:12:13:41 +0000] "GET /wordpress/wp-includes/js/jquery/ui/core.min.js.map HTTP/1.1" 404 89871 "-" "Mozilla/5.0 (X11; Linux x86_64) AppleWebKit/537.36 (KHTML, like Gecko) Chrome/124.0 Safari/537.36"
34.7.201.161 - - [15/May/2026:12:13:41 +0000] "GET /wordpress/wp-includes/js/jquery/ui/tabs.min.js.map HTTP/1.1" 404 89871 "-" "Mozilla/5.0 (X11; Linux x86_64) AppleWebKit/537.36 (KHTML, like Gecko) Chrome/124.0 Safari/537.36"
34.7.201.161 - - [15/May/2026:12:13:42 +0000] "GET /wordpress/wp-content/plugins/elementor/assets/js/webpack.runtime.min.js.map HTTP/1.1" 404 89946 "-" "Mozilla/5.0 (X11; Linux x86_64) AppleWebKit/537.36 (KHTML, like Gecko) Chrome/124.0 Safari/537.36"
34.7.201.161 - - [15/May/2026:12:13:42 +0000] "GET /wordpress/wp-includes/js/mediaelement/mediaelement-migrate.min.js.map HTTP/1.1" 404 89928 "-" "Mozilla/5.0 (X11; Linux x86_64) AppleWebKit/537.36 (KHTML, like Gecko) Chrome/124.0 Safari/537.36"
34.7.201.161 - - [15/May/2026:12:13:43 +0000] "GET /wordpress/wp-content/themes/kamperen/assets/js/main.min.js.map HTTP/1.1" 404 89907 "-" "Mozilla/5.0 (X11; Linux x86_64) AppleWebKit/537.36 (KHTML, like Gecko) Chrome/124.0 Safari/537.36"
34.7.201.161 - - [15/May/2026:12:13:44 +0000] "GET /wordpress/wp-content/plugins/woocommerce/assets/js/sourcebuster/sourcebuster.min.js.map HTTP/1.1" 404 89982 "-" "Mozilla/5.0 (X11; Linux x86_64) AppleWebKit/537.36 (KHTML, like Gecko) Chrome/124.0 Safari/537.36"
34.7.201.161 - - [15/May/2026:12:13:44 +0000] "GET /wordpress/wp-content/plugins/qi-addons-for-elementor/assets/js/main.min.js.map HTTP/1.1" 404 89955 "-" "Mozilla/5.0 (X11; Linux x86_64) AppleWebKit/537.36 (KHTML, like Gecko) Chrome/124.0 Safari/537.36"
34.7.201.161 - - [15/May/2026:12:13:44 +0000] "GET /wordpress/wp-includes/js/mediaelement/wp-mediaelement.min.js.map HTTP/1.1" 404 89913 "-" "Mozilla/5.0 (X11; Linux x86_64) AppleWebKit/537.36 (KHTML, like Gecko) Chrome/124.0 Safari/537.36"
34.7.201.161 - - [15/May/2026:12:13:45 +0000] "GET /wordpress/wp-includes/js/jquery/jquery.form.min.js.map HTTP/1.1" 404 89883 "-" "Mozilla/5.0 (X11; Linux x86_64) AppleWebKit/537.36 (KHTML, like Gecko) Chrome/124.0 Safari/537.36"
34.7.201.161 - - [15/May/2026:12:13:45 +0000] "GET /wordpress/wp-includes/js/mediaelement/renderers/vimeo.min.js.map HTTP/1.1" 404 89913 "-" "Mozilla/5.0 (X11; Linux x86_64) AppleWebKit/537.36 (KHTML, like Gecko) Chrome/124.0 Safari/537.36"
34.7.201.161 - - [15/May/2026:12:13:46 +0000] "GET /wordpress/wp-content/plugins/qi-addons-for-elementor/inc/plugins/elementor/assets/js/elementor.js.map HTTP/1.1" 404 90024 "-" "Mozilla/5.0 (X11; Linux x86_64) AppleWebKit/537.36 (KHTML, like Gecko) Chrome/124.0 Safari/537.36"
34.7.201.161 - - [15/May/2026:12:13:47 +0000] "GET /wordpress/wp-content/plugins/kamperen-core/inc/plugins/elementor/assets/js/elementor.min.js.map HTTP/1.1" 404 90006 "-" "Mozilla/5.0 (X11; Linux x86_64) AppleWebKit/537.36 (KHTML, like Gecko) Chrome/124.0 Safari/537.36"
34.7.201.161 - - [15/May/2026:12:13:48 +0000] "GET /wordpress/wp-content/plugins/kamperen-core/assets/plugins/gsap/ScrollTrigger.min.js.map HTTP/1.1" 404 89982 "-" "Mozilla/5.0 (X11; Linux x86_64) AppleWebKit/537.36 (KHTML, like Gecko) Chrome/124.0 Safari/537.36"
34.7.201.161 - - [15/May/2026:12:13:49 +0000] "GET /wordpress/wp-content/plugins/kamperen-core/assets/plugins/magnific-popup/jquery.magnific-popup.min.js.map HTTP/1.1" 404 90036 "-" "Mozilla/5.0 (X11; Linux x86_64) AppleWebKit/537.36 (KHTML, like Gecko) Chrome/124.0 Safari/537.36"
34.7.201.161 - - [15/May/2026:12:13:50 +0000] "GET /wordpress/wp-includes/js/jquery/ui/datepicker.min.js.map HTTP/1.1" 404 89889 "-" "Mozilla/5.0 (X11; Linux x86_64) AppleWebKit/537.36 (KHTML, like Gecko) Chrome/124.0 Safari/537.36"
34.7.201.161 - - [15/May/2026:12:13:51 +0000] "GET /wordpress/wp-content/plugins/qi-addons-for-elementor/inc/masonry/assets/js/plugins/isotope.pkgd.min.js.map HTTP/1.1" 404 90039 "-" "Mozilla/5.0 (X11; Linux x86_64) AppleWebKit/537.36 (KHTML, like Gecko) Chrome/124.0 Safari/537.36"
34.7.201.161 - - [15/May/2026:12:13:53 +0000] "GET /wordpress/wp-content/plugins/elementor/assets/js/frontend.min.js.map HTTP/1.1" 404 89925 "-" "Mozilla/5.0 (X11; Linux x86_64) AppleWebKit/537.36 (KHTML, like Gecko) Chrome/124.0 Safari/537.36"
34.7.201.161 - - [15/May/2026:12:13:53 +0000] "GET /wordpress/wp-content/plugins/qi-addons-for-elementor/inc/masonry/assets/js/plugins/packery-mode.pkgd.min.js.map HTTP/1.1" 404 90054 "-" "Mozilla/5.0 (X11; Linux x86_64) AppleWebKit/537.36 (KHTML, like Gecko) Chrome/124.0 Safari/537.36"
34.7.201.161 - - [15/May/2026:12:13:54 +0000] "GET /wordpress/wp-content/plugins/elementor/assets/js/frontend-modules.min.js.map HTTP/1.1" 404 89949 "-" "Mozilla/5.0 (X11; Linux x86_64) AppleWebKit/537.36 (KHTML, like Gecko) Chrome/124.0 Safari/537.36"
34.7.201.161 - - [15/May/2026:12:13:57 +0000] "GET /wordpress/wp-includes/js/jquery/jquery.min.js.map HTTP/1.1" 404 89868 "-" "Mozilla/5.0 (X11; Linux x86_64) AppleWebKit/537.36 (KHTML, like Gecko) Chrome/124.0 Safari/537.36"
2607:5500:3000:95::2 - - [15/May/2026:12:13:58 +0000] "POST /wordpress/wp-cron.php?doing_wp_cron=1778847238.7519590854644775390625 HTTP/1.1" 404 89928 "-" "WordPress/6.9.4; https://moabmonsters.com"
34.7.201.161 - - [15/May/2026:12:13:58 +0000] "GET /wordpress/wp-content/plugins/kamperen-core/assets/plugins/gsap/gsap.min.js.map HTTP/1.1" 404 89955 "-" "Mozilla/5.0 (X11; Linux x86_64) AppleWebKit/537.36 (KHTML, like Gecko) Chrome/124.0 Safari/537.36"
34.7.201.161 - - [15/May/2026:12:14:00 +0000] "GET /wordpress/wp-content/plugins/kamperen-core/assets/js/kamperen-core.min.js.map HTTP/1.1" 404 89952 "-" "Mozilla/5.0 (X11; Linux x86_64) AppleWebKit/537.36 (KHTML, like Gecko) Chrome/124.0 Safari/537.36"
34.7.201.161 - - [15/May/2026:12:14:02 +0000] "GET /wordpress/wp-content/plugins/woocommerce/assets/js/select2/select2.full.min.js.map HTTP/1.1" 404 89967 "-" "Mozilla/5.0 (X11; Linux x86_64) AppleWebKit/537.36 (KHTML, like Gecko) Chrome/124.0 Safari/537.36"
34.7.201.161 - - [15/May/2026:12:14:22 +0000] "GET /wordpress/wp-content/plugins/qi-addons-for-elementor/assets/plugins/swiper/8.4.5/swiper.min.js.map HTTP/1.1" 404 90015 "-" "Mozilla/5.0 (X11; Linux x86_64) AppleWebKit/537.36 (KHTML, like Gecko) Chrome/124.0 Safari/537.36"
34.7.201.161 - - [15/May/2026:12:14:41 +0000] "GET /wordpress/wp-includes/js/mediaelement/mediaelement-and-player.min.js.map HTTP/1.1" 404 89937 "-" "Mozilla/5.0 (X11; Linux x86_64) AppleWebKit/537.36 (KHTML, like Gecko) Chrome/124.0 Safari/537.36"
34.7.201.161 - - [15/May/2026:12:14:48 +0000] "GET /wordpress/wp-content/plugins/revslider/public/js/libs/tptools.js.map HTTP/1.1" 404 89925 "-" "Mozilla/5.0 (X11; Linux x86_64) AppleWebKit/537.36 (KHTML, like Gecko) Chrome/124.0 Safari/537.36"
34.7.201.161 - - [15/May/2026:12:15:12 +0000] "GET /wordpress/wp-content/plugins/revslider/public/js/sr7.js.map HTTP/1.1" 404 89898 "-" "Mozilla/5.0 (X11; Linux x86_64) AppleWebKit/537.36 (KHTML, like Gecko) Chrome/124.0 Safari/537.36"
2607:5500:3000:95::2 - - [15/May/2026:12:15:14 +0000] "POST /wordpress/wp-cron.php?doing_wp_cron=1778847314.1095929145812988281250 HTTP/1.1" 404 89928 "-" "WordPress/6.9.4; https://moabmonsters.com"
66.249.79.6 - - [15/May/2026:12:17:03 +0000] "GET /grouping/set/edhaq65m6q5rw3m.html HTTP/1.1" 404 89817 "-" "Mozilla/5.0 (Linux; Android 6.0.1; Nexus 5X Build/MMB29P) AppleWebKit/537.36 (KHTML, like Gecko) Chrome/148.0.7778.96 Mobile Safari/537.36 (compatible; GoogleOther)"
2607:5500:3000:95::2 - - [15/May/2026:12:17:05 +0000] "POST /wordpress/wp-cron.php?doing_wp_cron=1778847425.5824820995330810546875 HTTP/1.1" 404 89928 "-" "WordPress/6.9.4; https://moabmonsters.com"
66.249.79.6 - - [15/May/2026:12:19:23 +0000] "GET /edition/freight/eeib3v6rjf640sn.html HTTP/1.1" 404 89826 "-" "Mozilla/5.0 (Linux; Android 6.0.1; Nexus 5X Build/MMB29P) AppleWebKit/537.36 (KHTML, like Gecko) Chrome/148.0.7778.96 Mobile Safari/537.36 (compatible; GoogleOther)"
2607:5500:3000:95::2 - - [15/May/2026:12:19:25 +0000] "POST /wordpress/wp-cron.php?doing_wp_cron=1778847565.2784559726715087890625 HTTP/1.1" 404 89928 "-" "WordPress/6.9.4; https://moabmonsters.com"
66.249.79.7 - - [15/May/2026:12:20:20 +0000] "GET /edition/stock/e6ghdh4it14etel.html HTTP/1.1" 404 89820 "-" "Mozilla/5.0 (Linux; Android 6.0.1; Nexus 5X Build/MMB29P) AppleWebKit/537.36 (KHTML, like Gecko) Chrome/148.0.7778.96 Mobile Safari/537.36 (compatible; GoogleOther)"
40.77.167.15 - - [15/May/2026:12:21:38 +0000] "GET /wp-sitemap-taxonomies-accommodation-type-1.xml HTTP/1.1" 404 269 "-" "Mozilla/5.0 AppleWebKit/537.36 (KHTML, like Gecko; compatible; bingbot/2.0; +http://www.bing.com/bingbot.htm) Chrome/116.0.1938.76 Safari/537.36"
2607:5500:3000:95::2 - - [15/May/2026:12:21:40 +0000] "POST /wordpress/wp-cron.php?doing_wp_cron=1778847700.4021050930023193359375 HTTP/1.1" 404 89928 "-" "WordPress/6.9.4; https://moabmonsters.com"
2401:4900:1c69:47ee:64dd:9001:1e47:4143 - - [15/May/2026:12:24:05 +0000] "POST /xmlrpc.php HTTP/1.1" 404 89751 "-" "Mozilla/5.0 (Windows NT 6.3; arm64) AppleWebKit/537.36 (KHTML, like Gecko) Safari/11.0.0.0 Safari/537.36"
66.249.79.6 - - [15/May/2026:12:25:09 +0000] "GET /conglomeration/element/ebmmjnarz7akykr.html HTTP/1.1" 404 89847 "-" "Mozilla/5.0 (Linux; Android 6.0.1; Nexus 5X Build/MMB29P) AppleWebKit/537.36 (KHTML, like Gecko) Chrome/148.0.7778.96 Mobile Safari/537.36 (compatible; GoogleOther)"
2607:5500:3000:95::2 - - [15/May/2026:12:25:11 +0000] "POST /wordpress/wp-cron.php?doing_wp_cron=1778847911.3733971118927001953125 HTTP/1.1" 404 89928 "-" "WordPress/6.9.4; https://moabmonsters.com"
66.249.79.7 - - [15/May/2026:12:27:10 +0000] "GET /society/material/ekncwcbncwbxp9s.html HTTP/1.1" 404 89829 "-" "Mozilla/5.0 (Linux; Android 6.0.1; Nexus 5X Build/MMB29P) AppleWebKit/537.36 (KHTML, like Gecko) Chrome/148.0.7778.96 Mobile Safari/537.36 (compatible; GoogleOther)"
2607:5500:3000:95::2 - - [15/May/2026:12:27:12 +0000] "POST /wordpress/wp-cron.php?doing_wp_cron=1778848032.2649540901184082031250 HTTP/1.1" 404 89928 "-" "WordPress/6.9.4; https://moabmonsters.com"
66.249.79.5 - - [15/May/2026:12:27:42 +0000] "GET /aggregation/resource/eaav7bynnvy8w8f.html HTTP/1.1" 404 89841 "-" "Mozilla/5.0 (Linux; Android 6.0.1; Nexus 5X Build/MMB29P) AppleWebKit/537.36 (KHTML, like Gecko) Chrome/148.0.7778.96 Mobile Safari/537.36 (compatible; GoogleOther)"
40.77.167.15 - - [15/May/2026:12:27:49 +0000] "GET /wp-sitemap-posts-accommodation-1.xml HTTP/1.1" 404 320 "-" "Mozilla/5.0 AppleWebKit/537.36 (KHTML, like Gecko; compatible; bingbot/2.0; +http://www.bing.com/bingbot.htm) Chrome/116.0.1938.76 Safari/537.36"
66.249.79.6 - - [15/May/2026:12:30:55 +0000] "GET /community/fixture/fsncwcbbcd31jpk.html HTTP/1.1" 404 89832 "-" "Mozilla/5.0 (Linux; Android 6.0.1; Nexus 5X Build/MMB29P) AppleWebKit/537.36 (KHTML, like Gecko) Chrome/148.0.7778.96 Mobile Safari/537.36 (compatible; GoogleOther)"
2607:5500:3000:95::2 - - [15/May/2026:12:30:57 +0000] "POST /wordpress/wp-cron.php?doing_wp_cron=1778848257.5531430244445800781250 HTTP/1.1" 404 89928 "-" "WordPress/6.9.4; https://moabmonsters.com"
66.249.79.6 - - [15/May/2026:12:33:59 +0000] "GET /edition/stock/dtom91ceplcauyt.html HTTP/1.1" 404 89820 "-" "Mozilla/5.0 (Linux; Android 6.0.1; Nexus 5X Build/MMB29P) AppleWebKit/537.36 (KHTML, like Gecko) Chrome/148.0.7778.96 Mobile Safari/537.36 (compatible; GoogleOther)"
2607:5500:3000:95::2 - - [15/May/2026:12:34:00 +0000] "POST /wordpress/wp-cron.php?doing_wp_cron=1778848440.8188550472259521484375 HTTP/1.1" 404 89928 "-" "WordPress/6.9.4; https://moabmonsters.com"
66.249.79.6 - - [15/May/2026:12:36:42 +0000] "GET /province/fixture/elmhjnazz7akakr.html HTTP/1.1" 404 89829 "-" "Mozilla/5.0 (Linux; Android 6.0.1; Nexus 5X Build/MMB29P) AppleWebKit/537.36 (KHTML, like Gecko) Chrome/148.0.7778.96 Mobile Safari/537.36 (compatible; GoogleOther)"
2607:5500:3000:95::2 - - [15/May/2026:12:36:43 +0000] "POST /wordpress/wp-cron.php?doing_wp_cron=1778848603.6937100887298583984375 HTTP/1.1" 404 89928 "-" "WordPress/6.9.4; https://moabmonsters.com"
34.7.201.161 - - [15/May/2026:12:37:08 +0000] "GET /wordpress/wp-content/plugins/elementor/assets/js/counter.12335f45aaa79d244f24.bundle.min.js HTTP/1.1" 200 906 "-" "Mozilla/5.0 (X11; Linux x86_64) AppleWebKit/537.36 (KHTML, like Gecko) Chrome/124.0 Safari/537.36"
34.7.201.161 - - [15/May/2026:12:37:08 +0000] "GET /wordpress/wp-content/plugins/elementor/assets/js/lightbox.570c05c5a283cfb6b223.bundle.min.js HTTP/1.1" 200 29145 "-" "Mozilla/5.0 (X11; Linux x86_64) AppleWebKit/537.36 (KHTML, like Gecko) Chrome/124.0 Safari/537.36"
34.7.201.161 - - [15/May/2026:12:37:08 +0000] "GET /wordpress/wp-content/plugins/elementor/assets/js/397f2d183c19202777d6.bundle.min.js HTTP/1.1" 200 23933 "-" "Mozilla/5.0 (X11; Linux x86_64) AppleWebKit/537.36 (KHTML, like Gecko) Chrome/124.0 Safari/537.36"
34.7.201.161 - - [15/May/2026:12:37:08 +0000] "GET /wordpress/wp-content/plugins/elementor/assets/js/alert.42cc1d522ef5c60bf874.bundle.min.js HTTP/1.1" 200 618 "-" "Mozilla/5.0 (X11; Linux x86_64) AppleWebKit/537.36 (KHTML, like Gecko) Chrome/124.0 Safari/537.36"
34.7.201.161 - - [15/May/2026:12:37:08 +0000] "GET /wordpress/wp-content/plugins/elementor/assets/js/accordion.8b0db5058afeb74622f5.bundle.min.js HTTP/1.1" 200 3739 "-" "Mozilla/5.0 (X11; Linux x86_64) AppleWebKit/537.36 (KHTML, like Gecko) Chrome/124.0 Safari/537.36"
34.7.201.161 - - [15/May/2026:12:37:08 +0000] "GET /wordpress/wp-content/plugins/elementor/assets/js/text-path.a67c1f3a78d208bc7e1b.bundle.min.js HTTP/1.1" 200 3326 "-" "Mozilla/5.0 (X11; Linux x86_64) AppleWebKit/537.36 (KHTML, like Gecko) Chrome/124.0 Safari/537.36"
34.7.201.161 - - [15/May/2026:12:37:08 +0000] "GET /wordpress/wp-content/plugins/elementor/assets/js/progress.0ea083b809812c0e3aa1.bundle.min.js HTTP/1.1" 200 789 "-" "Mozilla/5.0 (X11; Linux x86_64) AppleWebKit/537.36 (KHTML, like Gecko) Chrome/124.0 Safari/537.36"
34.7.201.161 - - [15/May/2026:12:37:08 +0000] "GET /wordpress/wp-content/plugins/elementor/assets/js/tabs.18344b05d8d1ea0702bc.bundle.min.js HTTP/1.1" 200 3701 "-" "Mozilla/5.0 (X11; Linux x86_64) AppleWebKit/537.36 (KHTML, like Gecko) Chrome/124.0 Safari/537.36"
34.7.201.161 - - [15/May/2026:12:37:09 +0000] "GET /wordpress/wp-content/plugins/elementor/assets/js/toggle.2a177a3ef4785d3dfbc5.bundle.min.js HTTP/1.1" 200 3769 "-" "Mozilla/5.0 (X11; Linux x86_64) AppleWebKit/537.36 (KHTML, like Gecko) Chrome/124.0 Safari/537.36"
34.7.201.161 - - [15/May/2026:12:37:09 +0000] "GET /wordpress/wp-content/plugins/elementor/assets/js/video.86d44e46e43d0807e708.bundle.min.js HTTP/1.1" 200 3223 "-" "Mozilla/5.0 (X11; Linux x86_64) AppleWebKit/537.36 (KHTML, like Gecko) Chrome/124.0 Safari/537.36"
34.7.201.161 - - [15/May/2026:12:37:10 +0000] "GET /wordpress/wp-content/plugins/elementor/assets/js/text-editor.45609661e409413f1cef.bundle.min.js HTTP/1.1" 200 1348 "-" "Mozilla/5.0 (X11; Linux x86_64) AppleWebKit/537.36 (KHTML, like Gecko) Chrome/124.0 Safari/537.36"
