216.244.66.236 - - [15/May/2026:13:58:05 +0000] "GET /northfaceonline_en/north-face-imbabura-vest-zone HTTP/1.1" 200 - "-" "Mozilla/5.0 (compatible; DotBot/1.2; +https://opensiteexplorer.org/dotbot; [email protected])"
216.244.66.236 - - [15/May/2026:13:58:10 +0000] "GET /northfaceoutlet_en/north-face-clothing-guarantee-driver HTTP/1.1" 200 - "-" "Mozilla/5.0 (compatible; DotBot/1.2; +https://opensiteexplorer.org/dotbot; [email protected])"
216.244.66.236 - - [15/May/2026:13:58:14 +0000] "GET /northfacesale_en/mens-north-face-fast-drying-jackets-lowes-refrigerator HTTP/1.1" 200 - "-" "Mozilla/5.0 (compatible; DotBot/1.2; +https://opensiteexplorer.org/dotbot; [email protected])"
216.244.66.236 - - [15/May/2026:14:33:55 +0000] "GET /robots.txt HTTP/1.1" 200 2126 "-" "Mozilla/5.0 (compatible; DotBot/1.2; +https://opensiteexplorer.org/dotbot; [email protected])"
216.244.66.236 - - [15/May/2026:14:33:55 +0000] "GET /robots.txt HTTP/1.1" 200 2126 "-" "Mozilla/5.0 (compatible; DotBot/1.2; +https://opensiteexplorer.org/dotbot; [email protected])"
216.244.66.236 - - [15/May/2026:14:41:49 +0000] "GET /canadagooseclearance_en/mens-canada-goose-yorkville-discount-fl HTTP/1.1" 200 - "-" "Mozilla/5.0 (compatible; DotBot/1.2; +https://opensiteexplorer.org/dotbot; [email protected])"
216.244.66.236 - - [15/May/2026:14:41:54 +0000] "GET /canadagoosediscount_en/canada-goose-kensington-jacket-sizing-help HTTP/1.1" 200 - "-" "Mozilla/5.0 (compatible; DotBot/1.2; +https://opensiteexplorer.org/dotbot; [email protected])"
2.58.56.55 - - [15/May/2026:14:41:57 +0000] "GET //wp-content/plugins/fix/up.php HTTP/1.1" 200 - "-" "Mozilla/5.0 (Windows NT 10.0; Win64; x64) AppleWebKit/537.36 (KHTML, like Gecko) Chrome/85.0.4183.102 Safari/537.36"
216.244.66.236 - - [15/May/2026:14:41:57 +0000] "GET /canadagoosediscount_en/mens-canada-goose-yorkville-oh-us HTTP/1.1" 200 - "-" "Mozilla/5.0 (compatible; DotBot/1.2; +https://opensiteexplorer.org/dotbot; [email protected])"
216.244.66.236 - - [15/May/2026:14:42:01 +0000] "GET /coachfactory_en/coach-satchels-handbags-clearance-map HTTP/1.1" 200 - "-" "Mozilla/5.0 (compatible; DotBot/1.2; +https://opensiteexplorer.org/dotbot; [email protected])"
216.244.66.236 - - [15/May/2026:14:42:03 +0000] "GET /coachoutlet_en/coach-messenger-bag-review-amazon HTTP/1.1" 200 - "-" "Mozilla/5.0 (compatible; DotBot/1.2; +https://opensiteexplorer.org/dotbot; [email protected])"
216.244.66.236 - - [15/May/2026:14:42:05 +0000] "GET /northfaceonline_en/the-north-face-jacket-denali-polartec-wind-pro-build HTTP/1.1" 200 - "-" "Mozilla/5.0 (compatible; DotBot/1.2; +https://opensiteexplorer.org/dotbot; [email protected])"
216.244.66.236 - - [15/May/2026:14:42:07 +0000] "GET /northfaceonline_en/the-north-face-novelty-nuptse-vest HTTP/1.1" 200 - "-" "Mozilla/5.0 (compatible; DotBot/1.2; +https://opensiteexplorer.org/dotbot; [email protected])"
34.121.241.117 - - [15/May/2026:14:46:37 +0000] "GET / HTTP/1.1" 200 - "-" "Mozilla/5.0 (Windows NT 10.0; Win64; x64) AppleWebKit/537.36 (KHTML, like Gecko) Chrome/78.0.3904.108 Safari/537.36"
34.121.241.117 - - [15/May/2026:14:46:37 +0000] "GET / HTTP/1.1" 200 - "-" "Mozilla/5.0 (Windows NT 10.0; Win64; x64) AppleWebKit/537.36 (KHTML, like Gecko) Chrome/78.0.3904.108 Safari/537.36"
34.121.241.117 - - [15/May/2026:14:46:37 +0000] "GET /wp-includes/wlwmanifest.xml HTTP/1.1" 200 1045 "-" "Mozilla/5.0 (Windows NT 10.0; Win64; x64) AppleWebKit/537.36 (KHTML, like Gecko) Chrome/78.0.3904.108 Safari/537.36"
34.121.241.117 - - [15/May/2026:14:46:37 +0000] "GET /?author=1 HTTP/1.1" 200 - "-" "Mozilla/5.0 (Windows NT 10.0; Win64; x64) AppleWebKit/537.36 (KHTML, like Gecko) Chrome/78.0.3904.108 Safari/537.36"
34.121.241.117 - - [15/May/2026:14:46:38 +0000] "GET /?author=2 HTTP/1.1" 200 - "-" "Mozilla/5.0 (Windows NT 10.0; Win64; x64) AppleWebKit/537.36 (KHTML, like Gecko) Chrome/78.0.3904.108 Safari/537.36"
34.121.241.117 - - [15/May/2026:14:46:38 +0000] "GET /wp-json/wp/v2/users/ HTTP/1.1" 200 - "-" "Mozilla/5.0 (Windows NT 10.0; Win64; x64) AppleWebKit/537.36 (KHTML, like Gecko) Chrome/78.0.3904.108 Safari/537.36"
34.121.241.117 - - [15/May/2026:14:46:38 +0000] "GET /wp-json/oembed/1.0/embed?url=http://realestatephotographyutah.com HTTP/1.1" 200 - "-" "Mozilla/5.0 (Windows NT 10.0; Win64; x64) AppleWebKit/537.36 (KHTML, like Gecko) Chrome/78.0.3904.108 Safari/537.36"
34.121.241.117 - - [15/May/2026:14:46:38 +0000] "POST /xmlrpc.php HTTP/1.1" 403 - "-" "Mozilla/5.0 (Windows NT 10.0; Win64; x64) AppleWebKit/537.36 (KHTML, like Gecko) Chrome/78.0.3904.108 Safari/537.36"
216.244.66.236 - - [15/May/2026:14:49:57 +0000] "GET /canadagoosediscount_en/canada-goose-palliser-kalamazoo-beer-week HTTP/1.1" 200 - "-" "Mozilla/5.0 (compatible; DotBot/1.2; +https://opensiteexplorer.org/dotbot; [email protected])"
84.46.251.28 - - [15/May/2026:14:51:39 +0000] "GET /wp-content/plugins/shell/about.php HTTP/1.1" 200 - "www.google.com" "Mozlila/5.0 (Linux; Android 7.0; SM-G892A Bulid/NRD90M; wv) AppleWebKit/537.36 (KHTML, like Gecko) Version/4.0 Chrome/60.0.3112.107 Moblie Safari/537.36"
84.46.251.28 - - [15/May/2026:14:51:44 +0000] "GET /wp-content/plugins/fix/up.php HTTP/1.1" 200 - "www.google.com" "Mozlila/5.0 (Linux; Android 7.0; SM-G892A Bulid/NRD90M; wv) AppleWebKit/537.36 (KHTML, like Gecko) Version/4.0 Chrome/60.0.3112.107 Moblie Safari/537.36"
84.46.251.28 - - [15/May/2026:14:51:51 +0000] "GET /wp-content/plugins/wp-help/mini.php HTTP/1.1" 200 - "www.google.com" "Mozlila/5.0 (Linux; Android 7.0; SM-G892A Bulid/NRD90M; wv) AppleWebKit/537.36 (KHTML, like Gecko) Version/4.0 Chrome/60.0.3112.107 Moblie Safari/537.36"
43.130.154.56 - - [15/May/2026:14:58:01 +0000] "GET / HTTP/1.1" 200 - "-" "Mozilla/5.0 (iPhone; CPU iPhone OS 13_2_3 like Mac OS X) AppleWebKit/605.1.15 (KHTML, like Gecko) Version/13.0.3 Mobile/15E148 Safari/604.1"
157.254.20.38 - - [15/May/2026:15:03:56 +0000] "GET /wp-json/wp/v2/posts HTTP/1.1" 200 - "-" "Mozilla/5.0 (Windows NT 10.0; Win64; x64) AppleWebKit/537.36 (KHTML, like Gecko) Chrome/120.0.0.0 Safari/537.36"
175.27.171.245 - - [15/May/2026:15:18:00 +0000] "GET / HTTP/1.1" 200 - "-" "Mozilla/5.0 (iPhone; CPU iPhone OS 13_2_3 like Mac OS X) AppleWebKit/605.1.15 (KHTML, like Gecko) Version/13.0.3 Mobile/15E148 Safari/604.1"
2607:5500:3000:95::2 - - [15/May/2026:15:23:01 +0000] "GET /.well-known/acme-challenge/YVGPNZG2YFNY11JT5SHX62SX6WNM20K_ HTTP/1.1" 200 64 "-" "Cpanel-HTTP-Client/1.0"
2607:5500:3000:95::2 - - [15/May/2026:15:23:02 +0000] "GET /.well-known/acme-challenge/7VHCIG-WWQTTCQ49U8U_NT_SC--EJ469 HTTP/1.1" 200 64 "-" "Cpanel-HTTP-Client/1.0"
216.244.66.236 - - [15/May/2026:15:24:49 +0000] "GET /canadagooseclearance_en/canada-goose-borden-bomber-navy-reserve HTTP/1.1" 200 - "-" "Mozilla/5.0 (compatible; DotBot/1.2; +https://opensiteexplorer.org/dotbot; [email protected])"
216.244.66.236 - - [15/May/2026:15:24:53 +0000] "GET /canadagooseclearance_en/canada-goose-freestyle-vest-blue-xmen HTTP/1.1" 200 - "-" "Mozilla/5.0 (compatible; DotBot/1.2; +https://opensiteexplorer.org/dotbot; [email protected])"
216.244.66.236 - - [15/May/2026:15:24:57 +0000] "GET /canadagoosefactory_en/canada-goose-montebello-tip-de-bruin-dallas HTTP/1.1" 200 - "-" "Mozilla/5.0 (compatible; DotBot/1.2; +https://opensiteexplorer.org/dotbot; [email protected])"
216.244.66.236 - - [15/May/2026:15:25:04 +0000] "GET /coachonline_en/coach-legacy-lock-bag-price HTTP/1.1" 200 - "-" "Mozilla/5.0 (compatible; DotBot/1.2; +https://opensiteexplorer.org/dotbot; [email protected])"
216.244.66.236 - - [15/May/2026:15:25:17 +0000] "GET /coachoutlet_en/coach-madison-hobo-bag-for-sale HTTP/1.1" 200 - "-" "Mozilla/5.0 (compatible; DotBot/1.2; +https://opensiteexplorer.org/dotbot; [email protected])"
216.244.66.236 - - [15/May/2026:15:25:28 +0000] "GET /coachoutlet_en/coach-poppy-graffiti-messenger-bag-ebay HTTP/1.1" 200 - "-" "Mozilla/5.0 (compatible; DotBot/1.2; +https://opensiteexplorer.org/dotbot; [email protected])"
216.244.66.236 - - [15/May/2026:15:25:39 +0000] "GET /coachoutlet_en/vintage-coach-kelly-bag-holder HTTP/1.1" 200 - "-" "Mozilla/5.0 (compatible; DotBot/1.2; +https://opensiteexplorer.org/dotbot; [email protected])"
51.68.236.68 - - [15/May/2026:15:32:56 +0000] "GET /robots.txt HTTP/1.1" 200 2126 "-" "Mozilla/5.0 (compatible; MJ12bot/v2.0.5; http://mj12bot.com/)"
103.51.223.133 - - [15/May/2026:15:53:19 +0000] "GET //wp-json/wp/v2/posts HTTP/1.1" 200 - "-" "Mozilla/5.0 (Windows NT 10.0; Win64; x64) AppleWebKit/537.36 (KHTML, like Gecko) Chrome/120.0.0.0 Safari/537.36"
216.244.66.236 - - [15/May/2026:16:00:00 +0000] "GET /robots.txt HTTP/1.1" 304 - "-" "Mozilla/5.0 (compatible; DotBot/1.2; +https://opensiteexplorer.org/dotbot; [email protected])"
216.244.66.236 - - [15/May/2026:16:07:34 +0000] "GET /canadagooseclearance_en/canada-goose-trillium-saks-resort HTTP/1.1" 200 - "-" "Mozilla/5.0 (compatible; DotBot/1.2; +https://opensiteexplorer.org/dotbot; [email protected])"
216.244.66.236 - - [15/May/2026:16:07:39 +0000] "GET /canadagoosefactory_en/canada-goose-trillium-jassen-dinner HTTP/1.1" 200 - "-" "Mozilla/5.0 (compatible; DotBot/1.2; +https://opensiteexplorer.org/dotbot; [email protected])"
216.244.66.236 - - [15/May/2026:16:07:42 +0000] "GET /coachfactory_en/coach-hippie-crossbody-bags-zara HTTP/1.1" 200 - "-" "Mozilla/5.0 (compatible; DotBot/1.2; +https://opensiteexplorer.org/dotbot; [email protected])"
216.244.66.236 - - [15/May/2026:16:07:46 +0000] "GET /coachonline_en/coach-soft-borough-bag-review-book HTTP/1.1" 200 - "-" "Mozilla/5.0 (compatible; DotBot/1.2; +https://opensiteexplorer.org/dotbot; [email protected])"
216.244.66.236 - - [15/May/2026:16:07:48 +0000] "GET /coachonline_en/discount-coach-crossbody-handbags-for-sale HTTP/1.1" 200 - "-" "Mozilla/5.0 (compatible; DotBot/1.2; +https://opensiteexplorer.org/dotbot; [email protected])"
216.244.66.236 - - [15/May/2026:16:07:50 +0000] "GET /coachoutlet_en/coach-bag-wallet-set-items HTTP/1.1" 200 - "-" "Mozilla/5.0 (compatible; DotBot/1.2; +https://opensiteexplorer.org/dotbot; [email protected])"
216.244.66.236 - - [15/May/2026:16:07:53 +0000] "GET /coachoutlet_en/coach-bags-wristlets-online HTTP/1.1" 200 - "-" "Mozilla/5.0 (compatible; DotBot/1.2; +https://opensiteexplorer.org/dotbot; [email protected])"
216.244.66.236 - - [15/May/2026:16:07:54 +0000] "GET /coachoutlet_en/coach-turquoise-kristin-bag-for-sale-florida HTTP/1.1" 200 - "-" "Mozilla/5.0 (compatible; DotBot/1.2; +https://opensiteexplorer.org/dotbot; [email protected])"
216.244.66.236 - - [15/May/2026:16:07:56 +0000] "GET /coachoutlet_en/madison-coach-bag-cheap-yarn HTTP/1.1" 200 - "-" "Mozilla/5.0 (compatible; DotBot/1.2; +https://opensiteexplorer.org/dotbot; [email protected])"
216.244.66.236 - - [15/May/2026:16:07:57 +0000] "GET /northfaceonline_en/north-face-coat-jd-zinc HTTP/1.1" 200 - "-" "Mozilla/5.0 (compatible; DotBot/1.2; +https://opensiteexplorer.org/dotbot; [email protected])"
43.159.141.150 - - [15/May/2026:16:20:40 +0000] "GET / HTTP/1.1" 200 - "-" "Mozilla/5.0 (iPhone; CPU iPhone OS 13_2_3 like Mac OS X) AppleWebKit/605.1.15 (KHTML, like Gecko) Version/13.0.3 Mobile/15E148 Safari/604.1"
51.68.236.68 - - [15/May/2026:16:37:50 +0000] "GET / HTTP/1.1" 200 - "-" "Mozilla/5.0 (compatible; MJ12bot/v2.0.5; http://mj12bot.com/)"
216.244.66.236 - - [15/May/2026:16:49:51 +0000] "GET /coachoutlet_en/coach-kristin-handbags-ebay-bulletin HTTP/1.1" 200 - "-" "Mozilla/5.0 (compatible; DotBot/1.2; +https://opensiteexplorer.org/dotbot; [email protected])"
216.244.66.236 - - [15/May/2026:17:25:46 +0000] "GET /robots.txt HTTP/1.1" 200 2126 "-" "Mozilla/5.0 (compatible; DotBot/1.2; +https://opensiteexplorer.org/dotbot; [email protected])"
216.244.66.236 - - [15/May/2026:17:32:10 +0000] "GET /canadagoosediscount_en/canada-goose-montebello-niagara-grape-growers HTTP/1.1" 200 - "-" "Mozilla/5.0 (compatible; DotBot/1.2; +https://opensiteexplorer.org/dotbot; [email protected])"
216.244.66.236 - - [15/May/2026:17:32:14 +0000] "GET /canadagoosefactory_en/canada-goose-montebello-sizing-tool HTTP/1.1" 200 - "-" "Mozilla/5.0 (compatible; DotBot/1.2; +https://opensiteexplorer.org/dotbot; [email protected])"
216.244.66.236 - - [15/May/2026:17:32:18 +0000] "GET /canadagoosefactory_en/canada-goose-palliser-jacket HTTP/1.1" 200 - "-" "Mozilla/5.0 (compatible; DotBot/1.2; +https://opensiteexplorer.org/dotbot; [email protected])"
216.244.66.236 - - [15/May/2026:17:32:21 +0000] "GET /canadagoosefactory_en/canada-goose-trillium-womens-parka-jacket-menu HTTP/1.1" 200 - "-" "Mozilla/5.0 (compatible; DotBot/1.2; +https://opensiteexplorer.org/dotbot; [email protected])"
216.244.66.236 - - [15/May/2026:17:32:24 +0000] "GET /coachdiscount_en/coach-poppy-gold-glam-bag-zone HTTP/1.1" 200 - "-" "Mozilla/5.0 (compatible; DotBot/1.2; +https://opensiteexplorer.org/dotbot; [email protected])"
216.244.66.236 - - [15/May/2026:17:32:26 +0000] "GET /coachfactory_en/coach-borough-bag-black-and-white-kitchen HTTP/1.1" 200 - "-" "Mozilla/5.0 (compatible; DotBot/1.2; +https://opensiteexplorer.org/dotbot; [email protected])"
216.244.66.236 - - [15/May/2026:17:32:28 +0000] "GET /coachonline_en/coach-bleecker-leather-bag-yogyakarta HTTP/1.1" 200 - "-" "Mozilla/5.0 (compatible; DotBot/1.2; +https://opensiteexplorer.org/dotbot; [email protected])"
216.244.66.236 - - [15/May/2026:17:32:30 +0000] "GET /coachonline_en/coach-luggage-handbags-macys-order HTTP/1.1" 200 - "-" "Mozilla/5.0 (compatible; DotBot/1.2; +https://opensiteexplorer.org/dotbot; [email protected])"
216.244.66.236 - - [15/May/2026:17:32:31 +0000] "GET /northfacefactory_en/the-north-face-down-hoodie-red-dot HTTP/1.1" 200 - "-" "Mozilla/5.0 (compatible; DotBot/1.2; +https://opensiteexplorer.org/dotbot; [email protected])"
216.244.66.236 - - [15/May/2026:17:32:32 +0000] "GET /northfaceonline_en/the-north-face-isotherm-windstopper-jacket-uk HTTP/1.1" 200 - "-" "Mozilla/5.0 (compatible; DotBot/1.2; +https://opensiteexplorer.org/dotbot; [email protected])"
196.179.18.4 - - [15/May/2026:17:36:09 +0000] "GET / HTTP/1.1" 200 - "-" "Mozilla/5.0 (Windows NT 10.0; Win64; x64) AppleWebKit/537.36 (KHTML, like Gecko) Chrome/107.0.0.0 Safari/537.36"
2.58.56.110 - - [15/May/2026:17:50:34 +0000] "GET /txets.php HTTP/1.1" 403 - "-" "Mozilla/5.0 (Windows NT 10.0; Win64; x64) AppleWebKit/537.36 (KHTML, like Gecko) Chrome/91.0.4472.124 Safari/537.36"
2.58.56.110 - - [15/May/2026:17:50:35 +0000] "GET /wp-content/txets.php HTTP/1.1" 403 - "-" "Mozilla/5.0 (Windows NT 10.0; Win64; x64) AppleWebKit/537.36 (KHTML, like Gecko) Chrome/91.0.4472.124 Safari/537.36"
2.58.56.110 - - [15/May/2026:17:50:35 +0000] "GET /wp-includes/widgets/txets.php HTTP/1.1" 403 - "-" "Mozilla/5.0 (Windows NT 10.0; Win64; x64) AppleWebKit/537.36 (KHTML, like Gecko) Chrome/91.0.4472.124 Safari/537.36"
2.58.56.110 - - [15/May/2026:17:50:35 +0000] "GET /wp-includes/rest-api/txets.php HTTP/1.1" 403 - "-" "Mozilla/5.0 (Windows NT 10.0; Win64; x64) AppleWebKit/537.36 (KHTML, like Gecko) Chrome/91.0.4472.124 Safari/537.36"
2.58.56.110 - - [15/May/2026:17:50:36 +0000] "GET /wp-includes/blocks/post-template/txets.php HTTP/1.1" 200 - "-" "Mozilla/5.0 (Windows NT 10.0; Win64; x64) AppleWebKit/537.36 (KHTML, like Gecko) Chrome/91.0.4472.124 Safari/537.36"
2.58.56.110 - - [15/May/2026:17:50:36 +0000] "GET /wp-admin/txets.php HTTP/1.1" 403 - "-" "Mozilla/5.0 (Windows NT 10.0; Win64; x64) AppleWebKit/537.36 (KHTML, like Gecko) Chrome/91.0.4472.124 Safari/537.36"
2.58.56.110 - - [15/May/2026:17:50:36 +0000] "GET /wp-includes/txets.php HTTP/1.1" 403 - "-" "Mozilla/5.0 (Windows NT 10.0; Win64; x64) AppleWebKit/537.36 (KHTML, like Gecko) Chrome/91.0.4472.124 Safari/537.36"
2.58.56.110 - - [15/May/2026:17:50:36 +0000] "GET /schallfuns.php HTTP/1.1" 403 - "-" "Mozilla/5.0 (Windows NT 10.0; Win64; x64) AppleWebKit/537.36 (KHTML, like Gecko) Chrome/91.0.4472.124 Safari/537.36"
2.58.56.110 - - [15/May/2026:17:50:36 +0000] "GET /postnews.php HTTP/1.1" 403 - "-" "Mozilla/5.0 (Windows NT 10.0; Win64; x64) AppleWebKit/537.36 (KHTML, like Gecko) Chrome/91.0.4472.124 Safari/537.36"
157.15.40.77 - - [15/May/2026:18:06:27 +0000] "GET /txets.php HTTP/1.1" 403 - "-" "Go-http-client/1.1"
157.15.40.77 - - [15/May/2026:18:06:28 +0000] "GET /wp-content/txets.php HTTP/1.1" 403 - "-" "Go-http-client/1.1"
157.15.40.77 - - [15/May/2026:18:06:28 +0000] "GET /wp-admin/txets.php HTTP/1.1" 403 - "-" "Go-http-client/1.1"
157.15.40.77 - - [15/May/2026:18:06:28 +0000] "GET /wp-includes/txets.php HTTP/1.1" 403 - "-" "Go-http-client/1.1"
157.15.40.77 - - [15/May/2026:18:06:28 +0000] "GET /schallfuns.php HTTP/1.1" 403 - "-" "Go-http-client/1.1"
157.15.40.77 - - [15/May/2026:18:06:29 +0000] "GET /postnews.php HTTP/1.1" 403 - "-" "Go-http-client/1.1"
157.15.40.77 - - [15/May/2026:18:06:29 +0000] "GET /wp-content/postnews.php HTTP/1.1" 403 - "-" "Go-http-client/1.1"
157.15.40.77 - - [15/May/2026:18:06:29 +0000] "GET /wp-admin/postnews.php HTTP/1.1" 403 - "-" "Go-http-client/1.1"
157.15.40.77 - - [15/May/2026:18:06:29 +0000] "GET /wp-includes/postnews.php HTTP/1.1" 403 - "-" "Go-http-client/1.1"
216.244.66.236 - - [15/May/2026:18:08:06 +0000] "GET /robots.txt HTTP/1.1" 304 - "-" "Mozilla/5.0 (compatible; DotBot/1.2; +https://opensiteexplorer.org/dotbot; [email protected])"
216.244.66.236 - - [15/May/2026:18:08:06 +0000] "GET /robots.txt HTTP/1.1" 304 - "-" "Mozilla/5.0 (compatible; DotBot/1.2; +https://opensiteexplorer.org/dotbot; [email protected])"
34.174.197.111 - - [15/May/2026:18:12:37 +0000] "HEAD / HTTP/1.1" 200 - "-" "Mozilla/5.0 (Linux; Android 13; Nokia G42 5G) AppleWebKit/537.36 (KHTML, like Gecko) Chrome/126.0.6478.41 Mobile Safari/537.36"
34.174.197.111 - - [15/May/2026:18:12:37 +0000] "HEAD /wordpress/ HTTP/1.1" 200 - "-" "Mozilla/5.0 (Windows NT 11.0; Win64; x64) AppleWebKit/537.36 (KHTML, like Gecko) Chrome/128.0.6540.18 Safari/537.36"
34.174.197.111 - - [15/May/2026:18:12:37 +0000] "HEAD /blog/ HTTP/1.1" 200 - "-" "Mozilla/5.0 (iPhone; CPU iPhone OS 16_7 like Mac OS X) AppleWebKit/605.1.15 (KHTML, like Gecko) Version/16.7 Mobile/15E148 Safari/604.1"
34.174.197.111 - - [15/May/2026:18:12:37 +0000] "HEAD /backup/ HTTP/1.1" 200 - "-" "Mozilla/5.0 (Linux; Android 13; Pixel 7a) AppleWebKit/537.36 (KHTML, like Gecko) Chrome/124.0.6367.82 Mobile Safari/537.36"
34.174.197.111 - - [15/May/2026:18:12:37 +0000] "HEAD /wp/ HTTP/1.1" 200 - "-" "Mozilla/5.0 (Windows NT 10.0; Win64; x64; rv:127.0) Gecko/20100101 Firefox/127.0"
34.174.197.111 - - [15/May/2026:18:12:37 +0000] "HEAD /new/ HTTP/1.1" 200 - "-" "Mozilla/5.0 (Linux; Android 14; Samsung SM-A546B) AppleWebKit/537.36 (KHTML, like Gecko) Chrome/126.0.6478.14 Mobile Safari/537.36"
34.174.197.111 - - [15/May/2026:18:12:37 +0000] "HEAD /old/ HTTP/1.1" 200 - "-" "Mozilla/5.0 (Linux; Android 14; SM-A146P) AppleWebKit/537.36 (KHTML, like Gecko) SamsungBrowser/25.0 Chrome/123.0.6312.120 Mobile Safari/537.36"
216.244.66.236 - - [15/May/2026:18:14:54 +0000] "GET /blog/keyword?k=twilight HTTP/1.1" 200 - "-" "Mozilla/5.0 (compatible; DotBot/1.2; +https://opensiteexplorer.org/dotbot; [email protected])"
216.244.66.236 - - [15/May/2026:18:15:29 +0000] "GET /coachdiscount_en/coach-chelsea-handbags-net-worth-yelp HTTP/1.1" 200 - "-" "Mozilla/5.0 (compatible; DotBot/1.2; +https://opensiteexplorer.org/dotbot; [email protected])"
216.244.66.236 - - [15/May/2026:18:15:34 +0000] "GET /coachonline_en/coach-borough-handbags-qvc HTTP/1.1" 200 - "-" "Mozilla/5.0 (compatible; DotBot/1.2; +https://opensiteexplorer.org/dotbot; [email protected])"
216.244.66.236 - - [15/May/2026:18:15:38 +0000] "GET /coachonline_en/coach-hobo-bag-pebbled-leather-review HTTP/1.1" 200 - "-" "Mozilla/5.0 (compatible; DotBot/1.2; +https://opensiteexplorer.org/dotbot; [email protected])"
216.244.66.236 - - [15/May/2026:18:15:41 +0000] "GET /northfacefactory_en/the-north-face-womens-vest-clearance HTTP/1.1" 200 - "-" "Mozilla/5.0 (compatible; DotBot/1.2; +https://opensiteexplorer.org/dotbot; [email protected])"
216.244.66.236 - - [15/May/2026:18:15:44 +0000] "GET /northfacesale_en/mens-the-north-face-scythe-jacket-sale-las-vegas HTTP/1.1" 200 - "-" "Mozilla/5.0 (compatible; DotBot/1.2; +https://opensiteexplorer.org/dotbot; [email protected])"
2607:5500:3000:95::2 - - [15/May/2026:18:22:45 +0000] "GET /.well-known/acme-challenge/DDJ291R7LBOYYNPPOM-A2YDRVOY06UIQ HTTP/1.1" 200 64 "-" "Cpanel-HTTP-Client/1.0"
2607:5500:3000:95::2 - - [15/May/2026:18:22:46 +0000] "GET /.well-known/acme-challenge/5HU_HFZXEZNJI3MEA3_7EIBTP2G64L7- HTTP/1.1" 200 64 "-" "Cpanel-HTTP-Client/1.0"
186.182.88.139 - - [15/May/2026:19:00:23 +0000] "GET /pandorawholesale HTTP/1.1" 200 - "http://www.realestatephotographyutah.com/" "Mozilla/5.0 (Macintosh; Intel Mac OS X 10_15_7) AppleWebKit/537.36 (KHTML, like Gecko) Chrome/135.0.0.0 Safari/537.36"
120.240.178.164 - - [15/May/2026:19:22:09 +0000] "GET /robots.txt HTTP/1.1" 200 2126 "-" "Mozilla/5.0 (Windows NT 10.0; WOW64) AppleWebKit/537.36 (KHTML, like Gecko) Chrome/53.0.3410.58 Safari/537.36 QIHU 360EE"
77.90.185.5 - - [15/May/2026:19:22:15 +0000] "GET / HTTP/1.1" 200 - "http://realestatephotographyutah.com/" "Mozilla/5.0 (Windows NT 10.0; Win64; x64) AppleWebKit/537.36 (KHTML, like Gecko) Chrome/130.0.0.0 Safari/537.36 CCleaner/130.0.0.0"
110.249.202.247 - - [15/May/2026:19:27:38 +0000] "GET /robots.txt HTTP/1.1" 200 2126 "-" "Mozilla/5.0 (Linux; Android 5.0) AppleWebKit/537.36 (KHTML, like Gecko) Mobile Safari/537.36 (compatible; Bytespider; https://zhanzhang.toutiao.com/)"
15.229.247.228 - - [15/May/2026:19:37:00 +0000] "GET /wp-json/wp/v2/posts HTTP/1.1" 200 - "-" "Mozilla/5.0 (Windows NT 10.0; Win64; x64) AppleWebKit/537.36 (KHTML, like Gecko) Chrome/120.0.0.0 Safari/537.36"
101.32.128.113 - - [15/May/2026:20:10:43 +0000] "GET / HTTP/1.1" 200 - "-" "Mozilla/5.0 (iPhone; CPU iPhone OS 13_2_3 like Mac OS X) AppleWebKit/605.1.15 (KHTML, like Gecko) Version/13.0.3 Mobile/15E148 Safari/604.1"
98.80.16.166 - - [15/May/2026:20:33:57 +0000] "GET /robots.txt HTTP/1.1" 200 2126 "-" "Mozilla/5.0 (Macintosh; Intel Mac OS X 10_10_1) AppleWebKit/600.2.5 (KHTML, like Gecko) Version/8.0.2 Safari/600.2.5 (Gort)"
20.197.233.220 - - [15/May/2026:20:36:53 +0000] "GET //wp-content/plugins/fix/up.php HTTP/1.1" 200 - "-" "Mozilla/5.0 (Windows NT 10.0; Win64; x64) AppleWebKit/537.36 (KHTML, like Gecko) Chrome/85.0.4183.102 Safari/537.36"
39.106.67.230 - - [15/May/2026:20:41:45 +0000] "GET /fizz.asp HTTP/1.1" 200 - "-" "Mozilla/5.0 (Windows NT 10.0; WOW64; rv:48.0) Gecko/20100101 Firefox/48.0"
216.244.66.236 - - [15/May/2026:20:56:04 +0000] "GET /robots.txt HTTP/1.1" 304 - "-" "Mozilla/5.0 (compatible; DotBot/1.2; +https://opensiteexplorer.org/dotbot; [email protected])"
2602:80d:1007::2c - - [15/May/2026:21:03:08 +0000] "GET / HTTP/1.1" 200 - "-" "Mozilla/5.0 (compatible; CensysInspect/1.1; +https://about.censys.io/)"
216.244.66.236 - - [15/May/2026:21:03:11 +0000] "GET /coachfactory_en/coach-baby-bag-stamped-c-tote-ebay HTTP/1.1" 200 - "-" "Mozilla/5.0 (compatible; DotBot/1.2; +https://opensiteexplorer.org/dotbot; [email protected])"
2602:80d:1007::2c - - [15/May/2026:21:03:13 +0000] "GET /favicon.ico HTTP/1.1" 200 15406 "-" "Mozilla/5.0 (compatible; CensysInspect/1.1; +https://about.censys.io/)"
216.244.66.236 - - [15/May/2026:21:03:34 +0000] "GET /northfaceoutlet_en/mens-the-north-face-denali-jacket-name-upgrade HTTP/1.1" 200 - "-" "Mozilla/5.0 (compatible; DotBot/1.2; +https://opensiteexplorer.org/dotbot; [email protected])"
216.244.66.236 - - [15/May/2026:21:03:42 +0000] "GET /northfaceoutlet_en/north-face-evolution-triclimate-3-in-1-mens-jacket-yellow HTTP/1.1" 200 - "-" "Mozilla/5.0 (compatible; DotBot/1.2; +https://opensiteexplorer.org/dotbot; [email protected])"
2607:5500:3000:95::2 - - [15/May/2026:21:22:27 +0000] "GET /.well-known/acme-challenge/JZ2DYNA4B3WRV9Y3U1DTV9HYGFDNOTKV HTTP/1.1" 200 64 "-" "Cpanel-HTTP-Client/1.0"
2607:5500:3000:95::2 - - [15/May/2026:21:22:28 +0000] "GET /.well-known/acme-challenge/4X6W93TWCP-2H4-XUL_WS_6NCS2XTIJE HTTP/1.1" 200 64 "-" "Cpanel-HTTP-Client/1.0"
2602:fb54:1400::14f - - [15/May/2026:21:23:08 +0000] "GET / HTTP/1.1" 200 - "-" "Mozilla/5.0 (X11; Linux x86_64; rv:149.0) Gecko/20100101 Firefox/149.0"
216.244.66.236 - - [15/May/2026:21:38:03 +0000] "GET /robots.txt HTTP/1.1" 304 - "-" "Mozilla/5.0 (compatible; DotBot/1.2; +https://opensiteexplorer.org/dotbot; [email protected])"
216.244.66.236 - - [15/May/2026:21:48:40 +0000] "GET /coachfactory_en/coach-in-printed-signature-medium-gold-totes HTTP/1.1" 200 - "-" "Mozilla/5.0 (compatible; DotBot/1.2; +https://opensiteexplorer.org/dotbot; [email protected])"
216.244.66.236 - - [15/May/2026:21:48:45 +0000] "GET /coachfactory_en/coach-satchels-bags-ky-kyani HTTP/1.1" 200 - "-" "Mozilla/5.0 (compatible; DotBot/1.2; +https://opensiteexplorer.org/dotbot; [email protected])"
216.244.66.236 - - [15/May/2026:21:48:48 +0000] "GET /coachoutlet_en/coach-bleecker-map-bag-in-leather-vest HTTP/1.1" 200 - "-" "Mozilla/5.0 (compatible; DotBot/1.2; +https://opensiteexplorer.org/dotbot; [email protected])"
216.244.66.236 - - [15/May/2026:21:48:52 +0000] "GET /coachoutlet_en/coach-bleecker-penny-crossbody-bag-vanilla HTTP/1.1" 200 - "-" "Mozilla/5.0 (compatible; DotBot/1.2; +https://opensiteexplorer.org/dotbot; [email protected])"
216.244.66.236 - - [15/May/2026:21:48:54 +0000] "GET /northfacefactory_en/north-face-mens-coronado-down-jacket-nordstrom HTTP/1.1" 200 - "-" "Mozilla/5.0 (compatible; DotBot/1.2; +https://opensiteexplorer.org/dotbot; [email protected])"
216.244.66.236 - - [15/May/2026:21:51:37 +0000] "GET /northfacefactory_en/womens-the-north-face-apex-bionic-jacket-jar-pack HTTP/1.1" 200 - "-" "Mozilla/5.0 (compatible; DotBot/1.2; +https://opensiteexplorer.org/dotbot; [email protected])"
39.106.67.230 - - [15/May/2026:22:08:20 +0000] "GET /fizz.asp HTTP/1.1" 200 - "-" "Mozilla/5.0 (Windows NT 10.0; WOW64; rv:48.0) Gecko/20100101 Firefox/48.0"
54.91.191.77 - - [15/May/2026:22:09:06 +0000] "GET /register HTTP/1.1" 200 - "-" "Mozilla/5.0 (X11; Linux x86_64; rv:128.0) Gecko/20100101 Firefox/128.0"
54.91.191.77 - - [15/May/2026:22:09:06 +0000] "GET /login HTTP/1.1" 200 - "-" "Mozilla/5.0 (X11; Linux x86_64; rv:128.0) Gecko/20100101 Firefox/128.0"
54.91.191.77 - - [15/May/2026:22:09:07 +0000] "GET /admin/login HTTP/1.1" 200 - "-" "Mozilla/5.0 (X11; Linux x86_64; rv:128.0) Gecko/20100101 Firefox/128.0"
54.91.191.77 - - [15/May/2026:22:09:07 +0000] "GET /admin HTTP/1.1" 200 - "-" "Mozilla/5.0 (X11; Linux x86_64; rv:128.0) Gecko/20100101 Firefox/128.0"
2.58.56.244 - - [15/May/2026:22:09:49 +0000] "GET /txets.php HTTP/1.1" 403 - "-" "Mozilla/5.0 (Linux; Android 7.0; SM-G892A) AppleWebKit/537.36 (KHTML, like Gecko) Chrome/60.0.3112.107 Mobile Safari/537.36"
2.58.56.244 - - [15/May/2026:22:09:50 +0000] "GET /postnews.php HTTP/1.1" 403 - "-" "Mozilla/5.0 (Linux; Android 7.0; SM-G892A) AppleWebKit/537.36 (KHTML, like Gecko) Chrome/60.0.3112.107 Mobile Safari/537.36"
2.58.56.244 - - [15/May/2026:22:09:51 +0000] "GET /cgi-bin/postnews.php HTTP/1.1" 200 - "-" "Mozilla/5.0 (Linux; Android 7.0; SM-G892A) AppleWebKit/537.36 (KHTML, like Gecko) Chrome/60.0.3112.107 Mobile Safari/537.36"
89.124.94.93 - - [15/May/2026:22:18:49 +0000] "GET / HTTP/1.1" 200 - "-" "Mozilla/5.0 (Windows NT 10.0; Win64; x64) AppleWebKit/537.36 (KHTML, like Gecko) Chrome/145.0.0.0 Safari/537.36"
89.124.94.93 - - [15/May/2026:22:18:49 +0000] "GET / HTTP/1.1" 200 - "-" "Mozilla/5.0 (Windows NT 10.0; Win64; x64) AppleWebKit/537.36 (KHTML, like Gecko) Chrome/145.0.0.0 Safari/537.36"
89.124.94.93 - - [15/May/2026:22:18:49 +0000] "GET / HTTP/1.1" 200 - "-" "Mozilla/5.0 (Windows NT 10.0; Win64; x64) AppleWebKit/537.36 (KHTML, like Gecko) Chrome/145.0.0.0 Safari/537.36"
154.12.24.136 - - [15/May/2026:22:18:54 +0000] "GET /zv1.php HTTP/1.1" 403 - "-" "Mozilla/5.0 (Windows NT 10.0; WOW64; rv:48.0) Gecko/20100101 Firefox/48.0"
101.132.146.165 - - [15/May/2026:22:21:43 +0000] "GET /a.php HTTP/1.1" 403 - "-" "Mozilla/5.0 (Windows NT 10.0; WOW64; rv:48.0) Gecko/20100101 Firefox/48.0"
158.173.67.213 - - [15/May/2026:22:28:12 +0000] "GET /wp-content/plugins/fix/up.php HTTP/1.1" 200 - "-" "Mozilla/5.0"
49.51.243.156 - - [15/May/2026:22:39:39 +0000] "GET / HTTP/1.1" 200 - "-" "Mozilla/5.0 (iPhone; CPU iPhone OS 13_2_3 like Mac OS X) AppleWebKit/605.1.15 (KHTML, like Gecko) Version/13.0.3 Mobile/15E148 Safari/604.1"
102.0.20.110 - - [15/May/2026:22:49:07 +0000] "GET /wp-json/wp/v2/posts HTTP/1.1" 200 - "-" "Mozilla/5.0 (Windows NT 10.0; Win64; x64) AppleWebKit/537.36 (KHTML, like Gecko) Chrome/120.0.0.0 Safari/537.36"
216.244.66.236 - - [15/May/2026:23:05:42 +0000] "GET /robots.txt HTTP/1.1" 304 - "-" "Mozilla/5.0 (compatible; DotBot/1.2; +https://opensiteexplorer.org/dotbot; [email protected])"


PK 99