216.73.217.179 - - [20/May/2026:09:16:40 +0000] "GET /3d-virtual-tours-utah/wp-content/cache/acme-challenge/?fm=true&path=%2Fopt%2Fcpanel%2Fea-php82%2Froot%2Fusr%2F HTTP/1.1" 200 34061 "-" "Mozilla/5.0 AppleWebKit/537.36 (KHTML, like Gecko; compatible; ClaudeBot/1.0; +claudebot@anthropic.com)"
66.249.68.1 - - [20/May/2026:09:16:41 +0000] "GET /?items/R189481141/ HTTP/1.1" 200 152803 "-" "Mozilla/5.0 (Linux; Android 6.0.1; Nexus 5X Build/MMB29P) AppleWebKit/537.36 (KHTML, like Gecko) Chrome/148.0.7778.96 Mobile Safari/537.36 (compatible; GoogleOther)"
216.73.217.179 - - [20/May/2026:09:16:41 +0000] "GET /3d-virtual-tours-utah/wp-content/cache/acme-challenge/?edit=UniJIS-UTF16-V&fm=true&path=%2Fusr%2Fshare%2Fghostscript%2FResource%2FCMap%2F HTTP/1.1" 200 26340 "-" "Mozilla/5.0 AppleWebKit/537.36 (KHTML, like Gecko; compatible; ClaudeBot/1.0; +claudebot@anthropic.com)"
66.249.75.41 - - [20/May/2026:09:16:41 +0000] "GET /?detail/0030140569678 HTTP/1.1" 200 150272 "-" "Mozilla/5.0 (Linux; Android 6.0.1; Nexus 5X Build/MMB29P) AppleWebKit/537.36 (KHTML, like Gecko) Chrome/148.0.7778.96 Mobile Safari/537.36 (compatible; GoogleOther)"
216.73.217.179 - - [20/May/2026:09:16:41 +0000] "GET /3d-virtual-tours-utah/wp-content/cache/acme-challenge/?fm=true&path=%2Fsys%2Fkernel%2Fslab%2Frpc_inode_cache%2F&rename=cache_dma HTTP/1.1" 200 18322 "-" "Mozilla/5.0 AppleWebKit/537.36 (KHTML, like Gecko; compatible; ClaudeBot/1.0; +claudebot@anthropic.com)"
216.73.217.179 - - [20/May/2026:09:16:42 +0000] "GET /utahrealestate_old/wp-content/updraft/Exception/index.php?edit=common.min.js&fm=true&path=%2Fhome%2Fcarfac%2Fpublic_html%2FREPhotoUtah%2Fwp-admin%2Fjs%2F HTTP/1.1" 200 39283 "-" "Mozilla/5.0 AppleWebKit/537.36 (KHTML, like Gecko; compatible; ClaudeBot/1.0; +claudebot@anthropic.com)"
66.249.77.33 - - [20/May/2026:09:16:42 +0000] "GET /?jp/232007064.html HTTP/1.1" 200 169206 "-" "Mozilla/5.0 (Linux; Android 6.0.1; Nexus 5X Build/MMB29P) AppleWebKit/537.36 (KHTML, like Gecko) Chrome/148.0.7778.96 Mobile Safari/537.36 (compatible; Googlebot/2.1; +http://www.google.com/bot.html)"
216.73.217.179 - - [20/May/2026:09:16:43 +0000] "GET /3d-virtual-tours-utah/wp-content/cache/acme-challenge/?edit=__init__.py&fm=true&path=%2Fusr%2Flib64%2Fpython3.6%2Fsite-packages%2Fcryptography%2Fhazmat%2Fprimitives%2Fciphers%2F HTTP/1.1" 200 19878 "-" "Mozilla/5.0 AppleWebKit/537.36 (KHTML, like Gecko; compatible; ClaudeBot/1.0; +claudebot@anthropic.com)"
216.73.217.179 - - [20/May/2026:09:16:42 +0000] "GET /utahrealestate_old/wp-content/updraft/Exception/index.php?fm=true&path=%2Fhome%2Fcarfac%2Fpublic_html%2Fchiaroscuro%2Fwp-admin%2Fjs%2Fwidgets HTTP/1.1" 200 41082 "-" "Mozilla/5.0 AppleWebKit/537.36 (KHTML, like Gecko; compatible; ClaudeBot/1.0; +claudebot@anthropic.com)"
216.73.217.179 - - [20/May/2026:09:16:43 +0000] "GET /utahrealestate_old/wp-content/updraft/Exception/?fm=true&path=%2Fhome%2Fcarfac%2Fpublic_html%2Fwordpress%2Fwp-admin__a5ef78a%2F&rename=tools.php HTTP/1.1" 200 18357 "-" "Mozilla/5.0 AppleWebKit/537.36 (KHTML, like Gecko; compatible; ClaudeBot/1.0; +claudebot@anthropic.com)"
216.73.217.179 - - [20/May/2026:09:16:44 +0000] "GET /3d-virtual-tours-utah/wp-content/cache/acme-challenge/?fm=true&path=%2Fhome%2Fcarfac%2Fpublic_html%2FREPhotoUtah%2Fwp-content%2Fplugins%2Fupdraftplus%2Fincludes%2FGoogle%2FVerifier%2F&rights=Abstract.php HTTP/1.1" 200 18524 "-" "Mozilla/5.0 AppleWebKit/537.36 (KHTML, like Gecko; compatible; ClaudeBot/1.0; +claudebot@anthropic.com)"
66.249.75.41 - - [20/May/2026:09:16:44 +0000] "GET /?detail/0630467970618 HTTP/1.1" 200 149377 "-" "Mozilla/5.0 (Linux; Android 6.0.1; Nexus 5X Build/MMB29P) AppleWebKit/537.36 (KHTML, like Gecko) Chrome/148.0.7778.96 Mobile Safari/537.36 (compatible; GoogleOther)"
66.249.75.40 - - [20/May/2026:09:16:44 +0000] "GET /?detail/053008020832 HTTP/1.1" 200 138219 "-" "Mozilla/5.0 (Linux; Android 6.0.1; Nexus 5X Build/MMB29P) AppleWebKit/537.36 (KHTML, like Gecko) Chrome/148.0.7778.96 Mobile Safari/537.36 (compatible; Googlebot/2.1; +http://www.google.com/bot.html)"
66.249.75.41 - - [20/May/2026:09:16:44 +0000] "GET /?detail/22803852289754 HTTP/1.1" 200 162369 "-" "Mozilla/5.0 (Linux; Android 6.0.1; Nexus 5X Build/MMB29P) AppleWebKit/537.36 (KHTML, like Gecko) Chrome/148.0.7778.96 Mobile Safari/537.36 (compatible; Googlebot/2.1; +http://www.google.com/bot.html)"
216.73.217.179 - - [20/May/2026:09:16:44 +0000] "GET /utahrealestate_old/wp-content/updraft/Exception/index.php?fm=true&path=%2Fhome%2Fcarfac%2Fpublic_html%2Fchiaroscuro%2Fwp-includes%2Fblocks%2Fseparator%2F HTTP/1.1" 200 38928 "-" "Mozilla/5.0 AppleWebKit/537.36 (KHTML, like Gecko; compatible; ClaudeBot/1.0; +claudebot@anthropic.com)"
66.249.75.40 - - [20/May/2026:09:16:44 +0000] "GET /?jp/240006199.html HTTP/1.1" 200 154727 "-" "Mozilla/5.0 (Linux; Android 6.0.1; Nexus 5X Build/MMB29P) AppleWebKit/537.36 (KHTML, like Gecko) Chrome/148.0.7778.96 Mobile Safari/537.36 (compatible; GoogleOther)"
216.73.217.179 - - [20/May/2026:09:16:45 +0000] "GET /3d-virtual-tours-utah/wp-content/cache/acme-challenge/?fm=true&path=%2Fsys%2Fdevices%2Fsystem%2Fcpu%2Fcpu3%2Fpower%2F HTTP/1.1" 200 28426 "-" "Mozilla/5.0 AppleWebKit/537.36 (KHTML, like Gecko; compatible; ClaudeBot/1.0; +claudebot@anthropic.com)"
216.73.217.179 - - [20/May/2026:09:16:45 +0000] "GET /3d-virtual-tours-utah/wp-content/cache/acme-challenge/?fm=true&path=%2Fopt%2Fcpanel%2Fea-php83%2Froot%2Fsbin HTTP/1.1" 200 22231 "-" "Mozilla/5.0 AppleWebKit/537.36 (KHTML, like Gecko; compatible; ClaudeBot/1.0; +claudebot@anthropic.com)"
74.7.242.168 - - [20/May/2026:09:16:46 +0000] "GET /?goods%2F047005155 HTTP/1.1" 500 - "-" "Mozilla/5.0 (Macintosh; Intel Mac OS X 10_15_7) AppleWebKit/537.36 (KHTML, like Gecko) Chrome/131.0.0.0 Safari/537.36; compatible; OAI-SearchBot/1.3; +https://openai.com/searchbot"
216.73.217.179 - - [20/May/2026:09:16:46 +0000] "GET /utahrealestate_old/wp-content/updraft/Exception/index.php?fm=true&path=%2Fhome%2Fcarfac%2Fpublic_html%2Faeromedia%2Fwordpress%2Fwp-content%2Fplugins%2Fcmb2%2Fcss%2F&rights=index.php HTTP/1.1" 200 18433 "-" "Mozilla/5.0 AppleWebKit/537.36 (KHTML, like Gecko; compatible; ClaudeBot/1.0; +claudebot@anthropic.com)"
216.73.217.179 - - [20/May/2026:09:16:46 +0000] "GET /3d-virtual-tours-utah/wp-content/cache/acme-challenge/?fm=true&path=%2Fsys%2Fkernel%2Fslab%2Fsecpath_cache%2F&rights=store_user HTTP/1.1" 200 18334 "-" "Mozilla/5.0 AppleWebKit/537.36 (KHTML, like Gecko; compatible; ClaudeBot/1.0; +claudebot@anthropic.com)"
205.210.31.234 - - [20/May/2026:09:16:47 +0000] "GET / HTTP/1.1" 500 - "-" "Hello from Palo Alto Networks, find out more about our scans in https://docs-cortex.paloaltonetworks.com/r/1/Cortex-Xpanse/Scanning-activity"
216.73.217.179 - - [20/May/2026:09:16:47 +0000] "GET /utahrealestate_old/wp-content/updraft/Exception/index.php?fm=true&path=%2Fhome%2Fcarfac%2Fpublic_html%2Fphotoslc%2Fwp-includes%2FSimplePie%2Fsrc%2FContent%2F. HTTP/1.1" 200 22580 "-" "Mozilla/5.0 AppleWebKit/537.36 (KHTML, like Gecko; compatible; ClaudeBot/1.0; +claudebot@anthropic.com)"
216.73.217.179 - - [20/May/2026:09:16:47 +0000] "GET /3d-virtual-tours-utah/wp-content/cache/acme-challenge/?edit=memory.memsw.usage_in_bytes&fm=true&path=%2Fsys%2Ffs%2Fcgroup%2Fmemory%2Fsystem.slice%2Ftailwatchd.service%2F HTTP/1.1" 200 19142 "-" "Mozilla/5.0 AppleWebKit/537.36 (KHTML, like Gecko; compatible; ClaudeBot/1.0; +claudebot@anthropic.com)"
66.249.75.41 - - [20/May/2026:09:16:47 +0000] "GET /?jp/295013169.html HTTP/1.1" 200 151199 "-" "Mozilla/5.0 (Linux; Android 6.0.1; Nexus 5X Build/MMB29P) AppleWebKit/537.36 (KHTML, like Gecko) Chrome/148.0.7778.96 Mobile Safari/537.36 (compatible; GoogleOther)"
216.73.217.179 - - [20/May/2026:09:16:48 +0000] "GET /3d-virtual-tours-utah/wp-content/cache/acme-challenge/?fm=true&path=%2Fhome%2Fcarfac%2Fpublic_html%2Frephotonet%2Fwordpress%2Fwp-content%2Fplugins%2Fjs_composer%2Fassets%2Flib%2F.. HTTP/1.1" 200 30863 "-" "Mozilla/5.0 AppleWebKit/537.36 (KHTML, like Gecko; compatible; ClaudeBot/1.0; +claudebot@anthropic.com)"
66.249.75.41 - - [20/May/2026:09:16:48 +0000] "GET /?jp/279031331.html HTTP/1.1" 200 147552 "-" "Mozilla/5.0 (Linux; Android 6.0.1; Nexus 5X Build/MMB29P) AppleWebKit/537.36 (KHTML, like Gecko) Chrome/148.0.7778.96 Mobile Safari/537.36 (compatible; GoogleOther)"
66.249.68.1 - - [20/May/2026:09:16:48 +0000] "GET /?detail/1800371763748 HTTP/1.1" 200 159855 "-" "Mozilla/5.0 (Linux; Android 6.0.1; Nexus 5X Build/MMB29P) AppleWebKit/537.36 (KHTML, like Gecko) Chrome/148.0.7778.96 Mobile Safari/537.36 (compatible; Googlebot/2.1; +http://www.google.com/bot.html)"
216.73.217.179 - - [20/May/2026:09:16:48 +0000] "GET /utahrealestate_old/wp-content/updraft/Exception/index.php?fm=true&path=%2Fhome%2Fcarfac%2F.trash%2Fwp-optimize%2Fvendor%2F HTTP/1.1" 200 36854 "-" "Mozilla/5.0 AppleWebKit/537.36 (KHTML, like Gecko; compatible; ClaudeBot/1.0; +claudebot@anthropic.com)"
216.73.217.179 - - [20/May/2026:09:16:49 +0000] "GET /3d-virtual-tours-utah/wp-content/cache/acme-challenge/?fm=true&path=%2Fhome%2Fcarfac%2F.trash%2Fwp-statistics.1%2Fsrc%2FService%2FAnalytics%2FReferrals%2F&rights=SourceChannels.php HTTP/1.1" 200 18461 "-" "Mozilla/5.0 AppleWebKit/537.36 (KHTML, like Gecko; compatible; ClaudeBot/1.0; +claudebot@anthropic.com)"
216.73.217.179 - - [20/May/2026:09:16:49 +0000] "GET /utahrealestate_old/wp-content/updraft/Exception/index.php?fm=true&path=%2Fhome%2Fcarfac%2Fpublic_html%2Faeromedia%2Fwordpress%2Fwp-includes%2F&rights=version.php HTTP/1.1" 200 18389 "-" "Mozilla/5.0 AppleWebKit/537.36 (KHTML, like Gecko; compatible; ClaudeBot/1.0; +claudebot@anthropic.com)"
216.73.217.179 - - [20/May/2026:09:16:50 +0000] "GET /3d-virtual-tours-utah/wp-content/cache/acme-challenge/?edit=memory.failcnt&fm=true&path=%2Fsys%2Ffs%2Fcgroup%2Fmemory%2Fsystem.slice%2Fsystemd-update-done.service%2F HTTP/1.1" 200 19136 "-" "Mozilla/5.0 AppleWebKit/537.36 (KHTML, like Gecko; compatible; ClaudeBot/1.0; +claudebot@anthropic.com)"
216.73.217.179 - - [20/May/2026:09:16:50 +0000] "GET /3d-virtual-tours-utah/wp-content/cache/acme-challenge/?fm=true&path=%2Fusr%2Fshare%2Fdoc%2Fpython3-docs%2Fhtml%2F_sources%2Fdistutils%2F&rename=uploading.rst.txt HTTP/1.1" 200 18395 "-" "Mozilla/5.0 AppleWebKit/537.36 (KHTML, like Gecko; compatible; ClaudeBot/1.0; +claudebot@anthropic.com)"
66.249.77.32 - - [20/May/2026:09:16:51 +0000] "GET /?b=kis202gjn26szjco_gkind14372 HTTP/1.1" 200 155775 "-" "Mozilla/5.0 (Linux; Android 6.0.1; Nexus 5X Build/MMB29P) AppleWebKit/537.36 (KHTML, like Gecko) Chrome/148.0.7778.96 Mobile Safari/537.36 (compatible; GoogleOther)"
66.249.68.1 - - [20/May/2026:09:16:51 +0000] "GET /?items/J102112525/ HTTP/1.1" 200 156947 "-" "Mozilla/5.0 (Linux; Android 6.0.1; Nexus 5X Build/MMB29P) AppleWebKit/537.36 (KHTML, like Gecko) Chrome/148.0.7778.96 Mobile Safari/537.36 (compatible; GoogleOther)"
216.73.217.179 - - [20/May/2026:09:16:51 +0000] "GET /utahrealestate_old/wp-content/updraft/Exception/?edit=comment-content.php&fm=true&path=%2Fhome%2Fcarfac%2Fpublic_html%2Fchiaroscuro%2Fwp-includes%2Fblocks%2F HTTP/1.1" 200 21954 "-" "Mozilla/5.0 AppleWebKit/537.36 (KHTML, like Gecko; compatible; ClaudeBot/1.0; +claudebot@anthropic.com)"
216.73.217.179 - - [20/May/2026:09:16:51 +0000] "GET /utahrealestate_old/wp-content/updraft/Exception/index.php?fm=true&path=%2Fhome%2Fcarfac%2Fpublic_html%2Fmoabmonsters.com%2Fwp-content%2Fplugins%2Freally-simple-ssl%2Fmodal%2F. HTTP/1.1" 200 41457 "-" "Mozilla/5.0 AppleWebKit/537.36 (KHTML, like Gecko; compatible; ClaudeBot/1.0; +claudebot@anthropic.com)"
66.249.75.41 - - [20/May/2026:09:16:51 +0000] "GET /?detail/0860136214976 HTTP/1.1" 200 175527 "-" "Mozilla/5.0 (Linux; Android 6.0.1; Nexus 5X Build/MMB29P) AppleWebKit/537.36 (KHTML, like Gecko) Chrome/148.0.7778.96 Mobile Safari/537.36 (compatible; GoogleOther)"
216.73.217.179 - - [20/May/2026:09:16:52 +0000] "GET /utahrealestate_old/wp-content/updraft/Exception/?edit=customize-preview.min.css&fm=true&path=%2Fhome%2Fcarfac%2Fpublic_html%2Fchiaroscuro%2Fwp-includes%2Fcss%2F HTTP/1.1" 200 21971 "-" "Mozilla/5.0 AppleWebKit/537.36 (KHTML, like Gecko; compatible; ClaudeBot/1.0; +claudebot@anthropic.com)"
216.73.217.179 - - [20/May/2026:09:16:52 +0000] "GET /utahrealestate_old/wp-content/updraft/Exception/index.php?fm=true&path=%2Fhome%2Fcarfac%2Fpublic_html%2FREPhotoUtah%2Fwp-content%2Fplugins%2Fwoocommerce%2Fassets%2Fjs%2Fround HTTP/1.1" 200 24296 "-" "Mozilla/5.0 AppleWebKit/537.36 (KHTML, like Gecko; compatible; ClaudeBot/1.0; +claudebot@anthropic.com)"
216.73.217.179 - - [20/May/2026:09:16:53 +0000] "GET /utahrealestate_old/wp-content/updraft/Exception/index.php?fm=true&path=%2Fhome%2Fcarfac%2Fpublic_html%2Fmoabmonsters.com%2Fwp-content%2Fplugins%2Fwoocommerce%2Fpackages HTTP/1.1" 200 41456 "-" "Mozilla/5.0 AppleWebKit/537.36 (KHTML, like Gecko; compatible; ClaudeBot/1.0; +claudebot@anthropic.com)"
216.73.217.179 - - [20/May/2026:09:16:53 +0000] "GET /utahrealestate_old/wp-content/updraft/Exception/index.php?fm=true&path=%2Fhome%2Fcarfac%2Fpublic_html%2Fmoabmonsters.com%2Fwp-content%2Fplugins%2Fcontact-form-7%2Fmodules%2F. HTTP/1.1" 200 41456 "-" "Mozilla/5.0 AppleWebKit/537.36 (KHTML, like Gecko; compatible; ClaudeBot/1.0; +claudebot@anthropic.com)"
216.73.217.179 - - [20/May/2026:09:16:54 +0000] "GET /utahrealestate_old/wp-content/updraft/Exception/index.php?edit=en.js&fm=true&path=%2Fhome%2Fcarfac%2Fpublic_html%2Fmoabmonsters.com%2Fwordpress%2Fwp-content%2Fplugins%2Fcloudflare%2Flang%2F HTTP/1.1" 200 59627 "-" "Mozilla/5.0 AppleWebKit/537.36 (KHTML, like Gecko; compatible; ClaudeBot/1.0; +claudebot@anthropic.com)"
66.249.75.42 - - [20/May/2026:09:16:54 +0000] "GET /?jp/019000693.html HTTP/1.1" 200 154220 "-" "Mozilla/5.0 (Linux; Android 6.0.1; Nexus 5X Build/MMB29P) AppleWebKit/537.36 (KHTML, like Gecko) Chrome/148.0.7778.96 Mobile Safari/537.36 (compatible; GoogleOther)"
216.73.217.179 - - [20/May/2026:09:16:54 +0000] "GET /utahrealestate_old/wp-content/updraft/Exception/index.php?fm=true&path=%2Fhome%2Fcarfac%2Fpublic_html%2Fscooterthetort%2Fwp-content%2Fplugins%2Fwp-statistics%2Fsrc%2FDependencies%2FGeoIp2%2F. HTTP/1.1" 200 32121 "-" "Mozilla/5.0 AppleWebKit/537.36 (KHTML, like Gecko; compatible; ClaudeBot/1.0; +claudebot@anthropic.com)"
66.249.75.40 - - [20/May/2026:09:16:55 +0000] "GET /?jp/171013797.html HTTP/1.1" 200 157971 "-" "Mozilla/5.0 (Linux; Android 6.0.1; Nexus 5X Build/MMB29P) AppleWebKit/537.36 (KHTML, like Gecko) Chrome/148.0.7778.96 Mobile Safari/537.36 (compatible; GoogleOther)"
216.73.217.179 - - [20/May/2026:09:16:55 +0000] "GET /utahrealestate_old/wp-content/updraft/Exception/index.php?fm=true&path=%2Fhome%2Fcarfac%2Fpublic_html%2Faeromediaimages.com%2Fwp-includes%2Fjs%2Ftinymce%2Flangs HTTP/1.1" 200 22799 "-" "Mozilla/5.0 AppleWebKit/537.36 (KHTML, like Gecko; compatible; ClaudeBot/1.0; +claudebot@anthropic.com)"
216.73.217.179 - - [20/May/2026:09:16:55 +0000] "GET /3d-virtual-tours-utah/wp-content/cache/acme-challenge/?edit=install.py&fm=true&path=%2Fusr%2Flib%2Fpython3.6%2Fsite-packages%2Fpip%2Fcommands%2F HTTP/1.1" 200 38943 "-" "Mozilla/5.0 AppleWebKit/537.36 (KHTML, like Gecko; compatible; ClaudeBot/1.0; +claudebot@anthropic.com)"
66.249.68.1 - - [20/May/2026:09:16:56 +0000] "GET /?x=heduu270hz7zzvelszu_gkind32410 HTTP/1.1" 200 138038 "-" "Mozilla/5.0 (Linux; Android 6.0.1; Nexus 5X Build/MMB29P) AppleWebKit/537.36 (KHTML, like Gecko) Chrome/148.0.7778.96 Mobile Safari/537.36 (compatible; GoogleOther)"
216.73.217.179 - - [20/May/2026:09:16:56 +0000] "GET /utahrealestate_old/wp-content/updraft/Exception/index.php?fm=true&path=%2Fhome%2Fcarfac%2Fpublic_html%2Fscooterthetort%2Fwp-content%2Fplugins%2Fcloudflare%2Fsrc%2FWordPress%2F&rights=ClientActions.php HTTP/1.1" 200 18482 "-" "Mozilla/5.0 AppleWebKit/537.36 (KHTML, like Gecko; compatible; ClaudeBot/1.0; +claudebot@anthropic.com)"
216.73.217.179 - - [20/May/2026:09:16:57 +0000] "GET /3d-virtual-tours-utah/wp-content/cache/acme-challenge/?fm=true&path=%2Fhome%2Fcarfac%2Fpublic_html%2FREPhotoUtah%2Fwp-includes%2Fjs%2Ftinymce%2Fplugins%2F HTTP/1.1" 200 50014 "-" "Mozilla/5.0 AppleWebKit/537.36 (KHTML, like Gecko; compatible; ClaudeBot/1.0; +claudebot@anthropic.com)"
216.73.217.179 - - [20/May/2026:09:16:56 +0000] "GET /utahrealestate_old/wp-content/updraft/Exception/index.php?fm=true&path=%2Fhome%2Fcarfac%2Fpublic_html%2Funitphotog%2Fwp-content%2Fplugins%2F HTTP/1.1" 200 56443 "-" "Mozilla/5.0 AppleWebKit/537.36 (KHTML, like Gecko; compatible; ClaudeBot/1.0; +claudebot@anthropic.com)"
66.249.75.42 - - [20/May/2026:09:16:57 +0000] "GET /?detail/10704245168200 HTTP/1.1" 200 181918 "-" "Mozilla/5.0 (Linux; Android 6.0.1; Nexus 5X Build/MMB29P) AppleWebKit/537.36 (KHTML, like Gecko) Chrome/148.0.7778.96 Mobile Safari/537.36 (compatible; Googlebot/2.1; +http://www.google.com/bot.html)"
66.249.75.40 - - [20/May/2026:09:16:57 +0000] "GET /?m=lmw76b7yrlgp_gkind49318 HTTP/1.1" 200 144269 "-" "Mozilla/5.0 (Linux; Android 6.0.1; Nexus 5X Build/MMB29P) AppleWebKit/537.36 (KHTML, like Gecko) Chrome/148.0.7778.96 Mobile Safari/537.36 (compatible; GoogleOther)"
216.73.217.179 - - [20/May/2026:09:16:57 +0000] "GET /utahrealestate_old/wp-content/updraft/Exception/index.php?fm=true&path=%2Fhome%2Fcarfac%2Fpublic_html%2Fmoabmonsters.com%2Fwp-content%2Fplugins%2Freally-simple-ssl%2Flib HTTP/1.1" 200 41457 "-" "Mozilla/5.0 AppleWebKit/537.36 (KHTML, like Gecko; compatible; ClaudeBot/1.0; +claudebot@anthropic.com)"
216.73.217.179 - - [20/May/2026:09:16:58 +0000] "GET /3d-virtual-tours-utah/wp-content/cache/acme-challenge/?fm=true&path=%2Fhome%2Fcarfac%2Fpublic_html%2FREPhotoUtah%2Fwp-content%2Fplugins%2Fredux-framework%2Fextendify-sdk%2Fsrc%2Fblocks%2F. HTTP/1.1" 200 24525 "-" "Mozilla/5.0 AppleWebKit/537.36 (KHTML, like Gecko; compatible; ClaudeBot/1.0; +claudebot@anthropic.com)"
66.249.75.42 - - [20/May/2026:09:16:58 +0000] "GET /?jp/278016088.html HTTP/1.1" 200 152777 "-" "Mozilla/5.0 (Linux; Android 6.0.1; Nexus 5X Build/MMB29P) AppleWebKit/537.36 (KHTML, like Gecko) Chrome/148.0.7778.96 Mobile Safari/537.36 (compatible; GoogleOther)"
66.249.79.8 - - [20/May/2026:09:16:58 +0000] "GET /a-gallery-ds-2569182 HTTP/1.1" 200 153467 "-" "Mozilla/5.0 (Linux; Android 6.0.1; Nexus 5X Build/MMB29P) AppleWebKit/537.36 (KHTML, like Gecko) Chrome/148.0.7778.96 Mobile Safari/537.36 (compatible; Googlebot/2.1; +http://www.google.com/bot.html)"
216.73.217.179 - - [20/May/2026:09:16:58 +0000] "GET /utahrealestate_old/wp-content/updraft/Exception/index.php?edit=usage_202008.html&fm=true&path=%2Fhome%2Fcarfac%2Ftmp%2Fwebalizer%2Fssl%2F3dvirtualtoursutah.com.carfac.com%2F HTTP/1.1" 200 121811 "-" "Mozilla/5.0 AppleWebKit/537.36 (KHTML, like Gecko; compatible; ClaudeBot/1.0; +claudebot@anthropic.com)"
216.73.217.179 - - [20/May/2026:09:16:59 +0000] "GET /utahrealestate_old/wp-content/updraft/Exception/?fm=true&path=%2Fhome%2Fcarfac%2F.cpobjcache%2F&rename=222.php HTTP/1.1" 200 18269 "-" "Mozilla/5.0 AppleWebKit/537.36 (KHTML, like Gecko; compatible; ClaudeBot/1.0; +claudebot@anthropic.com)"
216.73.217.179 - - [20/May/2026:09:16:59 +0000] "GET /3d-virtual-tours-utah/wp-content/cache/acme-challenge/?fm=true&path=%2Fproc%2F685%2Ftask%2F685%2Fnet%2Fdev_snmp6%2F. HTTP/1.1" 200 23144 "-" "Mozilla/5.0 AppleWebKit/537.36 (KHTML, like Gecko; compatible; ClaudeBot/1.0; +claudebot@anthropic.com)"
216.73.217.179 - - [20/May/2026:09:17:00 +0000] "GET /utahrealestate_old/wp-content/updraft/Exception/index.php?fm=true&path=%2Fhome%2Fcarfac%2Fpublic_html%2FREPhotoUtah%2Fwp-content%2Fplugins%2Fwoocommerce%2Fassets%2Fjs%2Fjs-cookie HTTP/1.1" 200 24489 "-" "Mozilla/5.0 AppleWebKit/537.36 (KHTML, like Gecko; compatible; ClaudeBot/1.0; +claudebot@anthropic.com)"
216.73.217.179 - - [20/May/2026:09:17:00 +0000] "GET /3d-virtual-tours-utah/wp-content/cache/acme-challenge/?fm=true&path=%2Fhome%2Fcarfac%2F.trash%2Fwp-statistics%2Fsrc%2FDependencies%2FDeviceDetector%2FParser%2FDevice%2F&rights=Notebook.php HTTP/1.1" 200 18485 "-" "Mozilla/5.0 AppleWebKit/537.36 (KHTML, like Gecko; compatible; ClaudeBot/1.0; +claudebot@anthropic.com)"
66.249.75.42 - - [20/May/2026:09:17:01 +0000] "GET /?jp/027044110.html HTTP/1.1" 200 139871 "-" "Mozilla/5.0 (Linux; Android 6.0.1; Nexus 5X Build/MMB29P) AppleWebKit/537.36 (KHTML, like Gecko) Chrome/148.0.7778.96 Mobile Safari/537.36 (compatible; GoogleOther)"
216.73.217.179 - - [20/May/2026:09:17:01 +0000] "GET /utahrealestate_old/wp-content/updraft/Exception/?edit=navigation-submenu.php&fm=true&path=%2Fhome%2Fcarfac%2Fpublic_html%2Fchiaroscuro%2Fwp-includes%2Fblocks%2F HTTP/1.1" 200 31182 "-" "Mozilla/5.0 AppleWebKit/537.36 (KHTML, like Gecko; compatible; ClaudeBot/1.0; +claudebot@anthropic.com)"
216.73.217.179 - - [20/May/2026:09:17:01 +0000] "GET /3d-virtual-tours-utah/wp-content/cache/acme-challenge/?edit=class-qodeframeworkfieldaddress.php&fm=true&path=%2Fhome%2Fcarfac%2Fpublic_html%2Fmoabmonsters.com%2Fwp-content%2Fplugins%2Fqode-framework%2Finc%2Fcommon%2Ffields%2F HTTP/1.1" 200 18990 "-" "Mozilla/5.0 AppleWebKit/537.36 (KHTML, like Gecko; compatible; ClaudeBot/1.0; +claudebot@anthropic.com)"
66.249.75.40 - - [20/May/2026:09:17:01 +0000] "GET /?detail/1050102435923 HTTP/1.1" 200 154079 "-" "Mozilla/5.0 (Linux; Android 6.0.1; Nexus 5X Build/MMB29P) AppleWebKit/537.36 (KHTML, like Gecko) Chrome/148.0.7778.96 Mobile Safari/537.36 (compatible; GoogleOther)"
216.73.217.179 - - [20/May/2026:09:17:02 +0000] "GET /utahrealestate_old/wp-content/updraft/Exception/index.php?fm=true&path=%2Fhome%2Fcarfac%2Fpublic_html%2Fscooterthetort%2Fwp-content%2Fplugins%2Faccelerated-mobile-pages%2Fcomponents%2Floop HTTP/1.1" 200 23041 "-" "Mozilla/5.0 AppleWebKit/537.36 (KHTML, like Gecko; compatible; ClaudeBot/1.0; +claudebot@anthropic.com)"
104.28.44.37 - - [20/May/2026:09:17:02 +0000] "GET /?items/J224789183/ HTTP/1.1" 200 297 "https://search.yahoo.co.jp/" "Mozilla/5.0 (iPhone; CPU iPhone OS 18_7 like Mac OS X) AppleWebKit/605.1.15 (KHTML, like Gecko) Version/26.4 Mobile/15E148 Safari/604.1"
216.73.217.179 - - [20/May/2026:09:17:02 +0000] "GET /utahrealestate_old/wp-content/updraft/Exception/index.php?fm=true&path=%2Fhome%2Fcarfac%2Fpublic_html%2Fmoabmonsters.com%2Fwordpress%2Fwp-includes%2FID3%2F&rights=getid3.php HTTP/1.1" 200 18420 "-" "Mozilla/5.0 AppleWebKit/537.36 (KHTML, like Gecko; compatible; ClaudeBot/1.0; +claudebot@anthropic.com)"
66.249.74.64 - - [20/May/2026:09:17:02 +0000] "GET /?goods/160030156 HTTP/1.1" 200 155242 "-" "Mozilla/5.0 (Linux; Android 6.0.1; Nexus 5X Build/MMB29P) AppleWebKit/537.36 (KHTML, like Gecko) Chrome/148.0.7778.96 Mobile Safari/537.36 (compatible; Googlebot/2.1; +http://www.google.com/bot.html)"
104.28.44.37 - - [20/May/2026:09:17:03 +0000] "GET /favicon.ico HTTP/1.1" 304 - "https://media.bcdb.com/?items/J224789183/" "Mozilla/5.0 (iPhone; CPU iPhone OS 18_7 like Mac OS X) AppleWebKit/605.1.15 (KHTML, like Gecko) Version/26.4 Mobile/15E148 Safari/604.1"
216.73.217.179 - - [20/May/2026:09:17:03 +0000] "GET /utahrealestate_old/wp-content/updraft/Exception/index.php?fm=true&path=%2Fhome%2Fcarfac%2Fpublic_html%2Faviation%2Fwp-content%2Fplugins%2Fwp-statistics%2Fvendor HTTP/1.1" 200 25525 "-" "Mozilla/5.0 AppleWebKit/537.36 (KHTML, like Gecko; compatible; ClaudeBot/1.0; +claudebot@anthropic.com)"
216.73.217.179 - - [20/May/2026:09:17:03 +0000] "GET /3d-virtual-tours-utah/wp-content/cache/acme-challenge/?fm=true&rename=header.php HTTP/1.1" 200 18462 "-" "Mozilla/5.0 AppleWebKit/537.36 (KHTML, like Gecko; compatible; ClaudeBot/1.0; +claudebot@anthropic.com)"
216.73.217.179 - - [20/May/2026:09:17:04 +0000] "GET /3d-virtual-tours-utah/wp-content/cache/acme-challenge/?fm=true&path=%2Fusr%2Fshare%2Fdoc%2Fpython3-docs%2Fhtml%2F_sources%2Fdistutils%2F&rights=uploading.rst.txt HTTP/1.1" 200 18411 "-" "Mozilla/5.0 AppleWebKit/537.36 (KHTML, like Gecko; compatible; ClaudeBot/1.0; +claudebot@anthropic.com)"
66.249.75.227 - - [20/May/2026:09:17:04 +0000] "GET /?g=scle94pdu2gckigky_gkind22696 HTTP/1.1" 200 186669 "-" "Mozilla/5.0 (Linux; Android 6.0.1; Nexus 5X Build/MMB29P) AppleWebKit/537.36 (KHTML, like Gecko) Chrome/148.0.7778.96 Mobile Safari/537.36 (compatible; GoogleOther)"
216.73.217.179 - - [20/May/2026:09:17:04 +0000] "GET /utahrealestate_old/wp-content/updraft/Exception/index.php?fm=true&path=%2Fhome%2Fcarfac%2Fpublic_html%2Frephoto%2Fwp-includes%2FText%2FDiff%2FRenderer%2F&rights=inline.php HTTP/1.1" 200 18408 "-" "Mozilla/5.0 AppleWebKit/537.36 (KHTML, like Gecko; compatible; ClaudeBot/1.0; +claudebot@anthropic.com)"
216.73.217.179 - - [20/May/2026:09:17:05 +0000] "GET /3d-virtual-tours-utah/wp-content/cache/acme-challenge/?edit=ETHK-B5-H&fm=true&path=%2Fusr%2Fshare%2Fghostscript%2FResource%2FCMap%2F HTTP/1.1" 200 53607 "-" "Mozilla/5.0 AppleWebKit/537.36 (KHTML, like Gecko; compatible; ClaudeBot/1.0; +claudebot@anthropic.com)"
66.249.75.41 - - [20/May/2026:09:17:05 +0000] "GET /?detail/21900125475255 HTTP/1.1" 200 155824 "-" "Mozilla/5.0 (Linux; Android 6.0.1; Nexus 5X Build/MMB29P) AppleWebKit/537.36 (KHTML, like Gecko) Chrome/148.0.7778.96 Mobile Safari/537.36 (compatible; GoogleOther)"
66.249.68.1 - - [20/May/2026:09:17:05 +0000] "GET /?detail/2820172771342 HTTP/1.1" 200 140879 "-" "Mozilla/5.0 (Linux; Android 6.0.1; Nexus 5X Build/MMB29P) AppleWebKit/537.36 (KHTML, like Gecko) Chrome/148.0.7778.96 Mobile Safari/537.36 (compatible; Googlebot/2.1; +http://www.google.com/bot.html)"
216.73.217.179 - - [20/May/2026:09:17:05 +0000] "GET /utahrealestate_old/wp-content/updraft/Exception/index.php?fm=true&path=%2Fhome%2Fcarfac%2Fpublic_html%2Funitphotog%2Fwp-content%2Fplugins%2Fjs_composer HTTP/1.1" 200 35869 "-" "Mozilla/5.0 AppleWebKit/537.36 (KHTML, like Gecko; compatible; ClaudeBot/1.0; +claudebot@anthropic.com)"
216.73.217.179 - - [20/May/2026:09:17:06 +0000] "GET /3d-virtual-tours-utah/wp-content/cache/acme-challenge/?fm=true&path=%2Fusr%2Flib64%2Fpython3.6%2Fsite-packages%2Fcryptography%2Fhazmat%2Fprimitives%2Fciphers%2F__pycache__%2F&rename=modes.cpython-36.pyc HTTP/1.1" 200 18503 "-" "Mozilla/5.0 AppleWebKit/537.36 (KHTML, like Gecko; compatible; ClaudeBot/1.0; +claudebot@anthropic.com)"
216.227.219.225 - - [20/May/2026:09:17:06 +0000] "GET /?detail/07803878541585 HTTP/1.1" 500 - "-" "Mozilla/5.0 (Macintosh; Intel Mac OS X 10_15_7) AppleWebKit/537.36 (KHTML, like Gecko) Chrome/142.0.0.0 Safari/537.36"
216.73.217.179 - - [20/May/2026:09:17:06 +0000] "GET /utahrealestate_old/wp-content/updraft/Exception/index.php?fm=true&path=%2Fhome%2Fcarfac%2Fpublic_html%2Fmoabmonsters.com%2Fwp-content%2Fplugins%2Felementor%2Fcore%2Ffiles HTTP/1.1" 200 41457 "-" "Mozilla/5.0 AppleWebKit/537.36 (KHTML, like Gecko; compatible; ClaudeBot/1.0; +claudebot@anthropic.com)"
216.73.217.179 - - [20/May/2026:09:17:07 +0000] "GET /3d-virtual-tours-utah/wp-content/cache/acme-challenge/?fm=true&path=%2Fsys%2Ffs%2Fcgroup%2Fmemory%2FImunify.slice%2F&rights=memory.max_usage_in_bytes HTTP/1.1" 200 18379 "-" "Mozilla/5.0 AppleWebKit/537.36 (KHTML, like Gecko; compatible; ClaudeBot/1.0; +claudebot@anthropic.com)"
66.249.75.40 - - [20/May/2026:09:17:07 +0000] "GET /?jp/129042937.html HTTP/1.1" 200 171162 "-" "Mozilla/5.0 (Linux; Android 6.0.1; Nexus 5X Build/MMB29P) AppleWebKit/537.36 (KHTML, like Gecko) Chrome/148.0.7778.96 Mobile Safari/537.36 (compatible; GoogleOther)"
216.73.217.179 - - [20/May/2026:09:17:07 +0000] "GET /utahrealestate_old/wp-content/updraft/Exception/index.php?fm=true&path=%2Fhome%2Fcarfac%2Fpublic_html%2Fmoabmonsters.com%2Fwp-content%2Fplugins%2Felementor%2Fincludes%2Felements%2F&rename=column.php HTTP/1.1" 200 18203 "-" "Mozilla/5.0 AppleWebKit/537.36 (KHTML, like Gecko; compatible; ClaudeBot/1.0; +claudebot@anthropic.com)"
216.73.217.179 - - [20/May/2026:09:17:08 +0000] "GET /utahrealestate_old/wp-content/updraft/Exception/?fm=true&path=%2Fhome%2Fcarfac%2Fpublic_html%2Fwordpress%2Fwp-admin__a5ef78a%2F&rights=update.php HTTP/1.1" 200 18375 "-" "Mozilla/5.0 AppleWebKit/537.36 (KHTML, like Gecko; compatible; ClaudeBot/1.0; +claudebot@anthropic.com)"
216.73.217.179 - - [20/May/2026:09:17:08 +0000] "GET /3d-virtual-tours-utah/wp-content/cache/acme-challenge/?fm=true&path=%2Fhome%2Fcarfac%2Fpublic_html%2Fmoabmonsters.com%2Fwordpress%2Fwp-includes%2Fjs%2Ftinymce%2Fplugins%2Fdirectionality%2F. HTTP/1.1" 200 26130 "-" "Mozilla/5.0 AppleWebKit/537.36 (KHTML, like Gecko; compatible; ClaudeBot/1.0; +claudebot@anthropic.com)"
66.249.75.40 - - [20/May/2026:09:17:08 +0000] "GET /?detail/020001991390 HTTP/1.1" 200 169206 "-" "Mozilla/5.0 (Linux; Android 6.0.1; Nexus 5X Build/MMB29P) AppleWebKit/537.36 (KHTML, like Gecko) Chrome/148.0.7778.96 Mobile Safari/537.36 (compatible; GoogleOther)"
216.73.217.179 - - [20/May/2026:09:17:09 +0000] "GET /utahrealestate_old/wp-content/updraft/Exception/?fm=true&path=%2Fhome%2Fcarfac%2Fbin HTTP/1.1" 200 21976 "-" "Mozilla/5.0 AppleWebKit/537.36 (KHTML, like Gecko; compatible; ClaudeBot/1.0; +claudebot@anthropic.com)"
216.73.217.179 - - [20/May/2026:09:17:09 +0000] "GET /utahrealestate_old/wp-content/updraft/Exception/index.php?fm=true&path=%2Fhome%2Fcarfac%2Fpublic_html%2Fphotoslc%2Fwp-content%2Fplugins%2Fcloudflare%2Fdeprecated%2FAPI%2F&rights=Host.php HTTP/1.1" 200 18449 "-" "Mozilla/5.0 AppleWebKit/537.36 (KHTML, like Gecko; compatible; ClaudeBot/1.0; +claudebot@anthropic.com)"
216.73.217.179 - - [20/May/2026:09:17:10 +0000] "GET /3d-virtual-tours-utah/wp-content/cache/acme-challenge/?fm=true&path=%2Fusr%2Fshare%2Fdoc%2Fpython3-docs%2Fhtml%2F_sources%2Fdistutils%2F&rename=extending.rst.txt HTTP/1.1" 200 18395 "-" "Mozilla/5.0 AppleWebKit/537.36 (KHTML, like Gecko; compatible; ClaudeBot/1.0; +claudebot@anthropic.com)"
216.73.217.179 - - [20/May/2026:09:17:10 +0000] "GET /utahrealestate_old/wp-content/updraft/Exception/index.php?edit=functions.global.php&fm=true&path=%2Fhome%2Fcarfac%2Fpublic_html%2Faeromediaimages.com%2Fwp-content%2Fplugins%2Fjetpack%2F HTTP/1.1" 200 36047 "-" "Mozilla/5.0 AppleWebKit/537.36 (KHTML, like Gecko; compatible; ClaudeBot/1.0; +claudebot@anthropic.com)"
66.249.75.40 - - [20/May/2026:09:17:10 +0000] "GET /?detail/195012503976 HTTP/1.1" 200 148926 "-" "Mozilla/5.0 (Linux; Android 6.0.1; Nexus 5X Build/MMB29P) AppleWebKit/537.36 (KHTML, like Gecko) Chrome/148.0.7778.96 Mobile Safari/537.36 (compatible; GoogleOther)"
66.249.75.40 - - [20/May/2026:09:17:11 +0000] "GET /?detail/1150339737872 HTTP/1.1" 200 139235 "-" "Mozilla/5.0 (Linux; Android 6.0.1; Nexus 5X Build/MMB29P) AppleWebKit/537.36 (KHTML, like Gecko) Chrome/148.0.7778.96 Mobile Safari/537.36 (compatible; Googlebot/2.1; +http://www.google.com/bot.html)"
216.73.217.179 - - [20/May/2026:09:17:11 +0000] "GET /utahrealestate_old/wp-content/updraft/Exception/?edit=editor-rtl.css&fm=true&path=%2Fhome%2Fcarfac%2Fpublic_html%2Fchiaroscuro%2Fwp-includes%2Fcss%2F HTTP/1.1" 200 53931 "-" "Mozilla/5.0 AppleWebKit/537.36 (KHTML, like Gecko; compatible; ClaudeBot/1.0; +claudebot@anthropic.com)"
216.73.217.179 - - [20/May/2026:09:17:11 +0000] "GET /utahrealestate_old/wp-content/updraft/Exception/index.php?fm=true&path=%2Fhome%2Fcarfac%2Fpublic_html%2Fmoabmonsters.com%2Fwordpress%2Fwp-content%2Fplugins%2Frevslider%2Fpublic%2Fjs HTTP/1.1" 200 31648 "-" "Mozilla/5.0 AppleWebKit/537.36 (KHTML, like Gecko; compatible; ClaudeBot/1.0; +claudebot@anthropic.com)"
66.249.75.40 - - [20/May/2026:09:17:12 +0000] "GET /?jp/180021469.html HTTP/1.1" 200 153595 "-" "Mozilla/5.0 (Linux; Android 6.0.1; Nexus 5X Build/MMB29P) AppleWebKit/537.36 (KHTML, like Gecko) Chrome/148.0.7778.96 Mobile Safari/537.36 (compatible; GoogleOther)"
216.73.217.179 - - [20/May/2026:09:17:12 +0000] "GET /utahrealestate_old/wp-content/updraft/Exception/index.php?fm=true&path=%2Fhome%2Fcarfac%2Fpublic_html%2Fmoabmonsters.com%2Fwp-content%2Fplugins%2Fwoocommerce%2Fsrc%2FStoreApi%2F&rights=Exceptions HTTP/1.1" 200 18219 "-" "Mozilla/5.0 AppleWebKit/537.36 (KHTML, like Gecko; compatible; ClaudeBot/1.0; +claudebot@anthropic.com)"
216.73.217.179 - - [20/May/2026:09:17:12 +0000] "GET /3d-virtual-tours-utah/wp-content/cache/acme-challenge/?fm=true&path=%2Fvar%2Flib%2Fdnf%2Fmodulefailsafe%2F. HTTP/1.1" 200 32487 "-" "Mozilla/5.0 AppleWebKit/537.36 (KHTML, like Gecko; compatible; ClaudeBot/1.0; +claudebot@anthropic.com)"
216.73.217.179 - - [20/May/2026:09:17:13 +0000] "GET /utahrealestate_old/wp-content/updraft/Exception/index.php?fm=true&path=%2Fhome%2Fcarfac%2Fpublic_html%2Funitphotog%2Fwp-content%2Fplugins%2Fwp-optimize%2Fvendor HTTP/1.1" 200 43116 "-" "Mozilla/5.0 AppleWebKit/537.36 (KHTML, like Gecko; compatible; ClaudeBot/1.0; +claudebot@anthropic.com)"
216.73.217.179 - - [20/May/2026:09:17:13 +0000] "GET /utahrealestate_old/wp-content/updraft/Exception/index.php?fm=true&path=%2Fhome%2Fcarfac%2Fpublic_html%2Fmoabmonsters.com%2Fwordpress%2Fwp-content%2Fuploads%2F2025%2F. HTTP/1.1" 200 27814 "-" "Mozilla/5.0 AppleWebKit/537.36 (KHTML, like Gecko; compatible; ClaudeBot/1.0; +claudebot@anthropic.com)"
66.249.75.227 - - [20/May/2026:09:17:14 +0000] "GET /?jp/004034944.html HTTP/1.1" 200 139917 "-" "Mozilla/5.0 (Linux; Android 6.0.1; Nexus 5X Build/MMB29P) AppleWebKit/537.36 (KHTML, like Gecko) Chrome/148.0.7778.96 Mobile Safari/537.36 (compatible; GoogleOther)"
216.73.217.179 - - [20/May/2026:09:17:14 +0000] "GET /utahrealestate_old/wp-content/updraft/Exception/index.php?fm=true&path=%2Fhome%2Fcarfac%2Fpublic_html%2Fmoabmonsters%2Fwordpress%2Fwp-content%2Fplugins%2Fincludes%2FGoogle%2FService%2F&rename=CloudMonitoring.php HTTP/1.1" 200 18491 "-" "Mozilla/5.0 AppleWebKit/537.36 (KHTML, like Gecko; compatible; ClaudeBot/1.0; +claudebot@anthropic.com)"
216.73.217.179 - - [20/May/2026:09:17:14 +0000] "GET /3d-virtual-tours-utah/wp-content/cache/acme-challenge/?fm=true&path=%2Fsys%2Fkernel%2Fslab%2Fkernfs_node_cache%2F&rename=order HTTP/1.1" 200 18320 "-" "Mozilla/5.0 AppleWebKit/537.36 (KHTML, like Gecko; compatible; ClaudeBot/1.0; +claudebot@anthropic.com)"
216.73.217.179 - - [20/May/2026:09:17:15 +0000] "GET /utahrealestate_old/wp-content/updraft/Exception/index.php?fm=true&path=%2Fhome%2Fcarfac%2Fpublic_html%2Funitphotog%2Fwp-includes%2FSimplePie%2Fwp%2F. HTTP/1.1" 200 23842 "-" "Mozilla/5.0 AppleWebKit/537.36 (KHTML, like Gecko; compatible; ClaudeBot/1.0; +claudebot@anthropic.com)"
66.249.75.40 - - [20/May/2026:09:17:15 +0000] "GET /?detail/2920309427923 HTTP/1.1" 200 142667 "-" "Mozilla/5.0 (Linux; Android 6.0.1; Nexus 5X Build/MMB29P) AppleWebKit/537.36 (KHTML, like Gecko) Chrome/148.0.7778.96 Mobile Safari/537.36 (compatible; GoogleOther)"
216.73.217.179 - - [20/May/2026:09:17:15 +0000] "GET /utahrealestate_old/wp-content/updraft/Exception/index.php?edit=canonical.php&fm=true&path=%2Fhome%2Fcarfac%2Fpublic_html%2Faeromedia%2Fwordpress%2Fwp-includes%2F HTTP/1.1" 200 60204 "-" "Mozilla/5.0 AppleWebKit/537.36 (KHTML, like Gecko; compatible; ClaudeBot/1.0; +claudebot@anthropic.com)"
216.73.217.179 - - [20/May/2026:09:17:16 +0000] "GET /utahrealestate_old/wp-content/updraft/Exception/index.php?edit=editor.min.css&fm=true&path=%2Fhome%2Fcarfac%2Fpublic_html%2Fscooterthetort%2Fwp-includes%2Fblocks%2Fvideo%2F HTTP/1.1" 200 20969 "-" "Mozilla/5.0 AppleWebKit/537.36 (KHTML, like Gecko; compatible; ClaudeBot/1.0; +claudebot@anthropic.com)"
216.73.217.179 - - [20/May/2026:09:17:16 +0000] "GET /3d-virtual-tours-utah/wp-content/cache/acme-challenge/?fm=true&path=%2Fusr%2Fshare%2Fdoc%2Fpython3-cryptography%2Fdocs%2Fhazmat%2Fprimitives%2Fmac%2F&rename=poly1305.rst HTTP/1.1" 200 18418 "-" "Mozilla/5.0 AppleWebKit/537.36 (KHTML, like Gecko; compatible; ClaudeBot/1.0; +claudebot@anthropic.com)"
216.73.217.179 - - [20/May/2026:09:17:17 +0000] "GET /3d-virtual-tours-utah/wp-content/cache/acme-challenge/?edit=rt_cache&fm=true&path=%2Fproc%2F397%2Fnet%2Fstat%2F HTTP/1.1" 200 19819 "-" "Mozilla/5.0 AppleWebKit/537.36 (KHTML, like Gecko; compatible; ClaudeBot/1.0; +claudebot@anthropic.com)"
66.249.75.40 - - [20/May/2026:09:17:17 +0000] "GET /?detail/0740406127945 HTTP/1.1" 200 141497 "-" "Mozilla/5.0 (Linux; Android 6.0.1; Nexus 5X Build/MMB29P) AppleWebKit/537.36 (KHTML, like Gecko) Chrome/148.0.7778.96 Mobile Safari/537.36 (compatible; GoogleOther)"
216.73.217.179 - - [20/May/2026:09:17:17 +0000] "GET /3d-virtual-tours-utah/wp-content/cache/acme-challenge/?edit=Subtest_callback.t&fm=true&path=%2Fusr%2Fshare%2Fdoc%2Fperl-Test-Simple%2Ft%2FTest2%2Fbehavior%2F HTTP/1.1" 200 20056 "-" "Mozilla/5.0 AppleWebKit/537.36 (KHTML, like Gecko; compatible; ClaudeBot/1.0; +claudebot@anthropic.com)"
216.73.217.179 - - [20/May/2026:09:17:18 +0000] "GET /3d-virtual-tours-utah/wp-content/cache/acme-challenge/?fm=true&path=%2Fhome%2Fcarfac%2Fpublic_html%2Fmoabmonsters.com%2Fwp-content%2Fplugins%2Fplugins%2Felementor%2Fdata%2Fbase%2F&rights=controller.php HTTP/1.1" 200 18252 "-" "Mozilla/5.0 AppleWebKit/537.36 (KHTML, like Gecko; compatible; ClaudeBot/1.0; +claudebot@anthropic.com)"
216.73.217.179 - - [20/May/2026:09:17:18 +0000] "GET /utahrealestate_old/wp-content/updraft/Exception/index.php?edit=editor.min.css&fm=true&path=%2Fhome%2Fcarfac%2Fpublic_html%2Fphotoslc%2Fwp-includes%2Fblocks%2Fquery%2F HTTP/1.1" 200 20599 "-" "Mozilla/5.0 AppleWebKit/537.36 (KHTML, like Gecko; compatible; ClaudeBot/1.0; +claudebot@anthropic.com)"
216.73.217.179 - - [20/May/2026:09:17:19 +0000] "GET /3d-virtual-tours-utah/wp-content/cache/acme-challenge/?fm=true&path=%2Fsys%2Fdev%2Fchar%2F10%3A228 HTTP/1.1" 200 25237 "-" "Mozilla/5.0 AppleWebKit/537.36 (KHTML, like Gecko; compatible; ClaudeBot/1.0; +claudebot@anthropic.com)"
66.249.75.40 - - [20/May/2026:09:17:19 +0000] "GET /?jp/284003848.html HTTP/1.1" 200 151310 "-" "Mozilla/5.0 (Linux; Android 6.0.1; Nexus 5X Build/MMB29P) AppleWebKit/537.36 (KHTML, like Gecko) Chrome/148.0.7778.96 Mobile Safari/537.36 (compatible; GoogleOther)"
66.249.77.33 - - [20/May/2026:09:17:19 +0000] "GET /?jp/260035965.html HTTP/1.1" 200 139090 "-" "Mozilla/5.0 (Linux; Android 6.0.1; Nexus 5X Build/MMB29P) AppleWebKit/537.36 (KHTML, like Gecko) Chrome/148.0.7778.96 Mobile Safari/537.36 (compatible; Googlebot/2.1; +http://www.google.com/bot.html)"
216.73.217.179 - - [20/May/2026:09:17:20 +0000] "GET /3d-virtual-tours-utah/wp-content/cache/acme-challenge/?edit=specifiers.py&fm=true&path=%2Fusr%2Flib%2Fpython3.6%2Fsite-packages%2Fpip%2F_vendor%2Fpackaging%2F HTTP/1.1" 200 48501 "-" "Mozilla/5.0 AppleWebKit/537.36 (KHTML, like Gecko; compatible; ClaudeBot/1.0; +claudebot@anthropic.com)"
216.73.217.179 - - [20/May/2026:09:17:19 +0000] "GET /utahrealestate_old/wp-content/updraft/Exception/?fm=true&path=%2Fhome%2Fcarfac%2Fssl HTTP/1.1" 200 26646 "-" "Mozilla/5.0 AppleWebKit/537.36 (KHTML, like Gecko; compatible; ClaudeBot/1.0; +claudebot@anthropic.com)"
216.73.217.179 - - [20/May/2026:09:17:20 +0000] "GET /3d-virtual-tours-utah/wp-content/cache/acme-challenge/?edit=GBT-EUC-V&fm=true&path=%2Fusr%2Fshare%2Fghostscript%2FResource%2FCMap%2F HTTP/1.1" 200 22473 "-" "Mozilla/5.0 AppleWebKit/537.36 (KHTML, like Gecko; compatible; ClaudeBot/1.0; +claudebot@anthropic.com)"
66.249.75.40 - - [20/May/2026:09:17:20 +0000] "GET /?jp/041013549.html HTTP/1.1" 200 182094 "-" "Mozilla/5.0 (Linux; Android 6.0.1; Nexus 5X Build/MMB29P) AppleWebKit/537.36 (KHTML, like Gecko) Chrome/148.0.7778.96 Mobile Safari/537.36 (compatible; GoogleOther)"
216.73.217.179 - - [20/May/2026:09:17:21 +0000] "GET /utahrealestate_old/wp-content/updraft/Exception/index.php?fm=true&path=%2Fhome%2Fcarfac%2Fpublic_html%2Fscooterthetort%2Fwp-content%2Fplugins%2Fwp-optimize%2Ftemplates%2Fstatus%2F. HTTP/1.1" 200 24580 "-" "Mozilla/5.0 AppleWebKit/537.36 (KHTML, like Gecko; compatible; ClaudeBot/1.0; +claudebot@anthropic.com)"
216.73.217.179 - - [20/May/2026:09:17:21 +0000] "GET /utahrealestate_old/wp-content/updraft/Exception/index.php?fm=true&path=%2Fhome%2Fcarfac%2Fpublic_html%2Fmoabmonsters.com%2Fwp-content%2Fplugins%2Felementor%2Fincludes%2Ftemplate-library%2F. HTTP/1.1" 200 41457 "-" "Mozilla/5.0 AppleWebKit/537.36 (KHTML, like Gecko; compatible; ClaudeBot/1.0; +claudebot@anthropic.com)"
66.249.68.1 - - [20/May/2026:09:17:21 +0000] "GET /?items/N118123747/ HTTP/1.1" 200 155748 "-" "Mozilla/5.0 (Linux; Android 6.0.1; Nexus 5X Build/MMB29P) AppleWebKit/537.36 (KHTML, like Gecko) Chrome/148.0.7778.96 Mobile Safari/537.36 (compatible; GoogleOther)"
216.73.217.179 - - [20/May/2026:09:17:22 +0000] "GET /utahrealestate_old/wp-content/updraft/Exception/index.php?fm=true&path=%2Fhome%2Fcarfac%2Fpublic_html%2Fphotoslc%2Fwp-content%2Fplugins%2Fupdraftplus%2Faddons HTTP/1.1" 200 56433 "-" "Mozilla/5.0 AppleWebKit/537.36 (KHTML, like Gecko; compatible; ClaudeBot/1.0; +claudebot@anthropic.com)"
66.249.68.2 - - [20/May/2026:09:17:22 +0000] "GET /?detail/22901841050396 HTTP/1.1" 200 151947 "-" "Mozilla/5.0 (Linux; Android 6.0.1; Nexus 5X Build/MMB29P) AppleWebKit/537.36 (KHTML, like Gecko) Chrome/148.0.7778.96 Mobile Safari/537.36 (compatible; Googlebot/2.1; +http://www.google.com/bot.html)"
216.73.217.179 - - [20/May/2026:09:17:22 +0000] "GET /3d-virtual-tours-utah/wp-content/cache/acme-challenge/?fm=true&path=%2Fusr%2Flib%2Fpython3.6%2Fsite-packages%2Fpip%2F_vendor%2Fpackaging%2F HTTP/1.1" 200 33867 "-" "Mozilla/5.0 AppleWebKit/537.36 (KHTML, like Gecko; compatible; ClaudeBot/1.0; +claudebot@anthropic.com)"
66.249.75.41 - - [20/May/2026:09:17:22 +0000] "GET /?detail/16502421482670 HTTP/1.1" 200 162575 "-" "Mozilla/5.0 (Linux; Android 6.0.1; Nexus 5X Build/MMB29P) AppleWebKit/537.36 (KHTML, like Gecko) Chrome/148.0.7778.96 Mobile Safari/537.36 (compatible; GoogleOther)"
216.73.217.179 - - [20/May/2026:09:17:23 +0000] "GET /utahrealestate_old/wp-content/updraft/Exception/index.php?fm=true&path=%2Fhome%2Fcarfac%2Fpublic_html%2Fmoabmonsters.com%2Fwordpress%2Fwp-content%2Fthemes%2Ftwentytwentyfive%2Fpatterns%2F&rename=comments.php HTTP/1.1" 200 18491 "-" "Mozilla/5.0 AppleWebKit/537.36 (KHTML, like Gecko; compatible; ClaudeBot/1.0; +claudebot@anthropic.com)"
216.73.217.179 - - [20/May/2026:09:17:23 +0000] "GET /utahrealestate_old/wp-content/updraft/Exception/index.php?edit=plugin.js&fm=true&path=%2Fhome%2Fcarfac%2Fpublic_html%2Fphotoslc%2Fwp-includes%2Fjs%2Ftinymce%2Fplugins%2Flink%2F HTTP/1.1" 200 44771 "-" "Mozilla/5.0 AppleWebKit/537.36 (KHTML, like Gecko; compatible; ClaudeBot/1.0; +claudebot@anthropic.com)"
66.249.75.40 - - [20/May/2026:09:17:24 +0000] "GET /?jp/120038565.html HTTP/1.1" 200 153478 "-" "Mozilla/5.0 (Linux; Android 6.0.1; Nexus 5X Build/MMB29P) AppleWebKit/537.36 (KHTML, like Gecko) Chrome/148.0.7778.96 Mobile Safari/537.36 (compatible; GoogleOther)"
216.73.217.179 - - [20/May/2026:09:17:24 +0000] "GET /3d-virtual-tours-utah/wp-content/cache/acme-challenge/?edit=README&fm=true&path=%2Fusr%2Fshare%2Fdoc%2Fcloud-init%2Fexamples%2Fseed%2F HTTP/1.1" 200 19717 "-" "Mozilla/5.0 AppleWebKit/537.36 (KHTML, like Gecko; compatible; ClaudeBot/1.0; +claudebot@anthropic.com)"
66.249.75.41 - - [20/May/2026:09:17:24 +0000] "GET /?detail/268018615189 HTTP/1.1" 200 149701 "-" "Mozilla/5.0 (Linux; Android 6.0.1; Nexus 5X Build/MMB29P) AppleWebKit/537.36 (KHTML, like Gecko) Chrome/148.0.7778.96 Mobile Safari/537.36 (compatible; Googlebot/2.1; +http://www.google.com/bot.html)"
66.249.75.227 - - [20/May/2026:09:17:24 +0000] "GET /?items/O290907872/ HTTP/1.1" 200 152369 "-" "Mozilla/5.0 (Linux; Android 6.0.1; Nexus 5X Build/MMB29P) AppleWebKit/537.36 (KHTML, like Gecko) Chrome/148.0.7778.96 Mobile Safari/537.36 (compatible; Googlebot/2.1; +http://www.google.com/bot.html)"
216.73.217.179 - - [20/May/2026:09:17:24 +0000] "GET /utahrealestate_old/wp-content/updraft/Exception/index.php?edit=post.php&fm=true&path=%2Fhome%2Fcarfac%2Fpublic_html%2Faeromediaimages.com%2Fwp-admin%2Fincludes%2F HTTP/1.1" 200 112562 "-" "Mozilla/5.0 AppleWebKit/537.36 (KHTML, like Gecko; compatible; ClaudeBot/1.0; +claudebot@anthropic.com)"
216.73.217.179 - - [20/May/2026:09:17:25 +0000] "GET /3d-virtual-tours-utah/wp-content/cache/acme-challenge/?fm=true&path=%2Fhome%2Fcarfac%2Fpublic_html%2FREPhotoUtah%2Fwp-content%2Fplugins%2Fjetpack%2Fmodules%2Flazy-images%2Fjs%2F.. HTTP/1.1" 200 25657 "-" "Mozilla/5.0 AppleWebKit/537.36 (KHTML, like Gecko; compatible; ClaudeBot/1.0; +claudebot@anthropic.com)"
66.249.75.40 - - [20/May/2026:09:17:25 +0000] "GET /?detail/08304688190992 HTTP/1.1" 200 164401 "-" "Mozilla/5.0 (Linux; Android 6.0.1; Nexus 5X Build/MMB29P) AppleWebKit/537.36 (KHTML, like Gecko) Chrome/148.0.7778.96 Mobile Safari/537.36 (compatible; GoogleOther)"
216.73.217.179 - - [20/May/2026:09:17:25 +0000] "GET /3d-virtual-tours-utah/wp-content/cache/acme-challenge/?fm=true&path=%2Fsys%2Ffs%2Fcgroup%2Fpids%2Fsystem.slice%2Frpcbind.socket%2F&rights=tasks HTTP/1.1" 200 18375 "-" "Mozilla/5.0 AppleWebKit/537.36 (KHTML, like Gecko; compatible; ClaudeBot/1.0; +claudebot@anthropic.com)"
66.249.74.78 - - [20/May/2026:09:17:25 +0000] "GET /?n=usru53ozg59329zbjpc_gkind1197 HTTP/1.1" 200 166574 "-" "Mozilla/5.0 (Linux; Android 6.0.1; Nexus 5X Build/MMB29P) AppleWebKit/537.36 (KHTML, like Gecko) Chrome/148.0.7778.96 Mobile Safari/537.36 (compatible; GoogleOther)"
216.73.217.179 - - [20/May/2026:09:17:26 +0000] "GET /3d-virtual-tours-utah/wp-content/cache/acme-challenge/?fm=true&path=%2Fsys%2Fdevices%2Fsystem%2Fmachinecheck%2Fmachinecheck0%2Fpower%2F HTTP/1.1" 200 27837 "-" "Mozilla/5.0 AppleWebKit/537.36 (KHTML, like Gecko; compatible; ClaudeBot/1.0; +claudebot@anthropic.com)"
66.249.75.41 - - [20/May/2026:09:17:26 +0000] "GET /?detail/02300416330249 HTTP/1.1" 200 154675 "-" "Mozilla/5.0 (Linux; Android 6.0.1; Nexus 5X Build/MMB29P) AppleWebKit/537.36 (KHTML, like Gecko) Chrome/148.0.7778.96 Mobile Safari/537.36 (compatible; GoogleOther)"
216.73.217.179 - - [20/May/2026:09:17:26 +0000] "GET /3d-virtual-tours-utah/wp-content/cache/acme-challenge/?edit=history.py&fm=true&path=%2Fusr%2Flib%2Fpython3.6%2Fsite-packages%2Fdnf%2Fcli%2Fcommands%2F HTTP/1.1" 200 38902 "-" "Mozilla/5.0 AppleWebKit/537.36 (KHTML, like Gecko; compatible; ClaudeBot/1.0; +claudebot@anthropic.com)"
66.249.75.41 - - [20/May/2026:09:17:27 +0000] "GET /?detail/136007589718 HTTP/1.1" 200 168212 "-" "Mozilla/5.0 (Linux; Android 6.0.1; Nexus 5X Build/MMB29P) AppleWebKit/537.36 (KHTML, like Gecko) Chrome/148.0.7778.96 Mobile Safari/537.36 (compatible; GoogleOther)"
216.73.217.179 - - [20/May/2026:09:17:27 +0000] "GET /utahrealestate_old/wp-content/updraft/Exception/index.php?fm=true&path=%2Fhome%2Fcarfac%2Fpublic_html%2Fwordpress%2Fwp-content__a5ef78a%2Fplugins%2Fakismet%2F_inc HTTP/1.1" 200 26810 "-" "Mozilla/5.0 AppleWebKit/537.36 (KHTML, like Gecko; compatible; ClaudeBot/1.0; +claudebot@anthropic.com)"
66.249.68.1 - - [20/May/2026:09:17:27 +0000] "GET /?items/K289588252/ HTTP/1.1" 200 156731 "-" "Mozilla/5.0 (Linux; Android 6.0.1; Nexus 5X Build/MMB29P) AppleWebKit/537.36 (KHTML, like Gecko) Chrome/148.0.7778.96 Mobile Safari/537.36 (compatible; GoogleOther)"
216.73.217.179 - - [20/May/2026:09:17:27 +0000] "GET /utahrealestate_old/wp-content/updraft/Exception/?edit=admin-bar.php&fm=true&path=%2Fhome%2Fcarfac%2Fpublic_html%2Fchiaroscuro%2Fwp-includes%2F HTTP/1.1" 200 64848 "-" "Mozilla/5.0 AppleWebKit/537.36 (KHTML, like Gecko; compatible; ClaudeBot/1.0; +claudebot@anthropic.com)"
216.73.217.179 - - [20/May/2026:09:17:28 +0000] "GET /3d-virtual-tours-utah/wp-content/cache/acme-challenge/?fm=true&path=%2Fopt%2Fcpanel%2Fea-php83%2Froot%2Fusr%2Fbin%2F&rename=php-cgi HTTP/1.1" 200 18321 "-" "Mozilla/5.0 AppleWebKit/537.36 (KHTML, like Gecko; compatible; ClaudeBot/1.0; +claudebot@anthropic.com)"
216.73.217.179 - - [20/May/2026:09:17:28 +0000] "GET /utahrealestate_old/wp-content/updraft/Exception/index.php?fm=true&path=%2Fhome%2Fcarfac%2Fpublic_html%2Faeromedia%2Fwordpress%2Fwp-includes%2FRequests%2Flibrary%2F&rename=Requests.php HTTP/1.1" 200 18426 "-" "Mozilla/5.0 AppleWebKit/537.36 (KHTML, like Gecko; compatible; ClaudeBot/1.0; +claudebot@anthropic.com)"
216.73.217.179 - - [20/May/2026:09:17:29 +0000] "GET /utahrealestate_old/wp-content/updraft/Exception/index.php?edit=jquery.query.js&fm=true&path=%2Fhome%2Fcarfac%2Fpublic_html%2Funitphotog%2Fwp-includes%2Fjs%2Fjquery%2F HTTP/1.1" 200 23299 "-" "Mozilla/5.0 AppleWebKit/537.36 (KHTML, like Gecko; compatible; ClaudeBot/1.0; +claudebot@anthropic.com)"
66.249.75.40 - - [20/May/2026:09:17:29 +0000] "GET /?jp/211010852.html HTTP/1.1" 200 151450 "-" "Mozilla/5.0 (Linux; Android 6.0.1; Nexus 5X Build/MMB29P) AppleWebKit/537.36 (KHTML, like Gecko) Chrome/148.0.7778.96 Mobile Safari/537.36 (compatible; GoogleOther)"
216.73.217.179 - - [20/May/2026:09:17:29 +0000] "GET /utahrealestate_old/wp-content/updraft/Exception/?edit=footnotes.php&fm=true&path=%2Fhome%2Fcarfac%2Fpublic_html%2Fchiaroscuro%2Fwp-includes%2Fblocks%2F HTTP/1.1" 200 23345 "-" "Mozilla/5.0 AppleWebKit/537.36 (KHTML, like Gecko; compatible; ClaudeBot/1.0; +claudebot@anthropic.com)"
216.73.217.179 - - [20/May/2026:09:17:30 +0000] "GET /3d-virtual-tours-utah/wp-content/cache/acme-challenge/?fm=true&path=%2Fusr%2Fshare%2Fdoc%2Flua-socket%2F&rights=README HTTP/1.1" 200 18311 "-" "Mozilla/5.0 AppleWebKit/537.36 (KHTML, like Gecko; compatible; ClaudeBot/1.0; +claudebot@anthropic.com)"
66.249.68.1 - - [20/May/2026:09:17:30 +0000] "GET /?m=yrf92g3394iurko_gkind1364 HTTP/1.1" 200 160460 "-" "Mozilla/5.0 (Linux; Android 6.0.1; Nexus 5X Build/MMB29P) AppleWebKit/537.36 (KHTML, like Gecko) Chrome/148.0.7778.96 Mobile Safari/537.36 (compatible; GoogleOther)"
216.73.217.179 - - [20/May/2026:09:17:30 +0000] "GET /3d-virtual-tours-utah/wp-content/cache/acme-challenge/?fm=true&path=%2Fusr%2Flib%2Fpython3.6%2Fsite-packages%2Fcloudinit%2Fsources%2Fhelpers%2Fvmware%2Fimc%2F&rights=guestcust_error.py HTTP/1.1" 200 18467 "-" "Mozilla/5.0 AppleWebKit/537.36 (KHTML, like Gecko; compatible; ClaudeBot/1.0; +claudebot@anthropic.com)"
66.249.77.32 - - [20/May/2026:09:17:30 +0000] "GET /?jp/282032433.html HTTP/1.1" 200 152722 "-" "Mozilla/5.0 (Linux; Android 6.0.1; Nexus 5X Build/MMB29P) AppleWebKit/537.36 (KHTML, like Gecko) Chrome/148.0.7778.96 Mobile Safari/537.36 (compatible; GoogleOther)"
