216.73.217.179 - - [20/May/2026:09:11:32 +0000] "GET /3d-virtual-tours-utah/wp-content/cache/acme-challenge/?fm=true&path=%2Fproc%2F45%2Fattr%2F.. HTTP/1.1" 200 68213 "-" "Mozilla/5.0 AppleWebKit/537.36 (KHTML, like Gecko; compatible; ClaudeBot/1.0; +claudebot@anthropic.com)"
66.249.75.41 - - [20/May/2026:09:11:32 +0000] "GET /?jp/129006423.html HTTP/1.1" 200 152184 "-" "Mozilla/5.0 (Linux; Android 6.0.1; Nexus 5X Build/MMB29P) AppleWebKit/537.36 (KHTML, like Gecko) Chrome/148.0.7778.96 Mobile Safari/537.36 (compatible; GoogleOther)"
216.73.217.179 - - [20/May/2026:09:11:32 +0000] "GET /utahrealestate_old/wp-content/updraft/Exception/index.php?edit=Abstract.php&fm=true&path=%2Fhome%2Fcarfac%2Fpublic_html%2Fmoabmonsters%2Fwordpress%2Fwp-content%2Fplugins%2Fincludes%2FGoogle%2FSigner%2F HTTP/1.1" 200 20035 "-" "Mozilla/5.0 AppleWebKit/537.36 (KHTML, like Gecko; compatible; ClaudeBot/1.0; +claudebot@anthropic.com)"
66.249.75.40 - - [20/May/2026:09:11:33 +0000] "GET /?jp/044022353.html HTTP/1.1" 200 156155 "-" "Mozilla/5.0 (Linux; Android 6.0.1; Nexus 5X Build/MMB29P) AppleWebKit/537.36 (KHTML, like Gecko) Chrome/148.0.7778.96 Mobile Safari/537.36 (compatible; GoogleOther)"
216.73.217.179 - - [20/May/2026:09:11:33 +0000] "GET /utahrealestate_old/wp-content/updraft/Exception/index.php?fm=true&path=%2Fhome%2Fcarfac%2Fpublic_html%2Fscooterthetort%2Fwp-content%2Fplugins%2Fcloudflare%2Flang%2F.. HTTP/1.1" 200 46866 "-" "Mozilla/5.0 AppleWebKit/537.36 (KHTML, like Gecko; compatible; ClaudeBot/1.0; +claudebot@anthropic.com)"
216.73.217.179 - - [20/May/2026:09:11:33 +0000] "GET /utahrealestate_old/wp-content/updraft/Exception/index.php?fm=true&path=%2Fhome%2Fcarfac%2Fpublic_html%2Fphotoslc%2Fwp-includes%2Fjs%2Ftinymce%2Fplugins%2Flists%2F.. HTTP/1.1" 200 49531 "-" "Mozilla/5.0 AppleWebKit/537.36 (KHTML, like Gecko; compatible; ClaudeBot/1.0; +claudebot@anthropic.com)"
216.73.217.179 - - [20/May/2026:09:11:34 +0000] "GET /3d-virtual-tours-utah/wp-content/cache/acme-challenge/?fm=true&path=%2Fopt%2Fcpanel%2Fea-php82%2Froot%2Fmnt%2F.. HTTP/1.1" 200 39267 "-" "Mozilla/5.0 AppleWebKit/537.36 (KHTML, like Gecko; compatible; ClaudeBot/1.0; +claudebot@anthropic.com)"
66.249.77.32 - - [20/May/2026:09:11:34 +0000] "GET /?items/I282467486// HTTP/1.1" 200 151689 "-" "Mozilla/5.0 (Linux; Android 6.0.1; Nexus 5X Build/MMB29P) AppleWebKit/537.36 (KHTML, like Gecko) Chrome/148.0.7778.96 Mobile Safari/537.36 (compatible; Googlebot/2.1; +http://www.google.com/bot.html)"
216.73.217.179 - - [20/May/2026:09:11:34 +0000] "GET /3d-virtual-tours-utah/wp-content/cache/acme-challenge/?fm=true&path=%2Fsys%2Ffs%2Fcgroup%2Fmemory%2Fsystem.slice%2Frpcbind.socket%2F&rename=memory.usage_in_bytes HTTP/1.1" 200 18397 "-" "Mozilla/5.0 AppleWebKit/537.36 (KHTML, like Gecko; compatible; ClaudeBot/1.0; +claudebot@anthropic.com)"
216.73.217.179 - - [20/May/2026:09:11:35 +0000] "GET /3d-virtual-tours-utah/wp-content/cache/acme-challenge/?fm=true&path=%2Fopt%2Fcpanel%2Fea-php82%2Froot%2Fvar%2Fdb%2F.. HTTP/1.1" 200 37953 "-" "Mozilla/5.0 AppleWebKit/537.36 (KHTML, like Gecko; compatible; ClaudeBot/1.0; +claudebot@anthropic.com)"
216.73.217.179 - - [20/May/2026:09:11:35 +0000] "GET /3d-virtual-tours-utah/wp-content/cache/acme-challenge/?fm=true&path=%2Fsys%2Fdevices%2Fvirtual%2Fblock%2Floop0%2Fmq%2F0%2Fcpu1%2F.. HTTP/1.1" 200 28736 "-" "Mozilla/5.0 AppleWebKit/537.36 (KHTML, like Gecko; compatible; ClaudeBot/1.0; +claudebot@anthropic.com)"
66.249.75.40 - - [20/May/2026:09:11:35 +0000] "GET /?detail/0330229483276 HTTP/1.1" 200 152981 "-" "Mozilla/5.0 (Linux; Android 6.0.1; Nexus 5X Build/MMB29P) AppleWebKit/537.36 (KHTML, like Gecko) Chrome/148.0.7778.96 Mobile Safari/537.36 (compatible; GoogleOther)"
66.249.77.32 - - [20/May/2026:09:11:36 +0000] "GET /?items/W200077446/ HTTP/1.1" 200 153160 "-" "Mozilla/5.0 (Linux; Android 6.0.1; Nexus 5X Build/MMB29P) AppleWebKit/537.36 (KHTML, like Gecko) Chrome/148.0.7778.96 Mobile Safari/537.36 (compatible; Googlebot/2.1; +http://www.google.com/bot.html)"
216.73.217.179 - - [20/May/2026:09:11:36 +0000] "GET /3d-virtual-tours-utah/wp-content/cache/acme-challenge/?fm=true&path=%2Fopt%2Fcpanel%2Fea-php82%2Froot%2Fvar%2Fopt%2F.. HTTP/1.1" 200 37953 "-" "Mozilla/5.0 AppleWebKit/537.36 (KHTML, like Gecko; compatible; ClaudeBot/1.0; +claudebot@anthropic.com)"
66.249.75.41 - - [20/May/2026:09:11:36 +0000] "GET /?jp/079045094.html HTTP/1.1" 200 154944 "-" "Mozilla/5.0 (Linux; Android 6.0.1; Nexus 5X Build/MMB29P) AppleWebKit/537.36 (KHTML, like Gecko) Chrome/148.0.7778.96 Mobile Safari/537.36 (compatible; GoogleOther)"
216.73.217.179 - - [20/May/2026:09:11:36 +0000] "GET /utahrealestate_old/wp-content/updraft/Exception/index.php?fm=true&path=%2Fhome%2Fcarfac%2Fpublic_html%2Fmoabmonsters.com%2Fwp-content%2Fplugins%2Fcloudflare%2Fsrc%2FIntegration%2F HTTP/1.1" 200 41457 "-" "Mozilla/5.0 AppleWebKit/537.36 (KHTML, like Gecko; compatible; ClaudeBot/1.0; +claudebot@anthropic.com)"
216.73.217.179 - - [20/May/2026:09:11:37 +0000] "GET /utahrealestate_old/wp-content/updraft/Exception/index.php?fm=true&path=%2Fhome%2Fcarfac%2Fpublic_html%2Fscooterthetort%2Fwp-content%2Fplugins%2Fwp-statistics%2Fassets%2Fcss%2Fjqvmap%2F.. HTTP/1.1" 200 35873 "-" "Mozilla/5.0 AppleWebKit/537.36 (KHTML, like Gecko; compatible; ClaudeBot/1.0; +claudebot@anthropic.com)"
66.249.68.3 - - [20/May/2026:09:11:37 +0000] "GET /?w=zgxzv294wh63ywfroktx_gkind13346 HTTP/1.1" 200 151210 "-" "Mozilla/5.0 (Linux; Android 6.0.1; Nexus 5X Build/MMB29P) AppleWebKit/537.36 (KHTML, like Gecko) Chrome/148.0.7778.96 Mobile Safari/537.36 (compatible; Googlebot/2.1; +http://www.google.com/bot.html)"
216.73.217.179 - - [20/May/2026:09:11:37 +0000] "GET /3d-virtual-tours-utah/wp-content/cache/acme-challenge/?fm=true&path=%2Fhome%2Fcarfac%2Fpublic_html%2FREPhotoUtah%2Fwp-content%2Fplugins%2Fwordpress-seo%2Fcli%2F.. HTTP/1.1" 200 47651 "-" "Mozilla/5.0 AppleWebKit/537.36 (KHTML, like Gecko; compatible; ClaudeBot/1.0; +claudebot@anthropic.com)"
66.249.68.1 - - [20/May/2026:09:11:38 +0000] "GET /?jp/069048377.html HTTP/1.1" 200 139457 "-" "Mozilla/5.0 (compatible; Googlebot/2.1; +http://www.google.com/bot.html)"
66.249.68.3 - - [20/May/2026:09:11:38 +0000] "GET /shop/products/party026000429.html HTTP/1.1" 200 150987 "-" "Mozilla/5.0 (Linux; Android 6.0.1; Nexus 5X Build/MMB29P) AppleWebKit/537.36 (KHTML, like Gecko) Chrome/148.0.7778.96 Mobile Safari/537.36 (compatible; Googlebot/2.1; +http://www.google.com/bot.html)"
216.73.217.179 - - [20/May/2026:09:11:38 +0000] "GET /3d-virtual-tours-utah/wp-content/cache/acme-challenge/?fm=true&path=%2Fopt%2Fcpanel%2Fea-php82%2Froot%2Fusr%2Fshare%2Fpear%2FXML%2F.. HTTP/1.1" 200 32299 "-" "Mozilla/5.0 AppleWebKit/537.36 (KHTML, like Gecko; compatible; ClaudeBot/1.0; +claudebot@anthropic.com)"
66.249.68.1 - - [20/May/2026:09:11:39 +0000] "GET /takisyo-kisi2415-l HTTP/1.1" 200 153717 "-" "Mozilla/5.0 (Linux; Android 6.0.1; Nexus 5X Build/MMB29P) AppleWebKit/537.36 (KHTML, like Gecko) Chrome/148.0.7778.96 Mobile Safari/537.36 (compatible; GoogleOther)"
216.73.217.179 - - [20/May/2026:09:11:39 +0000] "GET /utahrealestate_old/wp-content/updraft/Exception/index.php?fm=true&path=%2Fhome%2Fcarfac%2Fpublic_html%2Fphotoslc%2Fwp-content%2Fplugins%2Fjs_composer%2Finclude%2Ftemplates%2F.. HTTP/1.1" 200 28006 "-" "Mozilla/5.0 AppleWebKit/537.36 (KHTML, like Gecko; compatible; ClaudeBot/1.0; +claudebot@anthropic.com)"
66.249.75.41 - - [20/May/2026:09:11:39 +0000] "GET /?detail/14701053247209 HTTP/1.1" 200 152040 "-" "Mozilla/5.0 (Linux; Android 6.0.1; Nexus 5X Build/MMB29P) AppleWebKit/537.36 (KHTML, like Gecko) Chrome/148.0.7778.96 Mobile Safari/537.36 (compatible; GoogleOther)"
66.249.77.32 - - [20/May/2026:09:11:39 +0000] "GET /?l=huzos11uw3236thzcwb_gkind4289 HTTP/1.1" 200 142945 "-" "Mozilla/5.0 (Linux; Android 6.0.1; Nexus 5X Build/MMB29P) AppleWebKit/537.36 (KHTML, like Gecko) Chrome/148.0.7778.96 Mobile Safari/537.36 (compatible; Googlebot/2.1; +http://www.google.com/bot.html)"
66.249.75.41 - - [20/May/2026:09:11:39 +0000] "GET /?detail/12702440491916 HTTP/1.1" 200 144758 "-" "Mozilla/5.0 (Linux; Android 6.0.1; Nexus 5X Build/MMB29P) AppleWebKit/537.36 (KHTML, like Gecko) Chrome/148.0.7778.96 Mobile Safari/537.36 (compatible; Googlebot/2.1; +http://www.google.com/bot.html)"
216.73.217.179 - - [20/May/2026:09:11:39 +0000] "GET /utahrealestate_old/wp-content/updraft/Exception/index.php?fm=true&path=%2Fhome%2Fcarfac%2Fpublic_html%2FREPhotoUtah%2Fwp-content%2Fplugins%2Fwoocommerce%2Fassets%2Fjs%2FprettyPhoto%2F.. HTTP/1.1" 200 51087 "-" "Mozilla/5.0 AppleWebKit/537.36 (KHTML, like Gecko; compatible; ClaudeBot/1.0; +claudebot@anthropic.com)"
66.249.77.32 - - [20/May/2026:09:11:40 +0000] "GET /?jp/140028942.html HTTP/1.1" 200 152912 "-" "Mozilla/5.0 (Linux; Android 6.0.1; Nexus 5X Build/MMB29P) AppleWebKit/537.36 (KHTML, like Gecko) Chrome/148.0.7778.96 Mobile Safari/537.36 (compatible; Googlebot/2.1; +http://www.google.com/bot.html)"
66.249.75.41 - - [20/May/2026:09:11:40 +0000] "GET /?jp/177016764.html HTTP/1.1" 200 172459 "-" "Mozilla/5.0 (Linux; Android 6.0.1; Nexus 5X Build/MMB29P) AppleWebKit/537.36 (KHTML, like Gecko) Chrome/148.0.7778.96 Mobile Safari/537.36 (compatible; GoogleOther)"
216.73.217.179 - - [20/May/2026:09:11:40 +0000] "GET /utahrealestate_old/wp-content/updraft/Exception/index.php?fm=true&path=%2Fhome%2Fcarfac%2Fpublic_html%2Fmoabmonsters.com%2Fwp-content%2Fplugins%2Fwoocommerce%2Fsrc%2FCaches%2F&rights=OrderCountCacheService.php HTTP/1.1" 200 18251 "-" "Mozilla/5.0 AppleWebKit/537.36 (KHTML, like Gecko; compatible; ClaudeBot/1.0; +claudebot@anthropic.com)"
216.73.217.179 - - [20/May/2026:09:11:40 +0000] "GET /utahrealestate_old/wp-content/updraft/Exception/index.php?fm=true&path=%2Fhome%2Fcarfac%2Fpublic_html%2Fchiaroscuro%2Fwp-content%2Fplugins%2Fwpforms-lite%2Fassets%2Ffonts%2F.. HTTP/1.1" 200 30530 "-" "Mozilla/5.0 AppleWebKit/537.36 (KHTML, like Gecko; compatible; ClaudeBot/1.0; +claudebot@anthropic.com)"
216.73.217.179 - - [20/May/2026:09:11:41 +0000] "GET /3d-virtual-tours-utah/wp-content/cache/acme-challenge/?fm=true&path=%2Fopt%2Fcpanel%2Fea-php82%2Froot%2Fusr%2Finclude%2Fphp%2Fmain%2F&rights=php_variables.h HTTP/1.1" 200 18392 "-" "Mozilla/5.0 AppleWebKit/537.36 (KHTML, like Gecko; compatible; ClaudeBot/1.0; +claudebot@anthropic.com)"
216.73.217.179 - - [20/May/2026:09:11:41 +0000] "GET /utahrealestate_old/wp-content/updraft/Exception/index.php?fm=true&path=%2Fhome%2Fcarfac%2Fpublic_html%2Ftattoo-utah%2Fwp-includes%2Fwidgets%2F.. HTTP/1.1" 200 265470 "-" "Mozilla/5.0 AppleWebKit/537.36 (KHTML, like Gecko; compatible; ClaudeBot/1.0; +claudebot@anthropic.com)"
216.73.217.179 - - [20/May/2026:09:11:42 +0000] "GET /utahrealestate_old/wp-content/updraft/Exception/index.php?fm=true&path=%2Fhome%2Fcarfac%2Fpublic_html%2Fmoabmonsters.com%2Fwp-content%2Fplugins%2Fcloudflare%2Fsrc%2FTest%2FIntegration%2F&rights=DefaultLoggerTest.php HTTP/1.1" 200 18241 "-" "Mozilla/5.0 AppleWebKit/537.36 (KHTML, like Gecko; compatible; ClaudeBot/1.0; +claudebot@anthropic.com)"
216.73.217.179 - - [20/May/2026:09:11:42 +0000] "GET /utahrealestate_old/wp-content/updraft/Exception/index.php?fm=true&path=%2Fhome%2Fcarfac%2Fpublic_html%2Funitphotog%2Fwp-content%2Fplugins%2Fwp-optimize%2Fcss HTTP/1.1" 200 33097 "-" "Mozilla/5.0 AppleWebKit/537.36 (KHTML, like Gecko; compatible; ClaudeBot/1.0; +claudebot@anthropic.com)"
66.249.75.41 - - [20/May/2026:09:11:42 +0000] "GET /?y=ltpqf168oka9450vwbanurp_gkind7620 HTTP/1.1" 200 139886 "-" "Mozilla/5.0 (Linux; Android 6.0.1; Nexus 5X Build/MMB29P) AppleWebKit/537.36 (KHTML, like Gecko) Chrome/148.0.7778.96 Mobile Safari/537.36 (compatible; GoogleOther)"
216.73.217.179 - - [20/May/2026:09:11:43 +0000] "GET /utahrealestate_old/wp-content/updraft/Exception/index.php?edit=getid3.lib.php&fm=true&path=%2Fhome%2Fcarfac%2Fpublic_html%2Fmoabmonsters.com%2Fwordpress%2Fwp-includes%2FID3%2F HTTP/1.1" 200 79307 "-" "Mozilla/5.0 AppleWebKit/537.36 (KHTML, like Gecko; compatible; ClaudeBot/1.0; +claudebot@anthropic.com)"
66.249.75.42 - - [20/May/2026:09:11:43 +0000] "GET /?jp/041001838.html HTTP/1.1" 200 161456 "-" "Mozilla/5.0 (Linux; Android 6.0.1; Nexus 5X Build/MMB29P) AppleWebKit/537.36 (KHTML, like Gecko) Chrome/148.0.7778.96 Mobile Safari/537.36 (compatible; GoogleOther)"
216.73.217.179 - - [20/May/2026:09:11:43 +0000] "GET /utahrealestate_old/wp-content/updraft/Exception/index.php?fm=true&path=%2Fhome%2Fcarfac%2Fpublic_html%2Funitphotog%2Fwp-content%2Fplugins%2Fwpforms-lite%2Fsrc HTTP/1.1" 200 47891 "-" "Mozilla/5.0 AppleWebKit/537.36 (KHTML, like Gecko; compatible; ClaudeBot/1.0; +claudebot@anthropic.com)"
216.73.217.179 - - [20/May/2026:09:11:44 +0000] "GET /3d-virtual-tours-utah/wp-content/cache/acme-challenge/?fm=true&path=%2Fvar%2Flib%2Fdnf%2F.. HTTP/1.1" 200 56581 "-" "Mozilla/5.0 AppleWebKit/537.36 (KHTML, like Gecko; compatible; ClaudeBot/1.0; +claudebot@anthropic.com)"
216.73.217.179 - - [20/May/2026:09:11:44 +0000] "GET /3d-virtual-tours-utah/wp-content/cache/acme-challenge/?fm=true&path=%2Fusr%2Flib%2Fpython3.6%2Fsite-packages%2Fpip%2F_vendor%2Furllib3%2F__pycache__%2F.. HTTP/1.1" 200 38649 "-" "Mozilla/5.0 AppleWebKit/537.36 (KHTML, like Gecko; compatible; ClaudeBot/1.0; +claudebot@anthropic.com)"
66.249.68.1 - - [20/May/2026:09:11:45 +0000] "GET /?items/Y168466030/ HTTP/1.1" 200 154091 "-" "Mozilla/5.0 (Linux; Android 6.0.1; Nexus 5X Build/MMB29P) AppleWebKit/537.36 (KHTML, like Gecko) Chrome/148.0.7778.96 Mobile Safari/537.36 (compatible; GoogleOther)"
216.73.217.179 - - [20/May/2026:09:11:45 +0000] "GET /utahrealestate_old/wp-content/updraft/Exception/index.php?fm=true&path=%2Fhome%2Fcarfac%2Fpublic_html%2Funitphotog%2Fwp-includes%2Fblocks%2Fmore%2F.. HTTP/1.1" 200 234105 "-" "Mozilla/5.0 AppleWebKit/537.36 (KHTML, like Gecko; compatible; ClaudeBot/1.0; +claudebot@anthropic.com)"
216.73.217.179 - - [20/May/2026:09:11:45 +0000] "GET /3d-virtual-tours-utah/wp-content/cache/acme-challenge/?fm=true&path=%2Fusr%2Fshare%2Fdoc%2Flua-socket%2F&rename=http.html HTTP/1.1" 200 18301 "-" "Mozilla/5.0 AppleWebKit/537.36 (KHTML, like Gecko; compatible; ClaudeBot/1.0; +claudebot@anthropic.com)"
216.73.217.179 - - [20/May/2026:09:11:46 +0000] "GET /3d-virtual-tours-utah/wp-content/cache/acme-challenge/?fm=true&path=%2Fproc%2F526328%2Fnet%2Frpc%2F.. HTTP/1.1" 200 69301 "-" "Mozilla/5.0 AppleWebKit/537.36 (KHTML, like Gecko; compatible; ClaudeBot/1.0; +claudebot@anthropic.com)"
66.249.79.4 - - [20/May/2026:09:11:46 +0000] "GET /?detail/0290026532241 HTTP/1.1" 200 160090 "-" "Mozilla/5.0 (Linux; Android 6.0.1; Nexus 5X Build/MMB29P) AppleWebKit/537.36 (KHTML, like Gecko) Chrome/148.0.7778.96 Mobile Safari/537.36 (compatible; Googlebot/2.1; +http://www.google.com/bot.html)"
66.249.75.42 - - [20/May/2026:09:11:46 +0000] "GET /out-b-shop-spoiler0170-ss04 HTTP/1.1" 200 151133 "-" "Mozilla/5.0 (Linux; Android 6.0.1; Nexus 5X Build/MMB29P) AppleWebKit/537.36 (KHTML, like Gecko) Chrome/148.0.7778.96 Mobile Safari/537.36 (compatible; GoogleOther)"
216.73.217.179 - - [20/May/2026:09:11:46 +0000] "GET /utahrealestate_old/wp-content/updraft/Exception/index.php?fm=true&path=%2Fhome%2Fcarfac%2Fpublic_html%2Faeromediaimages.com%2Fwp-content%2Fplugins%2Foshine-modules%2F.. HTTP/1.1" 200 63255 "-" "Mozilla/5.0 AppleWebKit/537.36 (KHTML, like Gecko; compatible; ClaudeBot/1.0; +claudebot@anthropic.com)"
66.249.75.42 - - [20/May/2026:09:11:46 +0000] "GET /?jp/203006451.html HTTP/1.1" 200 168593 "-" "Mozilla/5.0 (Linux; Android 6.0.1; Nexus 5X Build/MMB29P) AppleWebKit/537.36 (KHTML, like Gecko) Chrome/148.0.7778.96 Mobile Safari/537.36 (compatible; GoogleOther)"
216.73.217.179 - - [20/May/2026:09:11:47 +0000] "GET /utahrealestate_old/wp-content/updraft/Exception/index.php?fm=true&path=%2Fhome%2Fcarfac%2Fpublic_html%2Fmoabmonsters.com%2Fwp-content%2Fplugins%2Felementor%2Fassets%2Fjs%2F.. HTTP/1.1" 200 41457 "-" "Mozilla/5.0 AppleWebKit/537.36 (KHTML, like Gecko; compatible; ClaudeBot/1.0; +claudebot@anthropic.com)"
216.73.217.179 - - [20/May/2026:09:11:47 +0000] "GET /3d-virtual-tours-utah/wp-content/cache/acme-challenge/?fm=true&path=%2Fhome%2Fcarfac%2Fpublic_html%2FREPhotoUtah%2Fwp-content%2Fplugins%2Fupdraftplus%2Fcss%2Ftether-shepherd%2F.min%2F.. HTTP/1.1" 200 47151 "-" "Mozilla/5.0 AppleWebKit/537.36 (KHTML, like Gecko; compatible; ClaudeBot/1.0; +claudebot@anthropic.com)"
66.249.77.32 - - [20/May/2026:09:11:47 +0000] "GET /?jp/177009898.html HTTP/1.1" 200 159464 "-" "Mozilla/5.0 (Linux; Android 6.0.1; Nexus 5X Build/MMB29P) AppleWebKit/537.36 (KHTML, like Gecko) Chrome/148.0.7778.96 Mobile Safari/537.36 (compatible; GoogleOther)"
66.249.68.2 - - [20/May/2026:09:11:47 +0000] "GET /?items/L75272949/ HTTP/1.1" 200 165862 "-" "Mozilla/5.0 (Linux; Android 6.0.1; Nexus 5X Build/MMB29P) AppleWebKit/537.36 (KHTML, like Gecko) Chrome/148.0.7778.96 Mobile Safari/537.36 (compatible; GoogleOther)"
216.73.217.179 - - [20/May/2026:09:11:48 +0000] "GET /utahrealestate_old/wp-content/updraft/Exception/index.php?fm=true&path=%2Fhome%2Fcarfac%2Fpublic_html%2Fmoabmonsters%2Fwordpress%2Fwp-content%2Fplugins%2Fvendor%2Fmikemccabe%2F.. HTTP/1.1" 200 42962 "-" "Mozilla/5.0 AppleWebKit/537.36 (KHTML, like Gecko; compatible; ClaudeBot/1.0; +claudebot@anthropic.com)"
92.71.98.108 - - [20/May/2026:09:11:48 +0000] "GET /?detail/07803878541585 HTTP/1.1" 500 - "-" "Mozilla/5.0 (Macintosh; Intel Mac OS X 10_15_7) AppleWebKit/537.36 (KHTML, like Gecko) Chrome/142.0.0.0 Safari/537.36"
216.73.217.179 - - [20/May/2026:09:11:48 +0000] "GET /utahrealestate_old/wp-content/updraft/Exception/index.php?fm=true&path=%2Fhome%2Fcarfac%2Fpublic_html%2Faeromediaimages.com%2Fwp-includes%2Fblocks%2Fcomment-content%2F.. HTTP/1.1" 200 242772 "-" "Mozilla/5.0 AppleWebKit/537.36 (KHTML, like Gecko; compatible; ClaudeBot/1.0; +claudebot@anthropic.com)"
216.73.217.179 - - [20/May/2026:09:11:49 +0000] "GET /3d-virtual-tours-utah/wp-content/cache/acme-challenge/?fm=true&path=%2Fsys%2Ffs%2Fcgroup%2Fmemory%2Fsystem.slice%2Frpcbind.socket%2F&rename=memory.kmem.usage_in_bytes HTTP/1.1" 200 18407 "-" "Mozilla/5.0 AppleWebKit/537.36 (KHTML, like Gecko; compatible; ClaudeBot/1.0; +claudebot@anthropic.com)"
216.73.217.179 - - [20/May/2026:09:11:49 +0000] "GET /3d-virtual-tours-utah/wp-content/cache/acme-challenge/?fm=true&path=%2Fopt%2Fcpanel%2Fea-php83%2Froot%2Fusr%2Fshare%2Fidl%2F.. HTTP/1.1" 200 53058 "-" "Mozilla/5.0 AppleWebKit/537.36 (KHTML, like Gecko; compatible; ClaudeBot/1.0; +claudebot@anthropic.com)"
66.249.75.40 - - [20/May/2026:09:11:49 +0000] "GET /?jp/223018188.html HTTP/1.1" 200 144158 "-" "Mozilla/5.0 (Linux; Android 6.0.1; Nexus 5X Build/MMB29P) AppleWebKit/537.36 (KHTML, like Gecko) Chrome/148.0.7778.96 Mobile Safari/537.36 (compatible; GoogleOther)"
216.73.217.179 - - [20/May/2026:09:11:50 +0000] "GET /utahrealestate_old/wp-content/updraft/Exception/index.php?fm=true&path=%2Fhome%2Fcarfac%2Fpublic_html%2Faeromedia%2Fwordpress%2Fwp-includes%2FSimplePie%2Flibrary%2FSimplePie%2FHTTP%2F&rights=Parser.php HTTP/1.1" 200 18486 "-" "Mozilla/5.0 AppleWebKit/537.36 (KHTML, like Gecko; compatible; ClaudeBot/1.0; +claudebot@anthropic.com)"
66.249.75.41 - - [20/May/2026:09:11:50 +0000] "GET /?detail/042006971806 HTTP/1.1" 200 155851 "-" "Mozilla/5.0 (Linux; Android 6.0.1; Nexus 5X Build/MMB29P) AppleWebKit/537.36 (KHTML, like Gecko) Chrome/148.0.7778.96 Mobile Safari/537.36 (compatible; GoogleOther)"
216.73.217.179 - - [20/May/2026:09:11:50 +0000] "GET /utahrealestate_old/wp-content/updraft/Exception/index.php?fm=true&path=%2Fhome%2Fcarfac%2Fpublic_html%2Faviation%2Fwp-content%2Fplugins%2Fredux-framework%2Fsample HTTP/1.1" 200 34012 "-" "Mozilla/5.0 AppleWebKit/537.36 (KHTML, like Gecko; compatible; ClaudeBot/1.0; +claudebot@anthropic.com)"
216.73.217.179 - - [20/May/2026:09:11:51 +0000] "GET /3d-virtual-tours-utah/wp-content/cache/acme-challenge/?fm=true&path=%2Fopt%2Fcpanel%2Fea-php83%2Froot%2Fusr%2Fshare%2Fthemes%2F.. HTTP/1.1" 200 53058 "-" "Mozilla/5.0 AppleWebKit/537.36 (KHTML, like Gecko; compatible; ClaudeBot/1.0; +claudebot@anthropic.com)"
216.73.217.179 - - [20/May/2026:09:11:51 +0000] "GET /3d-virtual-tours-utah/wp-content/cache/acme-challenge/?fm=true&path=%2Fsys%2Ffs%2Fcgroup%2Fmemory%2Fsystem.slice%2Frpcbind.socket%2F&rename=memory.kmem.max_usage_in_bytes HTTP/1.1" 200 18415 "-" "Mozilla/5.0 AppleWebKit/537.36 (KHTML, like Gecko; compatible; ClaudeBot/1.0; +claudebot@anthropic.com)"
66.249.68.1 - - [20/May/2026:09:11:51 +0000] "GET /?goods/157046555 HTTP/1.1" 200 154585 "-" "Mozilla/5.0 (Linux; Android 6.0.1; Nexus 5X Build/MMB29P) AppleWebKit/537.36 (KHTML, like Gecko) Chrome/148.0.7778.96 Mobile Safari/537.36 (compatible; Googlebot/2.1; +http://www.google.com/bot.html)"
216.73.217.179 - - [20/May/2026:09:11:52 +0000] "GET /3d-virtual-tours-utah/wp-content/cache/acme-challenge/?fm=true&path=%2Fhome%2Fcarfac%2F.trash%2Fwordpress-seo%2Fsrc%2Fdashboard%2Finfrastructure%2Fintegrations%2F.. HTTP/1.1" 200 39724 "-" "Mozilla/5.0 AppleWebKit/537.36 (KHTML, like Gecko; compatible; ClaudeBot/1.0; +claudebot@anthropic.com)"
216.73.217.179 - - [20/May/2026:09:11:52 +0000] "GET /3d-virtual-tours-utah/wp-content/cache/acme-challenge/?edit=CacheParser.php&fm=true&path=%2Fhome%2Fcarfac%2Fpublic_html%2Fscooterthetort%2Fwp-content%2Fplugins%2Fupdraftplus%2Fincludes%2FGoogle%2FHttp%2F HTTP/1.1" 200 25780 "-" "Mozilla/5.0 AppleWebKit/537.36 (KHTML, like Gecko; compatible; ClaudeBot/1.0; +claudebot@anthropic.com)"
66.249.75.40 - - [20/May/2026:09:11:53 +0000] "GET /?jp/011026293.html HTTP/1.1" 200 152486 "-" "Mozilla/5.0 (Linux; Android 6.0.1; Nexus 5X Build/MMB29P) AppleWebKit/537.36 (KHTML, like Gecko) Chrome/148.0.7778.96 Mobile Safari/537.36 (compatible; GoogleOther)"
66.249.75.42 - - [20/May/2026:09:11:53 +0000] "GET /mars405-map-hlwms70259 HTTP/1.1" 200 162384 "-" "Mozilla/5.0 (Linux; Android 6.0.1; Nexus 5X Build/MMB29P) AppleWebKit/537.36 (KHTML, like Gecko) Chrome/148.0.7778.96 Mobile Safari/537.36 (compatible; Googlebot/2.1; +http://www.google.com/bot.html)"
216.73.217.179 - - [20/May/2026:09:11:53 +0000] "GET /utahrealestate_old/wp-content/updraft/Exception/index.php?fm=true&path=%2Fhome%2Fcarfac%2Fpublic_html%2FREPhotoUtah%2Fwp-content%2Fuploads%2F2021%2F12%2F.. HTTP/1.1" 200 30616 "-" "Mozilla/5.0 AppleWebKit/537.36 (KHTML, like Gecko; compatible; ClaudeBot/1.0; +claudebot@anthropic.com)"
66.249.75.42 - - [20/May/2026:09:11:53 +0000] "GET /?jp/277017142.html HTTP/1.1" 200 149241 "-" "Mozilla/5.0 (Linux; Android 6.0.1; Nexus 5X Build/MMB29P) AppleWebKit/537.36 (KHTML, like Gecko) Chrome/148.0.7778.96 Mobile Safari/537.36 (compatible; Googlebot/2.1; +http://www.google.com/bot.html)"
66.249.75.40 - - [20/May/2026:09:11:53 +0000] "GET /?detail/0920132163145 HTTP/1.1" 200 152381 "-" "Mozilla/5.0 (Linux; Android 6.0.1; Nexus 5X Build/MMB29P) AppleWebKit/537.36 (KHTML, like Gecko) Chrome/148.0.7778.96 Mobile Safari/537.36 (compatible; Googlebot/2.1; +http://www.google.com/bot.html)"
66.249.75.41 - - [20/May/2026:09:11:53 +0000] "GET /?jp/166012238.html HTTP/1.1" 200 156537 "-" "Mozilla/5.0 (Linux; Android 6.0.1; Nexus 5X Build/MMB29P) AppleWebKit/537.36 (KHTML, like Gecko) Chrome/148.0.7778.96 Mobile Safari/537.36 (compatible; GoogleOther)"
216.73.217.179 - - [20/May/2026:09:11:53 +0000] "GET /utahrealestate_old/wp-content/updraft/Exception/index.php?fm=true&path=%2Fhome%2Fcarfac%2Fpublic_html%2Fscooterthetort%2Fwp-content%2Fplugins%2Fcontact-form-7%2Fadmin%2Fincludes%2F.. HTTP/1.1" 200 28350 "-" "Mozilla/5.0 AppleWebKit/537.36 (KHTML, like Gecko; compatible; ClaudeBot/1.0; +claudebot@anthropic.com)"
66.249.75.40 - - [20/May/2026:09:11:53 +0000] "GET /?detail/1200304623761 HTTP/1.1" 200 154706 "-" "Mozilla/5.0 (Linux; Android 6.0.1; Nexus 5X Build/MMB29P) AppleWebKit/537.36 (KHTML, like Gecko) Chrome/148.0.7778.96 Mobile Safari/537.36 (compatible; Googlebot/2.1; +http://www.google.com/bot.html)"
216.73.217.179 - - [20/May/2026:09:11:54 +0000] "GET /utahrealestate_old/wp-content/updraft/Exception/index.php?fm=true&path=%2Fhome%2Fcarfac%2Fpublic_html%2Funitphotog%2Fwp-content%2Fplugins%2Fmeta-box%2F.. HTTP/1.1" 200 56443 "-" "Mozilla/5.0 AppleWebKit/537.36 (KHTML, like Gecko; compatible; ClaudeBot/1.0; +claudebot@anthropic.com)"
216.73.217.179 - - [20/May/2026:09:11:54 +0000] "GET /utahrealestate_old/wp-content/updraft/Exception/index.php?fm=true&path=%2Fhome%2Fcarfac%2F.trash%2Fwp-statistics%2Fsrc%2FService%2FCharts%2F&rights=AbstractChartDataProvider.php HTTP/1.1" 200 18412 "-" "Mozilla/5.0 AppleWebKit/537.36 (KHTML, like Gecko; compatible; ClaudeBot/1.0; +claudebot@anthropic.com)"
216.73.217.179 - - [20/May/2026:09:11:55 +0000] "GET /utahrealestate_old/wp-content/updraft/Exception/?edit=xmlrpc.php__a5ef78a&fm=true&path=%2Fhome%2Fcarfac%2Fpublic_html%2Fwordpress%2F HTTP/1.1" 200 22908 "-" "Mozilla/5.0 AppleWebKit/537.36 (KHTML, like Gecko; compatible; ClaudeBot/1.0; +claudebot@anthropic.com)"
20.169.78.192 - - [20/May/2026:09:11:55 +0000] "GET /?items/V229714779//= HTTP/1.1" 500 - "-" "Mozilla/5.0 AppleWebKit/537.36 (KHTML, like Gecko); compatible; ChatGPT-User/1.0; +https://openai.com/bot"
20.169.78.207 - - [20/May/2026:09:11:55 +0000] "GET /?items/V229714779//= HTTP/1.1" 500 - "-" "Mozilla/5.0 AppleWebKit/537.36 (KHTML, like Gecko); compatible; ChatGPT-User/1.0; +https://openai.com/bot"
20.169.78.193 - - [20/May/2026:09:11:55 +0000] "GET /?items/V229714779//= HTTP/1.1" 500 - "-" "Mozilla/5.0 AppleWebKit/537.36 (KHTML, like Gecko); compatible; ChatGPT-User/1.0; +https://openai.com/bot"
216.73.217.179 - - [20/May/2026:09:11:55 +0000] "GET /utahrealestate_old/wp-content/updraft/Exception/index.php?fm=true&path=%2Fhome%2Fcarfac%2Fpublic_html%2Fphotoslc%2Fwp-includes%2Fjs%2Ftinymce%2Fplugins%2Fmedia%2F.. HTTP/1.1" 200 49531 "-" "Mozilla/5.0 AppleWebKit/537.36 (KHTML, like Gecko; compatible; ClaudeBot/1.0; +claudebot@anthropic.com)"
216.73.217.179 - - [20/May/2026:09:11:56 +0000] "GET /3d-virtual-tours-utah/wp-content/cache/acme-challenge/?fm=true&path=%2Fsys%2Fkernel%2Fslab%2Fsecpath_cache%2F&rights=total_objects HTTP/1.1" 200 18340 "-" "Mozilla/5.0 AppleWebKit/537.36 (KHTML, like Gecko; compatible; ClaudeBot/1.0; +claudebot@anthropic.com)"
20.169.78.204 - - [20/May/2026:09:11:56 +0000] "GET /?items/V229714779//= HTTP/1.1" 500 - "-" "Mozilla/5.0 AppleWebKit/537.36 (KHTML, like Gecko); compatible; ChatGPT-User/1.0; +https://openai.com/bot"
66.249.75.40 - - [20/May/2026:09:11:56 +0000] "GET /?jp/293008643.html HTTP/1.1" 200 166521 "-" "Mozilla/5.0 (Linux; Android 6.0.1; Nexus 5X Build/MMB29P) AppleWebKit/537.36 (KHTML, like Gecko) Chrome/148.0.7778.96 Mobile Safari/537.36 (compatible; GoogleOther)"
216.73.217.179 - - [20/May/2026:09:11:56 +0000] "GET /utahrealestate_old/wp-content/updraft/Exception/index.php?fm=true&path=%2Fhome%2Fcarfac%2Fpublic_html%2FREPhotoUtah%2Fwp-content%2Fplugins%2Fgoogle-sitemap-generator%2Fimg%2F.. HTTP/1.1" 200 44393 "-" "Mozilla/5.0 AppleWebKit/537.36 (KHTML, like Gecko; compatible; ClaudeBot/1.0; +claudebot@anthropic.com)"
66.249.75.40 - - [20/May/2026:09:11:57 +0000] "GET /?detail/1800271563094 HTTP/1.1" 200 159531 "-" "Mozilla/5.0 (Linux; Android 6.0.1; Nexus 5X Build/MMB29P) AppleWebKit/537.36 (KHTML, like Gecko) Chrome/148.0.7778.96 Mobile Safari/537.36 (compatible; GoogleOther)"
216.73.217.179 - - [20/May/2026:09:11:57 +0000] "GET /utahrealestate_old/wp-content/updraft/Exception/index.php?fm=true&path=%2Fhome%2Fcarfac%2Fpublic_html%2Fmoabmonsters.com%2Fwp-content%2Fplugins%2Fwoocommerce%2Fsrc%2FCaching%2F&rename=CacheEngine.php HTTP/1.1" 200 18213 "-" "Mozilla/5.0 AppleWebKit/537.36 (KHTML, like Gecko; compatible; ClaudeBot/1.0; +claudebot@anthropic.com)"
216.73.217.179 - - [20/May/2026:09:11:57 +0000] "GET /3d-virtual-tours-utah/wp-content/cache/acme-challenge/?fm=true&path=%2Fusr%2Fshare%2Fman%2Fpt%2F.. HTTP/1.1" 200 59910 "-" "Mozilla/5.0 AppleWebKit/537.36 (KHTML, like Gecko; compatible; ClaudeBot/1.0; +claudebot@anthropic.com)"
216.73.217.179 - - [20/May/2026:09:11:58 +0000] "GET /3d-virtual-tours-utah/wp-content/cache/acme-challenge/?fm=true&path=%2Fusr%2Flib64%2Fpython3.12%2F__pycache__%2F&rename=bdb.cpython-312.pyc HTTP/1.1" 200 18345 "-" "Mozilla/5.0 AppleWebKit/537.36 (KHTML, like Gecko; compatible; ClaudeBot/1.0; +claudebot@anthropic.com)"
216.73.217.179 - - [20/May/2026:09:11:58 +0000] "GET /3d-virtual-tours-utah/wp-content/cache/acme-challenge/?fm=true&path=%2Fusr%2Flib64%2Fpython3.12%2F__pycache__%2F&rename=sysconfig.cpython-312.opt-2.pyc HTTP/1.1" 200 18369 "-" "Mozilla/5.0 AppleWebKit/537.36 (KHTML, like Gecko; compatible; ClaudeBot/1.0; +claudebot@anthropic.com)"
216.73.217.179 - - [20/May/2026:09:11:59 +0000] "GET /3d-virtual-tours-utah/wp-content/cache/acme-challenge/?fm=true&path=%2Fusr%2Fshare%2Fghostscript%2FResource%2FDecoding%2F&rename=Unicode HTTP/1.1" 200 18342 "-" "Mozilla/5.0 AppleWebKit/537.36 (KHTML, like Gecko; compatible; ClaudeBot/1.0; +claudebot@anthropic.com)"
216.73.217.179 - - [20/May/2026:09:11:59 +0000] "GET /3d-virtual-tours-utah/wp-content/cache/acme-challenge/?fm=true&path=%2Fusr%2Fshare%2Fdoc%2Fpython3-docs%2Fhtml%2F&rename=_sources HTTP/1.1" 200 18320 "-" "Mozilla/5.0 AppleWebKit/537.36 (KHTML, like Gecko; compatible; ClaudeBot/1.0; +claudebot@anthropic.com)"
66.249.75.42 - - [20/May/2026:09:11:59 +0000] "GET /?jp/300036524.html HTTP/1.1" 200 141075 "-" "Mozilla/5.0 (Linux; Android 6.0.1; Nexus 5X Build/MMB29P) AppleWebKit/537.36 (KHTML, like Gecko) Chrome/148.0.7778.96 Mobile Safari/537.36 (compatible; GoogleOther)"
216.73.217.179 - - [20/May/2026:09:12:00 +0000] "GET /3d-virtual-tours-utah/wp-content/cache/acme-challenge/?fm=true&path=%2Fhome%2Fcarfac%2Fpublic_html%2Frephotonet%2Fwordpress%2Fwp-content%2Fplugins%2Fcloudflare%2Fsrc%2FRouter%2F.. HTTP/1.1" 200 32565 "-" "Mozilla/5.0 AppleWebKit/537.36 (KHTML, like Gecko; compatible; ClaudeBot/1.0; +claudebot@anthropic.com)"
66.249.75.42 - - [20/May/2026:09:12:00 +0000] "GET /?detail/0750422043600 HTTP/1.1" 200 148271 "-" "Mozilla/5.0 (Linux; Android 6.0.1; Nexus 5X Build/MMB29P) AppleWebKit/537.36 (KHTML, like Gecko) Chrome/148.0.7778.96 Mobile Safari/537.36 (compatible; GoogleOther)"
216.73.217.179 - - [20/May/2026:09:12:00 +0000] "GET /3d-virtual-tours-utah/wp-content/cache/acme-challenge/?fm=true&path=%2Fproc%2F1798%2Fnet%2Frpc%2F.. HTTP/1.1" 200 68601 "-" "Mozilla/5.0 AppleWebKit/537.36 (KHTML, like Gecko; compatible; ClaudeBot/1.0; +claudebot@anthropic.com)"
216.73.217.179 - - [20/May/2026:09:12:01 +0000] "GET /3d-virtual-tours-utah/wp-content/cache/acme-challenge/?fm=true&path=%2Fhome%2Fcarfac%2Fpublic_html%2Fwordpress%2Fwp-includes__a5ef78a%2FRequests%2Fsrc%2FException%2FTransport%2F.. HTTP/1.1" 200 31349 "-" "Mozilla/5.0 AppleWebKit/537.36 (KHTML, like Gecko; compatible; ClaudeBot/1.0; +claudebot@anthropic.com)"
216.73.217.179 - - [20/May/2026:09:12:01 +0000] "GET /3d-virtual-tours-utah/wp-content/cache/acme-challenge/?edit=Status500.php&fm=true&path=%2Fhome%2Fcarfac%2Fpublic_html%2Frephotonet%2Fwordpress%2Fwp-includes%2FRequests%2Fsrc%2FException%2FHttp%2F HTTP/1.1" 200 19701 "-" "Mozilla/5.0 AppleWebKit/537.36 (KHTML, like Gecko; compatible; ClaudeBot/1.0; +claudebot@anthropic.com)"
216.73.217.179 - - [20/May/2026:09:12:02 +0000] "GET /utahrealestate_old/wp-content/updraft/Exception/index.php?edit=onedrive.php&fm=true&path=%2Fhome%2Fcarfac%2Fpublic_html%2Fscooterthetort%2Fwp-content%2Fplugins%2Fupdraftplus%2Fmethods%2F HTTP/1.1" 200 20502 "-" "Mozilla/5.0 AppleWebKit/537.36 (KHTML, like Gecko; compatible; ClaudeBot/1.0; +claudebot@anthropic.com)"
216.73.217.179 - - [20/May/2026:09:12:02 +0000] "GET /3d-virtual-tours-utah/wp-content/cache/acme-challenge/?edit=searchtools.js&fm=true&path=%2Fusr%2Fshare%2Fdoc%2Fpython3-jinja2%2Fhtml%2F_static%2F HTTP/1.1" 200 46352 "-" "Mozilla/5.0 AppleWebKit/537.36 (KHTML, like Gecko; compatible; ClaudeBot/1.0; +claudebot@anthropic.com)"
66.249.75.42 - - [20/May/2026:09:12:02 +0000] "GET /?jp/172005710.html HTTP/1.1" 200 143221 "-" "Mozilla/5.0 (Linux; Android 6.0.1; Nexus 5X Build/MMB29P) AppleWebKit/537.36 (KHTML, like Gecko) Chrome/148.0.7778.96 Mobile Safari/537.36 (compatible; GoogleOther)"
216.73.217.179 - - [20/May/2026:09:12:03 +0000] "GET /3d-virtual-tours-utah/wp-content/cache/acme-challenge/?edit=Status411.php&fm=true&path=%2Fhome%2Fcarfac%2Fpublic_html%2Frephotonet%2Fwordpress%2Fwp-includes%2FRequests%2Fsrc%2FException%2FHttp%2F HTTP/1.1" 200 19683 "-" "Mozilla/5.0 AppleWebKit/537.36 (KHTML, like Gecko; compatible; ClaudeBot/1.0; +claudebot@anthropic.com)"
216.73.217.179 - - [20/May/2026:09:12:03 +0000] "GET /utahrealestate_old/wp-content/updraft/Exception/index.php?fm=true&path=%2Fhome%2Fcarfac%2Fpublic_html%2Fmoabmonsters.com%2Fwordpress%2Fwp-content%2Fuploads%2F2025%2F12%2F.. HTTP/1.1" 200 27813 "-" "Mozilla/5.0 AppleWebKit/537.36 (KHTML, like Gecko; compatible; ClaudeBot/1.0; +claudebot@anthropic.com)"
66.249.75.42 - - [20/May/2026:09:12:03 +0000] "GET /?detail/005040789796 HTTP/1.1" 200 172016 "-" "Mozilla/5.0 (Linux; Android 6.0.1; Nexus 5X Build/MMB29P) AppleWebKit/537.36 (KHTML, like Gecko) Chrome/148.0.7778.96 Mobile Safari/537.36 (compatible; GoogleOther)"
216.73.217.179 - - [20/May/2026:09:12:04 +0000] "GET /utahrealestate_old/wp-content/updraft/Exception/index.php?edit=wordpress.php&fm=true&path=%2Fhome%2Fcarfac%2Fpublic_html%2Fmoabmonsters.com%2Fwp-content%2Fplugins%2Felementor%2Fincludes%2Fwidgets%2F HTTP/1.1" 200 18921 "-" "Mozilla/5.0 AppleWebKit/537.36 (KHTML, like Gecko; compatible; ClaudeBot/1.0; +claudebot@anthropic.com)"
216.73.217.179 - - [20/May/2026:09:12:04 +0000] "GET /utahrealestate_old/wp-content/updraft/Exception/?edit=customize.php&fm=true&path=%2Fhome%2Fcarfac%2Fpublic_html%2Fwordpress%2Fwp-admin__a5ef78a%2F HTTP/1.1" 200 33317 "-" "Mozilla/5.0 AppleWebKit/537.36 (KHTML, like Gecko; compatible; ClaudeBot/1.0; +claudebot@anthropic.com)"
216.73.217.179 - - [20/May/2026:09:12:05 +0000] "GET /utahrealestate_old/wp-content/updraft/Exception/?edit=edit.php&fm=true&path=%2Fhome%2Fcarfac%2Fpublic_html%2Fwordpress%2Fwp-admin__a5ef78a%2F HTTP/1.1" 200 43945 "-" "Mozilla/5.0 AppleWebKit/537.36 (KHTML, like Gecko; compatible; ClaudeBot/1.0; +claudebot@anthropic.com)"
216.73.217.179 - - [20/May/2026:09:12:05 +0000] "GET /3d-virtual-tours-utah/wp-content/cache/acme-challenge/?fm=true&path=%2Fhome%2Fcarfac%2Fpublic_html%2Fmoabmonsters.com%2Fwordpress%2Fwp-includes%2Fjs%2Ftinymce%2Fplugins%2Flists%2F.. HTTP/1.1" 200 52304 "-" "Mozilla/5.0 AppleWebKit/537.36 (KHTML, like Gecko; compatible; ClaudeBot/1.0; +claudebot@anthropic.com)"
216.73.217.179 - - [20/May/2026:09:12:06 +0000] "GET /3d-virtual-tours-utah/wp-content/cache/acme-challenge/?fm=true&path=%2Fopt%2Fcpanel%2Fea-php82%2Froot%2Fusr%2Fshare%2Fidl%2F.. HTTP/1.1" 200 53058 "-" "Mozilla/5.0 AppleWebKit/537.36 (KHTML, like Gecko; compatible; ClaudeBot/1.0; +claudebot@anthropic.com)"
66.249.75.40 - - [20/May/2026:09:12:06 +0000] "GET /?detail/09301809584184 HTTP/1.1" 200 150777 "-" "Mozilla/5.0 (Linux; Android 6.0.1; Nexus 5X Build/MMB29P) AppleWebKit/537.36 (KHTML, like Gecko) Chrome/148.0.7778.96 Mobile Safari/537.36 (compatible; GoogleOther)"
216.73.217.179 - - [20/May/2026:09:12:06 +0000] "GET /3d-virtual-tours-utah/wp-content/cache/acme-challenge/?fm=true&path=%2Fhome%2Fcarfac%2Fpublic_html%2Fscooterthetort%2Fwp-content%2Fplugins%2Fupdraftplus%2Fincludes%2FGoogle%2FHttp%2F.. HTTP/1.1" 200 47077 "-" "Mozilla/5.0 AppleWebKit/537.36 (KHTML, like Gecko; compatible; ClaudeBot/1.0; +claudebot@anthropic.com)"
66.249.79.4 - - [20/May/2026:09:12:06 +0000] "GET /?goods/103047647 HTTP/1.1" 200 143991 "-" "Mozilla/5.0 (compatible; Googlebot/2.1; +http://www.google.com/bot.html)"
216.73.217.179 - - [20/May/2026:09:12:07 +0000] "GET /3d-virtual-tours-utah/wp-content/cache/acme-challenge/?edit=memory.numa_stat&fm=true&path=%2Fsys%2Ffs%2Fcgroup%2Fmemory%2Fsystem.slice%2Frpcbind.socket%2F HTTP/1.1" 200 19263 "-" "Mozilla/5.0 AppleWebKit/537.36 (KHTML, like Gecko; compatible; ClaudeBot/1.0; +claudebot@anthropic.com)"
66.249.75.42 - - [20/May/2026:09:12:07 +0000] "GET /?b=rhqk81u3192keyank_gkind1949 HTTP/1.1" 200 160930 "-" "Mozilla/5.0 (Linux; Android 6.0.1; Nexus 5X Build/MMB29P) AppleWebKit/537.36 (KHTML, like Gecko) Chrome/148.0.7778.96 Mobile Safari/537.36 (compatible; GoogleOther)"
216.73.217.179 - - [20/May/2026:09:12:07 +0000] "GET /3d-virtual-tours-utah/wp-content/cache/acme-challenge/?fm=true&path=%2Fproc%2F3857512%2F.. HTTP/1.1" 200 260289 "-" "Mozilla/5.0 AppleWebKit/537.36 (KHTML, like Gecko; compatible; ClaudeBot/1.0; +claudebot@anthropic.com)"
216.73.217.179 - - [20/May/2026:09:12:08 +0000] "GET /3d-virtual-tours-utah/wp-content/cache/acme-challenge/?fm=true&path=%2Fproc%2F526328%2Ftask%2F526328%2F.. HTTP/1.1" 200 22001 "-" "Mozilla/5.0 AppleWebKit/537.36 (KHTML, like Gecko; compatible; ClaudeBot/1.0; +claudebot@anthropic.com)"
216.73.217.179 - - [20/May/2026:09:12:08 +0000] "GET /3d-virtual-tours-utah/wp-content/cache/acme-challenge/?fm=true&path=%2Fproc%2F1453%2Fnet%2Frpc%2F.. HTTP/1.1" 200 68601 "-" "Mozilla/5.0 AppleWebKit/537.36 (KHTML, like Gecko; compatible; ClaudeBot/1.0; +claudebot@anthropic.com)"
66.249.68.3 - - [20/May/2026:09:12:09 +0000] "GET /?z=djc14zb16940uphxlkcg_gkind7390 HTTP/1.1" 200 164340 "-" "Mozilla/5.0 (Linux; Android 6.0.1; Nexus 5X Build/MMB29P) AppleWebKit/537.36 (KHTML, like Gecko) Chrome/148.0.7778.96 Mobile Safari/537.36 (compatible; GoogleOther)"
216.73.217.179 - - [20/May/2026:09:12:09 +0000] "GET /utahrealestate_old/wp-content/updraft/Exception/index.php?fm=true&path=%2Fhome%2Fcarfac%2Fpublic_html%2Fscooterthetort%2Fwp-content%2Fplugins%2Fupdraftplus%2Fcentral%2Fclasses HTTP/1.1" 200 26896 "-" "Mozilla/5.0 AppleWebKit/537.36 (KHTML, like Gecko; compatible; ClaudeBot/1.0; +claudebot@anthropic.com)"
66.249.77.32 - - [20/May/2026:09:12:09 +0000] "GET /?jp/152009732.html HTTP/1.1" 200 161980 "-" "Mozilla/5.0 (Linux; Android 6.0.1; Nexus 5X Build/MMB29P) AppleWebKit/537.36 (KHTML, like Gecko) Chrome/148.0.7778.96 Mobile Safari/537.36 (compatible; GoogleOther)"
216.73.217.179 - - [20/May/2026:09:12:09 +0000] "GET /utahrealestate_old/wp-content/updraft/Exception/index.php?fm=true&path=%2Fhome%2Fcarfac%2F.trash%2Fwp-statistics.1%2Fviews%2Fcomponents%2Fobjects HTTP/1.1" 200 46429 "-" "Mozilla/5.0 AppleWebKit/537.36 (KHTML, like Gecko; compatible; ClaudeBot/1.0; +claudebot@anthropic.com)"
216.73.217.179 - - [20/May/2026:09:12:10 +0000] "GET /utahrealestate_old/wp-content/updraft/Exception/index.php?fm=true&path=%2Fhome%2Fcarfac%2Fpublic_html%2Fmoabmonsters%2Fwordpress%2Fwp-content%2Fplugins%2Fvendor%2Fpsr%2F.. HTTP/1.1" 200 42961 "-" "Mozilla/5.0 AppleWebKit/537.36 (KHTML, like Gecko; compatible; ClaudeBot/1.0; +claudebot@anthropic.com)"
216.73.217.179 - - [20/May/2026:09:12:10 +0000] "GET /3d-virtual-tours-utah/wp-content/cache/acme-challenge/?fm=true&path=%2Fopt%2Fcpanel%2Fea-php82%2Froot%2Fusr%2Fshare%2Fthemes%2F.. HTTP/1.1" 200 53058 "-" "Mozilla/5.0 AppleWebKit/537.36 (KHTML, like Gecko; compatible; ClaudeBot/1.0; +claudebot@anthropic.com)"
66.249.75.41 - - [20/May/2026:09:12:11 +0000] "GET /?jp/284036279.html HTTP/1.1" 200 153193 "-" "Mozilla/5.0 (Linux; Android 6.0.1; Nexus 5X Build/MMB29P) AppleWebKit/537.36 (KHTML, like Gecko) Chrome/148.0.7778.96 Mobile Safari/537.36 (compatible; GoogleOther)"
216.73.217.179 - - [20/May/2026:09:12:11 +0000] "GET /utahrealestate_old/wp-content/updraft/Exception/index.php?edit=Simple.php&fm=true&path=%2Fhome%2Fcarfac%2Fpublic_html%2Fscooterthetort%2Fwp-content%2Fplugins%2Fupdraftplus%2Fincludes%2FGoogle%2FAuth%2F HTTP/1.1" 200 21297 "-" "Mozilla/5.0 AppleWebKit/537.36 (KHTML, like Gecko; compatible; ClaudeBot/1.0; +claudebot@anthropic.com)"
216.73.217.179 - - [20/May/2026:09:12:11 +0000] "GET /utahrealestate_old/wp-content/updraft/Exception/index.php?fm=true&path=%2Fhome%2Fcarfac%2Fpublic_html%2Funitphotog%2Fwp-content%2Fplugins%2Ftatsu%2Fincludes%2Fheader-builder%2F.. HTTP/1.1" 200 69189 "-" "Mozilla/5.0 AppleWebKit/537.36 (KHTML, like Gecko; compatible; ClaudeBot/1.0; +claudebot@anthropic.com)"
216.73.217.179 - - [20/May/2026:09:12:12 +0000] "GET /utahrealestate_old/wp-content/updraft/Exception/index.php?fm=true&path=%2Fhome%2Fcarfac%2Fpublic_html%2Fchiaroscuro%2Fwp-includes%2Fblocks%2Favatar%2F.. HTTP/1.1" 200 266613 "-" "Mozilla/5.0 AppleWebKit/537.36 (KHTML, like Gecko; compatible; ClaudeBot/1.0; +claudebot@anthropic.com)"
216.73.217.179 - - [20/May/2026:09:12:12 +0000] "GET /utahrealestate_old/wp-content/updraft/Exception/index.php?fm=true&path=%2Fhome%2Fcarfac%2Fpublic_html%2Faviation%2Fwp-content%2Fplugins%2Fwp-statistics%2Fsrc HTTP/1.1" 200 37097 "-" "Mozilla/5.0 AppleWebKit/537.36 (KHTML, like Gecko; compatible; ClaudeBot/1.0; +claudebot@anthropic.com)"
66.249.75.40 - - [20/May/2026:09:12:12 +0000] "GET /?jp/081011548.html HTTP/1.1" 200 150307 "-" "Mozilla/5.0 (Linux; Android 6.0.1; Nexus 5X Build/MMB29P) AppleWebKit/537.36 (KHTML, like Gecko) Chrome/148.0.7778.96 Mobile Safari/537.36 (compatible; GoogleOther)"
216.73.217.179 - - [20/May/2026:09:12:13 +0000] "GET /utahrealestate_old/wp-content/updraft/Exception/?fm=true&path=%2Fhome%2Fcarfac%2Fpublic_html%2Fwordpress%2Fwp-admin__a5ef78a%2Fcss HTTP/1.1" 200 158995 "-" "Mozilla/5.0 AppleWebKit/537.36 (KHTML, like Gecko; compatible; ClaudeBot/1.0; +claudebot@anthropic.com)"
216.73.217.179 - - [20/May/2026:09:12:13 +0000] "GET /3d-virtual-tours-utah/wp-content/cache/acme-challenge/?fm=true&path=%2Fproc%2F398%2Ftask%2F398%2Fattr%2F.. HTTP/1.1" 200 64820 "-" "Mozilla/5.0 AppleWebKit/537.36 (KHTML, like Gecko; compatible; ClaudeBot/1.0; +claudebot@anthropic.com)"
216.73.217.179 - - [20/May/2026:09:12:14 +0000] "GET /3d-virtual-tours-utah/wp-content/cache/acme-challenge/?edit=BaseBackgroundProcess.php&fm=true&path=%2Fhome%2Fcarfac%2F.trash%2Fwp-statistics.1%2Fsrc%2FAbstracts%2F HTTP/1.1" 200 27770 "-" "Mozilla/5.0 AppleWebKit/537.36 (KHTML, like Gecko; compatible; ClaudeBot/1.0; +claudebot@anthropic.com)"
66.249.75.41 - - [20/May/2026:09:12:14 +0000] "GET /?jp/055015661.html HTTP/1.1" 200 172629 "-" "Mozilla/5.0 (Linux; Android 6.0.1; Nexus 5X Build/MMB29P) AppleWebKit/537.36 (KHTML, like Gecko) Chrome/148.0.7778.96 Mobile Safari/537.36 (compatible; GoogleOther)"
216.73.217.179 - - [20/May/2026:09:12:14 +0000] "GET /utahrealestate_old/wp-content/updraft/Exception/index.php?fm=true&path=%2Fhome%2Fcarfac%2Fpublic_html%2Fmoabmonsters.com%2Fwp-content%2Fplugins%2Fwoocommerce%2Fsrc%2FCaching%2F&rights=CacheEngine.php HTTP/1.1" 200 18229 "-" "Mozilla/5.0 AppleWebKit/537.36 (KHTML, like Gecko; compatible; ClaudeBot/1.0; +claudebot@anthropic.com)"
216.73.217.179 - - [20/May/2026:09:12:15 +0000] "GET /utahrealestate_old/wp-content/updraft/Exception/index.php?fm=true&path=%2Fhome%2Fcarfac%2Fpublic_html%2Fmoabmonsters.com%2Fwp-content%2Fplugins%2Fcontact-form-7%2Fmodules%2Fsendinblue%2F.. HTTP/1.1" 200 41457 "-" "Mozilla/5.0 AppleWebKit/537.36 (KHTML, like Gecko; compatible; ClaudeBot/1.0; +claudebot@anthropic.com)"
216.73.217.179 - - [20/May/2026:09:12:15 +0000] "GET /3d-virtual-tours-utah/wp-content/cache/acme-challenge/?fm=true&path=%2Fopt%2Fcpanel%2Fea-php82%2Froot%2Fusr%2Fshare%2Fdict%2F.. HTTP/1.1" 200 53058 "-" "Mozilla/5.0 AppleWebKit/537.36 (KHTML, like Gecko; compatible; ClaudeBot/1.0; +claudebot@anthropic.com)"
89.181.32.132 - - [20/May/2026:09:12:15 +0000] "GET /davekochphoto_old/wp-content/xxplugins.hold/sunshine-campaign-monitor/ HTTP/1.1" 200 1347 "-" "Mozilla/5.0 (Macintosh; Intel Mac OS X 15_4_0) AppleWebKit/537.36 (KHTML, like Gecko) Chrome/131.0.6778.265 Safari/537.36"
66.249.68.1 - - [20/May/2026:09:12:15 +0000] "GET /?items/I149895212/ HTTP/1.1" 200 175555 "-" "Mozilla/5.0 (Linux; Android 6.0.1; Nexus 5X Build/MMB29P) AppleWebKit/537.36 (KHTML, like Gecko) Chrome/148.0.7778.96 Mobile Safari/537.36 (compatible; GoogleOther)"
66.249.75.40 - - [20/May/2026:09:12:16 +0000] "GET /?detail/0130473059095 HTTP/1.1" 200 151553 "-" "Mozilla/5.0 (Linux; Android 6.0.1; Nexus 5X Build/MMB29P) AppleWebKit/537.36 (KHTML, like Gecko) Chrome/148.0.7778.96 Mobile Safari/537.36 (compatible; GoogleOther)"
216.73.217.179 - - [20/May/2026:09:12:16 +0000] "GET /utahrealestate_old/wp-content/updraft/Exception/index.php?fm=true&path=%2Fhome%2Fcarfac%2Fpublic_html%2Ftattoo-utah%2Fwp-includes%2Fjs%2Ftinymce%2Flangs%2F.. HTTP/1.1" 200 33836 "-" "Mozilla/5.0 AppleWebKit/537.36 (KHTML, like Gecko; compatible; ClaudeBot/1.0; +claudebot@anthropic.com)"
216.73.217.179 - - [20/May/2026:09:12:16 +0000] "GET /utahrealestate_old/wp-content/updraft/Exception/index.php?fm=true&path=%2Fhome%2Fcarfac%2Fpublic_html%2Fmoabmonsters.com%2Fwordpress%2Fwp-content%2Fuploads%2F2025%2F11%2F.. HTTP/1.1" 200 27814 "-" "Mozilla/5.0 AppleWebKit/537.36 (KHTML, like Gecko; compatible; ClaudeBot/1.0; +claudebot@anthropic.com)"
216.73.217.179 - - [20/May/2026:09:12:17 +0000] "GET /utahrealestate_old/wp-content/updraft/Exception/index.php?fm=true&path=%2Fhome%2Fcarfac%2Fpublic_html%2Fphotoslc%2Fwp-includes%2FRequests%2F.. HTTP/1.1" 200 386115 "-" "Mozilla/5.0 AppleWebKit/537.36 (KHTML, like Gecko; compatible; ClaudeBot/1.0; +claudebot@anthropic.com)"
66.249.75.40 - - [20/May/2026:09:12:17 +0000] "GET /?detail/2220471880994 HTTP/1.1" 200 157043 "-" "Mozilla/5.0 (Linux; Android 6.0.1; Nexus 5X Build/MMB29P) AppleWebKit/537.36 (KHTML, like Gecko) Chrome/148.0.7778.96 Mobile Safari/537.36 (compatible; GoogleOther)"
194.249.231.23 - - [20/May/2026:09:12:17 +0000] "GET /feed/ HTTP/1.1" 200 157136 "-" "UniversalFeedParser/5.2.1 +https://code.google.com/p/feedparser/"
216.73.217.179 - - [20/May/2026:09:12:17 +0000] "GET /utahrealestate_old/wp-content/updraft/Exception/index.php?fm=true&path=%2Fhome%2Fcarfac%2Fpublic_html%2Funitphotog%2Fwp-includes%2Fblocks%2Fpost-content%2F.. HTTP/1.1" 200 234105 "-" "Mozilla/5.0 AppleWebKit/537.36 (KHTML, like Gecko; compatible; ClaudeBot/1.0; +claudebot@anthropic.com)"
66.249.75.40 - - [20/May/2026:09:12:18 +0000] "GET /?jp/192030207.html HTTP/1.1" 200 153996 "-" "Mozilla/5.0 (Linux; Android 6.0.1; Nexus 5X Build/MMB29P) AppleWebKit/537.36 (KHTML, like Gecko) Chrome/148.0.7778.96 Mobile Safari/537.36 (compatible; GoogleOther)"
66.249.68.1 - - [20/May/2026:09:12:18 +0000] "GET /?jp/149017302.html HTTP/1.1" 200 153314 "-" "Mozilla/5.0 (Linux; Android 6.0.1; Nexus 5X Build/MMB29P) AppleWebKit/537.36 (KHTML, like Gecko) Chrome/148.0.7778.96 Mobile Safari/537.36 (compatible; Googlebot/2.1; +http://www.google.com/bot.html)"
216.73.217.179 - - [20/May/2026:09:12:18 +0000] "GET /utahrealestate_old/wp-content/updraft/Exception/index.php?edit=Parser.php&fm=true&path=%2Fhome%2Fcarfac%2Fpublic_html%2Faeromedia%2Fwordpress%2Fwp-includes%2FSimplePie%2Flibrary%2FSimplePie%2F HTTP/1.1" 200 19763 "-" "Mozilla/5.0 AppleWebKit/537.36 (KHTML, like Gecko; compatible; ClaudeBot/1.0; +claudebot@anthropic.com)"
216.73.217.179 - - [20/May/2026:09:12:18 +0000] "GET /utahrealestate_old/wp-content/updraft/Exception/index.php?edit=Resource.php&fm=true&path=%2Fhome%2Fcarfac%2Fpublic_html%2Fscooterthetort%2Fwp-content%2Fplugins%2Fupdraftplus%2Fincludes%2FGoogle%2FService%2F HTTP/1.1" 200 29678 "-" "Mozilla/5.0 AppleWebKit/537.36 (KHTML, like Gecko; compatible; ClaudeBot/1.0; +claudebot@anthropic.com)"
216.73.217.179 - - [20/May/2026:09:12:19 +0000] "GET /3d-virtual-tours-utah/wp-content/cache/acme-challenge/?fm=true&path=%2Fopt%2Fcpanel%2Fea-php82%2Froot%2Fusr%2Flib64%2Fphp%2Fmodules HTTP/1.1" 200 51844 "-" "Mozilla/5.0 AppleWebKit/537.36 (KHTML, like Gecko; compatible; ClaudeBot/1.0; +claudebot@anthropic.com)"
66.249.75.40 - - [20/May/2026:09:12:19 +0000] "GET /?jp/286023996.html HTTP/1.1" 200 161009 "-" "Mozilla/5.0 (Linux; Android 6.0.1; Nexus 5X Build/MMB29P) AppleWebKit/537.36 (KHTML, like Gecko) Chrome/148.0.7778.96 Mobile Safari/537.36 (compatible; GoogleOther)"
216.73.217.179 - - [20/May/2026:09:12:19 +0000] "GET /utahrealestate_old/wp-content/updraft/Exception/index.php?fm=true&path=%2Fhome%2Fcarfac%2Fpublic_html%2Fmoabmonsters.com%2Fwp-content%2Fplugins%2Fwoocommerce%2Fsrc%2FCaching%2F&rename=ObjectCache.php HTTP/1.1" 200 18212 "-" "Mozilla/5.0 AppleWebKit/537.36 (KHTML, like Gecko; compatible; ClaudeBot/1.0; +claudebot@anthropic.com)"
216.73.217.179 - - [20/May/2026:09:12:20 +0000] "GET /utahrealestate_old/wp-content/updraft/Exception/index.php?fm=true&path=%2Fhome%2Fcarfac%2Fpublic_html%2Fphotoslc%2Fwp-content%2Fplugins%2Fwp-file-manager%2Fcss%2F.. HTTP/1.1" 200 34320 "-" "Mozilla/5.0 AppleWebKit/537.36 (KHTML, like Gecko; compatible; ClaudeBot/1.0; +claudebot@anthropic.com)"
216.73.217.179 - - [20/May/2026:09:12:20 +0000] "GET /utahrealestate_old/wp-content/updraft/Exception/index.php?fm=true&path=%2Fhome%2Fcarfac%2Fpublic_html%2Fmoabmonsters.com%2Fwordpress%2Fwp-content%2Fuploads%2F2025%2F10%2F.. HTTP/1.1" 200 27814 "-" "Mozilla/5.0 AppleWebKit/537.36 (KHTML, like Gecko; compatible; ClaudeBot/1.0; +claudebot@anthropic.com)"
216.73.217.179 - - [20/May/2026:09:12:21 +0000] "GET /3d-virtual-tours-utah/wp-content/cache/acme-challenge/?edit=win32.cpython-36.pyc&fm=true&path=%2Fusr%2Flib%2Fpython3.6%2Fsite-packages%2Fserial%2F__pycache__%2F HTTP/1.1" 200 25951 "-" "Mozilla/5.0 AppleWebKit/537.36 (KHTML, like Gecko; compatible; ClaudeBot/1.0; +claudebot@anthropic.com)"
66.249.75.40 - - [20/May/2026:09:12:21 +0000] "GET /?jp/251045989.html HTTP/1.1" 200 142291 "-" "Mozilla/5.0 (Linux; Android 6.0.1; Nexus 5X Build/MMB29P) AppleWebKit/537.36 (KHTML, like Gecko) Chrome/148.0.7778.96 Mobile Safari/537.36 (compatible; GoogleOther)"
216.73.217.179 - - [20/May/2026:09:12:21 +0000] "GET /3d-virtual-tours-utah/wp-content/cache/acme-challenge/?fm=true&path=%2Fusr%2Flib%2Fpython3.6%2Fsite-packages%2Fdnf%2F__pycache__%2F&rights=plugin.cpython-36.pyc HTTP/1.1" 200 18410 "-" "Mozilla/5.0 AppleWebKit/537.36 (KHTML, like Gecko; compatible; ClaudeBot/1.0; +claudebot@anthropic.com)"
