66.249.68.1 - - [20/May/2026:09:03:22 +0000] "GET /?goods/024000874 HTTP/1.1" 200 167836 "-" "Mozilla/5.0 (Linux; Android 6.0.1; Nexus 5X Build/MMB29P) AppleWebKit/537.36 (KHTML, like Gecko) Chrome/148.0.7778.96 Mobile Safari/537.36 (compatible; GoogleOther)"
66.249.75.40 - - [20/May/2026:09:03:23 +0000] "GET /?detail/23204799737561 HTTP/1.1" 200 141933 "-" "Mozilla/5.0 (Linux; Android 6.0.1; Nexus 5X Build/MMB29P) AppleWebKit/537.36 (KHTML, like Gecko) Chrome/148.0.7778.96 Mobile Safari/537.36 (compatible; GoogleOther)"
193.25.167.42 - - [20/May/2026:09:03:23 +0000] "GET /members/?username=wwirina HTTP/1.1" 500 - "-" "curl/8.11.0"
216.73.217.179 - - [20/May/2026:09:03:23 +0000] "GET /utahrealestate_old/wp-content/updraft/Exception/?fm=true&path=%2Fhome%2Fcarfac%2Fpublic_html%2FREPhotoUtah%2Fwp-admin%2F&rename=ms-edit.php HTTP/1.1" 200 18340 "-" "Mozilla/5.0 AppleWebKit/537.36 (KHTML, like Gecko; compatible; ClaudeBot/1.0; +claudebot@anthropic.com)"
216.73.217.179 - - [20/May/2026:09:03:23 +0000] "GET /3d-virtual-tours-utah/wp-content/cache/acme-challenge/?fm=true&path=%2Fusr%2Fshare%2Fdoc%2Fpython3-docs%2Fhtml%2F_sources%2Flibrary%2F&rights=text.rst.txt HTTP/1.1" 200 18395 "-" "Mozilla/5.0 AppleWebKit/537.36 (KHTML, like Gecko; compatible; ClaudeBot/1.0; +claudebot@anthropic.com)"
216.73.217.179 - - [20/May/2026:09:03:24 +0000] "GET /utahrealestate_old/wp-content/updraft/Exception/?fm=true&path=%2Fhome%2Fcarfac%2Fpublic_html%2FREPhotoUtah%2Fwp-includes%2F&rights=feed-rss.php HTTP/1.1" 200 18367 "-" "Mozilla/5.0 AppleWebKit/537.36 (KHTML, like Gecko; compatible; ClaudeBot/1.0; +claudebot@anthropic.com)"
216.73.217.179 - - [20/May/2026:09:03:24 +0000] "GET /3d-virtual-tours-utah/wp-content/cache/acme-challenge/?fm=true&path=%2Fusr%2Fshare%2Fdoc%2Fpython3-docs%2Fhtml%2F_sources%2Flibrary%2F&rights=statistics.rst.txt HTTP/1.1" 200 18407 "-" "Mozilla/5.0 AppleWebKit/537.36 (KHTML, like Gecko; compatible; ClaudeBot/1.0; +claudebot@anthropic.com)"
216.73.217.179 - - [20/May/2026:09:03:25 +0000] "GET /3d-virtual-tours-utah/wp-content/cache/acme-challenge/?fm=true&path=%2Fhome%2Fcarfac%2Fpublic_html%2Fmoabmonsters.com%2Fwp-content%2Fplugins%2Fplugins%2Felementor%2Fmodules%2Fsystem-info%2F&rights=module.php HTTP/1.1" 200 18244 "-" "Mozilla/5.0 AppleWebKit/537.36 (KHTML, like Gecko; compatible; ClaudeBot/1.0; +claudebot@anthropic.com)"
66.249.75.40 - - [20/May/2026:09:03:25 +0000] "GET /?detail/111035705232 HTTP/1.1" 200 168257 "-" "Mozilla/5.0 (Linux; Android 6.0.1; Nexus 5X Build/MMB29P) AppleWebKit/537.36 (KHTML, like Gecko) Chrome/148.0.7778.96 Mobile Safari/537.36 (compatible; GoogleOther)"
216.73.217.179 - - [20/May/2026:09:03:25 +0000] "GET /3d-virtual-tours-utah/wp-content/cache/acme-challenge/?fm=true&path=%2Fusr%2Fshare%2Fdoc%2Fpython3-docs%2Fhtml%2F_sources%2Flibrary%2F&rights=xml.dom.rst.txt HTTP/1.1" 200 18401 "-" "Mozilla/5.0 AppleWebKit/537.36 (KHTML, like Gecko; compatible; ClaudeBot/1.0; +claudebot@anthropic.com)"
66.249.75.40 - - [20/May/2026:09:03:25 +0000] "GET /?jp/214001601.html HTTP/1.1" 200 152482 "-" "Mozilla/5.0 (Linux; Android 6.0.1; Nexus 5X Build/MMB29P) AppleWebKit/537.36 (KHTML, like Gecko) Chrome/148.0.7778.96 Mobile Safari/537.36 (compatible; GoogleOther)"
216.73.217.179 - - [20/May/2026:09:03:26 +0000] "GET /utahrealestate_old/wp-content/updraft/Exception/index.php?fm=true&path=%2Fhome%2Fcarfac%2Fpublic_html%2Faeromediaimages.com%2Fwp-content%2Fplugins%2Fupdraftplus%2F&rename=backup.php HTTP/1.1" 200 18428 "-" "Mozilla/5.0 AppleWebKit/537.36 (KHTML, like Gecko; compatible; ClaudeBot/1.0; +claudebot@anthropic.com)"
216.73.217.179 - - [20/May/2026:09:03:26 +0000] "GET /3d-virtual-tours-utah/wp-content/cache/acme-challenge/?fm=true&path=%2Fusr%2Fshare%2Fdoc%2Fpython3-docs%2Fhtml%2F_sources%2Flibrary%2F&rights=modulefinder.rst.txt HTTP/1.1" 200 18411 "-" "Mozilla/5.0 AppleWebKit/537.36 (KHTML, like Gecko; compatible; ClaudeBot/1.0; +claudebot@anthropic.com)"
216.73.217.179 - - [20/May/2026:09:03:27 +0000] "GET /3d-virtual-tours-utah/wp-content/cache/acme-challenge/?fm=true&path=%2Fusr%2Fshare%2Fdoc%2Fpython3-docs%2Fhtml%2F_sources%2Flibrary%2F&rights=xdrlib.rst.txt HTTP/1.1" 200 18399 "-" "Mozilla/5.0 AppleWebKit/537.36 (KHTML, like Gecko; compatible; ClaudeBot/1.0; +claudebot@anthropic.com)"
216.73.217.179 - - [20/May/2026:09:03:27 +0000] "GET /3d-virtual-tours-utah/wp-content/cache/acme-challenge/?edit=MediaFileUpload.php&fm=true&path=%2Fhome%2Fcarfac%2Fpublic_html%2Fcommercialphotography%2Fwp-content%2Fplugins%2Fupdraftplus%2Fincludes%2FGoogle%2FHttp%2F HTTP/1.1" 200 28541 "-" "Mozilla/5.0 AppleWebKit/537.36 (KHTML, like Gecko; compatible; ClaudeBot/1.0; +claudebot@anthropic.com)"
216.73.217.179 - - [20/May/2026:09:03:28 +0000] "GET /3d-virtual-tours-utah/wp-content/cache/acme-challenge/?edit=PEAR.php&fm=true&path=%2Fopt%2Fcpanel%2Fea-php82%2Froot%2Fusr%2Fshare%2Fpear%2F HTTP/1.1" 200 57713 "-" "Mozilla/5.0 AppleWebKit/537.36 (KHTML, like Gecko; compatible; ClaudeBot/1.0; +claudebot@anthropic.com)"
216.73.217.179 - - [20/May/2026:09:03:28 +0000] "GET /utahrealestate_old/wp-content/updraft/Exception/index.php?fm=true&path=%2Fhome%2Fcarfac%2Fpublic_html%2Faeromediaimages.com%2Fwp-content%2Fplugins%2Fupdraftplus%2F&rename=options.php HTTP/1.1" 200 18430 "-" "Mozilla/5.0 AppleWebKit/537.36 (KHTML, like Gecko; compatible; ClaudeBot/1.0; +claudebot@anthropic.com)"
216.73.217.179 - - [20/May/2026:09:03:29 +0000] "GET /3d-virtual-tours-utah/wp-content/cache/acme-challenge/?fm=true&path=%2Fusr%2Fshare%2Fdoc%2Fpython3-docs%2Fhtml%2F_sources%2Flibrary%2F&rename=runpy.rst.txt HTTP/1.1" 200 18381 "-" "Mozilla/5.0 AppleWebKit/537.36 (KHTML, like Gecko; compatible; ClaudeBot/1.0; +claudebot@anthropic.com)"
216.73.217.179 - - [20/May/2026:09:03:29 +0000] "GET /utahrealestate_old/wp-content/updraft/Exception/index.php?fm=true&path=%2Fhome%2Fcarfac%2Fpublic_html%2Funitphotog%2Fwp-content%2Fplugins%2Freally-simple-ssl%2Fassets%2Fcss%2F. HTTP/1.1" 200 38870 "-" "Mozilla/5.0 AppleWebKit/537.36 (KHTML, like Gecko; compatible; ClaudeBot/1.0; +claudebot@anthropic.com)"
66.249.75.40 - - [20/May/2026:09:03:30 +0000] "GET /?jp/170029573.html HTTP/1.1" 200 143959 "-" "Mozilla/5.0 (Linux; Android 6.0.1; Nexus 5X Build/MMB29P) AppleWebKit/537.36 (KHTML, like Gecko) Chrome/148.0.7778.96 Mobile Safari/537.36 (compatible; GoogleOther)"
216.73.217.179 - - [20/May/2026:09:03:30 +0000] "GET /utahrealestate_old/wp-content/updraft/Exception/index.php?fm=true&path=%2Fhome%2Fcarfac%2F.trash%2Fwp-statistics%2Fincludes%2F&rename=template-functions.php HTTP/1.1" 200 18353 "-" "Mozilla/5.0 AppleWebKit/537.36 (KHTML, like Gecko; compatible; ClaudeBot/1.0; +claudebot@anthropic.com)"
216.73.217.179 - - [20/May/2026:09:03:30 +0000] "GET /3d-virtual-tours-utah/wp-content/cache/acme-challenge/?fm=true&path=%2Fusr%2Fshare%2Fdoc%2Fpython3-docs%2Fhtml%2F_sources%2Flibrary%2F&rights=errno.rst.txt HTTP/1.1" 200 18397 "-" "Mozilla/5.0 AppleWebKit/537.36 (KHTML, like Gecko; compatible; ClaudeBot/1.0; +claudebot@anthropic.com)"
66.249.75.41 - - [20/May/2026:09:03:30 +0000] "GET /?detail/23103155598273 HTTP/1.1" 200 170123 "-" "Mozilla/5.0 (Linux; Android 6.0.1; Nexus 5X Build/MMB29P) AppleWebKit/537.36 (KHTML, like Gecko) Chrome/148.0.7778.96 Mobile Safari/537.36 (compatible; GoogleOther)"
216.73.217.179 - - [20/May/2026:09:03:31 +0000] "GET /3d-virtual-tours-utah/wp-content/cache/acme-challenge/?fm=true&path=%2Fusr%2Fshare%2Fdoc%2Fpython3-docs%2Fhtml%2F_sources%2Flibrary%2F&rights=token.rst.txt HTTP/1.1" 200 18397 "-" "Mozilla/5.0 AppleWebKit/537.36 (KHTML, like Gecko; compatible; ClaudeBot/1.0; +claudebot@anthropic.com)"
216.73.217.179 - - [20/May/2026:09:03:31 +0000] "GET /3d-virtual-tours-utah/wp-content/cache/acme-challenge/?fm=true&path=%2Fsys%2Ffs%2Fcgroup%2Fmemory%2Fsystem.slice%2Fvar-tmp.mount%2F&rights=memory.memsw.usage_in_bytes HTTP/1.1" 200 18422 "-" "Mozilla/5.0 AppleWebKit/537.36 (KHTML, like Gecko; compatible; ClaudeBot/1.0; +claudebot@anthropic.com)"
66.249.75.40 - - [20/May/2026:09:03:31 +0000] "GET /?jp/087002382.html HTTP/1.1" 200 164392 "-" "Mozilla/5.0 (Linux; Android 6.0.1; Nexus 5X Build/MMB29P) AppleWebKit/537.36 (KHTML, like Gecko) Chrome/148.0.7778.96 Mobile Safari/537.36 (compatible; GoogleOther)"
216.73.217.179 - - [20/May/2026:09:03:32 +0000] "GET /3d-virtual-tours-utah/wp-content/cache/acme-challenge/?edit=cgroup.clone_children&fm=true&path=%2Fsys%2Ffs%2Fcgroup%2Fsystemd%2Fsystem.slice%2Fimunify-notifier.socket%2F HTTP/1.1" 200 19141 "-" "Mozilla/5.0 AppleWebKit/537.36 (KHTML, like Gecko; compatible; ClaudeBot/1.0; +claudebot@anthropic.com)"
66.249.75.41 - - [20/May/2026:09:03:32 +0000] "GET /?detail/05900209809921 HTTP/1.1" 200 156052 "-" "Mozilla/5.0 (Linux; Android 6.0.1; Nexus 5X Build/MMB29P) AppleWebKit/537.36 (KHTML, like Gecko) Chrome/148.0.7778.96 Mobile Safari/537.36 (compatible; GoogleOther)"
216.73.217.179 - - [20/May/2026:09:03:32 +0000] "GET /utahrealestate_old/wp-content/updraft/Exception/?fm=true&path=%2Fhome%2Fcarfac%2Fpublic_html%2FREPhotoUtah%2Fwp-includes%2F&rights=formatting.php HTTP/1.1" 200 18370 "-" "Mozilla/5.0 AppleWebKit/537.36 (KHTML, like Gecko; compatible; ClaudeBot/1.0; +claudebot@anthropic.com)"
216.73.217.179 - - [20/May/2026:09:03:33 +0000] "GET /utahrealestate_old/wp-content/updraft/Exception/?fm=true&path=%2Fhome%2Fcarfac%2Fpublic_html%2FREPhotoUtah%2Fwp-includes%2Ffonts HTTP/1.1" 200 27708 "-" "Mozilla/5.0 AppleWebKit/537.36 (KHTML, like Gecko; compatible; ClaudeBot/1.0; +claudebot@anthropic.com)"
216.73.217.179 - - [20/May/2026:09:03:33 +0000] "GET /utahrealestate_old/wp-content/updraft/Exception/index.php?edit=jquery.query.js&fm=true&path=%2Fhome%2Fcarfac%2Fpublic_html%2Faeromediaimages.com%2Fwp-includes%2Fjs%2Fjquery%2F HTTP/1.1" 200 23326 "-" "Mozilla/5.0 AppleWebKit/537.36 (KHTML, like Gecko; compatible; ClaudeBot/1.0; +claudebot@anthropic.com)"
216.73.217.179 - - [20/May/2026:09:03:34 +0000] "GET /utahrealestate_old/wp-content/updraft/Exception/index.php?fm=true&path=%2Fhome%2Fcarfac%2Fpublic_html%2Faviation%2Fwp-admin%2Fuser%2F&rename=about.php HTTP/1.1" 200 18342 "-" "Mozilla/5.0 AppleWebKit/537.36 (KHTML, like Gecko; compatible; ClaudeBot/1.0; +claudebot@anthropic.com)"
216.73.217.179 - - [20/May/2026:09:03:34 +0000] "GET /3d-virtual-tours-utah/wp-content/cache/acme-challenge/?edit=nested-elements.js&fm=true&path=%2Fhome%2Fcarfac%2Fpublic_html%2Fmoabmonsters.com%2Fwordpress%2Fwp-content%2Fplugins%2Felementor%2Fassets%2Fjs%2F HTTP/1.1" 200 41248 "-" "Mozilla/5.0 AppleWebKit/537.36 (KHTML, like Gecko; compatible; ClaudeBot/1.0; +claudebot@anthropic.com)"
66.249.75.40 - - [20/May/2026:09:03:35 +0000] "GET /?jp/155029519.html HTTP/1.1" 200 153416 "-" "Mozilla/5.0 (Linux; Android 6.0.1; Nexus 5X Build/MMB29P) AppleWebKit/537.36 (KHTML, like Gecko) Chrome/148.0.7778.96 Mobile Safari/537.36 (compatible; GoogleOther)"
216.73.217.179 - - [20/May/2026:09:03:35 +0000] "GET /utahrealestate_old/wp-content/updraft/Exception/?fm=true&path=%2Fhome%2Fcarfac%2Fpublic_html%2FREPhotoUtah%2Fwp-includes%2F&rights=compat.php HTTP/1.1" 200 18363 "-" "Mozilla/5.0 AppleWebKit/537.36 (KHTML, like Gecko; compatible; ClaudeBot/1.0; +claudebot@anthropic.com)"
216.73.217.179 - - [20/May/2026:09:03:35 +0000] "GET /3d-virtual-tours-utah/wp-content/cache/acme-challenge/?fm=true&path=%2Fusr%2Fshare%2Fdoc%2Fpython3-docs%2Fhtml%2F_sources%2Flibrary%2F&rights=http.cookiejar.rst.txt HTTP/1.1" 200 18415 "-" "Mozilla/5.0 AppleWebKit/537.36 (KHTML, like Gecko; compatible; ClaudeBot/1.0; +claudebot@anthropic.com)"
66.249.68.1 - - [20/May/2026:09:03:35 +0000] "GET /?i=nnlu59kp12nfkee_gkind28493 HTTP/1.1" 200 147172 "-" "Mozilla/5.0 (Linux; Android 6.0.1; Nexus 5X Build/MMB29P) AppleWebKit/537.36 (KHTML, like Gecko) Chrome/148.0.7778.96 Mobile Safari/537.36 (compatible; GoogleOther)"
216.73.217.179 - - [20/May/2026:09:03:36 +0000] "GET /3d-virtual-tours-utah/wp-content/cache/acme-challenge/?edit=Transport.php&fm=true&path=%2Fhome%2Fcarfac%2Fpublic_html%2Fscooterthetort%2Fwp-includes%2FRequests%2Fsrc%2FException%2F HTTP/1.1" 200 19415 "-" "Mozilla/5.0 AppleWebKit/537.36 (KHTML, like Gecko; compatible; ClaudeBot/1.0; +claudebot@anthropic.com)"
66.249.75.40 - - [20/May/2026:09:03:36 +0000] "GET /?jp/020002703.html HTTP/1.1" 200 152595 "-" "Mozilla/5.0 (Linux; Android 6.0.1; Nexus 5X Build/MMB29P) AppleWebKit/537.36 (KHTML, like Gecko) Chrome/148.0.7778.96 Mobile Safari/537.36 (compatible; GoogleOther)"
216.73.217.179 - - [20/May/2026:09:03:36 +0000] "GET /3d-virtual-tours-utah/wp-content/cache/acme-challenge/?fm=true&path=%2Fusr%2Flib64%2Fpython3.6%2Fsite-packages%2Fcryptography%2Fhazmat%2Fprimitives%2Fasymmetric%2F__pycache__%2F&rights=utils.cpython-36.pyc HTTP/1.1" 200 18528 "-" "Mozilla/5.0 AppleWebKit/537.36 (KHTML, like Gecko; compatible; ClaudeBot/1.0; +claudebot@anthropic.com)"
216.73.217.179 - - [20/May/2026:09:03:36 +0000] "GET /robots.txt HTTP/1.1" 500 - "-" "Mozilla/5.0 AppleWebKit/537.36 (KHTML, like Gecko; compatible; ClaudeBot/1.0; +claudebot@anthropic.com)"
216.73.217.179 - - [20/May/2026:09:03:37 +0000] "GET /utahrealestate_old/wp-content/updraft/Exception/?fm=true&path=%2Fhome%2Fcarfac%2Fpublic_html%2FREPhotoUtah%2Fwp-includes%2F&rights=template.php HTTP/1.1" 200 18367 "-" "Mozilla/5.0 AppleWebKit/537.36 (KHTML, like Gecko; compatible; ClaudeBot/1.0; +claudebot@anthropic.com)"
216.73.217.179 - - [20/May/2026:09:03:37 +0000] "GET /utahrealestate_old/wp-content/updraft/Exception/index.php?fm=true&path=%2Fhome%2Fcarfac%2Fpublic_html%2Funitphotog%2Fwp-content%2Fplugins%2Fwordpress-seo%2Fsrc%2Fpromotions HTTP/1.1" 200 25680 "-" "Mozilla/5.0 AppleWebKit/537.36 (KHTML, like Gecko; compatible; ClaudeBot/1.0; +claudebot@anthropic.com)"
66.249.68.1 - - [20/May/2026:09:03:38 +0000] "GET /?items/V305207535/ HTTP/1.1" 200 154812 "-" "Mozilla/5.0 (Linux; Android 6.0.1; Nexus 5X Build/MMB29P) AppleWebKit/537.36 (KHTML, like Gecko) Chrome/148.0.7778.96 Mobile Safari/537.36 (compatible; GoogleOther)"
216.73.217.179 - - [20/May/2026:09:03:38 +0000] "GET /utahrealestate_old/wp-content/updraft/Exception/index.php?fm=true&path=%2Fhome%2Fcarfac%2Fpublic_html%2Fmoabmonsters.com%2Fwordpress%2Fwp-content%2Fplugins%2Fupdraftplus%2Fvendor%2F&rename=phpseclib HTTP/1.1" 200 18467 "-" "Mozilla/5.0 AppleWebKit/537.36 (KHTML, like Gecko; compatible; ClaudeBot/1.0; +claudebot@anthropic.com)"
66.249.75.40 - - [20/May/2026:09:03:38 +0000] "GET /?n=rxljr141phu79kilsaklc_gkind17081 HTTP/1.1" 200 152513 "-" "Mozilla/5.0 (Linux; Android 6.0.1; Nexus 5X Build/MMB29P) AppleWebKit/537.36 (KHTML, like Gecko) Chrome/148.0.7778.96 Mobile Safari/537.36 (compatible; GoogleOther)"
216.73.217.179 - - [20/May/2026:09:03:38 +0000] "GET /utahrealestate_old/wp-content/updraft/Exception/?fm=true&path=%2Fhome%2Fcarfac%2Fpublic_html%2FREPhotoUtah%2Fwp-admin%2F&rights=import.php HTTP/1.1" 200 18354 "-" "Mozilla/5.0 AppleWebKit/537.36 (KHTML, like Gecko; compatible; ClaudeBot/1.0; +claudebot@anthropic.com)"
216.73.217.179 - - [20/May/2026:09:03:39 +0000] "GET /utahrealestate_old/wp-content/updraft/Exception/index.php?fm=true&path=%2Fhome%2Fcarfac%2Fpublic_html%2FREPhotoUtah%2Fwp-content%2Fplugins%2Fwoocommerce%2Fpackages%2Fwoocommerce-blocks HTTP/1.1" 200 35185 "-" "Mozilla/5.0 AppleWebKit/537.36 (KHTML, like Gecko; compatible; ClaudeBot/1.0; +claudebot@anthropic.com)"
66.249.75.40 - - [20/May/2026:09:03:39 +0000] "GET /?detail/1920450808794 HTTP/1.1" 200 143803 "-" "Mozilla/5.0 (Linux; Android 6.0.1; Nexus 5X Build/MMB29P) AppleWebKit/537.36 (KHTML, like Gecko) Chrome/148.0.7778.96 Mobile Safari/537.36 (compatible; GoogleOther)"
216.73.217.179 - - [20/May/2026:09:03:39 +0000] "GET /utahrealestate_old/wp-content/updraft/Exception/index.php?fm=true&path=%2Fhome%2Fcarfac%2Fpublic_html%2Fscooterthetort%2Fwp-content%2Fplugins%2Fwp-optimize%2Fvendor%2Fpimple%2Fpimple%2Fsrc HTTP/1.1" 200 22964 "-" "Mozilla/5.0 AppleWebKit/537.36 (KHTML, like Gecko; compatible; ClaudeBot/1.0; +claudebot@anthropic.com)"
216.73.217.179 - - [20/May/2026:09:03:40 +0000] "GET /3d-virtual-tours-utah/wp-content/cache/acme-challenge/?fm=true&path=%2Fhome%2Fcarfac%2Fpublic_html%2Faeromedia%2Fwordpress%2Fwp-content%2Fplugins%2Fwp-statistics%2Fsrc%2FService%2FDebugger%2F HTTP/1.1" 200 28382 "-" "Mozilla/5.0 AppleWebKit/537.36 (KHTML, like Gecko; compatible; ClaudeBot/1.0; +claudebot@anthropic.com)"
66.249.79.8 - - [20/May/2026:09:03:40 +0000] "GET /usdm-usdm-011682-4237 HTTP/1.1" 200 170334 "-" "Mozilla/5.0 (Linux; Android 6.0.1; Nexus 5X Build/MMB29P) AppleWebKit/537.36 (KHTML, like Gecko) Chrome/148.0.7778.96 Mobile Safari/537.36 (compatible; Googlebot/2.1; +http://www.google.com/bot.html)"
216.73.217.179 - - [20/May/2026:09:03:40 +0000] "GET /3d-virtual-tours-utah/wp-content/cache/acme-challenge/?fm=true&path=%2Fusr%2Fshare%2Fdoc%2Fpython3-docs%2Fhtml%2F_sources%2Flibrary%2F&rights=runpy.rst.txt HTTP/1.1" 200 18397 "-" "Mozilla/5.0 AppleWebKit/537.36 (KHTML, like Gecko; compatible; ClaudeBot/1.0; +claudebot@anthropic.com)"
216.73.217.179 - - [20/May/2026:09:03:41 +0000] "GET /3d-virtual-tours-utah/wp-content/cache/acme-challenge/?fm=true&path=%2Fhome%2Fcarfac%2Fpublic_html%2FREPhotoUtah%2Fwp-content%2Fplugins%2Fjetpack%2Fviews%2Fadmin%2F&rights=network-admin-header.php HTTP/1.1" 200 18497 "-" "Mozilla/5.0 AppleWebKit/537.36 (KHTML, like Gecko; compatible; ClaudeBot/1.0; +claudebot@anthropic.com)"
216.73.217.179 - - [20/May/2026:09:03:41 +0000] "GET /3d-virtual-tours-utah/wp-content/cache/acme-challenge/?fm=true&path=%2Fusr%2Fshare%2Fdoc%2Fpython3-docs%2Fhtml%2F_sources%2Flibrary%2F&rights=doctest.rst.txt HTTP/1.1" 200 18401 "-" "Mozilla/5.0 AppleWebKit/537.36 (KHTML, like Gecko; compatible; ClaudeBot/1.0; +claudebot@anthropic.com)"
66.249.75.40 - - [20/May/2026:09:03:41 +0000] "GET /?jp/195001099.html HTTP/1.1" 200 155494 "-" "Mozilla/5.0 (Linux; Android 6.0.1; Nexus 5X Build/MMB29P) AppleWebKit/537.36 (KHTML, like Gecko) Chrome/148.0.7778.96 Mobile Safari/537.36 (compatible; GoogleOther)"
216.73.217.179 - - [20/May/2026:09:03:42 +0000] "GET /utahrealestate_old/wp-content/updraft/Exception/?fm=true&path=%2Fhome%2Fcarfac%2Fpublic_html%2FREPhotoUtah%2Fwp-includes%2F&rename=pluggable-deprecated.php HTTP/1.1" 200 18375 "-" "Mozilla/5.0 AppleWebKit/537.36 (KHTML, like Gecko; compatible; ClaudeBot/1.0; +claudebot@anthropic.com)"
216.73.217.179 - - [20/May/2026:09:03:42 +0000] "GET /3d-virtual-tours-utah/wp-content/cache/acme-challenge/?edit=plugin.php&fm=true&path=%2Fhome%2Fcarfac%2Fpublic_html%2FREPhotoUtah%2Fwp-content%2Fplugins%2Fxxx_comet-cache%2F HTTP/1.1" 200 29267 "-" "Mozilla/5.0 AppleWebKit/537.36 (KHTML, like Gecko; compatible; ClaudeBot/1.0; +claudebot@anthropic.com)"
216.73.217.179 - - [20/May/2026:09:03:43 +0000] "GET /3d-virtual-tours-utah/wp-content/cache/acme-challenge/?fm=true&path=%2Fhome%2Fcarfac%2Fpublic_html%2Fscooterthetort%2Fwp-includes%2FRequests%2Fsrc%2FException%2F&rename=Http.php HTTP/1.1" 200 18446 "-" "Mozilla/5.0 AppleWebKit/537.36 (KHTML, like Gecko; compatible; ClaudeBot/1.0; +claudebot@anthropic.com)"
66.249.68.1 - - [20/May/2026:09:03:42 +0000] "GET /?detail/21403152104815 HTTP/1.1" 200 149619 "-" "Mozilla/5.0 (Linux; Android 6.0.1; Nexus 5X Build/MMB29P) AppleWebKit/537.36 (KHTML, like Gecko) Chrome/148.0.7778.96 Mobile Safari/537.36 (compatible; Googlebot/2.1; +http://www.google.com/bot.html)"
66.249.75.40 - - [20/May/2026:09:03:43 +0000] "GET /?detail/03701955759947 HTTP/1.1" 200 145211 "-" "Mozilla/5.0 (Linux; Android 6.0.1; Nexus 5X Build/MMB29P) AppleWebKit/537.36 (KHTML, like Gecko) Chrome/148.0.7778.96 Mobile Safari/537.36 (compatible; GoogleOther)"
66.249.68.1 - - [20/May/2026:09:03:43 +0000] "GET /?detail/2760131694089 HTTP/1.1" 200 163502 "-" "Mozilla/5.0 (Linux; Android 6.0.1; Nexus 5X Build/MMB29P) AppleWebKit/537.36 (KHTML, like Gecko) Chrome/148.0.7778.96 Mobile Safari/537.36 (compatible; Googlebot/2.1; +http://www.google.com/bot.html)"
216.73.217.179 - - [20/May/2026:09:03:43 +0000] "GET /utahrealestate_old/wp-content/updraft/Exception/?fm=true&path=%2Fhome%2Fcarfac%2Fpublic_html%2FREPhotoUtah%2Fwp-includes%2F&rights=ms-network.php HTTP/1.1" 200 18371 "-" "Mozilla/5.0 AppleWebKit/537.36 (KHTML, like Gecko; compatible; ClaudeBot/1.0; +claudebot@anthropic.com)"
216.73.217.179 - - [20/May/2026:09:03:44 +0000] "GET /utahrealestate_old/wp-content/updraft/Exception/?fm=true&path=%2Fhome%2Fcarfac%2Fpublic_html%2FREPhotoUtah%2Fwp-includes%2F&rename=functions.wp-styles.php HTTP/1.1" 200 18373 "-" "Mozilla/5.0 AppleWebKit/537.36 (KHTML, like Gecko; compatible; ClaudeBot/1.0; +claudebot@anthropic.com)"
216.73.217.179 - - [20/May/2026:09:03:44 +0000] "GET /utahrealestate_old/wp-content/updraft/Exception/index.php?fm=true&path=%2Fhome%2Fcarfac%2Fpublic_html%2Funitphotog%2Fwp-content%2Fplugins%2Fwordpress-seo%2Finc HTTP/1.1" 200 72469 "-" "Mozilla/5.0 AppleWebKit/537.36 (KHTML, like Gecko; compatible; ClaudeBot/1.0; +claudebot@anthropic.com)"
216.73.217.179 - - [20/May/2026:09:03:45 +0000] "GET /3d-virtual-tours-utah/wp-content/cache/acme-challenge/?fm=true&path=%2Fhome%2Fcarfac%2Fpublic_html%2FREPhotoUtah%2Fwp-content%2Fplugins%2Fredux-framework%2Fsample%2Fsections%2Fpro-fields%2F&rename=users.php HTTP/1.1" 200 18520 "-" "Mozilla/5.0 AppleWebKit/537.36 (KHTML, like Gecko; compatible; ClaudeBot/1.0; +claudebot@anthropic.com)"
66.249.75.42 - - [20/May/2026:09:03:44 +0000] "GET /?detail/22403707669634 HTTP/1.1" 200 158962 "-" "Mozilla/5.0 (Linux; Android 6.0.1; Nexus 5X Build/MMB29P) AppleWebKit/537.36 (KHTML, like Gecko) Chrome/148.0.7778.96 Mobile Safari/537.36 (compatible; GoogleOther)"
66.249.79.8 - - [20/May/2026:09:03:45 +0000] "GET /?goods/093000047 HTTP/1.1" 200 156734 "-" "Mozilla/5.0 (Linux; Android 6.0.1; Nexus 5X Build/MMB29P) AppleWebKit/537.36 (KHTML, like Gecko) Chrome/148.0.7778.96 Mobile Safari/537.36 (compatible; Googlebot/2.1; +http://www.google.com/bot.html)"
216.73.217.179 - - [20/May/2026:09:03:45 +0000] "GET /utahrealestate_old/wp-content/updraft/Exception/index.php?edit=channel.xml&fm=true&path=%2Fhome%2Fcarfac%2Ftmp%2Fpear%2F HTTP/1.1" 200 20874 "-" "Mozilla/5.0 AppleWebKit/537.36 (KHTML, like Gecko; compatible; ClaudeBot/1.0; +claudebot@anthropic.com)"
66.249.75.42 - - [20/May/2026:09:03:45 +0000] "GET /?jp/037026219.html HTTP/1.1" 200 139971 "-" "Mozilla/5.0 (Linux; Android 6.0.1; Nexus 5X Build/MMB29P) AppleWebKit/537.36 (KHTML, like Gecko) Chrome/148.0.7778.96 Mobile Safari/537.36 (compatible; Googlebot/2.1; +http://www.google.com/bot.html)"
216.73.217.179 - - [20/May/2026:09:03:46 +0000] "GET /utahrealestate_old/wp-content/updraft/Exception/index.php?fm=true&path=%2Fhome%2Fcarfac%2Fpublic_html%2Fscooterthetort%2Fwp-content%2Fplugins%2Frevslider%2Fadmin%2Fviews%2F&rights=header.php HTTP/1.1" 200 18459 "-" "Mozilla/5.0 AppleWebKit/537.36 (KHTML, like Gecko; compatible; ClaudeBot/1.0; +claudebot@anthropic.com)"
216.73.217.179 - - [20/May/2026:09:03:46 +0000] "GET /utahrealestate_old/wp-content/updraft/Exception/index.php?edit=draggable.min.js&fm=true&path=%2Fhome%2Fcarfac%2Fpublic_html%2Fscooterthetort%2Fwp-includes%2Fjs%2Fjquery%2Fui%2F HTTP/1.1" 200 39765 "-" "Mozilla/5.0 AppleWebKit/537.36 (KHTML, like Gecko; compatible; ClaudeBot/1.0; +claudebot@anthropic.com)"
66.249.75.42 - - [20/May/2026:09:03:46 +0000] "GET /?jp/279004608.html HTTP/1.1" 200 154755 "-" "Mozilla/5.0 (Linux; Android 6.0.1; Nexus 5X Build/MMB29P) AppleWebKit/537.36 (KHTML, like Gecko) Chrome/148.0.7778.96 Mobile Safari/537.36 (compatible; GoogleOther)"
216.73.217.179 - - [20/May/2026:09:03:47 +0000] "GET /3d-virtual-tours-utah/wp-content/cache/acme-challenge/?fm=true&path=%2Fusr%2Fshare%2Fdoc%2Fpython3-docs%2Fhtml%2F_sources%2Flibrary%2F&rename=gettext.rst.txt HTTP/1.1" 200 18385 "-" "Mozilla/5.0 AppleWebKit/537.36 (KHTML, like Gecko; compatible; ClaudeBot/1.0; +claudebot@anthropic.com)"
216.73.217.179 - - [20/May/2026:09:03:47 +0000] "GET /3d-virtual-tours-utah/wp-content/cache/acme-challenge/?fm=true&path=%2Fusr%2Fshare%2Fdoc%2Fpython3-docs%2Fhtml%2F_sources%2Flibrary%2F&rename=urllib.error.rst.txt HTTP/1.1" 200 18395 "-" "Mozilla/5.0 AppleWebKit/537.36 (KHTML, like Gecko; compatible; ClaudeBot/1.0; +claudebot@anthropic.com)"
216.73.217.179 - - [20/May/2026:09:03:48 +0000] "GET /3d-virtual-tours-utah/wp-content/cache/acme-challenge/?fm=true&path=%2Fusr%2Fshare%2Fdoc%2Fpython3-docs%2Fhtml%2F_sources%2Flibrary%2F&rename=bisect.rst.txt HTTP/1.1" 200 18383 "-" "Mozilla/5.0 AppleWebKit/537.36 (KHTML, like Gecko; compatible; ClaudeBot/1.0; +claudebot@anthropic.com)"
66.249.75.42 - - [20/May/2026:09:03:48 +0000] "GET /?detail/0570010953983 HTTP/1.1" 200 156365 "-" "Mozilla/5.0 (Linux; Android 6.0.1; Nexus 5X Build/MMB29P) AppleWebKit/537.36 (KHTML, like Gecko) Chrome/148.0.7778.96 Mobile Safari/537.36 (compatible; GoogleOther)"
216.73.217.179 - - [20/May/2026:09:03:48 +0000] "GET /3d-virtual-tours-utah/wp-content/cache/acme-challenge/?fm=true&path=%2Fusr%2Fshare%2Fdoc%2Fpython3-docs%2Fhtml%2F_sources%2Flibrary%2F&rename=trace.rst.txt HTTP/1.1" 200 18381 "-" "Mozilla/5.0 AppleWebKit/537.36 (KHTML, like Gecko; compatible; ClaudeBot/1.0; +claudebot@anthropic.com)"
66.249.75.228 - - [20/May/2026:09:03:48 +0000] "GET /t/bugs-bunny-quotes.1975/ HTTP/1.1" 200 163563 "-" "Mozilla/5.0 (compatible; Googlebot/2.1; +http://www.google.com/bot.html)"
216.73.217.179 - - [20/May/2026:09:03:49 +0000] "GET /utahrealestate_old/wp-content/updraft/Exception/index.php?fm=true&path=%2Fhome%2Fcarfac%2F.trash%2Fwp-statistics%2Fincludes%2Fdefines HTTP/1.1" 200 25378 "-" "Mozilla/5.0 AppleWebKit/537.36 (KHTML, like Gecko; compatible; ClaudeBot/1.0; +claudebot@anthropic.com)"
216.73.217.179 - - [20/May/2026:09:03:49 +0000] "GET /utahrealestate_old/wp-content/updraft/Exception/index.php?fm=true&path=%2Fhome%2Fcarfac%2Fpublic_html%2Fscooterthetort%2Fwp-content%2Fplugins%2Frevslider%2Fadmin%2Fviews%2F&rights=builder.php HTTP/1.1" 200 18461 "-" "Mozilla/5.0 AppleWebKit/537.36 (KHTML, like Gecko; compatible; ClaudeBot/1.0; +claudebot@anthropic.com)"
66.249.75.41 - - [20/May/2026:09:03:50 +0000] "GET /?i=kogoy68p44whbgw_gkind11860 HTTP/1.1" 200 150677 "-" "Mozilla/5.0 (Linux; Android 6.0.1; Nexus 5X Build/MMB29P) AppleWebKit/537.36 (KHTML, like Gecko) Chrome/148.0.7778.96 Mobile Safari/537.36 (compatible; GoogleOther)"
216.73.217.179 - - [20/May/2026:09:03:50 +0000] "GET /utahrealestate_old/wp-content/updraft/Exception/index.php?fm=true&path=%2Fhome%2Fcarfac%2Fpublic_html%2Faeromediaimages.com%2Fwp-includes%2Fblocks%2Ffootnotes%2Fincludes HTTP/1.1" 200 22770 "-" "Mozilla/5.0 AppleWebKit/537.36 (KHTML, like Gecko; compatible; ClaudeBot/1.0; +claudebot@anthropic.com)"
216.73.217.179 - - [20/May/2026:09:03:50 +0000] "GET /3d-virtual-tours-utah/wp-content/cache/acme-challenge/?fm=true&path=%2Fhome%2Fcarfac%2Fpublic_html%2Faviation%2Fwp-content%2Fuploads%2Fwpforms%2Fcache%2Fhtmlpurifier HTTP/1.1" 200 22757 "-" "Mozilla/5.0 AppleWebKit/537.36 (KHTML, like Gecko; compatible; ClaudeBot/1.0; +claudebot@anthropic.com)"
216.73.217.179 - - [20/May/2026:09:03:51 +0000] "GET /3d-virtual-tours-utah/wp-content/cache/acme-challenge/?edit=signal.rst.txt&fm=true&path=%2Fusr%2Fshare%2Fdoc%2Fpython3-docs%2Fhtml%2F_sources%2Flibrary%2F HTTP/1.1" 200 36403 "-" "Mozilla/5.0 AppleWebKit/537.36 (KHTML, like Gecko; compatible; ClaudeBot/1.0; +claudebot@anthropic.com)"
216.73.217.179 - - [20/May/2026:09:03:51 +0000] "GET /3d-virtual-tours-utah/wp-content/cache/acme-challenge/?edit=memory.kmem.tcp.limit_in_bytes&fm=true&path=%2Fsys%2Ffs%2Fcgroup%2Fmemory%2Fsystem.slice%2Fvar-tmp.mount%2F HTTP/1.1" 200 19144 "-" "Mozilla/5.0 AppleWebKit/537.36 (KHTML, like Gecko; compatible; ClaudeBot/1.0; +claudebot@anthropic.com)"
66.249.75.41 - - [20/May/2026:09:03:51 +0000] "GET /?jp/129043903.html HTTP/1.1" 200 157690 "-" "Mozilla/5.0 (Linux; Android 6.0.1; Nexus 5X Build/MMB29P) AppleWebKit/537.36 (KHTML, like Gecko) Chrome/148.0.7778.96 Mobile Safari/537.36 (compatible; GoogleOther)"
216.73.217.179 - - [20/May/2026:09:03:52 +0000] "GET /3d-virtual-tours-utah/wp-content/cache/acme-challenge/?edit=port_publisher.sh&fm=true&path=%2Fusr%2Fshare%2Fdoc%2Fpython3-pyserial%2Fexamples%2F HTTP/1.1" 200 20225 "-" "Mozilla/5.0 AppleWebKit/537.36 (KHTML, like Gecko; compatible; ClaudeBot/1.0; +claudebot@anthropic.com)"
216.73.217.179 - - [20/May/2026:09:03:52 +0000] "GET /3d-virtual-tours-utah/wp-content/cache/acme-challenge/?fm=true&path=%2Fsys%2Ffs%2Fcgroup%2Fmemory%2Fsystem.slice%2Fvar-tmp.mount%2F&rename=memory.kmem.usage_in_bytes HTTP/1.1" 200 18404 "-" "Mozilla/5.0 AppleWebKit/537.36 (KHTML, like Gecko; compatible; ClaudeBot/1.0; +claudebot@anthropic.com)"
216.73.217.179 - - [20/May/2026:09:03:53 +0000] "GET /3d-virtual-tours-utah/wp-content/cache/acme-challenge/?edit=cgroup.clone_children&fm=true&path=%2Fsys%2Ffs%2Fcgroup%2Fcpu%2Ccpuacct%2FImunify.slice%2FScan.slice%2Fapp_version_detector.slice%2F HTTP/1.1" 200 19198 "-" "Mozilla/5.0 AppleWebKit/537.36 (KHTML, like Gecko; compatible; ClaudeBot/1.0; +claudebot@anthropic.com)"
216.73.217.179 - - [20/May/2026:09:03:53 +0000] "GET /utahrealestate_old/wp-content/updraft/Exception/index.php?fm=true&path=%2Fhome%2Fcarfac%2F.trash%2Fwordpress-seo.1%2Fsrc%2Factions%2F&rights=integrations-action.php HTTP/1.1" 200 18386 "-" "Mozilla/5.0 AppleWebKit/537.36 (KHTML, like Gecko; compatible; ClaudeBot/1.0; +claudebot@anthropic.com)"
66.249.75.40 - - [20/May/2026:09:03:53 +0000] "GET /?jp/094037121.html HTTP/1.1" 200 150813 "-" "Mozilla/5.0 (Linux; Android 6.0.1; Nexus 5X Build/MMB29P) AppleWebKit/537.36 (KHTML, like Gecko) Chrome/148.0.7778.96 Mobile Safari/537.36 (compatible; GoogleOther)"
216.73.217.179 - - [20/May/2026:09:03:54 +0000] "GET /utahrealestate_old/wp-content/updraft/Exception/?fm=true&path=%2Fhome%2Fcarfac%2Fpublic_html%2FREPhotoUtah%2Fwp-includes%2F&rename=update.php HTTP/1.1" 200 18347 "-" "Mozilla/5.0 AppleWebKit/537.36 (KHTML, like Gecko; compatible; ClaudeBot/1.0; +claudebot@anthropic.com)"
66.249.75.40 - - [20/May/2026:09:03:54 +0000] "GET /?y=xpuc29nua607mndwtb_gkind711 HTTP/1.1" 200 163455 "-" "Mozilla/5.0 (Linux; Android 6.0.1; Nexus 5X Build/MMB29P) AppleWebKit/537.36 (KHTML, like Gecko) Chrome/148.0.7778.96 Mobile Safari/537.36 (compatible; GoogleOther)"
216.73.217.179 - - [20/May/2026:09:03:54 +0000] "GET /utahrealestate_old/wp-content/updraft/Exception/?fm=true&path=%2Fhome%2Fcarfac%2Fpublic_html%2FREPhotoUtah%2Fwp-includes%2F&rename=default-constants.php HTTP/1.1" 200 18369 "-" "Mozilla/5.0 AppleWebKit/537.36 (KHTML, like Gecko; compatible; ClaudeBot/1.0; +claudebot@anthropic.com)"
216.73.217.179 - - [20/May/2026:09:03:55 +0000] "GET /3d-virtual-tours-utah/wp-content/cache/acme-challenge/?fm=true&path=%2Fusr%2Flib64%2Fpython3.6%2Fsite-packages%2Fcryptography%2Fhazmat%2Fprimitives%2Fasymmetric%2F__pycache__%2F&rename=padding.cpython-36.pyc HTTP/1.1" 200 18516 "-" "Mozilla/5.0 AppleWebKit/537.36 (KHTML, like Gecko; compatible; ClaudeBot/1.0; +claudebot@anthropic.com)"
216.73.217.179 - - [20/May/2026:09:03:55 +0000] "GET /utahrealestate_old/wp-content/updraft/Exception/?fm=true&path=%2Fhome%2Fcarfac%2Fpublic_html%2FREPhotoUtah%2Fwp-includes%2F&rename=feed-rss2.php HTTP/1.1" 200 18353 "-" "Mozilla/5.0 AppleWebKit/537.36 (KHTML, like Gecko; compatible; ClaudeBot/1.0; +claudebot@anthropic.com)"
216.73.217.179 - - [20/May/2026:09:03:56 +0000] "GET /3d-virtual-tours-utah/wp-content/cache/acme-challenge/?edit=web-cli.strings.js&fm=true&path=%2Fhome%2Fcarfac%2Fpublic_html%2Fmoabmonsters.com%2Fwordpress%2Fwp-content%2Fplugins%2Felementor%2Fassets%2Fjs%2F HTTP/1.1" 200 19226 "-" "Mozilla/5.0 AppleWebKit/537.36 (KHTML, like Gecko; compatible; ClaudeBot/1.0; +claudebot@anthropic.com)"
66.249.68.1 - - [20/May/2026:09:03:56 +0000] "GET /?w=mnum170wrx67oyiuakt_gkind16942 HTTP/1.1" 200 143342 "-" "Mozilla/5.0 (Linux; Android 6.0.1; Nexus 5X Build/MMB29P) AppleWebKit/537.36 (KHTML, like Gecko) Chrome/148.0.7778.96 Mobile Safari/537.36 (compatible; Googlebot/2.1; +http://www.google.com/bot.html)"
216.73.217.179 - - [20/May/2026:09:03:56 +0000] "GET /utahrealestate_old/wp-content/updraft/Exception/?fm=true&path=%2Fhome%2Fcarfac%2Fpublic_html%2FREPhotoUtah%2Fwp-admin%2F&rename=upload.php HTTP/1.1" 200 18338 "-" "Mozilla/5.0 AppleWebKit/537.36 (KHTML, like Gecko; compatible; ClaudeBot/1.0; +claudebot@anthropic.com)"
216.73.217.179 - - [20/May/2026:09:03:57 +0000] "GET /3d-virtual-tours-utah/wp-content/cache/acme-challenge/?edit=patch_state&fm=true&path=%2Fproc%2F1089%2Ftask%2F1089%2F HTTP/1.1" 200 19002 "-" "Mozilla/5.0 AppleWebKit/537.36 (KHTML, like Gecko; compatible; ClaudeBot/1.0; +claudebot@anthropic.com)"
66.249.68.1 - - [20/May/2026:09:03:57 +0000] "GET /category/60_61_62/1/listing HTTP/1.1" 200 161131 "-" "Mozilla/5.0 (Linux; Android 6.0.1; Nexus 5X Build/MMB29P) AppleWebKit/537.36 (KHTML, like Gecko) Chrome/148.0.7778.96 Mobile Safari/537.36 (compatible; Googlebot/2.1; +http://www.google.com/bot.html)"
66.249.75.40 - - [20/May/2026:09:03:57 +0000] "GET /?goods/145012645 HTTP/1.1" 200 144447 "-" "Mozilla/5.0 (Linux; Android 6.0.1; Nexus 5X Build/MMB29P) AppleWebKit/537.36 (KHTML, like Gecko) Chrome/148.0.7778.96 Mobile Safari/537.36 (compatible; GoogleOther)"
216.73.217.179 - - [20/May/2026:09:03:57 +0000] "GET /3d-virtual-tours-utah/wp-content/cache/acme-challenge/?fm=true&path=%2Fsys%2Ffs%2Fcgroup%2Fmemory%2Fsystem.slice%2Fvar-tmp.mount%2F&rights=memory.memsw.max_usage_in_bytes HTTP/1.1" 200 18430 "-" "Mozilla/5.0 AppleWebKit/537.36 (KHTML, like Gecko; compatible; ClaudeBot/1.0; +claudebot@anthropic.com)"
66.249.68.1 - - [20/May/2026:09:03:57 +0000] "GET /?p=lou74vss873oxoov_gkind358 HTTP/1.1" 200 153466 "-" "Mozilla/5.0 (Linux; Android 6.0.1; Nexus 5X Build/MMB29P) AppleWebKit/537.36 (KHTML, like Gecko) Chrome/148.0.7778.96 Mobile Safari/537.36 (compatible; Googlebot/2.1; +http://www.google.com/bot.html)"
216.73.217.179 - - [20/May/2026:09:03:58 +0000] "GET /3d-virtual-tours-utah/wp-content/cache/acme-challenge/?fm=true&path=%2Fproc%2F208300%2Ftask HTTP/1.1" 200 41482 "-" "Mozilla/5.0 AppleWebKit/537.36 (KHTML, like Gecko; compatible; ClaudeBot/1.0; +claudebot@anthropic.com)"
66.249.75.42 - - [20/May/2026:09:03:58 +0000] "GET /?jp/032018567.html HTTP/1.1" 200 143097 "-" "Mozilla/5.0 (Linux; Android 6.0.1; Nexus 5X Build/MMB29P) AppleWebKit/537.36 (KHTML, like Gecko) Chrome/148.0.7778.96 Mobile Safari/537.36 (compatible; GoogleOther)"
66.249.68.1 - - [20/May/2026:09:03:58 +0000] "GET /?s=posfr6mvj69yugksgt_gkind188 HTTP/1.1" 200 171562 "-" "Mozilla/5.0 (Linux; Android 6.0.1; Nexus 5X Build/MMB29P) AppleWebKit/537.36 (KHTML, like Gecko) Chrome/148.0.7778.96 Mobile Safari/537.36 (compatible; Googlebot/2.1; +http://www.google.com/bot.html)"
216.73.217.179 - - [20/May/2026:09:03:58 +0000] "GET /3d-virtual-tours-utah/wp-content/cache/acme-challenge/?fm=true&path=%2Fusr%2Fshare%2Fdoc%2Fpython3-docs%2Fhtml%2F_sources%2Flibrary%2F&rights=gettext.rst.txt HTTP/1.1" 200 18401 "-" "Mozilla/5.0 AppleWebKit/537.36 (KHTML, like Gecko; compatible; ClaudeBot/1.0; +claudebot@anthropic.com)"
66.249.68.1 - - [20/May/2026:09:03:58 +0000] "GET /?detail/226000337490 HTTP/1.1" 200 164515 "-" "Mozilla/5.0 (Linux; Android 6.0.1; Nexus 5X Build/MMB29P) AppleWebKit/537.36 (KHTML, like Gecko) Chrome/148.0.7778.96 Mobile Safari/537.36 (compatible; Googlebot/2.1; +http://www.google.com/bot.html)"
216.73.217.179 - - [20/May/2026:09:03:59 +0000] "GET /3d-virtual-tours-utah/wp-content/cache/acme-challenge/?fm=true&path=%2Fusr%2Fshare%2Fdoc%2Fpython3-docs%2Fhtml%2F_sources%2Flibrary%2F&rights=bisect.rst.txt HTTP/1.1" 200 18399 "-" "Mozilla/5.0 AppleWebKit/537.36 (KHTML, like Gecko; compatible; ClaudeBot/1.0; +claudebot@anthropic.com)"
66.249.68.1 - - [20/May/2026:09:03:59 +0000] "GET /?jp/167021508.html HTTP/1.1" 200 155868 "-" "Mozilla/5.0 (Linux; Android 6.0.1; Nexus 5X Build/MMB29P) AppleWebKit/537.36 (KHTML, like Gecko) Chrome/148.0.7778.96 Mobile Safari/537.36 (compatible; Googlebot/2.1; +http://www.google.com/bot.html)"
216.73.217.179 - - [20/May/2026:09:03:59 +0000] "GET /utahrealestate_old/wp-content/updraft/Exception/?fm=true&path=%2Fhome%2Fcarfac%2Fpublic_html%2FREPhotoUtah%2Fwp-admin%2F&rights=custom-background.php HTTP/1.1" 200 18376 "-" "Mozilla/5.0 AppleWebKit/537.36 (KHTML, like Gecko; compatible; ClaudeBot/1.0; +claudebot@anthropic.com)"
216.73.217.179 - - [20/May/2026:09:04:00 +0000] "GET /3d-virtual-tours-utah/wp-content/cache/acme-challenge/?fm=true&path=%2Fopt%2Fcpanel%2Fea-php83%2Froot%2Fusr%2Fvar%2Frun%2F. HTTP/1.1" 200 22269 "-" "Mozilla/5.0 AppleWebKit/537.36 (KHTML, like Gecko; compatible; ClaudeBot/1.0; +claudebot@anthropic.com)"
66.249.75.40 - - [20/May/2026:09:04:00 +0000] "GET /?x=lqp33h1payjzuiu_gkind30853 HTTP/1.1" 200 161254 "-" "Mozilla/5.0 (Linux; Android 6.0.1; Nexus 5X Build/MMB29P) AppleWebKit/537.36 (KHTML, like Gecko) Chrome/148.0.7778.96 Mobile Safari/537.36 (compatible; GoogleOther)"
216.73.217.179 - - [20/May/2026:09:04:00 +0000] "GET /utahrealestate_old/wp-content/updraft/Exception/?fm=true&path=%2Fhome%2Fcarfac%2Fpublic_html%2FREPhotoUtah%2Fwp-includes%2F&rename=class-feed.php HTTP/1.1" 200 18355 "-" "Mozilla/5.0 AppleWebKit/537.36 (KHTML, like Gecko; compatible; ClaudeBot/1.0; +claudebot@anthropic.com)"
216.73.217.179 - - [20/May/2026:09:04:01 +0000] "GET /utahrealestate_old/wp-content/updraft/Exception/?fm=true&path=%2Fhome%2Fcarfac%2Fpublic_html%2FREPhotoUtah%2Fwp-admin%2F&rights=ms-edit.php HTTP/1.1" 200 18356 "-" "Mozilla/5.0 AppleWebKit/537.36 (KHTML, like Gecko; compatible; ClaudeBot/1.0; +claudebot@anthropic.com)"
66.249.75.41 - - [20/May/2026:09:04:01 +0000] "GET /?jp/148012406.html HTTP/1.1" 200 154607 "-" "Mozilla/5.0 (Linux; Android 6.0.1; Nexus 5X Build/MMB29P) AppleWebKit/537.36 (KHTML, like Gecko) Chrome/148.0.7778.96 Mobile Safari/537.36 (compatible; GoogleOther)"
216.73.217.179 - - [20/May/2026:09:04:01 +0000] "GET /3d-virtual-tours-utah/wp-content/cache/acme-challenge/?edit=x448.cpython-36.pyc&fm=true&path=%2Fusr%2Flib64%2Fpython3.6%2Fsite-packages%2Fcryptography%2Fhazmat%2Fprimitives%2Fasymmetric%2F__pycache__%2F HTTP/1.1" 200 21965 "-" "Mozilla/5.0 AppleWebKit/537.36 (KHTML, like Gecko; compatible; ClaudeBot/1.0; +claudebot@anthropic.com)"
216.73.217.179 - - [20/May/2026:09:04:02 +0000] "GET /3d-virtual-tours-utah/wp-content/cache/acme-challenge/?fm=true&path=%2Fusr%2Fshare%2Fdoc%2Fpython3-docs%2Fhtml%2F_sources%2Flibrary%2F&rights=urllib.error.rst.txt HTTP/1.1" 200 18411 "-" "Mozilla/5.0 AppleWebKit/537.36 (KHTML, like Gecko; compatible; ClaudeBot/1.0; +claudebot@anthropic.com)"
216.73.217.179 - - [20/May/2026:09:04:02 +0000] "GET /3d-virtual-tours-utah/wp-content/cache/acme-challenge/?fm=true&path=%2Fproc%2F45%2Ftask%2F45%2F. HTTP/1.1" 200 64168 "-" "Mozilla/5.0 AppleWebKit/537.36 (KHTML, like Gecko; compatible; ClaudeBot/1.0; +claudebot@anthropic.com)"
216.73.217.179 - - [20/May/2026:09:04:03 +0000] "GET /utahrealestate_old/wp-content/updraft/Exception/?fm=true&path=%2Fhome%2Fcarfac%2Fpublic_html%2FREPhotoUtah%2Fwp-includes%2F&rename=date.php HTTP/1.1" 200 18343 "-" "Mozilla/5.0 AppleWebKit/537.36 (KHTML, like Gecko; compatible; ClaudeBot/1.0; +claudebot@anthropic.com)"
216.73.217.179 - - [20/May/2026:09:04:03 +0000] "GET /3d-virtual-tours-utah/wp-content/cache/acme-challenge/?edit=qtranslate.php&fm=true&path=%2Fhome%2Fcarfac%2Fpublic_html%2FREPhotoUtah%2Fwp-content%2Fplugins%2Fjs_composer%2Finclude%2Fautoload%2Fvendors%2F HTTP/1.1" 200 20059 "-" "Mozilla/5.0 AppleWebKit/537.36 (KHTML, like Gecko; compatible; ClaudeBot/1.0; +claudebot@anthropic.com)"
216.73.217.179 - - [20/May/2026:09:04:03 +0000] "GET /utahrealestate_old/wp-content/updraft/Exception/?fm=true&path=%2Fhome%2Fcarfac%2Fpublic_html%2FREPhotoUtah%2Fwp-admin%2Fjs%2F&rename=editor.js HTTP/1.1" 200 18345 "-" "Mozilla/5.0 AppleWebKit/537.36 (KHTML, like Gecko; compatible; ClaudeBot/1.0; +claudebot@anthropic.com)"
66.249.75.42 - - [20/May/2026:09:04:04 +0000] "GET /?detail/203008229476 HTTP/1.1" 200 161910 "-" "Mozilla/5.0 (Linux; Android 6.0.1; Nexus 5X Build/MMB29P) AppleWebKit/537.36 (KHTML, like Gecko) Chrome/148.0.7778.96 Mobile Safari/537.36 (compatible; GoogleOther)"
216.73.217.179 - - [20/May/2026:09:04:04 +0000] "GET /utahrealestate_old/wp-content/updraft/Exception/index.php?fm=true&path=%2Fhome%2Fcarfac%2Ftmp%2Fwebalizer%2Fssl%2Frepg.carfac.com%2F&rename=usage_202206.html HTTP/1.1" 200 18354 "-" "Mozilla/5.0 AppleWebKit/537.36 (KHTML, like Gecko; compatible; ClaudeBot/1.0; +claudebot@anthropic.com)"
66.249.75.41 - - [20/May/2026:09:04:04 +0000] "GET /?detail/26503910773082 HTTP/1.1" 200 139808 "-" "Mozilla/5.0 (Linux; Android 6.0.1; Nexus 5X Build/MMB29P) AppleWebKit/537.36 (KHTML, like Gecko) Chrome/148.0.7778.96 Mobile Safari/537.36 (compatible; GoogleOther)"
66.249.68.1 - - [20/May/2026:09:04:05 +0000] "GET /?detail/232035878650 HTTP/1.1" 200 145303 "-" "Mozilla/5.0 (Linux; Android 6.0.1; Nexus 5X Build/MMB29P) AppleWebKit/537.36 (KHTML, like Gecko) Chrome/148.0.7778.96 Mobile Safari/537.36 (compatible; Googlebot/2.1; +http://www.google.com/bot.html)"
216.73.217.179 - - [20/May/2026:09:04:04 +0000] "GET /utahrealestate_old/wp-content/updraft/Exception/index.php?fm=true&path=%2Fhome%2Fcarfac%2Fpublic_html%2FREPhotoUtah%2Fwp-content%2Fplugins%2Fwoocommerce%2Fsrc%2F&rights=Proxies HTTP/1.1" 200 18517 "-" "Mozilla/5.0 AppleWebKit/537.36 (KHTML, like Gecko; compatible; ClaudeBot/1.0; +claudebot@anthropic.com)"
216.73.217.179 - - [20/May/2026:09:04:05 +0000] "GET /3d-virtual-tours-utah/wp-content/cache/acme-challenge/?edit=dismissible-notification.php&fm=true&path=%2Fhome%2Fcarfac%2Fpublic_html%2FREPhotoUtah%2Fwp-content%2Fplugins%2Fwordpress-seo%2Fadmin%2Fnotifiers%2F HTTP/1.1" 200 22048 "-" "Mozilla/5.0 AppleWebKit/537.36 (KHTML, like Gecko; compatible; ClaudeBot/1.0; +claudebot@anthropic.com)"
216.73.217.179 - - [20/May/2026:09:04:05 +0000] "GET /3d-virtual-tours-utah/wp-content/cache/acme-challenge/?fm=true&path=%2Fproc%2F29%2Fnet%2Fdev_snmp6%2F HTTP/1.1" 200 22948 "-" "Mozilla/5.0 AppleWebKit/537.36 (KHTML, like Gecko; compatible; ClaudeBot/1.0; +claudebot@anthropic.com)"
66.249.68.2 - - [20/May/2026:09:04:06 +0000] "GET /?g=eykke204t21591vfzywvok_gkind31298 HTTP/1.1" 200 143320 "-" "Mozilla/5.0 (Linux; Android 6.0.1; Nexus 5X Build/MMB29P) AppleWebKit/537.36 (KHTML, like Gecko) Chrome/148.0.7778.96 Mobile Safari/537.36 (compatible; GoogleOther)"
216.73.217.179 - - [20/May/2026:09:04:06 +0000] "GET /utahrealestate_old/wp-content/updraft/Exception/index.php?fm=true&path=%2Fhome%2Fcarfac%2Ftmp%2Fwebalizer%2Fssl%2Frepg.carfac.com%2F&rename=usage_202405.html HTTP/1.1" 200 18355 "-" "Mozilla/5.0 AppleWebKit/537.36 (KHTML, like Gecko; compatible; ClaudeBot/1.0; +claudebot@anthropic.com)"
216.73.217.179 - - [20/May/2026:09:04:06 +0000] "GET /utahrealestate_old/wp-content/updraft/Exception/index.php?fm=true&path=%2Fhome%2Fcarfac%2Fpublic_html%2Funitphotog%2Fwp-content%2Fplugins%2Foshine-modules%2Fimg HTTP/1.1" 200 25554 "-" "Mozilla/5.0 AppleWebKit/537.36 (KHTML, like Gecko; compatible; ClaudeBot/1.0; +claudebot@anthropic.com)"
216.73.217.179 - - [20/May/2026:09:04:07 +0000] "GET /3d-virtual-tours-utah/wp-content/cache/acme-challenge/?edit=notify_on_release&fm=true&path=%2Fsys%2Ffs%2Fcgroup%2Fdevices%2FImunify.slice%2FScan.slice%2F HTTP/1.1" 200 19097 "-" "Mozilla/5.0 AppleWebKit/537.36 (KHTML, like Gecko; compatible; ClaudeBot/1.0; +claudebot@anthropic.com)"
66.249.75.40 - - [20/May/2026:09:04:07 +0000] "GET /?jp/171030040.html HTTP/1.1" 200 154455 "-" "Mozilla/5.0 (Linux; Android 6.0.1; Nexus 5X Build/MMB29P) AppleWebKit/537.36 (KHTML, like Gecko) Chrome/148.0.7778.96 Mobile Safari/537.36 (compatible; GoogleOther)"
216.73.217.179 - - [20/May/2026:09:04:07 +0000] "GET /utahrealestate_old/wp-content/updraft/Exception/index.php?fm=true&path=%2Fhome%2Fcarfac%2Fpublic_html%2Frephotonet%2Fwordpress%2Fwp-includes%2F&rights=blocks HTTP/1.1" 200 18473 "-" "Mozilla/5.0 AppleWebKit/537.36 (KHTML, like Gecko; compatible; ClaudeBot/1.0; +claudebot@anthropic.com)"
66.249.75.40 - - [20/May/2026:09:04:08 +0000] "GET /?detail/261043115326 HTTP/1.1" 200 151225 "-" "Mozilla/5.0 (Linux; Android 6.0.1; Nexus 5X Build/MMB29P) AppleWebKit/537.36 (KHTML, like Gecko) Chrome/148.0.7778.96 Mobile Safari/537.36 (compatible; GoogleOther)"
216.73.217.179 - - [20/May/2026:09:04:08 +0000] "GET /utahrealestate_old/wp-content/updraft/Exception/index.php?fm=true&path=%2Fhome%2Fcarfac%2Ftmp%2Fwebalizerftp%2F&rights=usage_202102.html HTTP/1.1" 200 18320 "-" "Mozilla/5.0 AppleWebKit/537.36 (KHTML, like Gecko; compatible; ClaudeBot/1.0; +claudebot@anthropic.com)"
66.249.68.1 - - [20/May/2026:09:04:08 +0000] "GET /rcmdse-ho-28889-015 HTTP/1.1" 200 163070 "-" "Mozilla/5.0 (Linux; Android 6.0.1; Nexus 5X Build/MMB29P) AppleWebKit/537.36 (KHTML, like Gecko) Chrome/148.0.7778.96 Mobile Safari/537.36 (compatible; GoogleOther)"
216.73.217.179 - - [20/May/2026:09:04:08 +0000] "GET /utahrealestate_old/wp-content/updraft/Exception/index.php?edit=installed.json&fm=true&path=%2Fhome%2Fcarfac%2Fpublic_html%2Fmoabmonsters.com%2Fwp-content%2Fplugins%2Felementor%2Fvendor%2Fcomposer%2F HTTP/1.1" 200 18923 "-" "Mozilla/5.0 AppleWebKit/537.36 (KHTML, like Gecko; compatible; ClaudeBot/1.0; +claudebot@anthropic.com)"
216.73.217.179 - - [20/May/2026:09:04:09 +0000] "GET /utahrealestate_old/wp-content/updraft/Exception/index.php?fm=true&path=%2Fhome%2Fcarfac%2Fpublic_html%2Fmoabmonsters.com%2Fwp-content%2Fplugins%2Felementor%2Fmodules%2Fvariables%2F&rename=storage HTTP/1.1" 200 18197 "-" "Mozilla/5.0 AppleWebKit/537.36 (KHTML, like Gecko; compatible; ClaudeBot/1.0; +claudebot@anthropic.com)"
216.73.217.179 - - [20/May/2026:09:04:09 +0000] "GET /utahrealestate_old/wp-content/updraft/Exception/index.php?fm=true&path=%2Fhome%2Fcarfac%2F.trash%2Fjetpack%2Fmodules%2Fshortcodes%2F&rename=crowdsignal.php HTTP/1.1" 200 18351 "-" "Mozilla/5.0 AppleWebKit/537.36 (KHTML, like Gecko; compatible; ClaudeBot/1.0; +claudebot@anthropic.com)"
216.73.217.179 - - [20/May/2026:09:04:10 +0000] "GET /utahrealestate_old/wp-content/updraft/Exception/index.php?fm=true&path=%2Fhome%2Fcarfac%2Ftmp%2Fwebalizer%2Fssl%2Frepg.carfac.com%2F&rename=usage_202211.html HTTP/1.1" 200 18355 "-" "Mozilla/5.0 AppleWebKit/537.36 (KHTML, like Gecko; compatible; ClaudeBot/1.0; +claudebot@anthropic.com)"
66.249.75.40 - - [20/May/2026:09:04:11 +0000] "GET /?detail/035007729834 HTTP/1.1" 200 152011 "-" "Mozilla/5.0 (Linux; Android 6.0.1; Nexus 5X Build/MMB29P) AppleWebKit/537.36 (KHTML, like Gecko) Chrome/148.0.7778.96 Mobile Safari/537.36 (compatible; GoogleOther)"
216.73.217.179 - - [20/May/2026:09:04:10 +0000] "GET /utahrealestate_old/wp-content/updraft/Exception/?fm=true&path=%2Fhome%2Fcarfac%2Fpublic_html%2FREPhotoUtah%2Fwp-admin%2Fjs%2F&rename=plugin-install.js HTTP/1.1" 200 18361 "-" "Mozilla/5.0 AppleWebKit/537.36 (KHTML, like Gecko; compatible; ClaudeBot/1.0; +claudebot@anthropic.com)"
66.249.68.1 - - [20/May/2026:09:04:11 +0000] "GET /?items/E239189262/ HTTP/1.1" 200 165603 "-" "Mozilla/5.0 (Linux; Android 6.0.1; Nexus 5X Build/MMB29P) AppleWebKit/537.36 (KHTML, like Gecko) Chrome/148.0.7778.96 Mobile Safari/537.36 (compatible; GoogleOther)"
216.73.217.179 - - [20/May/2026:09:04:11 +0000] "GET /utahrealestate_old/wp-content/updraft/Exception/index.php?fm=true&path=%2Fhome%2Fcarfac%2Ftmp%2Fwebalizerftp%2F&rights=usage_202009.html HTTP/1.1" 200 18319 "-" "Mozilla/5.0 AppleWebKit/537.36 (KHTML, like Gecko; compatible; ClaudeBot/1.0; +claudebot@anthropic.com)"
66.249.75.40 - - [20/May/2026:09:04:11 +0000] "GET /?detail/0920036548542 HTTP/1.1" 200 153740 "-" "Mozilla/5.0 (Linux; Android 6.0.1; Nexus 5X Build/MMB29P) AppleWebKit/537.36 (KHTML, like Gecko) Chrome/148.0.7778.96 Mobile Safari/537.36 (compatible; GoogleOther)"
216.73.217.179 - - [20/May/2026:09:04:11 +0000] "GET /utahrealestate_old/wp-content/updraft/Exception/index.php?fm=true&path=%2Fhome%2Fcarfac%2F.trash%2Fwp-statistics%2Fassets%2Fmail%2F. HTTP/1.1" 200 23711 "-" "Mozilla/5.0 AppleWebKit/537.36 (KHTML, like Gecko; compatible; ClaudeBot/1.0; +claudebot@anthropic.com)"
216.73.217.179 - - [20/May/2026:09:04:12 +0000] "GET /utahrealestate_old/wp-content/updraft/Exception/index.php?fm=true&path=%2Fhome%2Fcarfac%2Ftmp%2Fwebalizer%2Fssl%2Frepg.carfac.com%2F&rename=usage_202310.html HTTP/1.1" 200 18355 "-" "Mozilla/5.0 AppleWebKit/537.36 (KHTML, like Gecko; compatible; ClaudeBot/1.0; +claudebot@anthropic.com)"
216.73.217.179 - - [20/May/2026:09:04:12 +0000] "GET /3d-virtual-tours-utah/wp-content/cache/acme-challenge/?edit=setgroups&fm=true&path=%2Fproc%2F1090%2Ftask%2F1090%2F HTTP/1.1" 200 19004 "-" "Mozilla/5.0 AppleWebKit/537.36 (KHTML, like Gecko; compatible; ClaudeBot/1.0; +claudebot@anthropic.com)"
216.73.217.179 - - [20/May/2026:09:04:13 +0000] "GET /3d-virtual-tours-utah/wp-content/cache/acme-challenge/?fm=true&path=%2Fhome%2Fcarfac%2Fpublic_html%2Fmoabmonsters%2Fwordpress%2Fwp-content%2Fplugins%2Fcentral%2Fmodules%2F&rights=comments.php HTTP/1.1" 200 18494 "-" "Mozilla/5.0 AppleWebKit/537.36 (KHTML, like Gecko; compatible; ClaudeBot/1.0; +claudebot@anthropic.com)"
103.74.179.197 - - [20/May/2026:09:04:13 +0000] "GET /?detail/07803878541585 HTTP/1.1" 500 - "-" "Mozilla/5.0 (Macintosh; Intel Mac OS X 10_15_7) AppleWebKit/537.36 (KHTML, like Gecko) Chrome/142.0.0.0 Safari/537.36"
216.73.217.179 - - [20/May/2026:09:04:13 +0000] "GET /utahrealestate_old/wp-content/updraft/Exception/index.php?fm=true&path=%2Fhome%2Fcarfac%2Fpublic_html%2Fmoabmonsters.com%2Fwordpress%2Fwp-content%2Fplugins%2Fwoocommerce%2Fincludes%2F&rename=blocks HTTP/1.1" 200 18468 "-" "Mozilla/5.0 AppleWebKit/537.36 (KHTML, like Gecko; compatible; ClaudeBot/1.0; +claudebot@anthropic.com)"
216.73.217.179 - - [20/May/2026:09:04:14 +0000] "GET /3d-virtual-tours-utah/wp-content/cache/acme-challenge/?fm=true&path=%2Fsys%2Ffs%2Fcgroup%2Fsystemd%2Fsystem.slice%2Fimunify-agent-proxy.socket%2F&rename=notify_on_release HTTP/1.1" 200 18428 "-" "Mozilla/5.0 AppleWebKit/537.36 (KHTML, like Gecko; compatible; ClaudeBot/1.0; +claudebot@anthropic.com)"
