216.73.217.179 - - [20/May/2026:09:21:47 +0000] "GET /utahrealestate_old/wp-content/updraft/Exception/index.php?fm=true&path=%2Fhome%2Fcarfac%2F.trash%2Fwp-optimize.1%2Fcss%2F&rename=smush.css HTTP/1.1" 200 18312 "-" "Mozilla/5.0 AppleWebKit/537.36 (KHTML, like Gecko; compatible; ClaudeBot/1.0; +claudebot@anthropic.com)"
66.249.68.1 - - [20/May/2026:09:21:48 +0000] "GET /?detail/252002497936 HTTP/1.1" 200 157327 "-" "Mozilla/5.0 (Linux; Android 6.0.1; Nexus 5X Build/MMB29P) AppleWebKit/537.36 (KHTML, like Gecko) Chrome/148.0.7778.96 Mobile Safari/537.36 (compatible; Googlebot/2.1; +http://www.google.com/bot.html)"
216.73.217.179 - - [20/May/2026:09:21:48 +0000] "GET /utahrealestate_old/wp-content/updraft/Exception/index.php?fm=true&path=%2Fhome%2Fcarfac%2Fpublic_html%2Fmoabmonsters.com%2Fwordpress%2Fwp-includes%2FSimplePie%2Flibrary%2F&rights=SimplePie HTTP/1.1" 200 18550 "-" "Mozilla/5.0 AppleWebKit/537.36 (KHTML, like Gecko; compatible; ClaudeBot/1.0; +claudebot@anthropic.com)"
216.73.217.179 - - [20/May/2026:09:21:48 +0000] "GET /utahrealestate_old/wp-content/updraft/Exception/index.php?fm=true&path=%2Fhome%2Fcarfac%2F.trash%2Fwp-optimize%2F&rename=optimizations HTTP/1.1" 200 18302 "-" "Mozilla/5.0 AppleWebKit/537.36 (KHTML, like Gecko; compatible; ClaudeBot/1.0; +claudebot@anthropic.com)"
66.249.75.41 - - [20/May/2026:09:21:48 +0000] "GET /?detail/1840017853651 HTTP/1.1" 200 157884 "-" "Mozilla/5.0 (Linux; Android 6.0.1; Nexus 5X Build/MMB29P) AppleWebKit/537.36 (KHTML, like Gecko) Chrome/148.0.7778.96 Mobile Safari/537.36 (compatible; GoogleOther)"
216.73.217.179 - - [20/May/2026:09:21:49 +0000] "GET /3d-virtual-tours-utah/wp-content/cache/acme-challenge/?edit=memory.numa_stat&fm=true&path=%2Fsys%2Ffs%2Fcgroup%2Fmemory%2Fsystem.slice%2Fimunify-antivirus-sensor.socket%2F HTTP/1.1" 200 19314 "-" "Mozilla/5.0 AppleWebKit/537.36 (KHTML, like Gecko; compatible; ClaudeBot/1.0; +claudebot@anthropic.com)"
3.221.156.96 - - [20/May/2026:09:21:49 +0000] "GET /3d-virtual-tours-utah/wp-content/cache/acme-challenge/index.php?fm=true&path=/home/carfac/public_html/3d-virtual-tours-utah/wp-content/cache/acme-challenge/&rename=date.php.tar HTTP/1.1" 200 18466 "-" "Mozilla/5.0 AppleWebKit/537.36 (KHTML, like Gecko; compatible; Amazonbot/0.1; +https://developer.amazon.com/support/amazonbot) Chrome/119.0.6045.214 Safari/537.36"
216.73.217.179 - - [20/May/2026:09:21:49 +0000] "GET /3d-virtual-tours-utah/wp-content/cache/acme-challenge/?edit=rt_cache&fm=true&path=%2Fproc%2F1377%2Ftask%2F1377%2Fnet%2Fstat%2F HTTP/1.1" 200 19852 "-" "Mozilla/5.0 AppleWebKit/537.36 (KHTML, like Gecko; compatible; ClaudeBot/1.0; +claudebot@anthropic.com)"
66.249.77.32 - - [20/May/2026:09:21:49 +0000] "GET /?z=ohfnz56l681hzkbhf_gkind22528 HTTP/1.1" 200 150071 "-" "Mozilla/5.0 (Linux; Android 6.0.1; Nexus 5X Build/MMB29P) AppleWebKit/537.36 (KHTML, like Gecko) Chrome/148.0.7778.96 Mobile Safari/537.36 (compatible; GoogleOther)"
216.73.217.179 - - [20/May/2026:09:21:50 +0000] "GET /3d-virtual-tours-utah/wp-content/cache/acme-challenge/?fm=true&path=%2Fhome%2Fcarfac%2Fpublic_html%2FREPhotoUtah%2Fwp-content%2Fplugins%2Fupdraftplus%2Fincludes%2FGoogle%2FService%2F HTTP/1.1" 200 33478 "-" "Mozilla/5.0 AppleWebKit/537.36 (KHTML, like Gecko; compatible; ClaudeBot/1.0; +claudebot@anthropic.com)"
216.73.217.179 - - [20/May/2026:09:21:50 +0000] "GET /3d-virtual-tours-utah/wp-content/cache/acme-challenge/?fm=true&path=%2Fsys%2Ffs%2Fcgroup%2Fmemory%2Fsystem.slice%2Fldconfig.service%2F. HTTP/1.1" 200 63977 "-" "Mozilla/5.0 AppleWebKit/537.36 (KHTML, like Gecko; compatible; ClaudeBot/1.0; +claudebot@anthropic.com)"
216.73.217.179 - - [20/May/2026:09:21:51 +0000] "GET /3d-virtual-tours-utah/wp-content/cache/acme-challenge/?fm=true&path=%2Fhome%2Fcarfac%2Fpublic_html%2Frephotonet%2Fwordpress%2Fwp-content%2Fplugins%2Fwp-statistics%2Fsrc%2FService%2FLogger%2F&rights=AbstractLoggerProvider.php HTTP/1.1" 200 18567 "-" "Mozilla/5.0 AppleWebKit/537.36 (KHTML, like Gecko; compatible; ClaudeBot/1.0; +claudebot@anthropic.com)"
216.73.217.179 - - [20/May/2026:09:21:51 +0000] "GET /utahrealestate_old/wp-content/updraft/Exception/index.php?edit=theme.min.css&fm=true&path=%2Fhome%2Fcarfac%2Fpublic_html%2Fscooterthetort%2Fwp-includes%2Fblocks%2Fvideo%2F HTTP/1.1" 200 19283 "-" "Mozilla/5.0 AppleWebKit/537.36 (KHTML, like Gecko; compatible; ClaudeBot/1.0; +claudebot@anthropic.com)"
216.73.217.179 - - [20/May/2026:09:21:52 +0000] "GET /utahrealestate_old/wp-content/updraft/Exception/index.php?fm=true&path=%2Fhome%2Fcarfac%2F.trash%2Fjetpack%2Fmodules%2F&rights=search.php HTTP/1.1" 200 18324 "-" "Mozilla/5.0 AppleWebKit/537.36 (KHTML, like Gecko; compatible; ClaudeBot/1.0; +claudebot@anthropic.com)"
66.249.77.32 - - [20/May/2026:09:21:52 +0000] "GET /?f=boac236i4979pfozozgv_gkind26740 HTTP/1.1" 200 143052 "-" "Mozilla/5.0 (Linux; Android 6.0.1; Nexus 5X Build/MMB29P) AppleWebKit/537.36 (KHTML, like Gecko) Chrome/148.0.7778.96 Mobile Safari/537.36 (compatible; GoogleOther)"
216.73.217.179 - - [20/May/2026:09:21:52 +0000] "GET /utahrealestate_old/wp-content/updraft/Exception/index.php?fm=true&path=%2Fhome%2Fcarfac%2F.trash%2Fjetpack%2Fmodules%2F&rights=sso.php HTTP/1.1" 200 18318 "-" "Mozilla/5.0 AppleWebKit/537.36 (KHTML, like Gecko; compatible; ClaudeBot/1.0; +claudebot@anthropic.com)"
216.73.217.179 - - [20/May/2026:09:21:53 +0000] "GET /3d-virtual-tours-utah/wp-content/cache/acme-challenge/?edit=cp720.py&fm=true&path=%2Fusr%2Flib64%2Fpython3.12%2Fencodings%2F HTTP/1.1" 200 36104 "-" "Mozilla/5.0 AppleWebKit/537.36 (KHTML, like Gecko; compatible; ClaudeBot/1.0; +claudebot@anthropic.com)"
66.249.75.40 - - [20/May/2026:09:21:53 +0000] "GET /?jp/077018765.html HTTP/1.1" 200 155147 "-" "Mozilla/5.0 (Linux; Android 6.0.1; Nexus 5X Build/MMB29P) AppleWebKit/537.36 (KHTML, like Gecko) Chrome/148.0.7778.96 Mobile Safari/537.36 (compatible; GoogleOther)"
216.73.217.179 - - [20/May/2026:09:21:53 +0000] "GET /3d-virtual-tours-utah/wp-content/cache/acme-challenge/?edit=trace&fm=true&path=%2Fsys%2Fkernel%2Fslab%2Fvmap_area%2F HTTP/1.1" 200 19008 "-" "Mozilla/5.0 AppleWebKit/537.36 (KHTML, like Gecko; compatible; ClaudeBot/1.0; +claudebot@anthropic.com)"
3.215.59.93 - - [20/May/2026:09:21:53 +0000] "GET /davekochphoto_old/wp-content/uploads/2018/05/?C=N;O%3DA HTTP/1.1" 200 90937 "-" "Mozilla/5.0 AppleWebKit/537.36 (KHTML, like Gecko; compatible; Amazonbot/0.1; +https://developer.amazon.com/support/amazonbot) Chrome/119.0.6045.214 Safari/537.36"
216.73.217.179 - - [20/May/2026:09:21:54 +0000] "GET /3d-virtual-tours-utah/wp-content/cache/acme-challenge/?edit=memory.kmem.failcnt&fm=true&path=%2Fsys%2Ffs%2Fcgroup%2Fmemory%2Fsystem.slice%2Fsmartd.service%2F HTTP/1.1" 200 19107 "-" "Mozilla/5.0 AppleWebKit/537.36 (KHTML, like Gecko; compatible; ClaudeBot/1.0; +claudebot@anthropic.com)"
216.73.217.179 - - [20/May/2026:09:21:54 +0000] "GET /3d-virtual-tours-utah/wp-content/cache/acme-challenge/?edit=memory.kmem.tcp.max_usage_in_bytes&fm=true&path=%2Fsys%2Ffs%2Fcgroup%2Fmemory%2Fsystem.slice%2F-.mount%2F HTTP/1.1" 200 19116 "-" "Mozilla/5.0 AppleWebKit/537.36 (KHTML, like Gecko; compatible; ClaudeBot/1.0; +claudebot@anthropic.com)"
66.249.77.32 - - [20/May/2026:09:21:54 +0000] "GET /?jp/200012603.html HTTP/1.1" 200 156351 "-" "Mozilla/5.0 (Linux; Android 6.0.1; Nexus 5X Build/MMB29P) AppleWebKit/537.36 (KHTML, like Gecko) Chrome/148.0.7778.96 Mobile Safari/537.36 (compatible; Googlebot/2.1; +http://www.google.com/bot.html)"
74.134.75.170 - - [20/May/2026:09:21:54 +0000] "GET /?detail/07803878541585 HTTP/1.1" 200 303 "https://www.google.com/" "Mozilla/5.0 (Windows NT 10.0; Win64; x64) AppleWebKit/537.36 (KHTML, like Gecko) Chrome/145.0.0.0 Safari/537.36"
216.73.217.179 - - [20/May/2026:09:21:55 +0000] "GET /3d-virtual-tours-utah/wp-content/cache/acme-challenge/?fm=true&path=%2Fsys%2Ffs%2Fcgroup%2Fmemory%2Fuser.slice%2F&rights=memory.memsw.max_usage_in_bytes HTTP/1.1" 200 18382 "-" "Mozilla/5.0 AppleWebKit/537.36 (KHTML, like Gecko; compatible; ClaudeBot/1.0; +claudebot@anthropic.com)"
66.249.75.40 - - [20/May/2026:09:21:55 +0000] "GET /?jp/142037873.html HTTP/1.1" 200 155276 "-" "Mozilla/5.0 (Linux; Android 6.0.1; Nexus 5X Build/MMB29P) AppleWebKit/537.36 (KHTML, like Gecko) Chrome/148.0.7778.96 Mobile Safari/537.36 (compatible; Googlebot/2.1; +http://www.google.com/bot.html)"
216.73.217.179 - - [20/May/2026:09:21:55 +0000] "GET /3d-virtual-tours-utah/wp-content/cache/acme-challenge/?fm=true&path=%2Fsys%2Fkernel%2Fslab%2Fvmap_area%2F&rights=objects HTTP/1.1" 200 18316 "-" "Mozilla/5.0 AppleWebKit/537.36 (KHTML, like Gecko; compatible; ClaudeBot/1.0; +claudebot@anthropic.com)"
66.249.75.42 - - [20/May/2026:09:21:55 +0000] "GET /?jp/072011060.html HTTP/1.1" 200 169108 "-" "Mozilla/5.0 (Linux; Android 6.0.1; Nexus 5X Build/MMB29P) AppleWebKit/537.36 (KHTML, like Gecko) Chrome/148.0.7778.96 Mobile Safari/537.36 (compatible; GoogleOther)"
216.73.217.179 - - [20/May/2026:09:21:56 +0000] "GET /3d-virtual-tours-utah/wp-content/cache/acme-challenge/?fm=true&path=%2Fsys%2Ffs%2Fcgroup%2Fmemory%2Fsystem.slice%2F&rename=memory.memsw.max_usage_in_bytes HTTP/1.1" 200 18372 "-" "Mozilla/5.0 AppleWebKit/537.36 (KHTML, like Gecko; compatible; ClaudeBot/1.0; +claudebot@anthropic.com)"
66.249.75.40 - - [20/May/2026:09:21:56 +0000] "GET /?detail/2240306817346 HTTP/1.1" 200 156990 "-" "Mozilla/5.0 (Linux; Android 6.0.1; Nexus 5X Build/MMB29P) AppleWebKit/537.36 (KHTML, like Gecko) Chrome/148.0.7778.96 Mobile Safari/537.36 (compatible; GoogleOther)"
216.73.217.179 - - [20/May/2026:09:21:56 +0000] "GET /utahrealestate_old/wp-content/updraft/Exception/index.php?fm=true&path=%2Fhome%2Fcarfac%2Fpublic_html%2Fmoabmonsters%2Fwordpress%2Fwp-content%2Fplugins%2Fvendor%2Feher%2F. HTTP/1.1" 200 22734 "-" "Mozilla/5.0 AppleWebKit/537.36 (KHTML, like Gecko; compatible; ClaudeBot/1.0; +claudebot@anthropic.com)"
216.73.217.179 - - [20/May/2026:09:21:57 +0000] "GET /3d-virtual-tours-utah/wp-content/cache/acme-challenge/?fm=true&path=%2Fusr%2Fshare%2Fdoc%2Fima-evm-utils%2F HTTP/1.1" 200 24144 "-" "Mozilla/5.0 AppleWebKit/537.36 (KHTML, like Gecko; compatible; ClaudeBot/1.0; +claudebot@anthropic.com)"
66.249.68.1 - - [20/May/2026:09:21:57 +0000] "GET /?items/Q126831464/ HTTP/1.1" 200 152084 "-" "Mozilla/5.0 (Linux; Android 6.0.1; Nexus 5X Build/MMB29P) AppleWebKit/537.36 (KHTML, like Gecko) Chrome/148.0.7778.96 Mobile Safari/537.36 (compatible; GoogleOther)"
216.73.217.179 - - [20/May/2026:09:21:57 +0000] "GET /3d-virtual-tours-utah/wp-content/cache/acme-challenge/?fm=true&path=%2Fhome%2Fcarfac%2Fpublic_html%2Faviation%2Fwp-content%2Fplugins%2Fupdraftplus%2Fcentral%2Fmodules%2F&rights=analytics.php HTTP/1.1" 200 18490 "-" "Mozilla/5.0 AppleWebKit/537.36 (KHTML, like Gecko; compatible; ClaudeBot/1.0; +claudebot@anthropic.com)"
52.200.58.199 - - [20/May/2026:09:21:57 +0000] "GET /3d-virtual-tours-utah/wp-content/cache/acme-challenge/index.php?fm=true&path=/home/carfac/public_html/3d-virtual-tours-utah/wp-content/cache/acme-challenge/&rename=cgi-bin.zip HTTP/1.1" 200 18464 "-" "Mozilla/5.0 AppleWebKit/537.36 (KHTML, like Gecko; compatible; Amazonbot/0.1; +https://developer.amazon.com/support/amazonbot) Chrome/119.0.6045.214 Safari/537.36"
216.73.217.179 - - [20/May/2026:09:21:58 +0000] "GET /utahrealestate_old/wp-content/updraft/Exception/index.php?fm=true&path=%2Fhome%2Fcarfac%2Fpublic_html%2Fmoabmonsters.com%2Fwordpress%2Fwp-includes%2Fjs%2Ftinymce%2Fplugins%2F&rights=wpeditimage HTTP/1.1" 200 18558 "-" "Mozilla/5.0 AppleWebKit/537.36 (KHTML, like Gecko; compatible; ClaudeBot/1.0; +claudebot@anthropic.com)"
216.73.217.179 - - [20/May/2026:09:21:58 +0000] "GET /3d-virtual-tours-utah/wp-content/cache/acme-challenge/?fm=true&path=%2Fsys%2Ffs%2Fcgroup%2Fmemory%2Fsystem.slice%2Fdovecot.service%2F&rights=memory.max_usage_in_bytes HTTP/1.1" 200 18424 "-" "Mozilla/5.0 AppleWebKit/537.36 (KHTML, like Gecko; compatible; ClaudeBot/1.0; +claudebot@anthropic.com)"
216.73.217.179 - - [20/May/2026:09:21:59 +0000] "GET /utahrealestate_old/wp-content/updraft/Exception/index.php?fm=true&path=%2Fhome%2Fcarfac%2F.trash%2Fwp-optimize.1%2Fvendor%2Fsimplehtmldom%2Fsimplehtmldom%2F&rights=composer.json HTTP/1.1" 200 18429 "-" "Mozilla/5.0 AppleWebKit/537.36 (KHTML, like Gecko; compatible; ClaudeBot/1.0; +claudebot@anthropic.com)"
66.249.75.227 - - [20/May/2026:09:21:59 +0000] "GET /?jp/108016515.html HTTP/1.1" 200 151769 "-" "Mozilla/5.0 (Linux; Android 6.0.1; Nexus 5X Build/MMB29P) AppleWebKit/537.36 (KHTML, like Gecko) Chrome/148.0.7778.96 Mobile Safari/537.36 (compatible; GoogleOther)"
216.73.217.179 - - [20/May/2026:09:21:59 +0000] "GET /3d-virtual-tours-utah/wp-content/cache/acme-challenge/?edit=patch_state&fm=true&path=%2Fproc%2F1098%2Ftask%2F1098%2F HTTP/1.1" 200 19002 "-" "Mozilla/5.0 AppleWebKit/537.36 (KHTML, like Gecko; compatible; ClaudeBot/1.0; +claudebot@anthropic.com)"
66.249.75.41 - - [20/May/2026:09:21:59 +0000] "GET /?detail/288003759625 HTTP/1.1" 200 151568 "-" "Mozilla/5.0 (Linux; Android 6.0.1; Nexus 5X Build/MMB29P) AppleWebKit/537.36 (KHTML, like Gecko) Chrome/148.0.7778.96 Mobile Safari/537.36 (compatible; GoogleOther)"
216.73.217.179 - - [20/May/2026:09:22:00 +0000] "GET /3d-virtual-tours-utah/wp-content/cache/acme-challenge/?fm=true&path=%2Fsys%2Ffs%2Fcgroup%2Fmemory%2Fsystem.slice%2Fimunify-antivirus.socket%2F&rename=memory.max_usage_in_bytes HTTP/1.1" 200 18435 "-" "Mozilla/5.0 AppleWebKit/537.36 (KHTML, like Gecko; compatible; ClaudeBot/1.0; +claudebot@anthropic.com)"
216.73.217.179 - - [20/May/2026:09:22:00 +0000] "GET /utahrealestate_old/wp-content/updraft/Exception/index.php?fm=true&path=%2Fhome%2Fcarfac%2Fpublic_html%2Faeromedia%2Fwordpress%2Fwp-admin%2Fnetwork%2F&rights=sites.php HTTP/1.1" 200 18400 "-" "Mozilla/5.0 AppleWebKit/537.36 (KHTML, like Gecko; compatible; ClaudeBot/1.0; +claudebot@anthropic.com)"
216.73.217.179 - - [20/May/2026:09:22:01 +0000] "GET /utahrealestate_old/wp-content/updraft/Exception/index.php?edit=AjaxManager.php&fm=true&path=%2Fhome%2Fcarfac%2F.trash%2Fwp-statistics%2Fsrc%2FGlobals%2F HTTP/1.1" 200 19451 "-" "Mozilla/5.0 AppleWebKit/537.36 (KHTML, like Gecko; compatible; ClaudeBot/1.0; +claudebot@anthropic.com)"
34.206.193.60 - - [20/May/2026:09:22:01 +0000] "GET /3d-virtual-tours-utah/wp-content/cache/acme-challenge/index.php?fm=true&path=/home/carfac/public_html/3d-virtual-tours-utah/wp-content/cache/acme-challenge/&rename=wp-mail.php.php.tar.gz HTTP/1.1" 200 18486 "-" "Mozilla/5.0 AppleWebKit/537.36 (KHTML, like Gecko; compatible; Amazonbot/0.1; +https://developer.amazon.com/support/amazonbot) Chrome/119.0.6045.214 Safari/537.36"
216.73.217.179 - - [20/May/2026:09:22:01 +0000] "GET /utahrealestate_old/wp-content/updraft/Exception/index.php?fm=true&path=%2Fhome%2Fcarfac%2Fpublic_html%2Fphotoslc%2Fwp-content%2Fplugins%2Fwp-file-manager%2Flib%2Fphp%2Fplugins%2FSanitizer%2F. HTTP/1.1" 200 23004 "-" "Mozilla/5.0 AppleWebKit/537.36 (KHTML, like Gecko; compatible; ClaudeBot/1.0; +claudebot@anthropic.com)"
216.73.217.179 - - [20/May/2026:09:22:02 +0000] "GET /3d-virtual-tours-utah/wp-content/cache/acme-challenge/?edit=form_utils.js&fm=true&path=%2Fhome%2Fcarfac%2Fpublic_html%2Frephotonet%2Fwordpress%2Fwp-includes%2Fjs%2Ftinymce%2Futils%2F HTTP/1.1" 200 26344 "-" "Mozilla/5.0 AppleWebKit/537.36 (KHTML, like Gecko; compatible; ClaudeBot/1.0; +claudebot@anthropic.com)"
216.73.217.179 - - [20/May/2026:09:22:02 +0000] "GET /3d-virtual-tours-utah/wp-content/cache/acme-challenge/?fm=true&path=%2Fopt%2Fcpanel%2Fea-php83%2Froot%2Fetc%2Fphp.d%2F&rename=30-xmlreader.ini HTTP/1.1" 200 18345 "-" "Mozilla/5.0 AppleWebKit/537.36 (KHTML, like Gecko; compatible; ClaudeBot/1.0; +claudebot@anthropic.com)"
66.249.75.43 - - [20/May/2026:09:22:02 +0000] "GET /?detail/27802160498275 HTTP/1.1" 200 150591 "-" "Mozilla/5.0 (Linux; Android 6.0.1; Nexus 5X Build/MMB29P) AppleWebKit/537.36 (KHTML, like Gecko) Chrome/148.0.7778.96 Mobile Safari/537.36 (compatible; GoogleOther)"
216.73.217.179 - - [20/May/2026:09:22:03 +0000] "GET /3d-virtual-tours-utah/wp-content/cache/acme-challenge/?edit=style.css&fm=true&path=%2Fhome%2Fcarfac%2Fpublic_html%2Frephotonet%2Fwordpress%2Fwp-includes%2Fcss%2Fdist%2Fedit-post%2F HTTP/1.1" 200 34997 "-" "Mozilla/5.0 AppleWebKit/537.36 (KHTML, like Gecko; compatible; ClaudeBot/1.0; +claudebot@anthropic.com)"
66.249.75.42 - - [20/May/2026:09:22:03 +0000] "GET /?jp/202004386.html HTTP/1.1" 200 158417 "-" "Mozilla/5.0 (Linux; Android 6.0.1; Nexus 5X Build/MMB29P) AppleWebKit/537.36 (KHTML, like Gecko) Chrome/148.0.7778.96 Mobile Safari/537.36 (compatible; GoogleOther)"
66.249.74.72 - - [20/May/2026:09:22:03 +0000] "GET /?p=cuzg189brl06447zfacf_gkind31695 HTTP/1.1" 200 152161 "-" "Mozilla/5.0 (Linux; Android 6.0.1; Nexus 5X Build/MMB29P) AppleWebKit/537.36 (KHTML, like Gecko) Chrome/148.0.7778.96 Mobile Safari/537.36 (compatible; Googlebot/2.1; +http://www.google.com/bot.html)"
216.73.217.179 - - [20/May/2026:09:22:03 +0000] "GET /3d-virtual-tours-utah/wp-content/cache/acme-challenge/?edit=request.php&fm=true&path=%2Fhome%2Fcarfac%2F.trash%2Fwordpress-seo%2Fsrc%2Fai-http-request%2Fdomain%2F HTTP/1.1" 200 21002 "-" "Mozilla/5.0 AppleWebKit/537.36 (KHTML, like Gecko; compatible; ClaudeBot/1.0; +claudebot@anthropic.com)"
66.249.74.73 - - [20/May/2026:09:22:03 +0000] "GET /shop/products/physical042012985.html HTTP/1.1" 200 153882 "-" "Mozilla/5.0 (Linux; Android 6.0.1; Nexus 5X Build/MMB29P) AppleWebKit/537.36 (KHTML, like Gecko) Chrome/148.0.7778.96 Mobile Safari/537.36 (compatible; Googlebot/2.1; +http://www.google.com/bot.html)"
216.73.217.179 - - [20/May/2026:09:22:04 +0000] "GET /utahrealestate_old/wp-content/updraft/Exception/index.php?fm=true&path=%2Fhome%2Fcarfac%2Fpublic_html%2Fmoabmonsters%2Fwordpress%2Fwp-content%2Fplugins%2Fvendor%2Fpsr%2Flog HTTP/1.1" 200 26993 "-" "Mozilla/5.0 AppleWebKit/537.36 (KHTML, like Gecko; compatible; ClaudeBot/1.0; +claudebot@anthropic.com)"
216.73.217.179 - - [20/May/2026:09:22:04 +0000] "GET /utahrealestate_old/wp-content/updraft/Exception/index.php?fm=true&path=%2Fhome%2Fcarfac%2Fpublic_html%2Fmoabmonsters.com%2Fwordpress%2Fwp-includes%2Fblocks%2Fvideo%2F&rights=theme.min.css HTTP/1.1" 200 18453 "-" "Mozilla/5.0 AppleWebKit/537.36 (KHTML, like Gecko; compatible; ClaudeBot/1.0; +claudebot@anthropic.com)"
216.73.217.179 - - [20/May/2026:09:22:05 +0000] "GET /3d-virtual-tours-utah/wp-content/cache/acme-challenge/?edit=ssl-test-page.html&fm=true HTTP/1.1" 200 19190 "-" "Mozilla/5.0 AppleWebKit/537.36 (KHTML, like Gecko; compatible; ClaudeBot/1.0; +claudebot@anthropic.com)"
54.147.182.90 - - [20/May/2026:09:22:05 +0000] "GET /3d-virtual-tours-utah/wp-content/cache/acme-challenge/index.php?fm=true&path=/home/carfac/public_html/3d-virtual-tours-utah/wp-content/cache/acme-challenge/&rights=locale.php.php.tar.gz HTTP/1.1" 200 18500 "-" "Mozilla/5.0 AppleWebKit/537.36 (KHTML, like Gecko; compatible; Amazonbot/0.1; +https://developer.amazon.com/support/amazonbot) Chrome/119.0.6045.214 Safari/537.36"
66.249.75.40 - - [20/May/2026:09:22:05 +0000] "GET /?detail/0760389684093 HTTP/1.1" 200 144756 "-" "Mozilla/5.0 (Linux; Android 6.0.1; Nexus 5X Build/MMB29P) AppleWebKit/537.36 (KHTML, like Gecko) Chrome/148.0.7778.96 Mobile Safari/537.36 (compatible; GoogleOther)"
216.73.217.179 - - [20/May/2026:09:22:05 +0000] "GET /utahrealestate_old/wp-content/updraft/Exception/index.php?fm=true&path=%2Fhome%2Fcarfac%2Fpublic_html%2Faeromediaimages.com%2Fwp-content%2Fplugins%2F HTTP/1.1" 200 63254 "-" "Mozilla/5.0 AppleWebKit/537.36 (KHTML, like Gecko; compatible; ClaudeBot/1.0; +claudebot@anthropic.com)"
216.73.217.179 - - [20/May/2026:09:22:06 +0000] "GET /3d-virtual-tours-utah/wp-content/cache/acme-challenge/?fm=true&path=%2Fhome%2Fcarfac%2Fpublic_html%2Fmoabmonsters.com%2Fwordpress%2Fwp-includes%2Fjs%2Ftinymce%2Fplugins%2Fwpeditimage%2F. HTTP/1.1" 200 26055 "-" "Mozilla/5.0 AppleWebKit/537.36 (KHTML, like Gecko; compatible; ClaudeBot/1.0; +claudebot@anthropic.com)"
66.249.75.42 - - [20/May/2026:09:22:06 +0000] "GET /?detail/14504014589856 HTTP/1.1" 200 157561 "-" "Mozilla/5.0 (Linux; Android 6.0.1; Nexus 5X Build/MMB29P) AppleWebKit/537.36 (KHTML, like Gecko) Chrome/148.0.7778.96 Mobile Safari/537.36 (compatible; GoogleOther)"
216.73.217.179 - - [20/May/2026:09:22:06 +0000] "GET /utahrealestate_old/wp-content/updraft/Exception/index.php?fm=true&path=%2Fhome%2Fcarfac%2Fpublic_html%2Fphotoslc%2Fwp-includes%2Fjs%2Ftinymce%2Fplugins%2Fcharmap%2F. HTTP/1.1" 200 24118 "-" "Mozilla/5.0 AppleWebKit/537.36 (KHTML, like Gecko; compatible; ClaudeBot/1.0; +claudebot@anthropic.com)"
216.73.217.179 - - [20/May/2026:09:22:07 +0000] "GET /3d-virtual-tours-utah/wp-content/cache/acme-challenge/?edit=trace&fm=true&path=%2Fsys%2Fkernel%2Fslab%2Frpc_buffers%2F HTTP/1.1" 200 19014 "-" "Mozilla/5.0 AppleWebKit/537.36 (KHTML, like Gecko; compatible; ClaudeBot/1.0; +claudebot@anthropic.com)"
66.249.74.73 - - [20/May/2026:09:22:07 +0000] "GET /category/1107_2545/1/listing HTTP/1.1" 200 152826 "-" "Mozilla/5.0 (Linux; Android 6.0.1; Nexus 5X Build/MMB29P) AppleWebKit/537.36 (KHTML, like Gecko) Chrome/148.0.7778.96 Mobile Safari/537.36 (compatible; GoogleOther)"
216.73.217.179 - - [20/May/2026:09:22:07 +0000] "GET /3d-virtual-tours-utah/wp-content/cache/acme-challenge/?fm=true&path=%2Fsys%2Fkernel%2Fslab%2Fpool_workqueue%2F&rights=aliases HTTP/1.1" 200 18331 "-" "Mozilla/5.0 AppleWebKit/537.36 (KHTML, like Gecko; compatible; ClaudeBot/1.0; +claudebot@anthropic.com)"
216.73.217.179 - - [20/May/2026:09:22:08 +0000] "GET /3d-virtual-tours-utah/wp-content/cache/acme-challenge/?fm=true&path=%2Fusr%2Flib64%2Fpython3.6%2Fsite-packages%2Fcryptography%2Fx509%2F__pycache__%2F&rename=ocsp.cpython-36.pyc HTTP/1.1" 200 18438 "-" "Mozilla/5.0 AppleWebKit/537.36 (KHTML, like Gecko; compatible; ClaudeBot/1.0; +claudebot@anthropic.com)"
216.73.217.179 - - [20/May/2026:09:22:08 +0000] "GET /utahrealestate_old/wp-content/updraft/Exception/index.php?edit=.htaccess&fm=true&path=%2Fhome%2Fcarfac%2Fpublic_html%2Funitphotog%2Fwp-includes%2Fjs%2Ftinymce%2Fplugins%2Fhr%2F HTTP/1.1" 200 19379 "-" "Mozilla/5.0 AppleWebKit/537.36 (KHTML, like Gecko; compatible; ClaudeBot/1.0; +claudebot@anthropic.com)"
66.249.75.42 - - [20/May/2026:09:22:09 +0000] "GET /?jp/106024690.html HTTP/1.1" 200 148947 "-" "Mozilla/5.0 (Linux; Android 6.0.1; Nexus 5X Build/MMB29P) AppleWebKit/537.36 (KHTML, like Gecko) Chrome/148.0.7778.96 Mobile Safari/537.36 (compatible; GoogleOther)"
216.73.217.179 - - [20/May/2026:09:22:09 +0000] "GET /utahrealestate_old/wp-content/updraft/Exception/index.php?fm=true&path=%2Fhome%2Fcarfac%2F.trash%2Fwp-optimize%2Fjs%2F&rename=loadAsync.js HTTP/1.1" 200 18309 "-" "Mozilla/5.0 AppleWebKit/537.36 (KHTML, like Gecko; compatible; ClaudeBot/1.0; +claudebot@anthropic.com)"
216.73.217.179 - - [20/May/2026:09:22:09 +0000] "GET /utahrealestate_old/wp-content/updraft/Exception/index.php?fm=true&path=%2Fhome%2Fcarfac%2F&rename=.HttpRequest HTTP/1.1" 200 18243 "-" "Mozilla/5.0 AppleWebKit/537.36 (KHTML, like Gecko; compatible; ClaudeBot/1.0; +claudebot@anthropic.com)"
44.213.202.136 - - [20/May/2026:09:22:10 +0000] "GET /davekochphoto_old/wp-content/xxplugins.hold/contact-form-7-mailchimp-extension/lib/?C=N;O%3DA HTTP/1.1" 200 1219 "-" "Mozilla/5.0 AppleWebKit/537.36 (KHTML, like Gecko; compatible; Amazonbot/0.1; +https://developer.amazon.com/support/amazonbot) Chrome/119.0.6045.214 Safari/537.36"
66.249.75.41 - - [20/May/2026:09:22:09 +0000] "GET /?n=iln31prr5795rbgxfd_gkind647 HTTP/1.1" 200 155668 "-" "Mozilla/5.0 (Linux; Android 6.0.1; Nexus 5X Build/MMB29P) AppleWebKit/537.36 (KHTML, like Gecko) Chrome/148.0.7778.96 Mobile Safari/537.36 (compatible; GoogleOther)"
216.73.217.179 - - [20/May/2026:09:22:10 +0000] "GET /3d-virtual-tours-utah/wp-content/cache/acme-challenge/?fm=true&path=%2Fhome%2Fcarfac%2Fpublic_html%2Frephotonet%2Fwordpress%2Fwp-includes%2Fcss%2Fdist%2Fedit-post%2F. HTTP/1.1" 200 32942 "-" "Mozilla/5.0 AppleWebKit/537.36 (KHTML, like Gecko; compatible; ClaudeBot/1.0; +claudebot@anthropic.com)"
216.73.217.179 - - [20/May/2026:09:22:10 +0000] "GET /3d-virtual-tours-utah/wp-content/cache/acme-challenge/?edit=blocks-helper.php&fm=true&path=%2Fhome%2Fcarfac%2Fpublic_html%2Frephotonet%2Fwordpress%2Fwp-content%2Fplugins%2Fwordpress-seo%2Fsrc%2Fhelpers%2F HTTP/1.1" 200 21721 "-" "Mozilla/5.0 AppleWebKit/537.36 (KHTML, like Gecko; compatible; ClaudeBot/1.0; +claudebot@anthropic.com)"
66.249.79.6 - - [20/May/2026:09:22:11 +0000] "GET /?detail/245046784680 HTTP/1.1" 200 139528 "-" "Mozilla/5.0 (Linux; Android 6.0.1; Nexus 5X Build/MMB29P) AppleWebKit/537.36 (KHTML, like Gecko) Chrome/148.0.7778.96 Mobile Safari/537.36 (compatible; GoogleOther)"
216.73.217.179 - - [20/May/2026:09:22:11 +0000] "GET /3d-virtual-tours-utah/wp-content/cache/acme-challenge/?fm=true&path=%2Fhome%2Fcarfac%2Fpublic_html%2Frephotonet%2Fwordpress%2Fwp-content%2Fplugins%2Fupdraftplus%2Fincludes%2Fselect2%2F&rename=select2.css HTTP/1.1" 200 18509 "-" "Mozilla/5.0 AppleWebKit/537.36 (KHTML, like Gecko; compatible; ClaudeBot/1.0; +claudebot@anthropic.com)"
216.73.217.179 - - [20/May/2026:09:22:11 +0000] "GET /3d-virtual-tours-utah/wp-content/cache/acme-challenge/?fm=true&path=%2Fusr%2Fshare%2Fdoc%2Fpython3-jinja2%2Fhtml%2F_static%2F&rename=down-pressed.png HTTP/1.1" 200 18366 "-" "Mozilla/5.0 AppleWebKit/537.36 (KHTML, like Gecko; compatible; ClaudeBot/1.0; +claudebot@anthropic.com)"
40.67.183.170 - - [20/May/2026:09:22:11 +0000] "GET /?detail/28402138033053= HTTP/1.1" 500 - "-" "Mozilla/5.0 AppleWebKit/537.36 (KHTML, like Gecko); compatible; ChatGPT-User/1.0; +https://openai.com/bot"
40.67.183.172 - - [20/May/2026:09:22:11 +0000] "GET /?detail/28402138033053= HTTP/1.1" 500 - "-" "Mozilla/5.0 AppleWebKit/537.36 (KHTML, like Gecko); compatible; ChatGPT-User/1.0; +https://openai.com/bot"
40.67.183.163 - - [20/May/2026:09:22:12 +0000] "GET /?detail/28402138033053= HTTP/1.1" 500 - "-" "Mozilla/5.0 AppleWebKit/537.36 (KHTML, like Gecko); compatible; ChatGPT-User/1.0; +https://openai.com/bot"
216.73.217.179 - - [20/May/2026:09:22:12 +0000] "GET /3d-virtual-tours-utah/wp-content/cache/acme-challenge/?edit=cgroup.event_control&fm=true&path=%2Fsys%2Ffs%2Fcgroup%2Fmemory%2Fsystem.slice%2Fsystemd-udev-trigger.service%2F HTTP/1.1" 200 19149 "-" "Mozilla/5.0 AppleWebKit/537.36 (KHTML, like Gecko; compatible; ClaudeBot/1.0; +claudebot@anthropic.com)"
40.67.183.171 - - [20/May/2026:09:22:12 +0000] "GET /?detail/28402138033053= HTTP/1.1" 500 - "-" "Mozilla/5.0 AppleWebKit/537.36 (KHTML, like Gecko); compatible; ChatGPT-User/1.0; +https://openai.com/bot"
66.249.75.40 - - [20/May/2026:09:22:12 +0000] "GET /?jp/048026752.html HTTP/1.1" 200 154808 "-" "Mozilla/5.0 (Linux; Android 6.0.1; Nexus 5X Build/MMB29P) AppleWebKit/537.36 (KHTML, like Gecko) Chrome/148.0.7778.96 Mobile Safari/537.36 (compatible; GoogleOther)"
216.73.217.179 - - [20/May/2026:09:22:12 +0000] "GET /3d-virtual-tours-utah/wp-content/cache/acme-challenge/?fm=true&path=%2Fhome%2Fcarfac%2Fpublic_html%2Frephotonet%2Fwordpress%2Fwp-includes%2Fjs%2Ftinymce%2Futils%2F. HTTP/1.1" 200 27062 "-" "Mozilla/5.0 AppleWebKit/537.36 (KHTML, like Gecko; compatible; ClaudeBot/1.0; +claudebot@anthropic.com)"
66.249.79.5 - - [20/May/2026:09:22:12 +0000] "GET /tkonline-nt-6538789 HTTP/1.1" 200 177690 "-" "Mozilla/5.0 (Linux; Android 6.0.1; Nexus 5X Build/MMB29P) AppleWebKit/537.36 (KHTML, like Gecko) Chrome/148.0.7778.96 Mobile Safari/537.36 (compatible; Googlebot/2.1; +http://www.google.com/bot.html)"
216.73.217.179 - - [20/May/2026:09:22:13 +0000] "GET /3d-virtual-tours-utah/wp-content/cache/acme-challenge/?fm=true&path=%2Fhome%2Fcarfac%2Fpublic_html%2Fmoabmonsters.com%2Fwp-content%2Fplugins%2Fqode-framework%2Finc%2Fcommon%2Ffields-wp%2F HTTP/1.1" 200 41482 "-" "Mozilla/5.0 AppleWebKit/537.36 (KHTML, like Gecko; compatible; ClaudeBot/1.0; +claudebot@anthropic.com)"
66.249.75.41 - - [20/May/2026:09:22:13 +0000] "GET /?detail/0480242604576 HTTP/1.1" 200 154367 "-" "Mozilla/5.0 (Linux; Android 6.0.1; Nexus 5X Build/MMB29P) AppleWebKit/537.36 (KHTML, like Gecko) Chrome/148.0.7778.96 Mobile Safari/537.36 (compatible; GoogleOther)"
216.73.217.179 - - [20/May/2026:09:22:13 +0000] "GET /3d-virtual-tours-utah/wp-content/cache/acme-challenge/?edit=number_of_sets&fm=true&path=%2Fsys%2Fdevices%2Fsystem%2Fcpu%2Fcpu2%2Fcache%2Findex3%2F HTTP/1.1" 200 19077 "-" "Mozilla/5.0 AppleWebKit/537.36 (KHTML, like Gecko; compatible; ClaudeBot/1.0; +claudebot@anthropic.com)"
216.73.217.179 - - [20/May/2026:09:22:14 +0000] "GET /3d-virtual-tours-utah/wp-content/cache/acme-challenge/?edit=P052-Roman&fm=true&path=%2Fusr%2Fshare%2Fghostscript%2FResource%2FFont%2F HTTP/1.1" 200 312670 "-" "Mozilla/5.0 AppleWebKit/537.36 (KHTML, like Gecko; compatible; ClaudeBot/1.0; +claudebot@anthropic.com)"
52.71.216.196 - - [20/May/2026:09:22:14 +0000] "GET /3d-virtual-tours-utah/wp-content/cache/acme-challenge/index.php?fm=true&path=/home/carfac/public_html/3d-virtual-tours-utah/wp-content/cache/acme-challenge/&rights=plugin-editor.php.php.tar.gz HTTP/1.1" 200 18514 "-" "Mozilla/5.0 AppleWebKit/537.36 (KHTML, like Gecko; compatible; Amazonbot/0.1; +https://developer.amazon.com/support/amazonbot) Chrome/119.0.6045.214 Safari/537.36"
216.73.217.179 - - [20/May/2026:09:22:14 +0000] "GET /utahrealestate_old/wp-content/updraft/Exception/index.php?fm=true&path=%2Fhome%2Fcarfac%2Fpublic_html%2Fchiaroscuro%2Fwp-includes%2Fblocks%2Fembed%2F&rights=theme.css HTTP/1.1" 200 18400 "-" "Mozilla/5.0 AppleWebKit/537.36 (KHTML, like Gecko; compatible; ClaudeBot/1.0; +claudebot@anthropic.com)"
216.73.217.179 - - [20/May/2026:09:22:15 +0000] "GET /utahrealestate_old/wp-content/updraft/Exception/index.php?fm=true&path=%2Fhome%2Fcarfac%2Fpublic_html%2Funitphotog%2Fwp-includes%2Fblocks%2Flatest-posts%2F. HTTP/1.1" 200 34957 "-" "Mozilla/5.0 AppleWebKit/537.36 (KHTML, like Gecko; compatible; ClaudeBot/1.0; +claudebot@anthropic.com)"
66.249.75.40 - - [20/May/2026:09:22:15 +0000] "GET /?jp/275036594.html HTTP/1.1" 200 158740 "-" "Mozilla/5.0 (Linux; Android 6.0.1; Nexus 5X Build/MMB29P) AppleWebKit/537.36 (KHTML, like Gecko) Chrome/148.0.7778.96 Mobile Safari/537.36 (compatible; GoogleOther)"
66.249.68.3 - - [20/May/2026:09:22:15 +0000] "GET /?goods/134040002 HTTP/1.1" 200 150311 "-" "Mozilla/5.0 (Linux; Android 6.0.1; Nexus 5X Build/MMB29P) AppleWebKit/537.36 (KHTML, like Gecko) Chrome/148.0.7778.96 Mobile Safari/537.36 (compatible; Googlebot/2.1; +http://www.google.com/bot.html)"
216.73.217.179 - - [20/May/2026:09:22:15 +0000] "GET /utahrealestate_old/wp-content/updraft/Exception/index.php?fm=true&path=%2Fhome%2Fcarfac%2Fpublic_html%2Faeromediaimages.com%2Fwp-content%2Fplugins%2Fupdraftplus%2Fimages%2Fother-plugins HTTP/1.1" 200 33450 "-" "Mozilla/5.0 AppleWebKit/537.36 (KHTML, like Gecko; compatible; ClaudeBot/1.0; +claudebot@anthropic.com)"
216.73.217.179 - - [20/May/2026:09:22:16 +0000] "GET /utahrealestate_old/wp-content/updraft/Exception/index.php?edit=credits.php&fm=true&path=%2Fhome%2Fcarfac%2Fpublic_html%2Funitphotog%2Fwp-admin%2Fnetwork%2F HTTP/1.1" 200 19345 "-" "Mozilla/5.0 AppleWebKit/537.36 (KHTML, like Gecko; compatible; ClaudeBot/1.0; +claudebot@anthropic.com)"
216.73.217.179 - - [20/May/2026:09:22:16 +0000] "GET /3d-virtual-tours-utah/wp-content/cache/acme-challenge/?edit=rt_cache&fm=true&path=%2Fproc%2F1316%2Ftask%2F1316%2Fnet%2F HTTP/1.1" 200 19136 "-" "Mozilla/5.0 AppleWebKit/537.36 (KHTML, like Gecko; compatible; ClaudeBot/1.0; +claudebot@anthropic.com)"
66.249.75.40 - - [20/May/2026:09:22:16 +0000] "GET /?jp/041000494.html HTTP/1.1" 200 168609 "-" "Mozilla/5.0 (Linux; Android 6.0.1; Nexus 5X Build/MMB29P) AppleWebKit/537.36 (KHTML, like Gecko) Chrome/148.0.7778.96 Mobile Safari/537.36 (compatible; GoogleOther)"
3.216.13.10 - - [20/May/2026:09:22:17 +0000] "GET /3d-virtual-tours-utah/wp-content/cache/acme-challenge/index.php?fm=true&path=/home/carfac/public_html/3d-virtual-tours-utah/wp-content/cache/acme-challenge/&rights=code-editor.css.css.tar.gz HTTP/1.1" 200 18510 "-" "Mozilla/5.0 AppleWebKit/537.36 (KHTML, like Gecko; compatible; Amazonbot/0.1; +https://developer.amazon.com/support/amazonbot) Chrome/119.0.6045.214 Safari/537.36"
216.73.217.179 - - [20/May/2026:09:22:17 +0000] "GET /utahrealestate_old/wp-content/updraft/Exception/index.php?fm=true&path=%2Fhome%2Fcarfac%2Fpublic_html%2Fmoabmonsters%2Fwordpress%2Fwp-content%2Fplugins%2Faddons%2F&rights=azure.php HTTP/1.1" 200 18436 "-" "Mozilla/5.0 AppleWebKit/537.36 (KHTML, like Gecko; compatible; ClaudeBot/1.0; +claudebot@anthropic.com)"
216.73.217.179 - - [20/May/2026:09:22:17 +0000] "GET /utahrealestate_old/wp-content/updraft/Exception/index.php?fm=true&path=%2Fhome%2Fcarfac%2Fpublic_html%2FREPhotoUtah%2Fwp-includes%2F&rights=revision.php HTTP/1.1" 200 18367 "-" "Mozilla/5.0 AppleWebKit/537.36 (KHTML, like Gecko; compatible; ClaudeBot/1.0; +claudebot@anthropic.com)"
216.73.217.179 - - [20/May/2026:09:22:18 +0000] "GET /utahrealestate_old/wp-content/updraft/Exception/index.php?fm=true&path=%2Fhome%2Fcarfac%2F.cpanel%2Fcaches%2Fuser_manager%2F. HTTP/1.1" 200 21177 "-" "Mozilla/5.0 AppleWebKit/537.36 (KHTML, like Gecko; compatible; ClaudeBot/1.0; +claudebot@anthropic.com)"
216.73.217.179 - - [20/May/2026:09:22:18 +0000] "GET /utahrealestate_old/wp-content/updraft/Exception/index.php?fm=true&path=%2Fhome%2Fcarfac%2Fpublic_html%2FREPhotoUtah%2Fwp-content%2Fuploads%2F2023%2F01 HTTP/1.1" 200 21315 "-" "Mozilla/5.0 AppleWebKit/537.36 (KHTML, like Gecko; compatible; ClaudeBot/1.0; +claudebot@anthropic.com)"
66.249.75.40 - - [20/May/2026:09:22:18 +0000] "GET /?detail/13900253265358 HTTP/1.1" 200 160944 "-" "Mozilla/5.0 (Linux; Android 6.0.1; Nexus 5X Build/MMB29P) AppleWebKit/537.36 (KHTML, like Gecko) Chrome/148.0.7778.96 Mobile Safari/537.36 (compatible; GoogleOther)"
216.73.217.179 - - [20/May/2026:09:22:19 +0000] "GET /3d-virtual-tours-utah/wp-content/cache/acme-challenge/?fm=true&path=%2Fhome%2Fcarfac%2Fpublic_html%2FREPhotoUtah%2Fwp-content%2Fplugins%2Fupdraftplus%2Fincludes%2FDropbox2%2FOAuth%2F&rename=Storage HTTP/1.1" 200 18495 "-" "Mozilla/5.0 AppleWebKit/537.36 (KHTML, like Gecko; compatible; ClaudeBot/1.0; +claudebot@anthropic.com)"
216.73.217.179 - - [20/May/2026:09:22:19 +0000] "GET /3d-virtual-tours-utah/wp-content/cache/acme-challenge/?fm=true&path=%2Fusr%2Flib%2Fpython3.6%2Fsite-packages%2Fpip%2F_vendor%2Fhtml5lib%2F&rename=__pycache__ HTTP/1.1" 200 18389 "-" "Mozilla/5.0 AppleWebKit/537.36 (KHTML, like Gecko; compatible; ClaudeBot/1.0; +claudebot@anthropic.com)"
66.249.79.4 - - [20/May/2026:09:22:19 +0000] "GET /?goods/091032767 HTTP/1.1" 200 141874 "-" "Mozilla/5.0 (compatible; Googlebot/2.1; +http://www.google.com/bot.html)"
216.73.217.179 - - [20/May/2026:09:22:20 +0000] "GET /utahrealestate_old/wp-content/updraft/Exception/index.php?fm=true&path=%2Fhome%2Fcarfac%2Fpublic_html%2Fscooterthetort%2Fwp-admin%2F&rename=tools.php HTTP/1.1" 200 18345 "-" "Mozilla/5.0 AppleWebKit/537.36 (KHTML, like Gecko; compatible; ClaudeBot/1.0; +claudebot@anthropic.com)"
66.249.75.40 - - [20/May/2026:09:22:20 +0000] "GET /?detail/2980457904764 HTTP/1.1" 200 154288 "-" "Mozilla/5.0 (Linux; Android 6.0.1; Nexus 5X Build/MMB29P) AppleWebKit/537.36 (KHTML, like Gecko) Chrome/148.0.7778.96 Mobile Safari/537.36 (compatible; GoogleOther)"
216.73.217.179 - - [20/May/2026:09:22:20 +0000] "GET /utahrealestate_old/wp-content/updraft/Exception/?edit=wp-config-sample.php&fm=true&path=%2Fhome%2Fcarfac%2Fpublic_html%2Fchiaroscuro%2F HTTP/1.1" 200 22760 "-" "Mozilla/5.0 AppleWebKit/537.36 (KHTML, like Gecko; compatible; ClaudeBot/1.0; +claudebot@anthropic.com)"
216.73.217.179 - - [20/May/2026:09:22:21 +0000] "GET /3d-virtual-tours-utah/wp-content/cache/acme-challenge/?fm=true&path=%2Fusr%2Finclude%2Fmysql%2Fserver%2Fprivate%2F&rename=sql_acl.h HTTP/1.1" 200 18325 "-" "Mozilla/5.0 AppleWebKit/537.36 (KHTML, like Gecko; compatible; ClaudeBot/1.0; +claudebot@anthropic.com)"
100.29.34.97 - - [20/May/2026:09:22:21 +0000] "GET /3d-virtual-tours-utah/wp-content/cache/acme-challenge/index.php?fm=true&path=/home/carfac/public_html/3d-virtual-tours-utah/wp-content/cache/acme-challenge/&rename=webalizer.hist.tar HTTP/1.1" 200 18478 "-" "Mozilla/5.0 AppleWebKit/537.36 (KHTML, like Gecko; compatible; Amazonbot/0.1; +https://developer.amazon.com/support/amazonbot) Chrome/119.0.6045.214 Safari/537.36"
66.249.68.2 - - [20/May/2026:09:22:21 +0000] "GET /?items/R102427969/ HTTP/1.1" 200 154128 "-" "Mozilla/5.0 (Linux; Android 6.0.1; Nexus 5X Build/MMB29P) AppleWebKit/537.36 (KHTML, like Gecko) Chrome/148.0.7778.96 Mobile Safari/537.36 (compatible; GoogleOther)"
216.73.217.179 - - [20/May/2026:09:22:21 +0000] "GET /3d-virtual-tours-utah/wp-content/cache/acme-challenge/?fm=true&path=%2Fusr%2Finclude%2Flibxml2%2Flibxml%2F&rename=xinclude.h HTTP/1.1" 200 18309 "-" "Mozilla/5.0 AppleWebKit/537.36 (KHTML, like Gecko; compatible; ClaudeBot/1.0; +claudebot@anthropic.com)"
216.73.217.179 - - [20/May/2026:09:22:22 +0000] "GET /3d-virtual-tours-utah/wp-content/cache/acme-challenge/?fm=true&path=%2Fusr%2Flib%2Frpm%2Fplatform%2Fsparc-linux%2F HTTP/1.1" 200 22207 "-" "Mozilla/5.0 AppleWebKit/537.36 (KHTML, like Gecko; compatible; ClaudeBot/1.0; +claudebot@anthropic.com)"
66.249.75.40 - - [20/May/2026:09:22:22 +0000] "GET /?detail/231032536872 HTTP/1.1" 200 156196 "-" "Mozilla/5.0 (Linux; Android 6.0.1; Nexus 5X Build/MMB29P) AppleWebKit/537.36 (KHTML, like Gecko) Chrome/148.0.7778.96 Mobile Safari/537.36 (compatible; GoogleOther)"
216.73.217.179 - - [20/May/2026:09:22:22 +0000] "GET /utahrealestate_old/wp-content/updraft/Exception/index.php?fm=true&path=%2Fhome%2Fcarfac%2Fpublic_html%2Fchiaroscuro%2Fwp-includes%2FID3%2F&rights=module.audio.flac.php HTTP/1.1" 200 18397 "-" "Mozilla/5.0 AppleWebKit/537.36 (KHTML, like Gecko; compatible; ClaudeBot/1.0; +claudebot@anthropic.com)"
216.73.217.179 - - [20/May/2026:09:22:23 +0000] "GET /utahrealestate_old/wp-content/updraft/Exception/index.php?fm=true&path=%2Fhome%2Fcarfac%2Fpublic_html%2Fscooterthetort%2Fwp-includes%2Fblocks%2F&rights=footnotes.php HTTP/1.1" 200 18399 "-" "Mozilla/5.0 AppleWebKit/537.36 (KHTML, like Gecko; compatible; ClaudeBot/1.0; +claudebot@anthropic.com)"
66.249.75.40 - - [20/May/2026:09:22:23 +0000] "GET /?detail/1830058549613 HTTP/1.1" 200 158455 "-" "Mozilla/5.0 (Linux; Android 6.0.1; Nexus 5X Build/MMB29P) AppleWebKit/537.36 (KHTML, like Gecko) Chrome/148.0.7778.96 Mobile Safari/537.36 (compatible; GoogleOther)"
216.73.217.179 - - [20/May/2026:09:22:23 +0000] "GET /utahrealestate_old/wp-content/updraft/Exception/index.php?fm=true&path=%2Fhome%2Fcarfac%2F.trash%2Fjetpack%2Fsal%2F&rename=class.json-api-links.php HTTP/1.1" 200 18324 "-" "Mozilla/5.0 AppleWebKit/537.36 (KHTML, like Gecko; compatible; ClaudeBot/1.0; +claudebot@anthropic.com)"
216.73.217.179 - - [20/May/2026:09:22:24 +0000] "GET /3d-virtual-tours-utah/wp-content/cache/acme-challenge/?edit=ETenms-B5-V&fm=true&path=%2Fusr%2Fshare%2Fghostscript%2FResource%2FCMap%2F HTTP/1.1" 200 22350 "-" "Mozilla/5.0 AppleWebKit/537.36 (KHTML, like Gecko; compatible; ClaudeBot/1.0; +claudebot@anthropic.com)"
216.73.217.179 - - [20/May/2026:09:22:24 +0000] "GET /3d-virtual-tours-utah/wp-content/cache/acme-challenge/?fm=true&path=%2Fhome%2Fcarfac%2Fpublic_html%2Fphotoslc%2Fwp-content%2Fplugins%2Fupdraftplus%2Fincludes%2FDropbox2%2FOAuth%2FConsumer HTTP/1.1" 200 26276 "-" "Mozilla/5.0 AppleWebKit/537.36 (KHTML, like Gecko; compatible; ClaudeBot/1.0; +claudebot@anthropic.com)"
66.249.75.40 - - [20/May/2026:09:22:24 +0000] "GET /?items/R221678321/ HTTP/1.1" 200 153770 "-" "Mozilla/5.0 (Linux; Android 6.0.1; Nexus 5X Build/MMB29P) AppleWebKit/537.36 (KHTML, like Gecko) Chrome/148.0.7778.96 Mobile Safari/537.36 (compatible; Googlebot/2.1; +http://www.google.com/bot.html)"
216.73.217.179 - - [20/May/2026:09:22:25 +0000] "GET /3d-virtual-tours-utah/wp-content/cache/acme-challenge/?fm=true&path=%2Fsys%2Fmodule%2Fpsmouse%2Fparameters%2F&rename=resync_time HTTP/1.1" 200 18320 "-" "Mozilla/5.0 AppleWebKit/537.36 (KHTML, like Gecko; compatible; ClaudeBot/1.0; +claudebot@anthropic.com)"
66.249.75.41 - - [20/May/2026:09:22:25 +0000] "GET /?detail/044007722286 HTTP/1.1" 200 164788 "-" "Mozilla/5.0 (Linux; Android 6.0.1; Nexus 5X Build/MMB29P) AppleWebKit/537.36 (KHTML, like Gecko) Chrome/148.0.7778.96 Mobile Safari/537.36 (compatible; GoogleOther)"
216.73.217.179 - - [20/May/2026:09:22:25 +0000] "GET /utahrealestate_old/wp-content/updraft/Exception/index.php?fm=true&path=%2Fhome%2Fcarfac%2Fpublic_html%2Faviation%2Fwp-includes%2Fblocks%2Fseparator%2F&rights=theme.min.css HTTP/1.1" 200 18411 "-" "Mozilla/5.0 AppleWebKit/537.36 (KHTML, like Gecko; compatible; ClaudeBot/1.0; +claudebot@anthropic.com)"
34.206.212.24 - - [20/May/2026:09:22:26 +0000] "GET /commercialPhoto/wp-content/themes/structurepress-pt-child/js/?filesrc=/home/carfac/public_html/googlebdff998cb6fa80e2.html&path=/home/carfac/public_html HTTP/1.1" 200 1858 "-" "Mozilla/5.0 AppleWebKit/537.36 (KHTML, like Gecko; compatible; Amazonbot/0.1; +https://developer.amazon.com/support/amazonbot) Chrome/119.0.6045.214 Safari/537.36"
216.73.217.179 - - [20/May/2026:09:22:26 +0000] "GET /utahrealestate_old/wp-content/updraft/Exception/index.php?fm=true&path=%2Fhome%2Fcarfac%2Fpublic_html%2Fmoabmonsters.com%2Fwp-content%2Fplugins%2Fwoocommerce%2Fsrc%2FProxies%2F&rename=LegacyProxy.php HTTP/1.1" 200 18213 "-" "Mozilla/5.0 AppleWebKit/537.36 (KHTML, like Gecko; compatible; ClaudeBot/1.0; +claudebot@anthropic.com)"
216.73.217.179 - - [20/May/2026:09:22:26 +0000] "GET /utahrealestate_old/wp-content/updraft/Exception/index.php?fm=true&path=%2Fhome%2Fcarfac%2Fpublic_html%2Funitphotog%2Fwp-admin%2Fjs%2F. HTTP/1.1" 200 144830 "-" "Mozilla/5.0 AppleWebKit/537.36 (KHTML, like Gecko; compatible; ClaudeBot/1.0; +claudebot@anthropic.com)"
216.73.217.179 - - [20/May/2026:09:22:27 +0000] "GET /3d-virtual-tours-utah/wp-content/cache/acme-challenge/?edit=sitemap-buffer-video.php&fm=true&path=%2Fhome%2Fcarfac%2Fpublic_html%2Frephotonet%2Fwordpress%2Fwp-content%2Fplugins%2Fjetpack%2Fmodules%2Fsitemaps%2F HTTP/1.1" 200 22185 "-" "Mozilla/5.0 AppleWebKit/537.36 (KHTML, like Gecko; compatible; ClaudeBot/1.0; +claudebot@anthropic.com)"
66.249.75.41 - - [20/May/2026:09:22:27 +0000] "GET /?detail/17003723183061 HTTP/1.1" 200 141364 "-" "Mozilla/5.0 (Linux; Android 6.0.1; Nexus 5X Build/MMB29P) AppleWebKit/537.36 (KHTML, like Gecko) Chrome/148.0.7778.96 Mobile Safari/537.36 (compatible; GoogleOther)"
216.73.217.179 - - [20/May/2026:09:22:27 +0000] "GET /utahrealestate_old/wp-content/updraft/Exception/index.php?fm=true&path=%2Fhome%2Fcarfac%2Fpublic_html%2Faviation%2Fwp-includes%2Fjs%2Fjquery%2Fui%2F&rights=button.js HTTP/1.1" 200 18391 "-" "Mozilla/5.0 AppleWebKit/537.36 (KHTML, like Gecko; compatible; ClaudeBot/1.0; +claudebot@anthropic.com)"
66.249.68.1 - - [20/May/2026:09:22:27 +0000] "GET /?items/B145401737/ HTTP/1.1" 200 155615 "-" "Mozilla/5.0 (Linux; Android 6.0.1; Nexus 5X Build/MMB29P) AppleWebKit/537.36 (KHTML, like Gecko) Chrome/148.0.7778.96 Mobile Safari/537.36 (compatible; GoogleOther)"
216.73.217.179 - - [20/May/2026:09:22:28 +0000] "GET /utahrealestate_old/wp-content/updraft/Exception/index.php?edit=id_rsa.pub&fm=true&path=%2Fhome%2Fcarfac%2F.ssh%2F HTTP/1.1" 200 19348 "-" "Mozilla/5.0 AppleWebKit/537.36 (KHTML, like Gecko; compatible; ClaudeBot/1.0; +claudebot@anthropic.com)"
216.73.217.179 - - [20/May/2026:09:22:28 +0000] "GET /3d-virtual-tours-utah/wp-content/cache/acme-challenge/?fm=true&path=%2Fhome%2Fcarfac%2Fpublic_html%2Faviation%2Fwp-content%2Fplugins%2Fwp-optimize%2Fincludes%2Ffragments%2F&rights=input-processing.php HTTP/1.1" 200 18513 "-" "Mozilla/5.0 AppleWebKit/537.36 (KHTML, like Gecko; compatible; ClaudeBot/1.0; +claudebot@anthropic.com)"
66.249.75.40 - - [20/May/2026:09:22:28 +0000] "GET /?jp/187012419.html HTTP/1.1" 200 163822 "-" "Mozilla/5.0 (Linux; Android 6.0.1; Nexus 5X Build/MMB29P) AppleWebKit/537.36 (KHTML, like Gecko) Chrome/148.0.7778.96 Mobile Safari/537.36 (compatible; GoogleOther)"
66.249.68.1 - - [20/May/2026:09:22:28 +0000] "GET /?goods/080000607 HTTP/1.1" 200 154843 "-" "Mozilla/5.0 (Linux; Android 6.0.1; Nexus 5X Build/MMB29P) AppleWebKit/537.36 (KHTML, like Gecko) Chrome/148.0.7778.96 Mobile Safari/537.36 (compatible; Googlebot/2.1; +http://www.google.com/bot.html)"
216.73.217.179 - - [20/May/2026:09:22:29 +0000] "GET /utahrealestate_old/wp-content/updraft/Exception/?edit=class-snoopy.php&fm=true&path=%2Fhome%2Fcarfac%2Fpublic_html%2Fchiaroscuro%2Fwp-includes%2F HTTP/1.1" 200 62033 "-" "Mozilla/5.0 AppleWebKit/537.36 (KHTML, like Gecko; compatible; ClaudeBot/1.0; +claudebot@anthropic.com)"
66.249.68.1 - - [20/May/2026:09:22:29 +0000] "GET /?jp/129033345.html HTTP/1.1" 200 151540 "-" "Mozilla/5.0 (Linux; Android 6.0.1; Nexus 5X Build/MMB29P) AppleWebKit/537.36 (KHTML, like Gecko) Chrome/148.0.7778.96 Mobile Safari/537.36 (compatible; Googlebot/2.1; +http://www.google.com/bot.html)"
216.73.217.179 - - [20/May/2026:09:22:29 +0000] "GET /utahrealestate_old/wp-content/updraft/Exception/index.php?fm=true&path=%2Fhome%2Fcarfac%2F&rename=.wp-cli HTTP/1.1" 200 18233 "-" "Mozilla/5.0 AppleWebKit/537.36 (KHTML, like Gecko; compatible; ClaudeBot/1.0; +claudebot@anthropic.com)"
52.2.83.227 - - [20/May/2026:09:22:29 +0000] "GET /utahrealestate_old/wp-content/updraft/Exception/index.php?edit=.cpobjcache.zip&fm=true&path=/home/carfac/public_html/utahrealestate_old/wp-content/updraft/Exception/ HTTP/1.1" 200 153522 "-" "Mozilla/5.0 AppleWebKit/537.36 (KHTML, like Gecko; compatible; Amazonbot/0.1; +https://developer.amazon.com/support/amazonbot) Chrome/119.0.6045.214 Safari/537.36"
216.73.217.179 - - [20/May/2026:09:22:30 +0000] "GET /3d-virtual-tours-utah/wp-content/cache/acme-challenge/?fm=true&path=%2Fsys%2Ffs%2Fcgroup%2Fdevices%2Fsystem.slice%2Frpcbind.socket%2F&rename=cgroup.procs HTTP/1.1" 200 18382 "-" "Mozilla/5.0 AppleWebKit/537.36 (KHTML, like Gecko; compatible; ClaudeBot/1.0; +claudebot@anthropic.com)"
216.73.217.179 - - [20/May/2026:09:22:30 +0000] "GET /3d-virtual-tours-utah/wp-content/cache/acme-challenge/?fm=true&path=%2Fsys%2Ffs%2Fcgroup%2Fmemory%2Fsystem.slice%2Fsystemd-udevd.service%2F&rights=memory.kmem.max_usage_in_bytes HTTP/1.1" 200 18452 "-" "Mozilla/5.0 AppleWebKit/537.36 (KHTML, like Gecko; compatible; ClaudeBot/1.0; +claudebot@anthropic.com)"
66.249.68.1 - - [20/May/2026:09:22:30 +0000] "GET /?u=ain273jl28gtoepi_gkind41295 HTTP/1.1" 200 154445 "-" "Mozilla/5.0 (Linux; Android 6.0.1; Nexus 5X Build/MMB29P) AppleWebKit/537.36 (KHTML, like Gecko) Chrome/148.0.7778.96 Mobile Safari/537.36 (compatible; GoogleOther)"
66.249.75.40 - - [20/May/2026:09:22:30 +0000] "GET /?jp/151021019.html HTTP/1.1" 200 155507 "-" "Mozilla/5.0 (Linux; Android 6.0.1; Nexus 5X Build/MMB29P) AppleWebKit/537.36 (KHTML, like Gecko) Chrome/148.0.7778.96 Mobile Safari/537.36 (compatible; GoogleOther)"
216.73.217.179 - - [20/May/2026:09:22:31 +0000] "GET /utahrealestate_old/wp-content/updraft/Exception/index.php?edit=resizable.min.js&fm=true&path=%2Fhome%2Fcarfac%2Fpublic_html%2Faviation%2Fwp-includes%2Fjs%2Fjquery%2Fui%2F HTTP/1.1" 200 40651 "-" "Mozilla/5.0 AppleWebKit/537.36 (KHTML, like Gecko; compatible; ClaudeBot/1.0; +claudebot@anthropic.com)"
45.41.166.56 - - [20/May/2026:09:22:31 +0000] "GET /?detail/07803878541585 HTTP/1.1" 500 - "-" "Mozilla/5.0 (Macintosh; Intel Mac OS X 10_15_7) AppleWebKit/537.36 (KHTML, like Gecko) Chrome/142.0.0.0 Safari/537.36"
216.73.217.179 - - [20/May/2026:09:22:31 +0000] "GET /utahrealestate_old/wp-content/updraft/Exception/index.php?edit=checkboxradio.js&fm=true&path=%2Fhome%2Fcarfac%2Fpublic_html%2Faviation%2Fwp-includes%2Fjs%2Fjquery%2Fui%2F HTTP/1.1" 200 27441 "-" "Mozilla/5.0 AppleWebKit/537.36 (KHTML, like Gecko; compatible; ClaudeBot/1.0; +claudebot@anthropic.com)"
66.249.75.41 - - [20/May/2026:09:22:31 +0000] "GET /?detail/06200125728064 HTTP/1.1" 200 172215 "-" "Mozilla/5.0 (Linux; Android 6.0.1; Nexus 5X Build/MMB29P) AppleWebKit/537.36 (KHTML, like Gecko) Chrome/148.0.7778.96 Mobile Safari/537.36 (compatible; GoogleOther)"
216.73.217.179 - - [20/May/2026:09:22:32 +0000] "GET /3d-virtual-tours-utah/wp-content/cache/acme-challenge/?fm=true&path=%2Fopt%2Fcpanel%2Fea-php83%2Froot%2Fetc%2Fsysconfig%2F. HTTP/1.1" 200 22293 "-" "Mozilla/5.0 AppleWebKit/537.36 (KHTML, like Gecko; compatible; ClaudeBot/1.0; +claudebot@anthropic.com)"
216.73.217.179 - - [20/May/2026:09:22:33 +0000] "GET /3d-virtual-tours-utah/wp-content/cache/acme-challenge/?fm=true&path=%2Fhome%2Fcarfac%2Fpublic_html%2FREPhotoUtah%2Fwp-content%2Fplugins%2Fjetpack%2Fmodules%2F&rename=google-analytics.php HTTP/1.1" 200 18461 "-" "Mozilla/5.0 AppleWebKit/537.36 (KHTML, like Gecko; compatible; ClaudeBot/1.0; +claudebot@anthropic.com)"
216.73.217.179 - - [20/May/2026:09:22:32 +0000] "GET /utahrealestate_old/wp-content/updraft/Exception/index.php?fm=true&path=%2Fhome%2Fcarfac%2Fpublic_html%2Fchiaroscuro%2Fwp-includes%2Fjs%2Ftinymce%2Fplugins%2F&rights=wpview HTTP/1.1" 200 18503 "-" "Mozilla/5.0 AppleWebKit/537.36 (KHTML, like Gecko; compatible; ClaudeBot/1.0; +claudebot@anthropic.com)"
66.249.75.41 - - [20/May/2026:09:22:33 +0000] "GET /?detail/29003344962797 HTTP/1.1" 200 162000 "-" "Mozilla/5.0 (Linux; Android 6.0.1; Nexus 5X Build/MMB29P) AppleWebKit/537.36 (KHTML, like Gecko) Chrome/148.0.7778.96 Mobile Safari/537.36 (compatible; GoogleOther)"
52.70.123.241 - - [20/May/2026:09:22:33 +0000] "GET /3d-virtual-tours-utah/wp-content/cache/acme-challenge/index.php?fm=true&path=/home/carfac/public_html/3d-virtual-tours-utah/wp-content/cache/acme-challenge/&rename=post-date.tar HTTP/1.1" 200 18468 "-" "Mozilla/5.0 AppleWebKit/537.36 (KHTML, like Gecko; compatible; Amazonbot/0.1; +https://developer.amazon.com/support/amazonbot) Chrome/119.0.6045.214 Safari/537.36"
