66.249.75.40 - - [20/May/2026:09:21:00 +0000] "GET /?detail/2950314454734 HTTP/1.1" 200 153618 "-" "Mozilla/5.0 (Linux; Android 6.0.1; Nexus 5X Build/MMB29P) AppleWebKit/537.36 (KHTML, like Gecko) Chrome/148.0.7778.96 Mobile Safari/537.36 (compatible; GoogleOther)"
216.73.217.179 - - [20/May/2026:09:21:00 +0000] "GET /utahrealestate_old/wp-content/updraft/Exception/index.php?edit=freedoms.php&fm=true&path=%2Fhome%2Fcarfac%2Fpublic_html%2Fscooterthetort%2Fwp-admin%2Fuser%2F HTTP/1.1" 200 19364 "-" "Mozilla/5.0 AppleWebKit/537.36 (KHTML, like Gecko; compatible; ClaudeBot/1.0; +claudebot@anthropic.com)"
216.73.217.179 - - [20/May/2026:09:21:01 +0000] "GET /3d-virtual-tours-utah/wp-content/cache/acme-challenge/?fm=true&path=%2Fhome%2Fcarfac%2Fpublic_html%2Faeromediaimages.com%2Fwp-content%2Fplugins%2Fwpforms-lite%2Fsrc%2FAdmin%2F&rights=FormEmbedWizard.php HTTP/1.1" 200 18520 "-" "Mozilla/5.0 AppleWebKit/537.36 (KHTML, like Gecko; compatible; ClaudeBot/1.0; +claudebot@anthropic.com)"
18.214.251.19 - - [20/May/2026:09:21:01 +0000] "GET /davekochphoto_old/wp-content/xxplugins.hold/jetpack/modules/google-analytics/classes/ HTTP/1.1" 200 870 "-" "Mozilla/5.0 AppleWebKit/537.36 (KHTML, like Gecko; compatible; Amazonbot/0.1; +https://developer.amazon.com/support/amazonbot) Chrome/119.0.6045.214 Safari/537.36"
216.73.217.179 - - [20/May/2026:09:21:01 +0000] "GET /3d-virtual-tours-utah/wp-content/cache/acme-challenge/?fm=true&path=%2Fusr%2Flib%2Fpython3.6%2Fsite-packages%2Fcloudinit%2Fnet%2Fnetops%2F&rename=iproute2.py HTTP/1.1" 200 18389 "-" "Mozilla/5.0 AppleWebKit/537.36 (KHTML, like Gecko; compatible; ClaudeBot/1.0; +claudebot@anthropic.com)"
216.73.217.179 - - [20/May/2026:09:21:02 +0000] "GET /3d-virtual-tours-utah/wp-content/cache/acme-challenge/?fm=true&path=%2Fsys%2Fkernel%2Fslab%2Fseq_file%2F&rights=objects HTTP/1.1" 200 18313 "-" "Mozilla/5.0 AppleWebKit/537.36 (KHTML, like Gecko; compatible; ClaudeBot/1.0; +claudebot@anthropic.com)"
216.73.217.179 - - [20/May/2026:09:21:02 +0000] "GET /3d-virtual-tours-utah/wp-content/cache/acme-challenge/?fm=true&path=%2Fsys%2Ffs%2Fcgroup%2Fsystemd%2Fsystem.slice%2Fdovecot.service HTTP/1.1" 200 26337 "-" "Mozilla/5.0 AppleWebKit/537.36 (KHTML, like Gecko; compatible; ClaudeBot/1.0; +claudebot@anthropic.com)"
216.73.217.179 - - [20/May/2026:09:21:03 +0000] "GET /utahrealestate_old/wp-content/updraft/Exception/index.php?fm=true&path=%2Fhome%2Fcarfac%2F.trash%2Fjetpack%2Fmodules%2F&rename=protect.php HTTP/1.1" 200 18310 "-" "Mozilla/5.0 AppleWebKit/537.36 (KHTML, like Gecko; compatible; ClaudeBot/1.0; +claudebot@anthropic.com)"
66.249.77.32 - - [20/May/2026:09:21:03 +0000] "GET /?e=gkq100ym69ibodpxzt_gkind43776 HTTP/1.1" 200 151373 "-" "Mozilla/5.0 (Linux; Android 6.0.1; Nexus 5X Build/MMB29P) AppleWebKit/537.36 (KHTML, like Gecko) Chrome/148.0.7778.96 Mobile Safari/537.36 (compatible; GoogleOther)"
216.73.217.179 - - [20/May/2026:09:21:03 +0000] "GET /3d-virtual-tours-utah/wp-content/cache/acme-challenge/?fm=true&path=%2Fusr%2Flib%2Fpython3.6%2Fsite-packages%2Fsepolgen%2F__pycache__%2F&rename=lex.cpython-36.pyc HTTP/1.1" 200 18403 "-" "Mozilla/5.0 AppleWebKit/537.36 (KHTML, like Gecko; compatible; ClaudeBot/1.0; +claudebot@anthropic.com)"
216.73.217.179 - - [20/May/2026:09:21:04 +0000] "GET /3d-virtual-tours-utah/wp-content/cache/acme-challenge/?edit=C059-Roman&fm=true&path=%2Fusr%2Fshare%2Fghostscript%2FResource%2FFont%2F HTTP/1.1" 200 284998 "-" "Mozilla/5.0 AppleWebKit/537.36 (KHTML, like Gecko; compatible; ClaudeBot/1.0; +claudebot@anthropic.com)"
66.249.75.41 - - [20/May/2026:09:21:03 +0000] "GET /?jp/149047233.html HTTP/1.1" 200 169775 "-" "Mozilla/5.0 (Linux; Android 6.0.1; Nexus 5X Build/MMB29P) AppleWebKit/537.36 (KHTML, like Gecko) Chrome/148.0.7778.96 Mobile Safari/537.36 (compatible; GoogleOther)"
216.73.217.179 - - [20/May/2026:09:21:04 +0000] "GET /utahrealestate_old/wp-content/updraft/Exception/index.php?fm=true&path=%2Fhome%2Fcarfac%2Fpublic_html%2Faviation%2Fwp-content%2Fcache%2Fasset-cleanup%2Fcss%2F. HTTP/1.1" 200 22598 "-" "Mozilla/5.0 AppleWebKit/537.36 (KHTML, like Gecko; compatible; ClaudeBot/1.0; +claudebot@anthropic.com)"
216.73.217.179 - - [20/May/2026:09:21:05 +0000] "GET /3d-virtual-tours-utah/wp-content/cache/acme-challenge/?edit=Crypto.php&fm=true&path=%2Fhome%2Fcarfac%2Fpublic_html%2Frephotonet%2Fwordpress%2Fwp-includes%2Fsodium_compat%2Fsrc%2F HTTP/1.1" 200 75369 "-" "Mozilla/5.0 AppleWebKit/537.36 (KHTML, like Gecko; compatible; ClaudeBot/1.0; +claudebot@anthropic.com)"
216.73.217.179 - - [20/May/2026:09:21:05 +0000] "GET /utahrealestate_old/wp-content/updraft/Exception/index.php?fm=true&path=%2Fhome%2Fcarfac%2Fpublic_html%2Faviation%2Fwp-includes%2FSimplePie%2Flibrary%2FSimplePie%2F&rights=Credit.php HTTP/1.1" 200 18438 "-" "Mozilla/5.0 AppleWebKit/537.36 (KHTML, like Gecko; compatible; ClaudeBot/1.0; +claudebot@anthropic.com)"
216.73.217.179 - - [20/May/2026:09:21:06 +0000] "GET /3d-virtual-tours-utah/wp-content/cache/acme-challenge/?fm=true&path=%2Fusr%2Finclude%2Fmysql%2Fserver%2Fprivate%2F&rename=sql_hset.h HTTP/1.1" 200 18327 "-" "Mozilla/5.0 AppleWebKit/537.36 (KHTML, like Gecko; compatible; ClaudeBot/1.0; +claudebot@anthropic.com)"
54.235.158.162 - - [20/May/2026:09:21:06 +0000] "GET /commercialPhoto/wp-content/themes/structurepress-pt-child/js/?path=/home/carfac/public_html/cgi-bin HTTP/1.1" 200 3675 "-" "Mozilla/5.0 AppleWebKit/537.36 (KHTML, like Gecko; compatible; Amazonbot/0.1; +https://developer.amazon.com/support/amazonbot) Chrome/119.0.6045.214 Safari/537.36"
216.73.217.179 - - [20/May/2026:09:21:06 +0000] "GET /3d-virtual-tours-utah/wp-content/cache/acme-challenge/?fm=true&path=%2Fhome%2Fcarfac%2Fpublic_html%2Frephotonet%2Fwordpress%2Fwp-content%2Fplugins%2Fjetpack%2Fmodules%2Fwordads%2Fphp%2F&rights=class-wordads-shortcode.php HTTP/1.1" 200 18554 "-" "Mozilla/5.0 AppleWebKit/537.36 (KHTML, like Gecko; compatible; ClaudeBot/1.0; +claudebot@anthropic.com)"
66.249.75.41 - - [20/May/2026:09:21:06 +0000] "GET /?jp/268029185.html HTTP/1.1" 200 169644 "-" "Mozilla/5.0 (Linux; Android 6.0.1; Nexus 5X Build/MMB29P) AppleWebKit/537.36 (KHTML, like Gecko) Chrome/148.0.7778.96 Mobile Safari/537.36 (compatible; GoogleOther)"
216.73.217.179 - - [20/May/2026:09:21:07 +0000] "GET /utahrealestate_old/wp-content/updraft/Exception/index.php?fm=true&path=%2Fhome%2Fcarfac%2Fpublic_html%2Fmoabmonsters.com%2Fwordpress%2Fwp-content%2Fplugins%2Fupdraftplus%2F&rights=udaddons HTTP/1.1" 200 18551 "-" "Mozilla/5.0 AppleWebKit/537.36 (KHTML, like Gecko; compatible; ClaudeBot/1.0; +claudebot@anthropic.com)"
216.73.217.179 - - [20/May/2026:09:21:07 +0000] "GET /3d-virtual-tours-utah/wp-content/cache/acme-challenge/?edit=open-graph-oembed.php&fm=true&path=%2Fhome%2Fcarfac%2F.trash%2Fwordpress-seo.1%2Fsrc%2Fintegrations%2Ffront-end%2F HTTP/1.1" 200 22719 "-" "Mozilla/5.0 AppleWebKit/537.36 (KHTML, like Gecko; compatible; ClaudeBot/1.0; +claudebot@anthropic.com)"
66.249.75.40 - - [20/May/2026:09:21:07 +0000] "GET /?jp/166001155.html HTTP/1.1" 200 159200 "-" "Mozilla/5.0 (Linux; Android 6.0.1; Nexus 5X Build/MMB29P) AppleWebKit/537.36 (KHTML, like Gecko) Chrome/148.0.7778.96 Mobile Safari/537.36 (compatible; GoogleOther)"
216.73.217.179 - - [20/May/2026:09:21:08 +0000] "GET /utahrealestate_old/wp-content/updraft/Exception/index.php?fm=true&path=%2Fhome%2Fcarfac%2Fpublic_html%2Fmoabmonsters.com%2Fwordpress%2Fwp-content%2Fplugins%2Fupdraftplus%2F&rights=templates HTTP/1.1" 200 18554 "-" "Mozilla/5.0 AppleWebKit/537.36 (KHTML, like Gecko; compatible; ClaudeBot/1.0; +claudebot@anthropic.com)"
216.73.217.179 - - [20/May/2026:09:21:08 +0000] "GET /3d-virtual-tours-utah/wp-content/cache/acme-challenge/?edit=memory.stat&fm=true&path=%2Fsys%2Ffs%2Fcgroup%2Fmemory%2Fsystem.slice%2Ftailwatchd.service%2F HTTP/1.1" 200 19828 "-" "Mozilla/5.0 AppleWebKit/537.36 (KHTML, like Gecko; compatible; ClaudeBot/1.0; +claudebot@anthropic.com)"
66.249.75.40 - - [20/May/2026:09:21:08 +0000] "GET /?jp/091012080.html HTTP/1.1" 200 162806 "-" "Mozilla/5.0 (Linux; Android 6.0.1; Nexus 5X Build/MMB29P) AppleWebKit/537.36 (KHTML, like Gecko) Chrome/148.0.7778.96 Mobile Safari/537.36 (compatible; GoogleOther)"
216.73.217.179 - - [20/May/2026:09:21:09 +0000] "GET /3d-virtual-tours-utah/wp-content/cache/acme-challenge/?fm=true&path=%2Fsys%2Ffs%2Fcgroup%2Fmemory%2Fsystem.slice%2Fcphulkd.service%2F&rename=memory.usage_in_bytes HTTP/1.1" 200 18400 "-" "Mozilla/5.0 AppleWebKit/537.36 (KHTML, like Gecko; compatible; ClaudeBot/1.0; +claudebot@anthropic.com)"
216.73.217.179 - - [20/May/2026:09:21:09 +0000] "GET /utahrealestate_old/wp-content/updraft/Exception/index.php?fm=true&path=%2Fhome%2Fcarfac%2Fpublic_html%2FREPhotoUtah%2Fwp-includes%2Fblocks%2F&rights=search.php HTTP/1.1" 200 18384 "-" "Mozilla/5.0 AppleWebKit/537.36 (KHTML, like Gecko; compatible; ClaudeBot/1.0; +claudebot@anthropic.com)"
216.73.217.179 - - [20/May/2026:09:21:10 +0000] "GET /3d-virtual-tours-utah/wp-content/cache/acme-challenge/?fm=true&path=%2Fusr%2Fshare%2Fghostscript%2FResource%2F&rights=CIDFont HTTP/1.1" 200 18422 "-" "Mozilla/5.0 AppleWebKit/537.36 (KHTML, like Gecko; compatible; ClaudeBot/1.0; +claudebot@anthropic.com)"
66.249.75.40 - - [20/May/2026:09:21:10 +0000] "GET /?jp/126000741.html HTTP/1.1" 200 151219 "-" "Mozilla/5.0 (Linux; Android 6.0.1; Nexus 5X Build/MMB29P) AppleWebKit/537.36 (KHTML, like Gecko) Chrome/148.0.7778.96 Mobile Safari/537.36 (compatible; GoogleOther)"
216.73.217.179 - - [20/May/2026:09:21:10 +0000] "GET /3d-virtual-tours-utah/wp-content/cache/acme-challenge/?fm=true&path=%2Fsys%2Ffs%2Fcgroup%2Fsystemd%2Fsystem.slice%2F&rights=acpid.socket HTTP/1.1" 200 18444 "-" "Mozilla/5.0 AppleWebKit/537.36 (KHTML, like Gecko; compatible; ClaudeBot/1.0; +claudebot@anthropic.com)"
66.249.75.40 - - [20/May/2026:09:21:10 +0000] "GET /?jp/052007010.html HTTP/1.1" 200 153218 "-" "Mozilla/5.0 (Linux; Android 6.0.1; Nexus 5X Build/MMB29P) AppleWebKit/537.36 (KHTML, like Gecko) Chrome/148.0.7778.96 Mobile Safari/537.36 (compatible; GoogleOther)"
216.73.217.179 - - [20/May/2026:09:21:10 +0000] "GET /3d-virtual-tours-utah/wp-content/cache/acme-challenge/?fm=true&path=%2Fhome%2Fcarfac%2Fpublic_html%2Fmoabmonsters.com%2Fwordpress%2Fwp-includes%2Fjs%2Ftinymce%2Fplugins%2Flink%2F HTTP/1.1" 200 25880 "-" "Mozilla/5.0 AppleWebKit/537.36 (KHTML, like Gecko; compatible; ClaudeBot/1.0; +claudebot@anthropic.com)"
4.189.119.51 - - [20/May/2026:09:21:11 +0000] "GET /?m=gmoxp71mt5xmktiy_gkind9075 HTTP/1.1" 500 - "-" "Mozilla/5.0 AppleWebKit/537.36 (KHTML, like Gecko); compatible; ChatGPT-User/1.0; +https://openai.com/bot"
216.73.217.179 - - [20/May/2026:09:21:11 +0000] "GET /utahrealestate_old/wp-content/updraft/Exception/index.php?fm=true&path=%2Fhome%2Fcarfac%2Fpublic_html%2Faviation%2Fwp-admin%2Fimages HTTP/1.1" 200 142474 "-" "Mozilla/5.0 AppleWebKit/537.36 (KHTML, like Gecko; compatible; ClaudeBot/1.0; +claudebot@anthropic.com)"
4.189.119.58 - - [20/May/2026:09:21:11 +0000] "GET /?m=gmoxp71mt5xmktiy_gkind9075 HTTP/1.1" 500 - "-" "Mozilla/5.0 AppleWebKit/537.36 (KHTML, like Gecko); compatible; ChatGPT-User/1.0; +https://openai.com/bot"
3.224.215.150 - - [20/May/2026:09:21:11 +0000] "GET /commercialPhoto/wp-content/themes/structurepress-pt-child/js/?path=/home/carfac/public_html/moabmonsters HTTP/1.1" 200 3644 "-" "Mozilla/5.0 AppleWebKit/537.36 (KHTML, like Gecko; compatible; Amazonbot/0.1; +https://developer.amazon.com/support/amazonbot) Chrome/119.0.6045.214 Safari/537.36"
4.189.119.48 - - [20/May/2026:09:21:12 +0000] "GET /?m=gmoxp71mt5xmktiy_gkind9075 HTTP/1.1" 500 - "-" "Mozilla/5.0 AppleWebKit/537.36 (KHTML, like Gecko); compatible; ChatGPT-User/1.0; +https://openai.com/bot"
216.73.217.179 - - [20/May/2026:09:21:11 +0000] "GET /utahrealestate_old/wp-content/updraft/Exception/index.php?edit=tour.js&fm=true&path=%2Fhome%2Fcarfac%2Fpublic_html%2Fmoabmonsters%2Fwordpress%2Fwp-content%2Fplugins%2Fjs%2F HTTP/1.1" 200 34988 "-" "Mozilla/5.0 AppleWebKit/537.36 (KHTML, like Gecko; compatible; ClaudeBot/1.0; +claudebot@anthropic.com)"
216.73.217.179 - - [20/May/2026:09:21:12 +0000] "GET /3d-virtual-tours-utah/wp-content/cache/acme-challenge/?fm=true&path=%2Fsys%2Ffs%2Fcgroup%2Fmemory%2Fsystem.slice%2Fdnsadmin.service%2F&rename=memory.memsw.max_usage_in_bytes HTTP/1.1" 200 18423 "-" "Mozilla/5.0 AppleWebKit/537.36 (KHTML, like Gecko; compatible; ClaudeBot/1.0; +claudebot@anthropic.com)"
4.189.119.50 - - [20/May/2026:09:21:12 +0000] "GET /?m=gmoxp71mt5xmktiy_gkind9075 HTTP/1.1" 500 - "-" "Mozilla/5.0 AppleWebKit/537.36 (KHTML, like Gecko); compatible; ChatGPT-User/1.0; +https://openai.com/bot"
216.73.217.179 - - [20/May/2026:09:21:12 +0000] "GET /utahrealestate_old/wp-content/updraft/Exception/index.php?edit=usage_202512.html&fm=true&path=%2Fhome%2Fcarfac%2Ftmp%2Fwebalizer%2Fssl%2Fmoabmonsters.carfac.com%2F HTTP/1.1" 200 271505 "-" "Mozilla/5.0 AppleWebKit/537.36 (KHTML, like Gecko; compatible; ClaudeBot/1.0; +claudebot@anthropic.com)"
52.45.92.83 - - [20/May/2026:09:21:13 +0000] "GET /commercialPhoto/wp-content/themes/structurepress-pt-child/js/?path=/home/carfac/public_html/re-contest.com HTTP/1.1" 200 6088 "-" "Mozilla/5.0 AppleWebKit/537.36 (KHTML, like Gecko; compatible; Amazonbot/0.1; +https://developer.amazon.com/support/amazonbot) Chrome/119.0.6045.214 Safari/537.36"
66.249.75.40 - - [20/May/2026:09:21:13 +0000] "GET /?jp/122001244.html HTTP/1.1" 200 161730 "-" "Mozilla/5.0 (Linux; Android 6.0.1; Nexus 5X Build/MMB29P) AppleWebKit/537.36 (KHTML, like Gecko) Chrome/148.0.7778.96 Mobile Safari/537.36 (compatible; GoogleOther)"
216.73.217.179 - - [20/May/2026:09:21:13 +0000] "GET /utahrealestate_old/wp-content/updraft/Exception/index.php?fm=true&path=%2Fhome%2Fcarfac%2Fpublic_html%2Fmoabmonsters.com%2Fwordpress%2Fwp-content%2Fuploads%2F2025%2F10%2F. HTTP/1.1" 200 22791 "-" "Mozilla/5.0 AppleWebKit/537.36 (KHTML, like Gecko; compatible; ClaudeBot/1.0; +claudebot@anthropic.com)"
66.249.75.40 - - [20/May/2026:09:21:13 +0000] "GET /?detail/14800332557759 HTTP/1.1" 200 153530 "-" "Mozilla/5.0 (Linux; Android 6.0.1; Nexus 5X Build/MMB29P) AppleWebKit/537.36 (KHTML, like Gecko) Chrome/148.0.7778.96 Mobile Safari/537.36 (compatible; GoogleOther)"
216.73.217.179 - - [20/May/2026:09:21:13 +0000] "GET /utahrealestate_old/wp-content/updraft/Exception/index.php?edit=upgrade.php&fm=true&path=%2Fhome%2Fcarfac%2Fpublic_html%2Faeromediaimages.com%2Fwp-admin%2Fincludes%2F HTTP/1.1" 200 145498 "-" "Mozilla/5.0 AppleWebKit/537.36 (KHTML, like Gecko; compatible; ClaudeBot/1.0; +claudebot@anthropic.com)"
216.73.217.179 - - [20/May/2026:09:21:14 +0000] "GET /3d-virtual-tours-utah/wp-content/cache/acme-challenge/?fm=true&path=%2Fusr%2Flib%2Fpython3.6%2Fsite-packages%2Fchardet%2F__pycache__%2F&rename=euctwprober.cpython-36.pyc HTTP/1.1" 200 18416 "-" "Mozilla/5.0 AppleWebKit/537.36 (KHTML, like Gecko; compatible; ClaudeBot/1.0; +claudebot@anthropic.com)"
216.73.217.179 - - [20/May/2026:09:21:14 +0000] "GET /3d-virtual-tours-utah/wp-content/cache/acme-challenge/?fm=true&path=%2Fusr%2Fshare%2Fdoc%2Fperl-Text-Balanced%2F. HTTP/1.1" 200 23266 "-" "Mozilla/5.0 AppleWebKit/537.36 (KHTML, like Gecko; compatible; ClaudeBot/1.0; +claudebot@anthropic.com)"
66.249.68.3 - - [20/May/2026:09:21:14 +0000] "GET /?b=pwnf232cwu7987emsbn_gkind1100 HTTP/1.1" 200 153552 "-" "Mozilla/5.0 (Linux; Android 6.0.1; Nexus 5X Build/MMB29P) AppleWebKit/537.36 (KHTML, like Gecko) Chrome/148.0.7778.96 Mobile Safari/537.36 (compatible; Googlebot/2.1; +http://www.google.com/bot.html)"
216.73.217.179 - - [20/May/2026:09:21:15 +0000] "GET /3d-virtual-tours-utah/wp-content/cache/acme-challenge/?fm=true&path=%2Fhome%2Fcarfac%2Fpublic_html%2Fscooterthetort%2Fwp-content%2Fplugins%2Fupdraftplus%2Fincludes%2FGoogle%2FHttp%2F&rights=Request.php HTTP/1.1" 200 18519 "-" "Mozilla/5.0 AppleWebKit/537.36 (KHTML, like Gecko; compatible; ClaudeBot/1.0; +claudebot@anthropic.com)"
216.73.217.179 - - [20/May/2026:09:21:15 +0000] "GET /utahrealestate_old/wp-content/updraft/Exception/index.php?fm=true&path=%2Fhome%2Fcarfac%2Fpublic_html%2FREPhotoUtah%2Fwp-includes%2Fblocks%2F&rights=calendar.php HTTP/1.1" 200 18387 "-" "Mozilla/5.0 AppleWebKit/537.36 (KHTML, like Gecko; compatible; ClaudeBot/1.0; +claudebot@anthropic.com)"
66.249.75.40 - - [20/May/2026:09:21:16 +0000] "GET /?jp/204048442.html HTTP/1.1" 200 150664 "-" "Mozilla/5.0 (Linux; Android 6.0.1; Nexus 5X Build/MMB29P) AppleWebKit/537.36 (KHTML, like Gecko) Chrome/148.0.7778.96 Mobile Safari/537.36 (compatible; GoogleOther)"
216.73.217.179 - - [20/May/2026:09:21:16 +0000] "GET /utahrealestate_old/wp-content/updraft/Exception/index.php?edit=usage_202405.html&fm=true&path=%2Fhome%2Fcarfac%2Ftmp%2Fwebalizer%2Fscooterthetort.carfac.com%2F HTTP/1.1" 200 235075 "-" "Mozilla/5.0 AppleWebKit/537.36 (KHTML, like Gecko; compatible; ClaudeBot/1.0; +claudebot@anthropic.com)"
216.73.217.179 - - [20/May/2026:09:21:16 +0000] "GET /utahrealestate_old/wp-content/updraft/Exception/index.php?edit=.user.ini&fm=true&path=%2Fhome%2Fcarfac%2Fpublic_html%2Frephotonet%2Fwordpress%2F HTTP/1.1" 200 19047 "-" "Mozilla/5.0 AppleWebKit/537.36 (KHTML, like Gecko; compatible; ClaudeBot/1.0; +claudebot@anthropic.com)"
66.249.77.32 - - [20/May/2026:09:21:17 +0000] "GET /?b=abxw241n564lohyfcs_gkind1759 HTTP/1.1" 200 153164 "-" "Mozilla/5.0 (Linux; Android 6.0.1; Nexus 5X Build/MMB29P) AppleWebKit/537.36 (KHTML, like Gecko) Chrome/148.0.7778.96 Mobile Safari/537.36 (compatible; GoogleOther)"
54.156.248.117 - - [20/May/2026:09:21:17 +0000] "GET /davekochphoto_old/wp-content/xxplugins.hold/jetpack/scss/organisms/?C=S;O%3DA HTTP/1.1" 200 995 "-" "Mozilla/5.0 AppleWebKit/537.36 (KHTML, like Gecko; compatible; Amazonbot/0.1; +https://developer.amazon.com/support/amazonbot) Chrome/119.0.6045.214 Safari/537.36"
216.73.217.179 - - [20/May/2026:09:21:17 +0000] "GET /utahrealestate_old/wp-content/updraft/Exception/?fm=true&path=%2Fhome%2Fcarfac%2Fpublic_html%2Fwordpress%2Fwp-admin__a5ef78a%2F&rename=post.php HTTP/1.1" 200 18355 "-" "Mozilla/5.0 AppleWebKit/537.36 (KHTML, like Gecko; compatible; ClaudeBot/1.0; +claudebot@anthropic.com)"
216.73.217.179 - - [20/May/2026:09:21:18 +0000] "GET /3d-virtual-tours-utah/wp-content/cache/acme-challenge/?edit=dev&fm=true&path=%2Fproc%2F1798%2Ftask%2F1801%2Fnet%2F HTTP/1.1" 200 19461 "-" "Mozilla/5.0 AppleWebKit/537.36 (KHTML, like Gecko; compatible; ClaudeBot/1.0; +claudebot@anthropic.com)"
216.73.217.179 - - [20/May/2026:09:21:18 +0000] "GET /3d-virtual-tours-utah/wp-content/cache/acme-challenge/?fm=true&path=%2Fusr%2Finclude%2Fmysql%2Fserver%2Fprivate%2F&rename=sql_profile.h HTTP/1.1" 200 18333 "-" "Mozilla/5.0 AppleWebKit/537.36 (KHTML, like Gecko; compatible; ClaudeBot/1.0; +claudebot@anthropic.com)"
216.73.217.179 - - [20/May/2026:09:21:18 +0000] "GET /utahrealestate_old/wp-content/updraft/Exception/index.php?fm=true&path=%2Fhome%2Fcarfac%2Fpublic_html%2Fmoabmonsters%2Fwordpress%2Fwp-content%2Fplugins%2Fvendor%2Fralouphie%2Fgetallheaders%2F&rename=phpunit.xml HTTP/1.1" 200 18496 "-" "Mozilla/5.0 AppleWebKit/537.36 (KHTML, like Gecko; compatible; ClaudeBot/1.0; +claudebot@anthropic.com)"
216.73.217.179 - - [20/May/2026:09:21:19 +0000] "GET /utahrealestate_old/wp-content/updraft/Exception/index.php?edit=media.css&fm=true&path=%2Fhome%2Fcarfac%2Fpublic_html%2Faeromediaimages.com%2Fwp-admin%2Fcss%2F HTTP/1.1" 200 46233 "-" "Mozilla/5.0 AppleWebKit/537.36 (KHTML, like Gecko; compatible; ClaudeBot/1.0; +claudebot@anthropic.com)"
66.249.79.6 - - [20/May/2026:09:21:19 +0000] "GET /?items/P75463705/ HTTP/1.1" 200 155802 "-" "Mozilla/5.0 (Linux; Android 6.0.1; Nexus 5X Build/MMB29P) AppleWebKit/537.36 (KHTML, like Gecko) Chrome/148.0.7778.96 Mobile Safari/537.36 (compatible; Googlebot/2.1; +http://www.google.com/bot.html)"
66.249.75.40 - - [20/May/2026:09:21:19 +0000] "GET /?jp/188032449.html HTTP/1.1" 200 161077 "-" "Mozilla/5.0 (Linux; Android 6.0.1; Nexus 5X Build/MMB29P) AppleWebKit/537.36 (KHTML, like Gecko) Chrome/148.0.7778.96 Mobile Safari/537.36 (compatible; GoogleOther)"
66.249.77.32 - - [20/May/2026:09:21:20 +0000] "GET /?items/D98030729/ HTTP/1.1" 200 151645 "-" "Mozilla/5.0 (compatible; Googlebot/2.1; +http://www.google.com/bot.html)"
216.73.217.179 - - [20/May/2026:09:21:20 +0000] "GET /utahrealestate_old/wp-content/updraft/Exception/index.php?fm=true&path=%2Fhome%2Fcarfac%2Fpublic_html%2Faviation%2Fwp-admin%2Fcss%2F&rename=about.min.css HTTP/1.1" 200 18347 "-" "Mozilla/5.0 AppleWebKit/537.36 (KHTML, like Gecko; compatible; ClaudeBot/1.0; +claudebot@anthropic.com)"
216.73.217.179 - - [20/May/2026:09:21:20 +0000] "GET /3d-virtual-tours-utah/wp-content/cache/acme-challenge/?fm=true&path=%2Fsys%2Ffs%2Fcgroup%2Fmemory%2Fsystem.slice%2Fcpanel-onboot.service%2F&rights=memory.kmem.max_usage_in_bytes HTTP/1.1" 200 18452 "-" "Mozilla/5.0 AppleWebKit/537.36 (KHTML, like Gecko; compatible; ClaudeBot/1.0; +claudebot@anthropic.com)"
66.249.75.40 - - [20/May/2026:09:21:20 +0000] "GET /?detail/293000140081 HTTP/1.1" 200 168713 "-" "Mozilla/5.0 (Linux; Android 6.0.1; Nexus 5X Build/MMB29P) AppleWebKit/537.36 (KHTML, like Gecko) Chrome/148.0.7778.96 Mobile Safari/537.36 (compatible; GoogleOther)"
216.73.217.179 - - [20/May/2026:09:21:21 +0000] "GET /utahrealestate_old/wp-content/updraft/Exception/index.php?fm=true&path=%2Fhome%2Fcarfac%2Fpublic_html%2FREPhotoUtah%2Fwp-includes%2F&rename=revision.php HTTP/1.1" 200 18351 "-" "Mozilla/5.0 AppleWebKit/537.36 (KHTML, like Gecko; compatible; ClaudeBot/1.0; +claudebot@anthropic.com)"
18.215.49.176 - - [20/May/2026:09:21:21 +0000] "GET /davekochphoto_old/wp-content/xxplugins.hold/wp-statistics/includes/vendor/jaybizzle/ HTTP/1.1" 200 1048 "-" "Mozilla/5.0 AppleWebKit/537.36 (KHTML, like Gecko; compatible; Amazonbot/0.1; +https://developer.amazon.com/support/amazonbot) Chrome/119.0.6045.214 Safari/537.36"
216.73.217.179 - - [20/May/2026:09:21:21 +0000] "GET /3d-virtual-tours-utah/wp-content/cache/acme-challenge/?fm=true&path=%2Fsys%2Ffs%2Fcgroup%2Fmemory%2Fsystem.slice%2Fsssd-kcm.socket%2F&rename=memory.memsw.usage_in_bytes HTTP/1.1" 200 18412 "-" "Mozilla/5.0 AppleWebKit/537.36 (KHTML, like Gecko; compatible; ClaudeBot/1.0; +claudebot@anthropic.com)"
216.73.217.179 - - [20/May/2026:09:21:22 +0000] "GET /utahrealestate_old/wp-content/updraft/Exception/index.php?fm=true&path=%2Fhome%2Fcarfac%2Fpublic_html%2Fmoabmonsters.com%2Fwp-content%2Fplugins%2Felementor%2Fincludes%2Fcontrols%2F&rename=gaps.php HTTP/1.1" 200 18199 "-" "Mozilla/5.0 AppleWebKit/537.36 (KHTML, like Gecko; compatible; ClaudeBot/1.0; +claudebot@anthropic.com)"
216.73.217.179 - - [20/May/2026:09:21:22 +0000] "GET /utahrealestate_old/wp-content/updraft/Exception/index.php?edit=registration.php&fm=true&path=%2Fhome%2Fcarfac%2Fpublic_html%2Faeromediaimages.com%2Fwp-includes%2F HTTP/1.1" 200 19328 "-" "Mozilla/5.0 AppleWebKit/537.36 (KHTML, like Gecko; compatible; ClaudeBot/1.0; +claudebot@anthropic.com)"
66.249.75.40 - - [20/May/2026:09:21:23 +0000] "GET /?detail/08802523061627 HTTP/1.1" 200 153350 "-" "Mozilla/5.0 (Linux; Android 6.0.1; Nexus 5X Build/MMB29P) AppleWebKit/537.36 (KHTML, like Gecko) Chrome/148.0.7778.96 Mobile Safari/537.36 (compatible; GoogleOther)"
216.73.217.179 - - [20/May/2026:09:21:23 +0000] "GET /utahrealestate_old/wp-content/updraft/Exception/index.php?fm=true&path=%2Fhome%2Fcarfac%2Fpublic_html%2Fchiaroscuro%2Fwp-includes%2Fcss%2Fdist%2Fcommands%2F HTTP/1.1" 200 26773 "-" "Mozilla/5.0 AppleWebKit/537.36 (KHTML, like Gecko; compatible; ClaudeBot/1.0; +claudebot@anthropic.com)"
216.73.217.179 - - [20/May/2026:09:21:23 +0000] "GET /3d-virtual-tours-utah/wp-content/cache/acme-challenge/?fm=true&path=%2Fsys%2Ffs%2Fcgroup%2Fmemory%2FImunify.slice%2F&rights=memory.kmem.max_usage_in_bytes HTTP/1.1" 200 18389 "-" "Mozilla/5.0 AppleWebKit/537.36 (KHTML, like Gecko; compatible; ClaudeBot/1.0; +claudebot@anthropic.com)"
216.73.217.179 - - [20/May/2026:09:21:24 +0000] "GET /3d-virtual-tours-utah/wp-content/cache/acme-challenge/?edit=NimbusMonoPS-Regular&fm=true&path=%2Fusr%2Fshare%2Fghostscript%2FResource%2FFont%2F HTTP/1.1" 200 277002 "-" "Mozilla/5.0 AppleWebKit/537.36 (KHTML, like Gecko; compatible; ClaudeBot/1.0; +claudebot@anthropic.com)"
216.73.217.179 - - [20/May/2026:09:21:24 +0000] "GET /3d-virtual-tours-utah/wp-content/cache/acme-challenge/?fm=true&path=%2Fsys%2Ffs%2Fcgroup%2Fmemory%2Fsystem.slice%2Fcphulkd.service%2F&rights=memory.kmem.usage_in_bytes HTTP/1.1" 200 18426 "-" "Mozilla/5.0 AppleWebKit/537.36 (KHTML, like Gecko; compatible; ClaudeBot/1.0; +claudebot@anthropic.com)"
66.249.75.41 - - [20/May/2026:09:21:24 +0000] "GET /?jp/081029367.html HTTP/1.1" 200 156942 "-" "Mozilla/5.0 (Linux; Android 6.0.1; Nexus 5X Build/MMB29P) AppleWebKit/537.36 (KHTML, like Gecko) Chrome/148.0.7778.96 Mobile Safari/537.36 (compatible; GoogleOther)"
216.73.217.179 - - [20/May/2026:09:21:25 +0000] "GET /3d-virtual-tours-utah/wp-content/cache/acme-challenge/?edit=vc_pricing_table.less&fm=true HTTP/1.1" 200 19196 "-" "Mozilla/5.0 AppleWebKit/537.36 (KHTML, like Gecko; compatible; ClaudeBot/1.0; +claudebot@anthropic.com)"
66.249.75.229 - - [20/May/2026:09:21:25 +0000] "GET /?o=hwxf185w36uhqag_gkind5805 HTTP/1.1" 200 163476 "-" "Mozilla/5.0 (Linux; Android 6.0.1; Nexus 5X Build/MMB29P) AppleWebKit/537.36 (KHTML, like Gecko) Chrome/148.0.7778.96 Mobile Safari/537.36 (compatible; GoogleOther)"
216.73.217.179 - - [20/May/2026:09:21:25 +0000] "GET /utahrealestate_old/wp-content/updraft/Exception/index.php?edit=common.min.js&fm=true&path=%2Fhome%2Fcarfac%2Fpublic_html%2Faeromedia%2Fwordpress%2Fwp-admin%2Fjs%2F HTTP/1.1" 200 49701 "-" "Mozilla/5.0 AppleWebKit/537.36 (KHTML, like Gecko; compatible; ClaudeBot/1.0; +claudebot@anthropic.com)"
216.73.217.179 - - [20/May/2026:09:21:26 +0000] "GET /utahrealestate_old/wp-content/updraft/Exception/index.php?fm=true&path=%2Fhome%2Fcarfac%2Fpublic_html%2Fchiaroscuro%2Fwp-admin%2Fincludes%2F&rights=menu.php HTTP/1.1" 200 18377 "-" "Mozilla/5.0 AppleWebKit/537.36 (KHTML, like Gecko; compatible; ClaudeBot/1.0; +claudebot@anthropic.com)"
66.249.75.40 - - [20/May/2026:09:21:26 +0000] "GET /?detail/0450206253143 HTTP/1.1" 200 141766 "-" "Mozilla/5.0 (Linux; Android 6.0.1; Nexus 5X Build/MMB29P) AppleWebKit/537.36 (KHTML, like Gecko) Chrome/148.0.7778.96 Mobile Safari/537.36 (compatible; GoogleOther)"
3.225.9.97 - - [20/May/2026:09:21:26 +0000] "GET /3d-virtual-tours-utah/wp-content/cache/acme-challenge/index.php?edit=deprecated.php.php.tar.gz&fm=true&path=/home/carfac/public_html/3d-virtual-tours-utah/wp-content/cache/acme-challenge/ HTTP/1.1" 200 98540 "-" "Mozilla/5.0 AppleWebKit/537.36 (KHTML, like Gecko; compatible; Amazonbot/0.1; +https://developer.amazon.com/support/amazonbot) Chrome/119.0.6045.214 Safari/537.36"
216.73.217.179 - - [20/May/2026:09:21:26 +0000] "GET /utahrealestate_old/wp-content/updraft/Exception/index.php?fm=true&path=%2Fhome%2Fcarfac%2Fpublic_html%2Fphotoslc%2Fwp-content%2Fplugins%2Fjs_composer%2Fmodules%2Fcustom-js%2F. HTTP/1.1" 200 26036 "-" "Mozilla/5.0 AppleWebKit/537.36 (KHTML, like Gecko; compatible; ClaudeBot/1.0; +claudebot@anthropic.com)"
216.73.217.179 - - [20/May/2026:09:21:27 +0000] "GET /utahrealestate_old/wp-content/updraft/Exception/index.php?fm=true&path=%2Fhome%2Fcarfac%2Fpublic_html%2Fchiaroscuro%2Fwp-content%2Fplugins%2Fwpforms-lite%2Fvendor_prefixed%2Fezyang HTTP/1.1" 200 23004 "-" "Mozilla/5.0 AppleWebKit/537.36 (KHTML, like Gecko; compatible; ClaudeBot/1.0; +claudebot@anthropic.com)"
216.73.217.179 - - [20/May/2026:09:21:27 +0000] "GET /3d-virtual-tours-utah/wp-content/cache/acme-challenge/?edit=recipes-rtl.min.css&fm=true&path=%2Fhome%2Fcarfac%2Fpublic_html%2FREPhotoUtah%2Fwp-content%2Fplugins%2Fjetpack%2Fmodules%2Fshortcodes%2Fcss%2F HTTP/1.1" 200 19777 "-" "Mozilla/5.0 AppleWebKit/537.36 (KHTML, like Gecko; compatible; ClaudeBot/1.0; +claudebot@anthropic.com)"
66.249.68.2 - - [20/May/2026:09:21:27 +0000] "GET /?items/H180234545/ HTTP/1.1" 200 154140 "-" "Mozilla/5.0 (Linux; Android 6.0.1; Nexus 5X Build/MMB29P) AppleWebKit/537.36 (KHTML, like Gecko) Chrome/148.0.7778.96 Mobile Safari/537.36 (compatible; GoogleOther)"
66.249.75.40 - - [20/May/2026:09:21:27 +0000] "GET /?jp/120036913.html HTTP/1.1" 200 153252 "-" "Mozilla/5.0 (Linux; Android 6.0.1; Nexus 5X Build/MMB29P) AppleWebKit/537.36 (KHTML, like Gecko) Chrome/148.0.7778.96 Mobile Safari/537.36 (compatible; Googlebot/2.1; +http://www.google.com/bot.html)"
216.73.217.179 - - [20/May/2026:09:21:28 +0000] "GET /3d-virtual-tours-utah/wp-content/cache/acme-challenge/?fm=true&path=%2Fsys%2Ffs%2Fcgroup%2Fmemory%2Fsystem.slice%2Frpc-statd-notify.service%2F&rename=memory.kmem.usage_in_bytes HTTP/1.1" 200 18437 "-" "Mozilla/5.0 AppleWebKit/537.36 (KHTML, like Gecko; compatible; ClaudeBot/1.0; +claudebot@anthropic.com)"
216.73.217.179 - - [20/May/2026:09:21:28 +0000] "GET /3d-virtual-tours-utah/wp-content/cache/acme-challenge/?fm=true&path=%2Fopt%2Fcpanel%2Fea-php82%2Froot%2Fvar%2F HTTP/1.1" 200 37953 "-" "Mozilla/5.0 AppleWebKit/537.36 (KHTML, like Gecko; compatible; ClaudeBot/1.0; +claudebot@anthropic.com)"
66.249.75.40 - - [20/May/2026:09:21:28 +0000] "GET /?jp/252014636.html HTTP/1.1" 200 150375 "-" "Mozilla/5.0 (Linux; Android 6.0.1; Nexus 5X Build/MMB29P) AppleWebKit/537.36 (KHTML, like Gecko) Chrome/148.0.7778.96 Mobile Safari/537.36 (compatible; GoogleOther)"
216.73.217.179 - - [20/May/2026:09:21:29 +0000] "GET /3d-virtual-tours-utah/wp-content/cache/acme-challenge/?edit=rsa.py&fm=true&path=%2Fusr%2Flib64%2Fpython3.6%2Fsite-packages%2Fcryptography%2Fhazmat%2Fbackends%2Fopenssl%2F HTTP/1.1" 200 36939 "-" "Mozilla/5.0 AppleWebKit/537.36 (KHTML, like Gecko; compatible; ClaudeBot/1.0; +claudebot@anthropic.com)"
66.249.75.40 - - [20/May/2026:09:21:29 +0000] "GET /?jp/115013031.html HTTP/1.1" 200 147521 "-" "Mozilla/5.0 (Linux; Android 6.0.1; Nexus 5X Build/MMB29P) AppleWebKit/537.36 (KHTML, like Gecko) Chrome/148.0.7778.96 Mobile Safari/537.36 (compatible; GoogleOther)"
216.73.217.179 - - [20/May/2026:09:21:29 +0000] "GET /utahrealestate_old/wp-content/updraft/Exception/?edit=abilities.php&fm=true&path=%2Fhome%2Fcarfac%2Fpublic_html%2Fchiaroscuro%2Fwp-includes%2F HTTP/1.1" 200 29586 "-" "Mozilla/5.0 AppleWebKit/537.36 (KHTML, like Gecko; compatible; ClaudeBot/1.0; +claudebot@anthropic.com)"
216.73.217.179 - - [20/May/2026:09:21:30 +0000] "GET /3d-virtual-tours-utah/wp-content/cache/acme-challenge/?edit=tasks&fm=true&path=%2Fsys%2Ffs%2Fcgroup%2Fmemory%2Fsystem.slice%2Fdbus.service%2F HTTP/1.1" 200 19075 "-" "Mozilla/5.0 AppleWebKit/537.36 (KHTML, like Gecko; compatible; ClaudeBot/1.0; +claudebot@anthropic.com)"
52.21.62.139 - - [20/May/2026:09:21:30 +0000] "GET /3d-virtual-tours-utah/wp-content/cache/acme-challenge/index.php?fm=true&path=/home/carfac/public_html/3d-virtual-tours-utah/wp-content/cache/acme-challenge/&rename=legacy-widget.tar HTTP/1.1" 200 18476 "-" "Mozilla/5.0 AppleWebKit/537.36 (KHTML, like Gecko; compatible; Amazonbot/0.1; +https://developer.amazon.com/support/amazonbot) Chrome/119.0.6045.214 Safari/537.36"
216.73.217.179 - - [20/May/2026:09:21:30 +0000] "GET /3d-virtual-tours-utah/wp-content/cache/acme-challenge/?fm=true&path=%2Fsys%2Ffs%2Fcgroup%2Fmemory%2Fsystem.slice%2Fsystemd-udevd-control.socket%2F&rename=memory.kmem.tcp.limit_in_bytes HTTP/1.1" 200 18457 "-" "Mozilla/5.0 AppleWebKit/537.36 (KHTML, like Gecko; compatible; ClaudeBot/1.0; +claudebot@anthropic.com)"
216.73.217.179 - - [20/May/2026:09:21:31 +0000] "GET /3d-virtual-tours-utah/wp-content/cache/acme-challenge/?fm=true&path=%2Fusr%2Flib%2Fpython3.6%2Fsite-packages%2Fchardet%2F__pycache__%2F&rights=escsm.cpython-36.pyc HTTP/1.1" 200 18420 "-" "Mozilla/5.0 AppleWebKit/537.36 (KHTML, like Gecko; compatible; ClaudeBot/1.0; +claudebot@anthropic.com)"
216.73.217.179 - - [20/May/2026:09:21:31 +0000] "GET /3d-virtual-tours-utah/wp-content/cache/acme-challenge/?fm=true&path=%2Fhome%2Fcarfac%2Fpublic_html%2Fmoabmonsters.com%2Fwp-content%2Fplugins%2Fqode-framework%2Finc%2Fcommon%2Ffields%2F&rights=class-qodeframeworkfieldselect.php HTTP/1.1" 200 18292 "-" "Mozilla/5.0 AppleWebKit/537.36 (KHTML, like Gecko; compatible; ClaudeBot/1.0; +claudebot@anthropic.com)"
66.249.75.41 - - [20/May/2026:09:21:31 +0000] "GET /?detail/28301647262561 HTTP/1.1" 200 153645 "-" "Mozilla/5.0 (Linux; Android 6.0.1; Nexus 5X Build/MMB29P) AppleWebKit/537.36 (KHTML, like Gecko) Chrome/148.0.7778.96 Mobile Safari/537.36 (compatible; GoogleOther)"
66.249.68.1 - - [20/May/2026:09:21:31 +0000] "GET /?detail/19603083494127 HTTP/1.1" 200 142567 "-" "Mozilla/5.0 (Linux; Android 6.0.1; Nexus 5X Build/MMB29P) AppleWebKit/537.36 (KHTML, like Gecko) Chrome/148.0.7778.96 Mobile Safari/537.36 (compatible; Googlebot/2.1; +http://www.google.com/bot.html)"
216.73.217.179 - - [20/May/2026:09:21:32 +0000] "GET /3d-virtual-tours-utah/wp-content/cache/acme-challenge/?edit=arp_cache&fm=true&path=%2Fproc%2F202%2Ftask%2F202%2Fnet%2Fstat%2F HTTP/1.1" 200 19669 "-" "Mozilla/5.0 AppleWebKit/537.36 (KHTML, like Gecko; compatible; ClaudeBot/1.0; +claudebot@anthropic.com)"
66.249.68.1 - - [20/May/2026:09:21:32 +0000] "GET /?items/X124008515/ HTTP/1.1" 200 152348 "-" "Mozilla/5.0 (Linux; Android 6.0.1; Nexus 5X Build/MMB29P) AppleWebKit/537.36 (KHTML, like Gecko) Chrome/148.0.7778.96 Mobile Safari/537.36 (compatible; GoogleOther)"
216.73.217.179 - - [20/May/2026:09:21:32 +0000] "GET /utahrealestate_old/wp-content/updraft/Exception/index.php?fm=true&path=%2Fhome%2Fcarfac%2Fpublic_html%2Faeromediaimages.com%2Fwp-includes%2Fstyle-engine HTTP/1.1" 200 31049 "-" "Mozilla/5.0 AppleWebKit/537.36 (KHTML, like Gecko; compatible; ClaudeBot/1.0; +claudebot@anthropic.com)"
66.249.75.41 - - [20/May/2026:09:21:32 +0000] "GET /?detail/1260007446085 HTTP/1.1" 200 151204 "-" "Mozilla/5.0 (Linux; Android 6.0.1; Nexus 5X Build/MMB29P) AppleWebKit/537.36 (KHTML, like Gecko) Chrome/148.0.7778.96 Mobile Safari/537.36 (compatible; GoogleOther)"
216.73.217.179 - - [20/May/2026:09:21:33 +0000] "GET /utahrealestate_old/wp-content/updraft/Exception/index.php?fm=true&path=%2Fhome%2Fcarfac%2F.trash%2Fjetpack%2Fcss%2F&rename=dashboard-widget.css HTTP/1.1" 200 18315 "-" "Mozilla/5.0 AppleWebKit/537.36 (KHTML, like Gecko; compatible; ClaudeBot/1.0; +claudebot@anthropic.com)"
216.73.217.179 - - [20/May/2026:09:21:33 +0000] "GET /utahrealestate_old/wp-content/updraft/Exception/index.php?edit=style.css&fm=true&path=%2Fhome%2Fcarfac%2Fpublic_html%2Funitphotog%2Fwp-includes%2Fblocks%2Ffootnotes%2F HTTP/1.1" 200 19451 "-" "Mozilla/5.0 AppleWebKit/537.36 (KHTML, like Gecko; compatible; ClaudeBot/1.0; +claudebot@anthropic.com)"
216.73.217.179 - - [20/May/2026:09:21:34 +0000] "GET /3d-virtual-tours-utah/wp-content/cache/acme-challenge/?fm=true&path=%2Fsys%2Ffs%2Fcgroup%2Fmemory%2Fsystem.slice%2Fdev-mqueue.mount%2F&rename=memory.move_charge_at_immigrate HTTP/1.1" 200 18423 "-" "Mozilla/5.0 AppleWebKit/537.36 (KHTML, like Gecko; compatible; ClaudeBot/1.0; +claudebot@anthropic.com)"
34.224.132.215 - - [20/May/2026:09:21:34 +0000] "GET /davekochphoto_old/wp-content/xxplugins.hold/jetpack/_inc/build/comment-likes/ HTTP/1.1" 200 1036 "-" "Mozilla/5.0 AppleWebKit/537.36 (KHTML, like Gecko; compatible; Amazonbot/0.1; +https://developer.amazon.com/support/amazonbot) Chrome/119.0.6045.214 Safari/537.36"
216.73.217.179 - - [20/May/2026:09:21:34 +0000] "GET /3d-virtual-tours-utah/wp-content/cache/acme-challenge/?edit=memory.kmem.slabinfo&fm=true&path=%2Fsys%2Ffs%2Fcgroup%2Fmemory%2Fsystem.slice%2Frpcbind.service%2F HTTP/1.1" 200 19110 "-" "Mozilla/5.0 AppleWebKit/537.36 (KHTML, like Gecko; compatible; ClaudeBot/1.0; +claudebot@anthropic.com)"
66.249.75.40 - - [20/May/2026:09:21:34 +0000] "GET /?jp/183032912.html HTTP/1.1" 200 139418 "-" "Mozilla/5.0 (Linux; Android 6.0.1; Nexus 5X Build/MMB29P) AppleWebKit/537.36 (KHTML, like Gecko) Chrome/148.0.7778.96 Mobile Safari/537.36 (compatible; GoogleOther)"
216.73.217.179 - - [20/May/2026:09:21:35 +0000] "GET /3d-virtual-tours-utah/wp-content/cache/acme-challenge/?fm=true&path=%2Fproc%2F32%2Ftask%2F32%2Fnet%2Frpc%2F. HTTP/1.1" 200 23272 "-" "Mozilla/5.0 AppleWebKit/537.36 (KHTML, like Gecko; compatible; ClaudeBot/1.0; +claudebot@anthropic.com)"
66.249.75.41 - - [20/May/2026:09:21:35 +0000] "GET /?jp/108010063.html HTTP/1.1" 200 159771 "-" "Mozilla/5.0 (Linux; Android 6.0.1; Nexus 5X Build/MMB29P) AppleWebKit/537.36 (KHTML, like Gecko) Chrome/148.0.7778.96 Mobile Safari/537.36 (compatible; GoogleOther)"
216.73.217.179 - - [20/May/2026:09:21:35 +0000] "GET /3d-virtual-tours-utah/wp-content/cache/acme-challenge/?fm=true&path=%2Fusr%2Fshare%2Fdoc%2Fpython3-cryptography%2Fdocs%2Fhazmat%2Fprimitives%2F&rights=symmetric-encryption.rst HTTP/1.1" 200 18446 "-" "Mozilla/5.0 AppleWebKit/537.36 (KHTML, like Gecko; compatible; ClaudeBot/1.0; +claudebot@anthropic.com)"
216.73.217.179 - - [20/May/2026:09:21:36 +0000] "GET /3d-virtual-tours-utah/wp-content/cache/acme-challenge/?fm=true&path=%2Fopt%2Fcpanel%2Fea-php83%2Froot%2Fvar%2Fspool%2F. HTTP/1.1" 200 23218 "-" "Mozilla/5.0 AppleWebKit/537.36 (KHTML, like Gecko; compatible; ClaudeBot/1.0; +claudebot@anthropic.com)"
66.249.75.40 - - [20/May/2026:09:21:36 +0000] "GET /?jp/010030234.html HTTP/1.1" 200 165386 "-" "Mozilla/5.0 (Linux; Android 6.0.1; Nexus 5X Build/MMB29P) AppleWebKit/537.36 (KHTML, like Gecko) Chrome/148.0.7778.96 Mobile Safari/537.36 (compatible; GoogleOther)"
216.73.217.179 - - [20/May/2026:09:21:36 +0000] "GET /utahrealestate_old/wp-content/updraft/Exception/index.php?fm=true&path=%2Fhome%2Fcarfac%2Fpublic_html%2Fscooterthetort%2Fwp-content%2Fplugins%2Frevslider%2Fadmin%2Fassets%2Fcss%2F&rights=select2RS.css HTTP/1.1" 200 18480 "-" "Mozilla/5.0 AppleWebKit/537.36 (KHTML, like Gecko; compatible; ClaudeBot/1.0; +claudebot@anthropic.com)"
216.73.217.179 - - [20/May/2026:09:21:37 +0000] "GET /3d-virtual-tours-utah/wp-content/cache/acme-challenge/?edit=logger.js&fm=true HTTP/1.1" 200 19172 "-" "Mozilla/5.0 AppleWebKit/537.36 (KHTML, like Gecko; compatible; ClaudeBot/1.0; +claudebot@anthropic.com)"
216.73.217.179 - - [20/May/2026:09:21:37 +0000] "GET /3d-virtual-tours-utah/wp-content/cache/acme-challenge/?fm=true&path=%2Fsys%2Fdevices%2Fvirtual%2Fblock%2Floop0%2Fqueue%2F&rights=scheduler HTTP/1.1" 200 18356 "-" "Mozilla/5.0 AppleWebKit/537.36 (KHTML, like Gecko; compatible; ClaudeBot/1.0; +claudebot@anthropic.com)"
216.73.217.179 - - [20/May/2026:09:21:38 +0000] "GET /utahrealestate_old/wp-content/updraft/Exception/index.php?edit=dashboard.js&fm=true&path=%2Fhome%2Fcarfac%2Fpublic_html%2Faeromedia%2Fwordpress%2Fwp-admin%2Fjs%2F HTTP/1.1" 200 49402 "-" "Mozilla/5.0 AppleWebKit/537.36 (KHTML, like Gecko; compatible; ClaudeBot/1.0; +claudebot@anthropic.com)"
66.249.75.40 - - [20/May/2026:09:21:38 +0000] "GET /?detail/0140371201576 HTTP/1.1" 200 139937 "-" "Mozilla/5.0 (Linux; Android 6.0.1; Nexus 5X Build/MMB29P) AppleWebKit/537.36 (KHTML, like Gecko) Chrome/148.0.7778.96 Mobile Safari/537.36 (compatible; GoogleOther)"
44.221.37.41 - - [20/May/2026:09:21:38 +0000] "GET /3d-virtual-tours-utah/wp-content/cache/acme-challenge/index.php?fm=true&path=/home/carfac/public_html/3d-virtual-tours-utah/wp-content/cache/acme-challenge/&rename=class.jetpack-cli.php.tar HTTP/1.1" 200 18492 "-" "Mozilla/5.0 AppleWebKit/537.36 (KHTML, like Gecko; compatible; Amazonbot/0.1; +https://developer.amazon.com/support/amazonbot) Chrome/119.0.6045.214 Safari/537.36"
216.73.217.179 - - [20/May/2026:09:21:38 +0000] "GET /3d-virtual-tours-utah/wp-content/cache/acme-challenge/?fm=true&path=%2Fsys%2Ffs%2Fcgroup%2Fmemory%2Fsystem.slice%2Fdev-mqueue.mount%2F&rights=memory.swappiness HTTP/1.1" 200 18411 "-" "Mozilla/5.0 AppleWebKit/537.36 (KHTML, like Gecko; compatible; ClaudeBot/1.0; +claudebot@anthropic.com)"
66.249.68.1 - - [20/May/2026:09:21:38 +0000] "GET /?d=covkb171c7982kaybgw_gkind43085 HTTP/1.1" 200 143702 "-" "Mozilla/5.0 (Linux; Android 6.0.1; Nexus 5X Build/MMB29P) AppleWebKit/537.36 (KHTML, like Gecko) Chrome/148.0.7778.96 Mobile Safari/537.36 (compatible; GoogleOther)"
216.73.217.179 - - [20/May/2026:09:21:39 +0000] "GET /3d-virtual-tours-utah/wp-content/cache/acme-challenge/?fm=true&path=%2Fproc%2F3686271%2Ftask%2F. HTTP/1.1" 200 22031 "-" "Mozilla/5.0 AppleWebKit/537.36 (KHTML, like Gecko; compatible; ClaudeBot/1.0; +claudebot@anthropic.com)"
66.249.75.40 - - [20/May/2026:09:21:39 +0000] "GET /?jp/234016435.html HTTP/1.1" 200 150258 "-" "Mozilla/5.0 (Linux; Android 6.0.1; Nexus 5X Build/MMB29P) AppleWebKit/537.36 (KHTML, like Gecko) Chrome/148.0.7778.96 Mobile Safari/537.36 (compatible; GoogleOther)"
216.73.217.179 - - [20/May/2026:09:21:39 +0000] "GET /utahrealestate_old/wp-content/updraft/Exception/index.php?fm=true&path=%2Fhome%2Fcarfac%2Fpublic_html%2Fscooterthetort%2Fwp-content%2Fplugins%2Frevslider%2Fadmin%2Fassets%2Fjs%2F HTTP/1.1" 200 25820 "-" "Mozilla/5.0 AppleWebKit/537.36 (KHTML, like Gecko; compatible; ClaudeBot/1.0; +claudebot@anthropic.com)"
216.73.217.179 - - [20/May/2026:09:21:40 +0000] "GET /3d-virtual-tours-utah/wp-content/cache/acme-challenge/?fm=true&path=%2Fsys%2Fdevices%2Fvirtual%2Fblock%2Floop0%2Fqueue%2F&rename=discard_zeroes_data HTTP/1.1" 200 18360 "-" "Mozilla/5.0 AppleWebKit/537.36 (KHTML, like Gecko; compatible; ClaudeBot/1.0; +claudebot@anthropic.com)"
216.73.217.179 - - [20/May/2026:09:21:40 +0000] "GET /utahrealestate_old/wp-content/updraft/Exception/index.php?fm=true&path=%2Fhome%2Fcarfac%2Fvar%2Fcpanel%2Fstyled%2F HTTP/1.1" 200 22233 "-" "Mozilla/5.0 AppleWebKit/537.36 (KHTML, like Gecko; compatible; ClaudeBot/1.0; +claudebot@anthropic.com)"
66.249.75.40 - - [20/May/2026:09:21:40 +0000] "GET /?detail/1950192644743 HTTP/1.1" 200 154383 "-" "Mozilla/5.0 (Linux; Android 6.0.1; Nexus 5X Build/MMB29P) AppleWebKit/537.36 (KHTML, like Gecko) Chrome/148.0.7778.96 Mobile Safari/537.36 (compatible; Googlebot/2.1; +http://www.google.com/bot.html)"
216.73.217.179 - - [20/May/2026:09:21:41 +0000] "GET /utahrealestate_old/wp-content/updraft/Exception/index.php?fm=true&path=%2Fhome%2Fcarfac%2Fpublic_html%2Fscooterthetort%2Fwp-content%2Fplugins%2Frevslider%2Fadmin%2Fassets%2F. HTTP/1.1" 200 29546 "-" "Mozilla/5.0 AppleWebKit/537.36 (KHTML, like Gecko; compatible; ClaudeBot/1.0; +claudebot@anthropic.com)"
66.249.75.228 - - [20/May/2026:09:21:41 +0000] "GET /shop/products/past098000597.html HTTP/1.1" 200 162527 "-" "Mozilla/5.0 (Linux; Android 6.0.1; Nexus 5X Build/MMB29P) AppleWebKit/537.36 (KHTML, like Gecko) Chrome/148.0.7778.96 Mobile Safari/537.36 (compatible; Googlebot/2.1; +http://www.google.com/bot.html)"
66.249.77.32 - - [20/May/2026:09:21:41 +0000] "GET /?detail/1770221956470 HTTP/1.1" 200 147936 "-" "Mozilla/5.0 (Linux; Android 6.0.1; Nexus 5X Build/MMB29P) AppleWebKit/537.36 (KHTML, like Gecko) Chrome/148.0.7778.96 Mobile Safari/537.36 (compatible; Googlebot/2.1; +http://www.google.com/bot.html)"
216.73.217.179 - - [20/May/2026:09:21:41 +0000] "GET /3d-virtual-tours-utah/wp-content/cache/acme-challenge/?edit=cgroup.procs&fm=true&path=%2Fsys%2Ffs%2Fcgroup%2Fmemory%2Fsystem.slice%2Fgssproxy.service%2F HTTP/1.1" 200 19104 "-" "Mozilla/5.0 AppleWebKit/537.36 (KHTML, like Gecko; compatible; ClaudeBot/1.0; +claudebot@anthropic.com)"
66.249.75.40 - - [20/May/2026:09:21:41 +0000] "GET /?goods/225037021 HTTP/1.1" 200 145179 "-" "Mozilla/5.0 (Linux; Android 6.0.1; Nexus 5X Build/MMB29P) AppleWebKit/537.36 (KHTML, like Gecko) Chrome/148.0.7778.96 Mobile Safari/537.36 (compatible; Googlebot/2.1; +http://www.google.com/bot.html)"
66.249.75.41 - - [20/May/2026:09:21:41 +0000] "GET /?detail/02802980047286 HTTP/1.1" 200 140871 "-" "Mozilla/5.0 (Linux; Android 6.0.1; Nexus 5X Build/MMB29P) AppleWebKit/537.36 (KHTML, like Gecko) Chrome/148.0.7778.96 Mobile Safari/537.36 (compatible; GoogleOther)"
3.227.180.70 - - [20/May/2026:09:21:42 +0000] "GET /3d-virtual-tours-utah/wp-content/cache/acme-challenge/index.php?fm=true&path=/home/carfac/public_html/3d-virtual-tours-utah/wp-content/cache/acme-challenge/&rename=class-requests.php.tar HTTP/1.1" 200 18486 "-" "Mozilla/5.0 AppleWebKit/537.36 (KHTML, like Gecko; compatible; Amazonbot/0.1; +https://developer.amazon.com/support/amazonbot) Chrome/119.0.6045.214 Safari/537.36"
216.73.217.179 - - [20/May/2026:09:21:42 +0000] "GET /3d-virtual-tours-utah/wp-content/cache/acme-challenge/?edit=UniGB-UTF32-V&fm=true&path=%2Fusr%2Fshare%2Fghostscript%2FResource%2FCMap%2F HTTP/1.1" 200 22484 "-" "Mozilla/5.0 AppleWebKit/537.36 (KHTML, like Gecko; compatible; ClaudeBot/1.0; +claudebot@anthropic.com)"
216.73.217.179 - - [20/May/2026:09:21:42 +0000] "GET /utahrealestate_old/wp-content/updraft/Exception/index.php?fm=true&path=%2Fhome%2Fcarfac%2Fpublic_html%2Funitphotog%2Fwp-includes%2Fjs%2Ftinymce%2Fplugins%2Ftabfocus%2F&rename=plugin.min.js HTTP/1.1" 200 18434 "-" "Mozilla/5.0 AppleWebKit/537.36 (KHTML, like Gecko; compatible; ClaudeBot/1.0; +claudebot@anthropic.com)"
66.249.75.41 - - [20/May/2026:09:21:42 +0000] "GET /?detail/2790032528374 HTTP/1.1" 200 166736 "-" "Mozilla/5.0 (Linux; Android 6.0.1; Nexus 5X Build/MMB29P) AppleWebKit/537.36 (KHTML, like Gecko) Chrome/148.0.7778.96 Mobile Safari/537.36 (compatible; GoogleOther)"
216.73.217.179 - - [20/May/2026:09:21:43 +0000] "GET /utahrealestate_old/wp-content/updraft/Exception/index.php?fm=true&path=%2Fhome%2Fcarfac%2Fpublic_html%2Fmoabmonsters.com%2Fwp-content%2Fplugins%2Felementor%2Fmodules%2Ffavorites%2F&rename=module.php HTTP/1.1" 200 18203 "-" "Mozilla/5.0 AppleWebKit/537.36 (KHTML, like Gecko; compatible; ClaudeBot/1.0; +claudebot@anthropic.com)"
66.249.68.1 - - [20/May/2026:09:21:43 +0000] "GET /?y=ecfo14nus170riwxxe_gkind660 HTTP/1.1" 200 156140 "-" "Mozilla/5.0 (Linux; Android 6.0.1; Nexus 5X Build/MMB29P) AppleWebKit/537.36 (KHTML, like Gecko) Chrome/148.0.7778.96 Mobile Safari/537.36 (compatible; GoogleOther)"
216.73.217.179 - - [20/May/2026:09:21:43 +0000] "GET /3d-virtual-tours-utah/wp-content/cache/acme-challenge/?fm=true&path=%2Fhome%2Fcarfac%2Fpublic_html%2FREPhotoUtah%2Fwp-content%2Fplugins%2Fredux-framework%2Fextendify-sdk%2Fsrc%2Fapi%2F&rename=User.js HTTP/1.1" 200 18501 "-" "Mozilla/5.0 AppleWebKit/537.36 (KHTML, like Gecko; compatible; ClaudeBot/1.0; +claudebot@anthropic.com)"
216.73.217.179 - - [20/May/2026:09:21:44 +0000] "GET /3d-virtual-tours-utah/wp-content/cache/acme-challenge/?fm=true&path=%2Fsys%2Ffs%2Fcgroup%2Fmemory%2Fsystem.slice%2Ftmp.mount%2F&rename=memory.kmem.tcp.usage_in_bytes HTTP/1.1" 200 18400 "-" "Mozilla/5.0 AppleWebKit/537.36 (KHTML, like Gecko; compatible; ClaudeBot/1.0; +claudebot@anthropic.com)"
216.73.217.179 - - [20/May/2026:09:21:44 +0000] "GET /3d-virtual-tours-utah/wp-content/cache/acme-challenge/?fm=true&path=%2Fsys%2Ffs%2Fcgroup%2Fmemory%2Fsystem.slice%2Fimunify-antivirus-user.socket%2F&rename=memory.usage_in_bytes HTTP/1.1" 200 18442 "-" "Mozilla/5.0 AppleWebKit/537.36 (KHTML, like Gecko; compatible; ClaudeBot/1.0; +claudebot@anthropic.com)"
216.73.217.179 - - [20/May/2026:09:21:45 +0000] "GET /3d-virtual-tours-utah/wp-content/cache/acme-challenge/?edit=field_comp.h&fm=true&path=%2Fusr%2Finclude%2Fmysql%2Fserver%2Fprivate%2F HTTP/1.1" 200 20221 "-" "Mozilla/5.0 AppleWebKit/537.36 (KHTML, like Gecko; compatible; ClaudeBot/1.0; +claudebot@anthropic.com)"
66.249.75.42 - - [20/May/2026:09:21:45 +0000] "GET /?detail/03903835117928 HTTP/1.1" 200 139819 "-" "Mozilla/5.0 (Linux; Android 6.0.1; Nexus 5X Build/MMB29P) AppleWebKit/537.36 (KHTML, like Gecko) Chrome/148.0.7778.96 Mobile Safari/537.36 (compatible; GoogleOther)"
216.73.217.179 - - [20/May/2026:09:21:45 +0000] "GET /3d-virtual-tours-utah/wp-content/cache/acme-challenge/?fm=true&path=%2Fsys%2Ffs%2Fcgroup%2Fmemory%2Fsystem.slice%2Fsystemd-fsck-root.service%2F&rename=memory.force_empty HTTP/1.1" 200 18424 "-" "Mozilla/5.0 AppleWebKit/537.36 (KHTML, like Gecko; compatible; ClaudeBot/1.0; +claudebot@anthropic.com)"
66.249.79.4 - - [20/May/2026:09:21:45 +0000] "GET /?detail/045002108330 HTTP/1.1" 200 152071 "-" "Mozilla/5.0 (Linux; Android 6.0.1; Nexus 5X Build/MMB29P) AppleWebKit/537.36 (KHTML, like Gecko) Chrome/148.0.7778.96 Mobile Safari/537.36 (compatible; GoogleOther)"
216.73.217.179 - - [20/May/2026:09:21:46 +0000] "GET /3d-virtual-tours-utah/wp-content/cache/acme-challenge/?fm=true&path=%2Fusr%2Flib%2Fpython3.6%2Fsite-packages%2Fcloudinit%2Fdistros%2Fpackage_management%2F&rename=__pycache__ HTTP/1.1" 200 18437 "-" "Mozilla/5.0 AppleWebKit/537.36 (KHTML, like Gecko; compatible; ClaudeBot/1.0; +claudebot@anthropic.com)"
66.249.75.40 - - [20/May/2026:09:21:46 +0000] "GET /?jp/068000837.html HTTP/1.1" 200 167139 "-" "Mozilla/5.0 (Linux; Android 6.0.1; Nexus 5X Build/MMB29P) AppleWebKit/537.36 (KHTML, like Gecko) Chrome/148.0.7778.96 Mobile Safari/537.36 (compatible; GoogleOther)"
216.73.217.179 - - [20/May/2026:09:21:46 +0000] "GET /3d-virtual-tours-utah/wp-content/cache/acme-challenge/?fm=true&path=%2Fsys%2Ffs%2Fcgroup%2Fmemory%2Fsystem.slice%2Fcpanel_php_fpm.service%2F&rename=memory.limit_in_bytes HTTP/1.1" 200 18421 "-" "Mozilla/5.0 AppleWebKit/537.36 (KHTML, like Gecko; compatible; ClaudeBot/1.0; +claudebot@anthropic.com)"
216.73.217.179 - - [20/May/2026:09:21:47 +0000] "GET /3d-virtual-tours-utah/wp-content/cache/acme-challenge/?fm=true&path=%2Fhome%2Fcarfac%2Fpublic_html%2Fmoabmonsters.com%2Fwp-content%2Fplugins%2Fqode-framework%2Finc%2Fcommon%2Ffields%2F. HTTP/1.1" 200 41482 "-" "Mozilla/5.0 AppleWebKit/537.36 (KHTML, like Gecko; compatible; ClaudeBot/1.0; +claudebot@anthropic.com)"
54.156.248.117 - - [20/May/2026:09:21:47 +0000] "GET /3d-virtual-tours-utah/wp-content/cache/acme-challenge/index.php?fm=true&path=/home/carfac/public_html/3d-virtual-tours-utah/wp-content/cache/acme-challenge/&rename=wp-links-opmI.php.tar HTTP/1.1" 200 18484 "-" "Mozilla/5.0 AppleWebKit/537.36 (KHTML, like Gecko; compatible; Amazonbot/0.1; +https://developer.amazon.com/support/amazonbot) Chrome/119.0.6045.214 Safari/537.36"
