216.73.217.179 - - [20/May/2026:09:06:56 +0000] "GET /3d-virtual-tours-utah/wp-content/cache/acme-challenge/?edit=style.css&fm=true&path=%2Fhome%2Fcarfac%2Fpublic_html%2Faviation%2Fwp-includes%2Fblocks%2Fcomments%2F HTTP/1.1" 200 21737 "-" "Mozilla/5.0 AppleWebKit/537.36 (KHTML, like Gecko; compatible; ClaudeBot/1.0; +claudebot@anthropic.com)"
92.71.98.192 - - [20/May/2026:09:06:56 +0000] "GET /?detail/07803878541585 HTTP/1.1" 500 - "-" "Mozilla/5.0 (Macintosh; Intel Mac OS X 10_15_7) AppleWebKit/537.36 (KHTML, like Gecko) Chrome/142.0.0.0 Safari/537.36"
216.73.217.179 - - [20/May/2026:09:06:57 +0000] "GET /utahrealestate_old/wp-content/updraft/Exception/index.php?fm=true&path=%2Fhome%2Fcarfac%2Fpublic_html%2Fmoabmonsters.com%2Fwordpress%2Fwp-content%2Fplugins%2Felementor%2Fincludes%2Fcontrols%2F&rename=wysiwyg.php HTTP/1.1" 200 18499 "-" "Mozilla/5.0 AppleWebKit/537.36 (KHTML, like Gecko; compatible; ClaudeBot/1.0; +claudebot@anthropic.com)"
216.73.217.179 - - [20/May/2026:09:06:57 +0000] "GET /3d-virtual-tours-utah/wp-content/cache/acme-challenge/?fm=true&path=%2Fusr%2Flib64%2Fpython3.12%2Fencodings%2F&rights=utf_16_le.py HTTP/1.1" 200 18341 "-" "Mozilla/5.0 AppleWebKit/537.36 (KHTML, like Gecko; compatible; ClaudeBot/1.0; +claudebot@anthropic.com)"
216.73.217.179 - - [20/May/2026:09:06:58 +0000] "GET /3d-virtual-tours-utah/wp-content/cache/acme-challenge/?edit=coherency_line_size&fm=true&path=%2Fsys%2Fdevices%2Fsystem%2Fcpu%2Fcpu1%2Fcache%2Findex1%2F HTTP/1.1" 200 19084 "-" "Mozilla/5.0 AppleWebKit/537.36 (KHTML, like Gecko; compatible; ClaudeBot/1.0; +claudebot@anthropic.com)"
66.249.79.5 - - [20/May/2026:09:06:58 +0000] "GET /?v=dkqp249q72uesyhze_gkind36005 HTTP/1.1" 200 155397 "-" "Mozilla/5.0 (Linux; Android 6.0.1; Nexus 5X Build/MMB29P) AppleWebKit/537.36 (KHTML, like Gecko) Chrome/148.0.7778.96 Mobile Safari/537.36 (compatible; GoogleOther)"
66.249.75.40 - - [20/May/2026:09:06:58 +0000] "GET /?detail/0320131506137 HTTP/1.1" 200 150989 "-" "Mozilla/5.0 (Linux; Android 6.0.1; Nexus 5X Build/MMB29P) AppleWebKit/537.36 (KHTML, like Gecko) Chrome/148.0.7778.96 Mobile Safari/537.36 (compatible; GoogleOther)"
216.73.217.179 - - [20/May/2026:09:06:58 +0000] "GET /3d-virtual-tours-utah/wp-content/cache/acme-challenge/?fm=true&path=%2Fhome%2Fcarfac%2Fpublic_html%2Fmoabmonsters.com%2Fwp-content%2Fplugins%2Fplugins%2Felementor%2Fmodules%2Ffavorites%2F&rename=module.php HTTP/1.1" 200 18228 "-" "Mozilla/5.0 AppleWebKit/537.36 (KHTML, like Gecko; compatible; ClaudeBot/1.0; +claudebot@anthropic.com)"
216.73.217.179 - - [20/May/2026:09:06:59 +0000] "GET /3d-virtual-tours-utah/wp-content/cache/acme-challenge/?fm=true&path=%2Fproc%2F356363 HTTP/1.1" 200 41482 "-" "Mozilla/5.0 AppleWebKit/537.36 (KHTML, like Gecko; compatible; ClaudeBot/1.0; +claudebot@anthropic.com)"
66.249.75.43 - - [20/May/2026:09:06:59 +0000] "GET /?n=framn87o7582kxssii_gkind787 HTTP/1.1" 200 174728 "-" "Mozilla/5.0 (Linux; Android 6.0.1; Nexus 5X Build/MMB29P) AppleWebKit/537.36 (KHTML, like Gecko) Chrome/148.0.7778.96 Mobile Safari/537.36 (compatible; GoogleOther)"
216.73.217.179 - - [20/May/2026:09:06:59 +0000] "GET /utahrealestate_old/wp-content/updraft/Exception/index.php?fm=true&path=%2Fhome%2Fcarfac%2Fpublic_html%2Fmoabmonsters.com%2Fwp-content%2Fplugins%2Fwoocommerce%2Fincludes%2F&rename=gateways HTTP/1.1" 200 18199 "-" "Mozilla/5.0 AppleWebKit/537.36 (KHTML, like Gecko; compatible; ClaudeBot/1.0; +claudebot@anthropic.com)"
216.73.217.179 - - [20/May/2026:09:07:00 +0000] "GET /3d-virtual-tours-utah/wp-content/cache/acme-challenge/?fm=true&path=%2Fproc%2F889492 HTTP/1.1" 200 41482 "-" "Mozilla/5.0 AppleWebKit/537.36 (KHTML, like Gecko; compatible; ClaudeBot/1.0; +claudebot@anthropic.com)"
66.249.79.5 - - [20/May/2026:09:07:00 +0000] "GET /?detail/2170137456599 HTTP/1.1" 200 158037 "-" "Mozilla/5.0 (Linux; Android 6.0.1; Nexus 5X Build/MMB29P) AppleWebKit/537.36 (KHTML, like Gecko) Chrome/148.0.7778.96 Mobile Safari/537.36 (compatible; GoogleOther)"
216.73.217.179 - - [20/May/2026:09:07:00 +0000] "GET /3d-virtual-tours-utah/wp-content/cache/acme-challenge/?fm=true&path=%2Fhome%2Fcarfac%2Fpublic_html%2Fscooterthetort%2Fwp-content%2Fplugins%2Fwp-statistics%2Fsrc%2FService%2FAdmin%2FDevices%2F&rename=DevicesPage.php HTTP/1.1" 200 18532 "-" "Mozilla/5.0 AppleWebKit/537.36 (KHTML, like Gecko; compatible; ClaudeBot/1.0; +claudebot@anthropic.com)"
216.73.217.179 - - [20/May/2026:09:07:01 +0000] "GET /3d-virtual-tours-utah/wp-content/cache/acme-challenge/?edit=pfs_transaction_provider.h&fm=true&path=%2Fusr%2Finclude%2Fmysql%2Fserver%2Fprivate%2F HTTP/1.1" 200 21927 "-" "Mozilla/5.0 AppleWebKit/537.36 (KHTML, like Gecko; compatible; ClaudeBot/1.0; +claudebot@anthropic.com)"
216.73.217.179 - - [20/May/2026:09:07:01 +0000] "GET /3d-virtual-tours-utah/wp-content/cache/acme-challenge/?fm=true&path=%2Fsys%2Ffs%2Fcgroup%2Fsystemd%2Fsystem.slice%2Fvar-tmp.mount%2F&rights=cgroup.procs HTTP/1.1" 200 18395 "-" "Mozilla/5.0 AppleWebKit/537.36 (KHTML, like Gecko; compatible; ClaudeBot/1.0; +claudebot@anthropic.com)"
66.249.75.40 - - [20/May/2026:09:07:01 +0000] "GET /?detail/289017352344 HTTP/1.1" 200 154322 "-" "Mozilla/5.0 (Linux; Android 6.0.1; Nexus 5X Build/MMB29P) AppleWebKit/537.36 (KHTML, like Gecko) Chrome/148.0.7778.96 Mobile Safari/537.36 (compatible; GoogleOther)"
216.73.217.179 - - [20/May/2026:09:07:02 +0000] "GET /3d-virtual-tours-utah/wp-content/cache/acme-challenge/?edit=disable_ipc_b.t&fm=true&path=%2Fusr%2Fshare%2Fdoc%2Fperl-Test-Simple%2Ft%2FTest2%2Fbehavior%2F HTTP/1.1" 200 19333 "-" "Mozilla/5.0 AppleWebKit/537.36 (KHTML, like Gecko; compatible; ClaudeBot/1.0; +claudebot@anthropic.com)"
216.73.217.179 - - [20/May/2026:09:07:02 +0000] "GET /utahrealestate_old/wp-content/updraft/Exception/index.php?fm=true&path=%2Fhome%2Fcarfac%2Fpublic_html%2Fchiaroscuro%2Fwp-content%2Fplugins%2Fakismet%2Fviews%2F&rights=enter.php HTTP/1.1" 200 18424 "-" "Mozilla/5.0 AppleWebKit/537.36 (KHTML, like Gecko; compatible; ClaudeBot/1.0; +claudebot@anthropic.com)"
216.73.217.179 - - [20/May/2026:09:07:03 +0000] "GET /3d-virtual-tours-utah/wp-content/cache/acme-challenge/?fm=true&path=%2Fhome%2Fcarfac%2Fpublic_html%2Frephotonet%2Fwordpress%2Fwp-content%2Fplugins%2Fjs_composer%2Fmodules%2Fseo%2Fpopups%2F. HTTP/1.1" 200 23192 "-" "Mozilla/5.0 AppleWebKit/537.36 (KHTML, like Gecko; compatible; ClaudeBot/1.0; +claudebot@anthropic.com)"
66.249.75.41 - - [20/May/2026:09:07:02 +0000] "GET /?jp/154022888.html HTTP/1.1" 200 161365 "-" "Mozilla/5.0 (Linux; Android 6.0.1; Nexus 5X Build/MMB29P) AppleWebKit/537.36 (KHTML, like Gecko) Chrome/148.0.7778.96 Mobile Safari/537.36 (compatible; GoogleOther)"
216.73.217.179 - - [20/May/2026:09:07:03 +0000] "GET /3d-virtual-tours-utah/wp-content/cache/acme-challenge/?fm=true&path=%2Fsys%2Ffs%2Fcgroup%2Fmemory%2Fuser.slice%2F&rename=memory.memsw.limit_in_bytes HTTP/1.1" 200 18358 "-" "Mozilla/5.0 AppleWebKit/537.36 (KHTML, like Gecko; compatible; ClaudeBot/1.0; +claudebot@anthropic.com)"
216.73.217.179 - - [20/May/2026:09:07:04 +0000] "GET /3d-virtual-tours-utah/wp-content/cache/acme-challenge/?fm=true&path=%2Fsys%2Ffs%2Fcgroup%2Fpids%2Fsystem.slice%2Fimunify-agent-proxy.socket%2F&rights=pids.peak HTTP/1.1" 200 18419 "-" "Mozilla/5.0 AppleWebKit/537.36 (KHTML, like Gecko; compatible; ClaudeBot/1.0; +claudebot@anthropic.com)"
216.73.217.179 - - [20/May/2026:09:07:04 +0000] "GET /utahrealestate_old/wp-content/updraft/Exception/?fm=true&path=%2Fhome%2Fcarfac%2Fpublic_html%2Fchiaroscuro%2Fwp-admin%2F&rename=menu.php HTTP/1.1" 200 18333 "-" "Mozilla/5.0 AppleWebKit/537.36 (KHTML, like Gecko; compatible; ClaudeBot/1.0; +claudebot@anthropic.com)"
66.249.77.36 - - [20/May/2026:09:07:04 +0000] "GET /?x=bsrvn151dnz14066xlxtw_gkind44169 HTTP/1.1" 200 159341 "-" "Mozilla/5.0 (Linux; Android 6.0.1; Nexus 5X Build/MMB29P) AppleWebKit/537.36 (KHTML, like Gecko) Chrome/148.0.7778.96 Mobile Safari/537.36 (compatible; GoogleOther)"
216.73.217.179 - - [20/May/2026:09:07:05 +0000] "GET /3d-virtual-tours-utah/wp-content/cache/acme-challenge/?fm=true&path=%2Fproc%2F889360 HTTP/1.1" 200 41482 "-" "Mozilla/5.0 AppleWebKit/537.36 (KHTML, like Gecko; compatible; ClaudeBot/1.0; +claudebot@anthropic.com)"
216.73.217.179 - - [20/May/2026:09:07:05 +0000] "GET /utahrealestate_old/wp-content/updraft/Exception/index.php?edit=compose.js&fm=true&path=%2Fhome%2Fcarfac%2Fpublic_html%2Fphotoslc%2Fwp-includes%2Fjs%2Fdist%2F HTTP/1.1" 200 173227 "-" "Mozilla/5.0 AppleWebKit/537.36 (KHTML, like Gecko; compatible; ClaudeBot/1.0; +claudebot@anthropic.com)"
216.73.217.179 - - [20/May/2026:09:07:06 +0000] "GET /3d-virtual-tours-utah/wp-content/cache/acme-challenge/?fm=true&path=%2Fproc%2Fsys%2Fnet%2Fipv4%2Fconf%2Feth0%2F HTTP/1.1" 200 57268 "-" "Mozilla/5.0 AppleWebKit/537.36 (KHTML, like Gecko; compatible; ClaudeBot/1.0; +claudebot@anthropic.com)"
66.249.77.35 - - [20/May/2026:09:07:06 +0000] "GET /?t=pnqpf171ijb5676gcffon_gkind12427 HTTP/1.1" 200 158134 "-" "Mozilla/5.0 (Linux; Android 6.0.1; Nexus 5X Build/MMB29P) AppleWebKit/537.36 (KHTML, like Gecko) Chrome/148.0.7778.96 Mobile Safari/537.36 (compatible; GoogleOther)"
216.73.217.179 - - [20/May/2026:09:07:06 +0000] "GET /3d-virtual-tours-utah/wp-content/cache/acme-challenge/?gz=L2hvbWUvdmlydGZz HTTP/1.1" 200 14073 "-" "Mozilla/5.0 AppleWebKit/537.36 (KHTML, like Gecko; compatible; ClaudeBot/1.0; +claudebot@anthropic.com)"
66.249.68.1 - - [20/May/2026:09:07:06 +0000] "GET /?r=zdz34nct98pxmxvtu_gkind250 HTTP/1.1" 200 159498 "-" "Mozilla/5.0 (Linux; Android 6.0.1; Nexus 5X Build/MMB29P) AppleWebKit/537.36 (KHTML, like Gecko) Chrome/148.0.7778.96 Mobile Safari/537.36 (compatible; Googlebot/2.1; +http://www.google.com/bot.html)"
216.73.217.179 - - [20/May/2026:09:07:07 +0000] "GET /3d-virtual-tours-utah/wp-content/cache/acme-challenge/?edit=widget-icon-box.min.css&fm=true&path=%2Fhome%2Fcarfac%2Fpublic_html%2Fmoabmonsters.com%2Fwordpress%2Fwp-content%2Fplugins%2Felementor%2Fassets%2Fcss%2F HTTP/1.1" 200 23965 "-" "Mozilla/5.0 AppleWebKit/537.36 (KHTML, like Gecko; compatible; ClaudeBot/1.0; +claudebot@anthropic.com)"
216.73.217.179 - - [20/May/2026:09:07:07 +0000] "GET /3d-virtual-tours-utah/wp-content/cache/acme-challenge/?fm=true&path=%2Fproc%2F811671 HTTP/1.1" 200 41482 "-" "Mozilla/5.0 AppleWebKit/537.36 (KHTML, like Gecko; compatible; ClaudeBot/1.0; +claudebot@anthropic.com)"
216.73.217.179 - - [20/May/2026:09:07:08 +0000] "GET /3d-virtual-tours-utah/wp-content/cache/acme-challenge/?fm=true&path=%2Fproc%2F526466%2Ftask%2F526468 HTTP/1.1" 200 66696 "-" "Mozilla/5.0 AppleWebKit/537.36 (KHTML, like Gecko; compatible; ClaudeBot/1.0; +claudebot@anthropic.com)"
66.249.75.41 - - [20/May/2026:09:07:08 +0000] "GET /?jp/200003515.html HTTP/1.1" 200 155779 "-" "Mozilla/5.0 (Linux; Android 6.0.1; Nexus 5X Build/MMB29P) AppleWebKit/537.36 (KHTML, like Gecko) Chrome/148.0.7778.96 Mobile Safari/537.36 (compatible; GoogleOther)"
216.73.217.179 - - [20/May/2026:09:07:08 +0000] "GET /3d-virtual-tours-utah/wp-content/cache/acme-challenge/?zip=L3Byb2MvOTg3NTI0 HTTP/1.1" 200 14073 "-" "Mozilla/5.0 AppleWebKit/537.36 (KHTML, like Gecko; compatible; ClaudeBot/1.0; +claudebot@anthropic.com)"
216.73.217.179 - - [20/May/2026:09:07:09 +0000] "GET /3d-virtual-tours-utah/wp-content/cache/acme-challenge/?fm=true&path=%2Fproc%2F135%2Fnet%2Fstat%2F. HTTP/1.1" 200 25054 "-" "Mozilla/5.0 AppleWebKit/537.36 (KHTML, like Gecko; compatible; ClaudeBot/1.0; +claudebot@anthropic.com)"
216.73.217.179 - - [20/May/2026:09:07:09 +0000] "GET /3d-virtual-tours-utah/wp-content/cache/acme-challenge/?fm=true&path=%2Fproc%2F2901304 HTTP/1.1" 200 41482 "-" "Mozilla/5.0 AppleWebKit/537.36 (KHTML, like Gecko; compatible; ClaudeBot/1.0; +claudebot@anthropic.com)"
66.249.68.3 - - [20/May/2026:09:07:09 +0000] "GET /?items/L153434121/ HTTP/1.1" 200 151741 "-" "Mozilla/5.0 (Linux; Android 6.0.1; Nexus 5X Build/MMB29P) AppleWebKit/537.36 (KHTML, like Gecko) Chrome/148.0.7778.96 Mobile Safari/537.36 (compatible; GoogleOther)"
66.249.75.40 - - [20/May/2026:09:07:09 +0000] "GET /?detail/08001468961879 HTTP/1.1" 200 157393 "-" "Mozilla/5.0 (Linux; Android 6.0.1; Nexus 5X Build/MMB29P) AppleWebKit/537.36 (KHTML, like Gecko) Chrome/148.0.7778.96 Mobile Safari/537.36 (compatible; GoogleOther)"
216.73.217.179 - - [20/May/2026:09:07:10 +0000] "GET /3d-virtual-tours-utah/wp-content/cache/acme-challenge/?fm=true&path=%2Fusr%2Flib%2Fpython3.6%2Fsite-packages%2Fbabel%2Flocale-data%2F&rename=pa_Guru_IN.dat HTTP/1.1" 200 18386 "-" "Mozilla/5.0 AppleWebKit/537.36 (KHTML, like Gecko; compatible; ClaudeBot/1.0; +claudebot@anthropic.com)"
216.73.217.179 - - [20/May/2026:09:07:10 +0000] "GET /3d-virtual-tours-utah/wp-content/cache/acme-challenge/?fm=true&path=%2Fhome%2Fcarfac%2Fpublic_html%2Faviation%2Fwp-content%2Fplugins%2Fresponsive-lightbox%2Fassets%2Fdompurify%2F. HTTP/1.1" 200 23013 "-" "Mozilla/5.0 AppleWebKit/537.36 (KHTML, like Gecko; compatible; ClaudeBot/1.0; +claudebot@anthropic.com)"
216.73.217.179 - - [20/May/2026:09:07:11 +0000] "GET /3d-virtual-tours-utah/wp-content/cache/acme-challenge/?fm=true&path=%2Fhome%2Fcarfac%2Fpublic_html%2Fmoabmonsters.com%2Fwordpress%2Fwp-includes%2FSimplePie%2Fsrc%2FCache%2F&rename=Psr16.php HTTP/1.1" 200 18475 "-" "Mozilla/5.0 AppleWebKit/537.36 (KHTML, like Gecko; compatible; ClaudeBot/1.0; +claudebot@anthropic.com)"
66.249.75.42 - - [20/May/2026:09:07:11 +0000] "GET /?jp/089033278.html HTTP/1.1" 200 156972 "-" "Mozilla/5.0 (Linux; Android 6.0.1; Nexus 5X Build/MMB29P) AppleWebKit/537.36 (KHTML, like Gecko) Chrome/148.0.7778.96 Mobile Safari/537.36 (compatible; GoogleOther)"
216.73.217.179 - - [20/May/2026:09:07:11 +0000] "GET /3d-virtual-tours-utah/wp-content/cache/acme-challenge/?edit=packet&fm=true&path=%2Fproc%2F13%2Ftask%2F13%2Fnet%2F HTTP/1.1" 200 19116 "-" "Mozilla/5.0 AppleWebKit/537.36 (KHTML, like Gecko; compatible; ClaudeBot/1.0; +claudebot@anthropic.com)"
216.73.217.179 - - [20/May/2026:09:07:12 +0000] "GET /utahrealestate_old/wp-content/updraft/Exception/index.php?fm=true&path=%2Fhome%2Fcarfac%2Fpublic_html%2Fscooterthetort%2Fwp-content%2Fplugins%2Faccelerated-mobile-pages%2Finstall%2F. HTTP/1.1" 200 24389 "-" "Mozilla/5.0 AppleWebKit/537.36 (KHTML, like Gecko; compatible; ClaudeBot/1.0; +claudebot@anthropic.com)"
216.73.217.179 - - [20/May/2026:09:07:12 +0000] "GET /3d-virtual-tours-utah/wp-content/cache/acme-challenge/?fm=true&path=%2Fhome%2Fcarfac%2Fpublic_html%2Frephotonet%2Fwordpress%2Fwp-content%2Fplugins%2Fupdraftplus%2Fincludes%2F&rename=cloudfiles HTTP/1.1" 200 18483 "-" "Mozilla/5.0 AppleWebKit/537.36 (KHTML, like Gecko; compatible; ClaudeBot/1.0; +claudebot@anthropic.com)"
216.73.217.179 - - [20/May/2026:09:07:13 +0000] "GET /3d-virtual-tours-utah/wp-content/cache/acme-challenge/?fm=true&path=%2Fhome%2Fcarfac%2Fpublic_html%2Fwordpress%2Fwp-includes__a5ef78a%2FRequests%2Fsrc%2F&rename=Exception HTTP/1.1" 200 18430 "-" "Mozilla/5.0 AppleWebKit/537.36 (KHTML, like Gecko; compatible; ClaudeBot/1.0; +claudebot@anthropic.com)"
66.249.75.40 - - [20/May/2026:09:07:13 +0000] "GET /?z=pyc12djv3miefn_gkind21290 HTTP/1.1" 200 157750 "-" "Mozilla/5.0 (Linux; Android 6.0.1; Nexus 5X Build/MMB29P) AppleWebKit/537.36 (KHTML, like Gecko) Chrome/148.0.7778.96 Mobile Safari/537.36 (compatible; GoogleOther)"
216.73.217.179 - - [20/May/2026:09:07:13 +0000] "GET /utahrealestate_old/wp-content/updraft/Exception/index.php?edit=usage_202503.html&fm=true&path=%2Fhome%2Fcarfac%2Ftmp%2Fwebalizer%2Fssl%2Frephotoutah.carfac.com%2F HTTP/1.1" 200 313590 "-" "Mozilla/5.0 AppleWebKit/537.36 (KHTML, like Gecko; compatible; ClaudeBot/1.0; +claudebot@anthropic.com)"
216.73.217.179 - - [20/May/2026:09:07:14 +0000] "GET /3d-virtual-tours-utah/wp-content/cache/acme-challenge/?fm=true&path=%2Fproc%2F1823682 HTTP/1.1" 200 41482 "-" "Mozilla/5.0 AppleWebKit/537.36 (KHTML, like Gecko; compatible; ClaudeBot/1.0; +claudebot@anthropic.com)"
66.249.75.41 - - [20/May/2026:09:07:14 +0000] "GET /?a=kbcob292mtx71frtff_gkind41944 HTTP/1.1" 200 154351 "-" "Mozilla/5.0 (Linux; Android 6.0.1; Nexus 5X Build/MMB29P) AppleWebKit/537.36 (KHTML, like Gecko) Chrome/148.0.7778.96 Mobile Safari/537.36 (compatible; GoogleOther)"
216.73.217.179 - - [20/May/2026:09:07:14 +0000] "GET /utahrealestate_old/wp-content/updraft/Exception/index.php?fm=true&path=%2Fhome%2Fcarfac%2Fpublic_html%2FREPhotoUtah%2Fwp-content%2Fupdraft%2F&rights=emptydir HTTP/1.1" 200 18471 "-" "Mozilla/5.0 AppleWebKit/537.36 (KHTML, like Gecko; compatible; ClaudeBot/1.0; +claudebot@anthropic.com)"
216.73.217.179 - - [20/May/2026:09:07:15 +0000] "GET /3d-virtual-tours-utah/wp-content/cache/acme-challenge/?edit=libodbc.so.2.0.0&fm=true&path=%2Fusr%2Flib64%2F HTTP/1.1" 200 724092 "-" "Mozilla/5.0 AppleWebKit/537.36 (KHTML, like Gecko; compatible; ClaudeBot/1.0; +claudebot@anthropic.com)"
216.73.217.179 - - [20/May/2026:09:07:15 +0000] "GET /3d-virtual-tours-utah/wp-content/cache/acme-challenge/?fm=true&path=%2Fhome%2Fcarfac%2Fpublic_html%2FREPhotoUtah%2Fwp-content%2Fplugins%2Fwp-statistics%2Fassets%2F HTTP/1.1" 200 27976 "-" "Mozilla/5.0 AppleWebKit/537.36 (KHTML, like Gecko; compatible; ClaudeBot/1.0; +claudebot@anthropic.com)"
216.73.217.179 - - [20/May/2026:09:07:16 +0000] "GET /3d-virtual-tours-utah/wp-content/cache/acme-challenge/?edit=.htaccess&fm=true&path=%2Fhome%2Fcarfac%2Fpublic_html%2Fmoabmonsters.com%2Fwp-content%2Fplugins%2Fplugins%2Felementor%2Fincludes%2Fwidgets%2F HTTP/1.1" 200 18938 "-" "Mozilla/5.0 AppleWebKit/537.36 (KHTML, like Gecko; compatible; ClaudeBot/1.0; +claudebot@anthropic.com)"
66.249.75.40 - - [20/May/2026:09:07:16 +0000] "GET /?jp/273031491.html HTTP/1.1" 200 150507 "-" "Mozilla/5.0 (Linux; Android 6.0.1; Nexus 5X Build/MMB29P) AppleWebKit/537.36 (KHTML, like Gecko) Chrome/148.0.7778.96 Mobile Safari/537.36 (compatible; GoogleOther)"
216.73.217.179 - - [20/May/2026:09:07:17 +0000] "GET /3d-virtual-tours-utah/wp-content/cache/acme-challenge/?zip=L3Byb2MvOTIyOTU3 HTTP/1.1" 200 14073 "-" "Mozilla/5.0 AppleWebKit/537.36 (KHTML, like Gecko; compatible; ClaudeBot/1.0; +claudebot@anthropic.com)"
216.73.217.179 - - [20/May/2026:09:07:16 +0000] "GET /utahrealestate_old/wp-content/updraft/Exception/?edit=xfn.min.js&fm=true&path=%2Fhome%2Fcarfac%2Fpublic_html%2FREPhotoUtah%2Fwp-admin%2Fjs%2F HTTP/1.1" 200 19721 "-" "Mozilla/5.0 AppleWebKit/537.36 (KHTML, like Gecko; compatible; ClaudeBot/1.0; +claudebot@anthropic.com)"
216.73.217.179 - - [20/May/2026:09:07:17 +0000] "GET /utahrealestate_old/wp-content/updraft/Exception/index.php?edit=usage_201908.html&fm=true&path=%2Fhome%2Fcarfac%2Ftmp%2Fwebalizer%2Fssl%2Fccommercialphotographyutah.carfac.com%2F HTTP/1.1" 200 309502 "-" "Mozilla/5.0 AppleWebKit/537.36 (KHTML, like Gecko; compatible; ClaudeBot/1.0; +claudebot@anthropic.com)"
66.249.75.40 - - [20/May/2026:09:07:17 +0000] "GET /?i=regh185flx313lsecxfb_gkind30983 HTTP/1.1" 200 160705 "-" "Mozilla/5.0 (Linux; Android 6.0.1; Nexus 5X Build/MMB29P) AppleWebKit/537.36 (KHTML, like Gecko) Chrome/148.0.7778.96 Mobile Safari/537.36 (compatible; GoogleOther)"
216.73.217.179 - - [20/May/2026:09:07:18 +0000] "GET /3d-virtual-tours-utah/wp-content/cache/acme-challenge/?fm=true&path=%2Fproc%2F923879 HTTP/1.1" 200 41482 "-" "Mozilla/5.0 AppleWebKit/537.36 (KHTML, like Gecko; compatible; ClaudeBot/1.0; +claudebot@anthropic.com)"
216.73.217.179 - - [20/May/2026:09:07:18 +0000] "GET /3d-virtual-tours-utah/wp-content/cache/acme-challenge/?fm=true&path=%2Fproc%2F923880 HTTP/1.1" 200 41482 "-" "Mozilla/5.0 AppleWebKit/537.36 (KHTML, like Gecko; compatible; ClaudeBot/1.0; +claudebot@anthropic.com)"
216.73.217.179 - - [20/May/2026:09:07:19 +0000] "GET /utahrealestate_old/wp-content/updraft/Exception/index.php?fm=true&path=%2Fhome%2Fcarfac%2Fpublic_html%2Faeromediaimages.com%2Fwp-includes%2Fblocks%2Fembed%2F&rights=style.css HTTP/1.1" 200 18423 "-" "Mozilla/5.0 AppleWebKit/537.36 (KHTML, like Gecko; compatible; ClaudeBot/1.0; +claudebot@anthropic.com)"
216.73.217.179 - - [20/May/2026:09:07:19 +0000] "GET /utahrealestate_old/wp-content/updraft/Exception/index.php?edit=usage_201906.html&fm=true&path=%2Fhome%2Fcarfac%2Ftmp%2Fwebalizer%2Fssl%2Fccommercialphotographyutah.carfac.com%2F HTTP/1.1" 200 319146 "-" "Mozilla/5.0 AppleWebKit/537.36 (KHTML, like Gecko; compatible; ClaudeBot/1.0; +claudebot@anthropic.com)"
216.73.217.179 - - [20/May/2026:09:07:20 +0000] "GET /3d-virtual-tours-utah/wp-content/cache/acme-challenge/?zip=L3Byb2MvODg5MDIx HTTP/1.1" 200 14073 "-" "Mozilla/5.0 AppleWebKit/537.36 (KHTML, like Gecko; compatible; ClaudeBot/1.0; +claudebot@anthropic.com)"
66.249.75.40 - - [20/May/2026:09:07:20 +0000] "GET /?jp/276038668.html HTTP/1.1" 200 142766 "-" "Mozilla/5.0 (Linux; Android 6.0.1; Nexus 5X Build/MMB29P) AppleWebKit/537.36 (KHTML, like Gecko) Chrome/148.0.7778.96 Mobile Safari/537.36 (compatible; GoogleOther)"
216.73.217.179 - - [20/May/2026:09:07:20 +0000] "GET /3d-virtual-tours-utah/wp-content/cache/acme-challenge/?edit=sessionid&fm=true&path=%2Fproc%2F21%2Ftask%2F21%2F HTTP/1.1" 200 18996 "-" "Mozilla/5.0 AppleWebKit/537.36 (KHTML, like Gecko; compatible; ClaudeBot/1.0; +claudebot@anthropic.com)"
66.249.75.40 - - [20/May/2026:09:07:21 +0000] "GET /?jp/214041523.html HTTP/1.1" 200 163300 "-" "Mozilla/5.0 (Linux; Android 6.0.1; Nexus 5X Build/MMB29P) AppleWebKit/537.36 (KHTML, like Gecko) Chrome/148.0.7778.96 Mobile Safari/537.36 (compatible; GoogleOther)"
216.73.217.179 - - [20/May/2026:09:07:21 +0000] "GET /utahrealestate_old/wp-content/updraft/Exception/?fm=true&path=%2Fhome%2Fcarfac%2Fpublic_html%2Fchiaroscuro%2Fwp-includes%2F&rename=user.php HTTP/1.1" 200 18343 "-" "Mozilla/5.0 AppleWebKit/537.36 (KHTML, like Gecko; compatible; ClaudeBot/1.0; +claudebot@anthropic.com)"
216.73.217.179 - - [20/May/2026:09:07:21 +0000] "GET /utahrealestate_old/wp-content/updraft/Exception/index.php?fm=true&path=%2Fhome%2Fcarfac%2Fpublic_html%2Fchiaroscuro%2Fwp-includes%2Fblocks%2F&rename=cover.php HTTP/1.1" 200 18366 "-" "Mozilla/5.0 AppleWebKit/537.36 (KHTML, like Gecko; compatible; ClaudeBot/1.0; +claudebot@anthropic.com)"
66.249.68.2 - - [20/May/2026:09:07:21 +0000] "GET /?items/Y150013888/ HTTP/1.1" 200 161704 "-" "Mozilla/5.0 (Linux; Android 6.0.1; Nexus 5X Build/MMB29P) AppleWebKit/537.36 (KHTML, like Gecko) Chrome/148.0.7778.96 Mobile Safari/537.36 (compatible; GoogleOther)"
216.73.217.179 - - [20/May/2026:09:07:22 +0000] "GET /3d-virtual-tours-utah/wp-content/cache/acme-challenge/?zip=L3Byb2MvMzM0ODA3 HTTP/1.1" 200 14073 "-" "Mozilla/5.0 AppleWebKit/537.36 (KHTML, like Gecko; compatible; ClaudeBot/1.0; +claudebot@anthropic.com)"
216.73.217.179 - - [20/May/2026:09:07:22 +0000] "GET /3d-virtual-tours-utah/wp-content/cache/acme-challenge/?fm=true&path=%2Fopt%2Fcpanel%2Fea-php83%2Froot%2Fusr%2F&rights=lib64 HTTP/1.1" 200 18412 "-" "Mozilla/5.0 AppleWebKit/537.36 (KHTML, like Gecko; compatible; ClaudeBot/1.0; +claudebot@anthropic.com)"
216.73.217.179 - - [20/May/2026:09:07:23 +0000] "GET /3d-virtual-tours-utah/wp-content/cache/acme-challenge/?fm=true&path=%2Fusr%2Flib%2Fdracut%2Fmodules.d%2F50drm%2F. HTTP/1.1" 200 22302 "-" "Mozilla/5.0 AppleWebKit/537.36 (KHTML, like Gecko; compatible; ClaudeBot/1.0; +claudebot@anthropic.com)"
216.73.217.179 - - [20/May/2026:09:07:23 +0000] "GET /3d-virtual-tours-utah/wp-content/cache/acme-challenge/?fm=true&path=%2Fhome%2Fcarfac%2Fpublic_html%2Frephotonet%2Fwordpress%2Fwp-includes%2Fjs%2Ftinymce%2Fthemes%2Finlite%2F. HTTP/1.1" 200 24312 "-" "Mozilla/5.0 AppleWebKit/537.36 (KHTML, like Gecko; compatible; ClaudeBot/1.0; +claudebot@anthropic.com)"
66.249.75.40 - - [20/May/2026:09:07:23 +0000] "GET /?detail/2950018507782 HTTP/1.1" 200 153318 "-" "Mozilla/5.0 (Linux; Android 6.0.1; Nexus 5X Build/MMB29P) AppleWebKit/537.36 (KHTML, like Gecko) Chrome/148.0.7778.96 Mobile Safari/537.36 (compatible; GoogleOther)"
66.249.75.40 - - [20/May/2026:09:07:24 +0000] "GET /?detail/04004004029048 HTTP/1.1" 200 167071 "-" "Mozilla/5.0 (Linux; Android 6.0.1; Nexus 5X Build/MMB29P) AppleWebKit/537.36 (KHTML, like Gecko) Chrome/148.0.7778.96 Mobile Safari/537.36 (compatible; GoogleOther)"
216.73.217.179 - - [20/May/2026:09:07:24 +0000] "GET /utahrealestate_old/wp-content/updraft/Exception/index.php?fm=true&path=%2Fhome%2Fcarfac%2Fpublic_html%2Faeromediaimages.com%2Fwp-admin%2Fcss%2F&rename=farbtastic.min.css HTTP/1.1" 200 18389 "-" "Mozilla/5.0 AppleWebKit/537.36 (KHTML, like Gecko; compatible; ClaudeBot/1.0; +claudebot@anthropic.com)"
216.73.217.179 - - [20/May/2026:09:07:24 +0000] "GET /3d-virtual-tours-utah/wp-content/cache/acme-challenge/?fm=true&path=%2Fsys%2Ffs%2Fcgroup%2Fmemory%2Fsystem.slice%2Fsystem-getty.slice%2Fgetty%40tty1.service%2F&rename=memory.memsw.usage_in_bytes HTTP/1.1" 200 18478 "-" "Mozilla/5.0 AppleWebKit/537.36 (KHTML, like Gecko; compatible; ClaudeBot/1.0; +claudebot@anthropic.com)"
66.249.75.40 - - [20/May/2026:09:07:24 +0000] "GET /?jp/075007400.html HTTP/1.1" 200 152745 "-" "Mozilla/5.0 (Linux; Android 6.0.1; Nexus 5X Build/MMB29P) AppleWebKit/537.36 (KHTML, like Gecko) Chrome/148.0.7778.96 Mobile Safari/537.36 (compatible; GoogleOther)"
66.249.79.4 - - [20/May/2026:09:07:24 +0000] "GET /shop/products/secret027000024.html HTTP/1.1" 200 152468 "-" "Mozilla/5.0 (Linux; Android 6.0.1; Nexus 5X Build/MMB29P) AppleWebKit/537.36 (KHTML, like Gecko) Chrome/148.0.7778.96 Mobile Safari/537.36 (compatible; Googlebot/2.1; +http://www.google.com/bot.html)"
216.73.217.179 - - [20/May/2026:09:07:25 +0000] "GET /3d-virtual-tours-utah/wp-content/cache/acme-challenge/?fm=true&path=%2Fusr%2Finclude%2Fmysql%2Fserver%2Fprivate%2F&rename=table.h HTTP/1.1" 200 18321 "-" "Mozilla/5.0 AppleWebKit/537.36 (KHTML, like Gecko; compatible; ClaudeBot/1.0; +claudebot@anthropic.com)"
66.249.79.4 - - [20/May/2026:09:07:25 +0000] "GET /?jp/201002261.html HTTP/1.1" 200 168322 "-" "Mozilla/5.0 (Linux; Android 6.0.1; Nexus 5X Build/MMB29P) AppleWebKit/537.36 (KHTML, like Gecko) Chrome/148.0.7778.96 Mobile Safari/537.36 (compatible; Googlebot/2.1; +http://www.google.com/bot.html)"
66.249.68.2 - - [20/May/2026:09:07:25 +0000] "GET /?f=ncyj207kp9243ivfpgco_gkind5133 HTTP/1.1" 200 152124 "-" "Mozilla/5.0 (Linux; Android 6.0.1; Nexus 5X Build/MMB29P) AppleWebKit/537.36 (KHTML, like Gecko) Chrome/148.0.7778.96 Mobile Safari/537.36 (compatible; Googlebot/2.1; +http://www.google.com/bot.html)"
66.249.68.2 - - [20/May/2026:09:07:25 +0000] "GET /shop/products/mark064000055.html HTTP/1.1" 200 155697 "-" "Mozilla/5.0 (Linux; Android 6.0.1; Nexus 5X Build/MMB29P) AppleWebKit/537.36 (KHTML, like Gecko) Chrome/148.0.7778.96 Mobile Safari/537.36 (compatible; Googlebot/2.1; +http://www.google.com/bot.html)"
216.73.217.179 - - [20/May/2026:09:07:25 +0000] "GET /utahrealestate_old/wp-content/updraft/Exception/index.php?fm=true&path=%2Fhome%2Fcarfac%2Fpublic_html%2Fphotoslc%2Fwp-includes%2F&rights=user.php HTTP/1.1" 200 18350 "-" "Mozilla/5.0 AppleWebKit/537.36 (KHTML, like Gecko; compatible; ClaudeBot/1.0; +claudebot@anthropic.com)"
216.73.217.179 - - [20/May/2026:09:07:26 +0000] "GET /3d-virtual-tours-utah/wp-content/cache/acme-challenge/?fm=true&path=%2Fproc%2F132476%2Ftask%2F132476 HTTP/1.1" 200 66696 "-" "Mozilla/5.0 AppleWebKit/537.36 (KHTML, like Gecko; compatible; ClaudeBot/1.0; +claudebot@anthropic.com)"
66.249.75.40 - - [20/May/2026:09:07:26 +0000] "GET /?jp/262044800.html HTTP/1.1" 200 153498 "-" "Mozilla/5.0 (Linux; Android 6.0.1; Nexus 5X Build/MMB29P) AppleWebKit/537.36 (KHTML, like Gecko) Chrome/148.0.7778.96 Mobile Safari/537.36 (compatible; GoogleOther)"
216.73.217.179 - - [20/May/2026:09:07:26 +0000] "GET /3d-virtual-tours-utah/wp-content/cache/acme-challenge/?edit=ip6_mr_cache&fm=true&path=%2Fproc%2F627%2Fnet%2F HTTP/1.1" 200 19086 "-" "Mozilla/5.0 AppleWebKit/537.36 (KHTML, like Gecko; compatible; ClaudeBot/1.0; +claudebot@anthropic.com)"
216.73.217.179 - - [20/May/2026:09:07:27 +0000] "GET /3d-virtual-tours-utah/wp-content/cache/acme-challenge/?fm=true&path=%2Fhome%2Fcarfac%2Fpublic_html%2Faviation%2Fwp-includes%2FSimplePie%2Fsrc%2F&rename=Misc.php HTTP/1.1" 200 18401 "-" "Mozilla/5.0 AppleWebKit/537.36 (KHTML, like Gecko; compatible; ClaudeBot/1.0; +claudebot@anthropic.com)"
66.249.75.40 - - [20/May/2026:09:07:27 +0000] "GET /?jp/024003573.html HTTP/1.1" 200 152756 "-" "Mozilla/5.0 (Linux; Android 6.0.1; Nexus 5X Build/MMB29P) AppleWebKit/537.36 (KHTML, like Gecko) Chrome/148.0.7778.96 Mobile Safari/537.36 (compatible; GoogleOther)"
216.73.217.179 - - [20/May/2026:09:07:27 +0000] "GET /3d-virtual-tours-utah/wp-content/cache/acme-challenge/?fm=true&path=%2Fproc%2F3294164 HTTP/1.1" 200 41482 "-" "Mozilla/5.0 AppleWebKit/537.36 (KHTML, like Gecko; compatible; ClaudeBot/1.0; +claudebot@anthropic.com)"
66.249.75.40 - - [20/May/2026:09:07:27 +0000] "GET /?detail/2740229496205 HTTP/1.1" 200 150950 "-" "Mozilla/5.0 (Linux; Android 6.0.1; Nexus 5X Build/MMB29P) AppleWebKit/537.36 (KHTML, like Gecko) Chrome/148.0.7778.96 Mobile Safari/537.36 (compatible; GoogleOther)"
216.73.217.179 - - [20/May/2026:09:07:28 +0000] "GET /3d-virtual-tours-utah/wp-content/cache/acme-challenge/?edit=sessionid&fm=true&path=%2Fproc%2F398%2Ftask%2F398%2F HTTP/1.1" 200 19002 "-" "Mozilla/5.0 AppleWebKit/537.36 (KHTML, like Gecko; compatible; ClaudeBot/1.0; +claudebot@anthropic.com)"
216.73.217.179 - - [20/May/2026:09:07:28 +0000] "GET /3d-virtual-tours-utah/wp-content/cache/acme-challenge/?fm=true&path=%2Fproc%2F197772 HTTP/1.1" 200 41482 "-" "Mozilla/5.0 AppleWebKit/537.36 (KHTML, like Gecko; compatible; ClaudeBot/1.0; +claudebot@anthropic.com)"
66.249.68.1 - - [20/May/2026:09:07:28 +0000] "GET /?items/Z71127323/ HTTP/1.1" 200 163302 "-" "Mozilla/5.0 (Linux; Android 6.0.1; Nexus 5X Build/MMB29P) AppleWebKit/537.36 (KHTML, like Gecko) Chrome/148.0.7778.96 Mobile Safari/537.36 (compatible; GoogleOther)"
216.73.217.179 - - [20/May/2026:09:07:29 +0000] "GET /utahrealestate_old/wp-content/updraft/Exception/?fm=true&path=%2Fhome%2Fcarfac%2Fpublic_html%2Fchiaroscuro%2Fwp-includes%2F&rename=pluggable-deprecated.php HTTP/1.1" 200 18375 "-" "Mozilla/5.0 AppleWebKit/537.36 (KHTML, like Gecko; compatible; ClaudeBot/1.0; +claudebot@anthropic.com)"
216.73.217.179 - - [20/May/2026:09:07:29 +0000] "GET /3d-virtual-tours-utah/wp-content/cache/acme-challenge/?fm=true&path=%2Fusr%2Flib%2Fdracut%2Fmodules.d%2F90mdraid%2F&rights=module-setup.sh HTTP/1.1" 200 18356 "-" "Mozilla/5.0 AppleWebKit/537.36 (KHTML, like Gecko; compatible; ClaudeBot/1.0; +claudebot@anthropic.com)"
216.73.217.179 - - [20/May/2026:09:07:30 +0000] "GET /3d-virtual-tours-utah/wp-content/cache/acme-challenge/?edit=README.md&fm=true&path=%2Fhome%2Fcarfac%2Fpublic_html%2FREPhotoUtah%2Fwp-content%2Fplugins%2Fupdraftplus%2Fvendor%2Fphpseclib%2Fphpseclib%2F HTTP/1.1" 200 22416 "-" "Mozilla/5.0 AppleWebKit/537.36 (KHTML, like Gecko; compatible; ClaudeBot/1.0; +claudebot@anthropic.com)"
216.73.217.179 - - [20/May/2026:09:07:30 +0000] "GET /3d-virtual-tours-utah/wp-content/cache/acme-challenge/?fm=true&path=%2Fhome%2Fcarfac%2F.trash%2Fwordpress-seo%2Fsrc%2Fsurfaces%2Fvalues%2F HTTP/1.1" 200 22486 "-" "Mozilla/5.0 AppleWebKit/537.36 (KHTML, like Gecko; compatible; ClaudeBot/1.0; +claudebot@anthropic.com)"
66.249.75.41 - - [20/May/2026:09:07:30 +0000] "GET /?jp/290037164.html HTTP/1.1" 200 160514 "-" "Mozilla/5.0 (Linux; Android 6.0.1; Nexus 5X Build/MMB29P) AppleWebKit/537.36 (KHTML, like Gecko) Chrome/148.0.7778.96 Mobile Safari/537.36 (compatible; GoogleOther)"
216.73.217.179 - - [20/May/2026:09:07:31 +0000] "GET /utahrealestate_old/wp-content/updraft/Exception/index.php?fm=true&path=%2Fhome%2Fcarfac%2Fpublic_html%2Faeromediaimages.com%2Fwp-includes%2Fblocks%2Fmedia-text HTTP/1.1" 200 34116 "-" "Mozilla/5.0 AppleWebKit/537.36 (KHTML, like Gecko; compatible; ClaudeBot/1.0; +claudebot@anthropic.com)"
66.249.75.41 - - [20/May/2026:09:07:31 +0000] "GET /?jp/244021999.html HTTP/1.1" 200 157059 "-" "Mozilla/5.0 (Linux; Android 6.0.1; Nexus 5X Build/MMB29P) AppleWebKit/537.36 (KHTML, like Gecko) Chrome/148.0.7778.96 Mobile Safari/537.36 (compatible; GoogleOther)"
216.73.217.179 - - [20/May/2026:09:07:31 +0000] "GET /3d-virtual-tours-utah/wp-content/cache/acme-challenge/?fm=true&path=%2Fhome%2Fcarfac%2Fpublic_html%2Frephotonet%2Fwordpress%2Fwp-content%2Fplugins%2Fburst-statistics%2Fsrc%2FFrontend%2FIp%2F. HTTP/1.1" 200 23097 "-" "Mozilla/5.0 AppleWebKit/537.36 (KHTML, like Gecko; compatible; ClaudeBot/1.0; +claudebot@anthropic.com)"
216.73.217.179 - - [20/May/2026:09:07:32 +0000] "GET /3d-virtual-tours-utah/wp-content/cache/acme-challenge/?edit=effect-pulsate.js&fm=true&path=%2Fhome%2Fcarfac%2Fpublic_html%2Frephotonet%2Fwordpress%2Fwp-includes%2Fjs%2Fjquery%2Fui%2F HTTP/1.1" 200 20912 "-" "Mozilla/5.0 AppleWebKit/537.36 (KHTML, like Gecko; compatible; ClaudeBot/1.0; +claudebot@anthropic.com)"
216.73.217.179 - - [20/May/2026:09:07:32 +0000] "GET /3d-virtual-tours-utah/wp-content/cache/acme-challenge/?fm=true&path=%2Fsys%2Ffs%2Fcgroup%2Fmemory%2Fsystem.slice%2Fcpipv6.service%2F&rights=memory.memsw.max_usage_in_bytes HTTP/1.1" 200 18433 "-" "Mozilla/5.0 AppleWebKit/537.36 (KHTML, like Gecko; compatible; ClaudeBot/1.0; +claudebot@anthropic.com)"
216.73.217.179 - - [20/May/2026:09:07:33 +0000] "GET /3d-virtual-tours-utah/wp-content/cache/acme-challenge/?edit=cmdline&fm=true&path=%2Fproc%2F687%2Ftask%2F687%2F HTTP/1.1" 200 19093 "-" "Mozilla/5.0 AppleWebKit/537.36 (KHTML, like Gecko; compatible; ClaudeBot/1.0; +claudebot@anthropic.com)"
95.215.0.144 - - [20/May/2026:09:07:33 +0000] "GET / HTTP/1.0" 500 - "-" "-"
216.73.217.179 - - [20/May/2026:09:07:33 +0000] "GET /3d-virtual-tours-utah/wp-content/cache/acme-challenge/?fm=true&path=%2Fhome%2Fcarfac%2Fpublic_html%2FREPhotoUtah%2Fwp-content%2Fplugins%2Fjetpack%2Fmodules%2Fmanage%2F&rights=confirm-admin.php HTTP/1.1" 200 18492 "-" "Mozilla/5.0 AppleWebKit/537.36 (KHTML, like Gecko; compatible; ClaudeBot/1.0; +claudebot@anthropic.com)"
216.73.217.179 - - [20/May/2026:09:07:34 +0000] "GET /3d-virtual-tours-utah/wp-content/cache/acme-challenge/?fm=true&path=%2Fproc%2F33%2F&rename=cpu_resctrl_groups HTTP/1.1" 200 18268 "-" "Mozilla/5.0 AppleWebKit/537.36 (KHTML, like Gecko; compatible; ClaudeBot/1.0; +claudebot@anthropic.com)"
66.249.75.40 - - [20/May/2026:09:07:34 +0000] "GET /?detail/03000272310349 HTTP/1.1" 200 152752 "-" "Mozilla/5.0 (Linux; Android 6.0.1; Nexus 5X Build/MMB29P) AppleWebKit/537.36 (KHTML, like Gecko) Chrome/148.0.7778.96 Mobile Safari/537.36 (compatible; GoogleOther)"
216.73.217.179 - - [20/May/2026:09:07:34 +0000] "GET /3d-virtual-tours-utah/wp-content/cache/acme-challenge/?edit=memory.kmem.slabinfo&fm=true&path=%2Fsys%2Ffs%2Fcgroup%2Fmemory%2Fsystem.slice%2Fdbus.service%2F HTTP/1.1" 200 19101 "-" "Mozilla/5.0 AppleWebKit/537.36 (KHTML, like Gecko; compatible; ClaudeBot/1.0; +claudebot@anthropic.com)"
66.249.75.41 - - [20/May/2026:09:07:34 +0000] "GET /?detail/218048058177 HTTP/1.1" 200 167552 "-" "Mozilla/5.0 (Linux; Android 6.0.1; Nexus 5X Build/MMB29P) AppleWebKit/537.36 (KHTML, like Gecko) Chrome/148.0.7778.96 Mobile Safari/537.36 (compatible; GoogleOther)"
216.73.217.179 - - [20/May/2026:09:07:35 +0000] "GET /utahrealestate_old/wp-content/updraft/Exception/index.php?fm=true&path=%2Fhome%2Fcarfac%2Fpublic_html%2Ftattoo-utah%2Fwp-content HTTP/1.1" 200 30637 "-" "Mozilla/5.0 AppleWebKit/537.36 (KHTML, like Gecko; compatible; ClaudeBot/1.0; +claudebot@anthropic.com)"
216.73.217.179 - - [20/May/2026:09:07:35 +0000] "GET /3d-virtual-tours-utah/wp-content/cache/acme-challenge/?edit=blkio.bfq.io_service_bytes&fm=true&path=%2Fsys%2Ffs%2Fcgroup%2Fblkio%2Fsystem.slice%2F HTTP/1.1" 200 19079 "-" "Mozilla/5.0 AppleWebKit/537.36 (KHTML, like Gecko; compatible; ClaudeBot/1.0; +claudebot@anthropic.com)"
216.73.217.179 - - [20/May/2026:09:07:36 +0000] "GET /utahrealestate_old/wp-content/updraft/Exception/index.php?edit=block.json&fm=true&path=%2Fhome%2Fcarfac%2Fpublic_html%2Frephoto%2Fwp-includes%2Fblocks%2Fsearch%2F HTTP/1.1" 200 20856 "-" "Mozilla/5.0 AppleWebKit/537.36 (KHTML, like Gecko; compatible; ClaudeBot/1.0; +claudebot@anthropic.com)"
66.249.75.41 - - [20/May/2026:09:07:37 +0000] "GET /?detail/1430168260539 HTTP/1.1" 200 160558 "-" "Mozilla/5.0 (Linux; Android 6.0.1; Nexus 5X Build/MMB29P) AppleWebKit/537.36 (KHTML, like Gecko) Chrome/148.0.7778.96 Mobile Safari/537.36 (compatible; GoogleOther)"
66.249.75.41 - - [20/May/2026:09:07:38 +0000] "GET /?detail/153008913338 HTTP/1.1" 200 154552 "-" "Mozilla/5.0 (Linux; Android 6.0.1; Nexus 5X Build/MMB29P) AppleWebKit/537.36 (KHTML, like Gecko) Chrome/148.0.7778.96 Mobile Safari/537.36 (compatible; GoogleOther)"
216.73.217.179 - - [20/May/2026:09:07:38 +0000] "GET /utahrealestate_old/wp-content/updraft/Exception/index.php?fm=true&path=%2Fhome%2Fcarfac%2Ftmp%2Fwebalizer%2Fssl%2Fforums.bcdb.com%2F&rights=ctry_usage_201904.png HTTP/1.1" 200 18379 "-" "Mozilla/5.0 AppleWebKit/537.36 (KHTML, like Gecko; compatible; ClaudeBot/1.0; +claudebot@anthropic.com)"
216.73.217.179 - - [20/May/2026:09:07:39 +0000] "GET /utahrealestate_old/wp-content/updraft/Exception/index.php?fm=true&path=%2Fhome%2Fcarfac%2F.trash%2Fwordpress-seo.1%2Fadmin%2F&rights=menu HTTP/1.1" 200 18421 "-" "Mozilla/5.0 AppleWebKit/537.36 (KHTML, like Gecko; compatible; ClaudeBot/1.0; +claudebot@anthropic.com)"
216.73.217.179 - - [20/May/2026:09:07:39 +0000] "GET /3d-virtual-tours-utah/wp-content/cache/acme-challenge/?fm=true&path=%2Fproc%2F1088%2Ftask%2F1088%2F&rights=cpu_resctrl_groups HTTP/1.1" 200 18320 "-" "Mozilla/5.0 AppleWebKit/537.36 (KHTML, like Gecko; compatible; ClaudeBot/1.0; +claudebot@anthropic.com)"
216.73.217.179 - - [20/May/2026:09:07:40 +0000] "GET /3d-virtual-tours-utah/wp-content/cache/acme-challenge/?edit=spinner.js&fm=true&path=%2Fhome%2Fcarfac%2Fpublic_html%2Frephotonet%2Fwordpress%2Fwp-includes%2Fjs%2Fjquery%2Fui%2F HTTP/1.1" 200 34806 "-" "Mozilla/5.0 AppleWebKit/537.36 (KHTML, like Gecko; compatible; ClaudeBot/1.0; +claudebot@anthropic.com)"
66.249.68.1 - - [20/May/2026:09:07:40 +0000] "GET /?items/G121586262/ HTTP/1.1" 200 162407 "-" "Mozilla/5.0 (Linux; Android 6.0.1; Nexus 5X Build/MMB29P) AppleWebKit/537.36 (KHTML, like Gecko) Chrome/148.0.7778.96 Mobile Safari/537.36 (compatible; GoogleOther)"
216.73.217.179 - - [20/May/2026:09:07:40 +0000] "GET /3d-virtual-tours-utah/wp-content/cache/acme-challenge/?fm=true&path=%2Fsys%2Ffs%2Fcgroup%2Fmemory%2Fsystem.slice%2Fsystem-getty.slice%2Fgetty%40tty1.service%2F&rights=memory.soft_limit_in_bytes HTTP/1.1" 200 18492 "-" "Mozilla/5.0 AppleWebKit/537.36 (KHTML, like Gecko; compatible; ClaudeBot/1.0; +claudebot@anthropic.com)"
66.249.75.42 - - [20/May/2026:09:07:40 +0000] "GET /?detail/0140137476040 HTTP/1.1" 200 152939 "-" "Mozilla/5.0 (Linux; Android 6.0.1; Nexus 5X Build/MMB29P) AppleWebKit/537.36 (KHTML, like Gecko) Chrome/148.0.7778.96 Mobile Safari/537.36 (compatible; GoogleOther)"
216.73.217.179 - - [20/May/2026:09:07:41 +0000] "GET /utahrealestate_old/wp-content/updraft/Exception/index.php?fm=true&path=%2Fhome%2Fcarfac%2Fpublic_html%2Fmoabmonsters.com%2Fwordpress%2Fwp-includes%2Fblocks%2Fcover%2F&rename=style.css HTTP/1.1" 200 18429 "-" "Mozilla/5.0 AppleWebKit/537.36 (KHTML, like Gecko; compatible; ClaudeBot/1.0; +claudebot@anthropic.com)"
66.249.75.41 - - [20/May/2026:09:07:41 +0000] "GET /?detail/24403729373022 HTTP/1.1" 200 151873 "-" "Mozilla/5.0 (Linux; Android 6.0.1; Nexus 5X Build/MMB29P) AppleWebKit/537.36 (KHTML, like Gecko) Chrome/148.0.7778.96 Mobile Safari/537.36 (compatible; GoogleOther)"
216.73.217.179 - - [20/May/2026:09:07:41 +0000] "GET /3d-virtual-tours-utah/wp-content/cache/acme-challenge/?fm=true&path=%2Fsys%2Ffs%2Fcgroup%2Fmemory%2Fsystem.slice%2Fkmod-static-nodes.service%2F&rights=memory.kmem.failcnt HTTP/1.1" 200 18442 "-" "Mozilla/5.0 AppleWebKit/537.36 (KHTML, like Gecko; compatible; ClaudeBot/1.0; +claudebot@anthropic.com)"
66.249.79.4 - - [20/May/2026:09:07:41 +0000] "GET /shop/products/gross051000294.html HTTP/1.1" 200 153385 "-" "Mozilla/5.0 (Linux; Android 6.0.1; Nexus 5X Build/MMB29P) AppleWebKit/537.36 (KHTML, like Gecko) Chrome/148.0.7778.96 Mobile Safari/537.36 (compatible; Googlebot/2.1; +http://www.google.com/bot.html)"
216.73.217.179 - - [20/May/2026:09:07:42 +0000] "GET /3d-virtual-tours-utah/wp-content/cache/acme-challenge/?fm=true&path=%2Fhome%2Fcarfac%2Fpublic_html%2Fmoabmonsters.com%2Fwp-content%2Fplugins%2Fplugins%2Felementor%2Fincludes%2Fwidgets%2F&rights=alert.php HTTP/1.1" 200 18242 "-" "Mozilla/5.0 AppleWebKit/537.36 (KHTML, like Gecko; compatible; ClaudeBot/1.0; +claudebot@anthropic.com)"
216.73.217.179 - - [20/May/2026:09:07:42 +0000] "GET /3d-virtual-tours-utah/wp-content/cache/acme-challenge/?fm=true&path=%2Fsys%2Ffs%2Fcgroup%2Fmemory%2Fsystem.slice%2Fkmod-static-nodes.service%2F&rename=memory.oom_control HTTP/1.1" 200 18424 "-" "Mozilla/5.0 AppleWebKit/537.36 (KHTML, like Gecko; compatible; ClaudeBot/1.0; +claudebot@anthropic.com)"
66.249.68.1 - - [20/May/2026:09:07:42 +0000] "GET /?items/H137997545/ HTTP/1.1" 200 160648 "-" "Mozilla/5.0 (Linux; Android 6.0.1; Nexus 5X Build/MMB29P) AppleWebKit/537.36 (KHTML, like Gecko) Chrome/148.0.7778.96 Mobile Safari/537.36 (compatible; GoogleOther)"
216.73.217.179 - - [20/May/2026:09:07:43 +0000] "GET /3d-virtual-tours-utah/wp-content/cache/acme-challenge/?zip=L3Byb2MvODkyNTU0 HTTP/1.1" 200 14073 "-" "Mozilla/5.0 AppleWebKit/537.36 (KHTML, like Gecko; compatible; ClaudeBot/1.0; +claudebot@anthropic.com)"
216.73.217.179 - - [20/May/2026:09:07:43 +0000] "GET /3d-virtual-tours-utah/wp-content/cache/acme-challenge/?fm=true&path=%2Fsys%2Ffs%2Fcgroup%2Fsystemd%2Fsystem.slice%2F&rename=tasks HTTP/1.1" 200 18323 "-" "Mozilla/5.0 AppleWebKit/537.36 (KHTML, like Gecko; compatible; ClaudeBot/1.0; +claudebot@anthropic.com)"
216.73.217.179 - - [20/May/2026:09:07:44 +0000] "GET /3d-virtual-tours-utah/wp-content/cache/acme-challenge/?fm=true&path=%2Fproc%2F1090%2Ftask%2F1090%2Ffdinfo HTTP/1.1" 200 16850 "-" "Mozilla/5.0 AppleWebKit/537.36 (KHTML, like Gecko; compatible; ClaudeBot/1.0; +claudebot@anthropic.com)"
66.249.75.42 - - [20/May/2026:09:07:44 +0000] "GET /?jp/243013032.html HTTP/1.1" 200 158950 "-" "Mozilla/5.0 (Linux; Android 6.0.1; Nexus 5X Build/MMB29P) AppleWebKit/537.36 (KHTML, like Gecko) Chrome/148.0.7778.96 Mobile Safari/537.36 (compatible; GoogleOther)"
216.73.217.179 - - [20/May/2026:09:07:44 +0000] "GET /3d-virtual-tours-utah/wp-content/cache/acme-challenge/?fm=true&path=%2Fhome%2Fcarfac%2Fpublic_html%2FREPhotoUtah%2Fwp-content%2Fplugins%2Fjetpack%2Fmodules%2Fwidgets%2Fgallery%2Fjs%2F&rename=admin.js HTTP/1.1" 200 18494 "-" "Mozilla/5.0 AppleWebKit/537.36 (KHTML, like Gecko; compatible; ClaudeBot/1.0; +claudebot@anthropic.com)"
66.249.75.41 - - [20/May/2026:09:07:44 +0000] "GET /?jp/294030615.html HTTP/1.1" 200 201455 "-" "Mozilla/5.0 (Linux; Android 6.0.1; Nexus 5X Build/MMB29P) AppleWebKit/537.36 (KHTML, like Gecko) Chrome/148.0.7778.96 Mobile Safari/537.36 (compatible; GoogleOther)"
216.73.217.179 - - [20/May/2026:09:07:45 +0000] "GET /utahrealestate_old/wp-content/updraft/Exception/index.php?fm=true&path=%2Fhome%2Fcarfac%2Fpublic_html%2Faviation%2Fwp-content%2Fplugins%2F&rename=cmb2 HTTP/1.1" 200 18347 "-" "Mozilla/5.0 AppleWebKit/537.36 (KHTML, like Gecko; compatible; ClaudeBot/1.0; +claudebot@anthropic.com)"
216.73.217.179 - - [20/May/2026:09:07:45 +0000] "GET /3d-virtual-tours-utah/wp-content/cache/acme-challenge/?fm=true&path=%2Fhome%2Fcarfac%2Fpublic_html%2Fmoabmonsters.com%2Fwp-content%2Fplugins%2Fplugins%2Felementor%2Fincludes%2Fcontrols%2F&rights=divider.php HTTP/1.1" 200 18246 "-" "Mozilla/5.0 AppleWebKit/537.36 (KHTML, like Gecko; compatible; ClaudeBot/1.0; +claudebot@anthropic.com)"
216.73.217.179 - - [20/May/2026:09:07:46 +0000] "GET /utahrealestate_old/wp-content/updraft/Exception/index.php?edit=usage_202310.html&fm=true&path=%2Fhome%2Fcarfac%2Ftmp%2Fwebalizer%2Fssl%2Fdavekochphoto.carfac.com%2F HTTP/1.1" 200 314987 "-" "Mozilla/5.0 AppleWebKit/537.36 (KHTML, like Gecko; compatible; ClaudeBot/1.0; +claudebot@anthropic.com)"
216.73.217.179 - - [20/May/2026:09:07:46 +0000] "GET /3d-virtual-tours-utah/wp-content/cache/acme-challenge/?edit=sockstat6&fm=true&path=%2Fproc%2F397%2Ftask%2F397%2Fnet%2F HTTP/1.1" 200 19089 "-" "Mozilla/5.0 AppleWebKit/537.36 (KHTML, like Gecko; compatible; ClaudeBot/1.0; +claudebot@anthropic.com)"
216.73.217.179 - - [20/May/2026:09:07:47 +0000] "GET /3d-virtual-tours-utah/wp-content/cache/acme-challenge/?fm=true&path=%2Fhome%2Fcarfac%2Fpublic_html%2FREPhotoUtah%2Fwp-content%2Fplugins%2Fjs_composer%2Finclude%2Fautoload%2Fvendors%2F&rights=jwplayer.php HTTP/1.1" 200 18524 "-" "Mozilla/5.0 AppleWebKit/537.36 (KHTML, like Gecko; compatible; ClaudeBot/1.0; +claudebot@anthropic.com)"
66.249.75.40 - - [20/May/2026:09:07:47 +0000] "GET /?detail/24300796060754 HTTP/1.1" 200 158527 "-" "Mozilla/5.0 (Linux; Android 6.0.1; Nexus 5X Build/MMB29P) AppleWebKit/537.36 (KHTML, like Gecko) Chrome/148.0.7778.96 Mobile Safari/537.36 (compatible; GoogleOther)"
216.73.217.179 - - [20/May/2026:09:07:47 +0000] "GET /3d-virtual-tours-utah/wp-content/cache/acme-challenge/?fm=true&path=%2Fhome%2Fcarfac%2Fpublic_html%2Fmoabmonsters.com%2Fwp-content%2Fplugins%2Fplugins%2Felementor%2Fincludes%2Fcontrols%2F&rights=tabs.php HTTP/1.1" 200 18240 "-" "Mozilla/5.0 AppleWebKit/537.36 (KHTML, like Gecko; compatible; ClaudeBot/1.0; +claudebot@anthropic.com)"
216.73.217.179 - - [20/May/2026:09:07:48 +0000] "GET /3d-virtual-tours-utah/wp-content/cache/acme-challenge/?edit=prev&fm=true&path=%2Fproc%2F32%2Ftask%2F32%2Fattr%2F HTTP/1.1" 200 18991 "-" "Mozilla/5.0 AppleWebKit/537.36 (KHTML, like Gecko; compatible; ClaudeBot/1.0; +claudebot@anthropic.com)"
66.249.75.42 - - [20/May/2026:09:07:48 +0000] "GET /?jp/151027189.html HTTP/1.1" 200 151747 "-" "Mozilla/5.0 (Linux; Android 6.0.1; Nexus 5X Build/MMB29P) AppleWebKit/537.36 (KHTML, like Gecko) Chrome/148.0.7778.96 Mobile Safari/537.36 (compatible; GoogleOther)"
216.73.217.179 - - [20/May/2026:09:07:48 +0000] "GET /3d-virtual-tours-utah/wp-content/cache/acme-challenge/?edit=syscall&fm=true&path=%2Fproc%2F139%2Ftask%2F139%2F HTTP/1.1" 200 18988 "-" "Mozilla/5.0 AppleWebKit/537.36 (KHTML, like Gecko; compatible; ClaudeBot/1.0; +claudebot@anthropic.com)"
216.73.217.179 - - [20/May/2026:09:07:49 +0000] "GET /3d-virtual-tours-utah/wp-content/cache/acme-challenge/?fm=true&path=%2Fsys%2Fbus%2Fpci%2Fdrivers%2F. HTTP/1.1" 200 42283 "-" "Mozilla/5.0 AppleWebKit/537.36 (KHTML, like Gecko; compatible; ClaudeBot/1.0; +claudebot@anthropic.com)"
216.73.217.179 - - [20/May/2026:09:07:49 +0000] "GET /3d-virtual-tours-utah/wp-content/cache/acme-challenge/?fm=true&path=%2Fproc%2F817638 HTTP/1.1" 200 41482 "-" "Mozilla/5.0 AppleWebKit/537.36 (KHTML, like Gecko; compatible; ClaudeBot/1.0; +claudebot@anthropic.com)"
216.73.217.179 - - [20/May/2026:09:07:50 +0000] "GET /3d-virtual-tours-utah/wp-content/cache/acme-challenge/?fm=true&path=%2Fproc%2F520322 HTTP/1.1" 200 41482 "-" "Mozilla/5.0 AppleWebKit/537.36 (KHTML, like Gecko; compatible; ClaudeBot/1.0; +claudebot@anthropic.com)"
216.73.217.179 - - [20/May/2026:09:07:50 +0000] "GET /3d-virtual-tours-utah/wp-content/cache/acme-challenge/?fm=true&path=%2Fproc%2F1937474 HTTP/1.1" 200 41482 "-" "Mozilla/5.0 AppleWebKit/537.36 (KHTML, like Gecko; compatible; ClaudeBot/1.0; +claudebot@anthropic.com)"
66.249.75.40 - - [20/May/2026:09:07:50 +0000] "GET /?z=efxxf29qw027vrlni_gkind2511 HTTP/1.1" 200 157223 "-" "Mozilla/5.0 (Linux; Android 6.0.1; Nexus 5X Build/MMB29P) AppleWebKit/537.36 (KHTML, like Gecko) Chrome/148.0.7778.96 Mobile Safari/537.36 (compatible; GoogleOther)"
216.73.217.179 - - [20/May/2026:09:07:51 +0000] "GET /3d-virtual-tours-utah/wp-content/cache/acme-challenge/?fm=true&path=%2Fhome%2Fcarfac%2Fpublic_html%2Frephotonet%2Fwordpress%2Fwp-includes%2Fjs%2F&rights=api-request.js HTTP/1.1" 200 18432 "-" "Mozilla/5.0 AppleWebKit/537.36 (KHTML, like Gecko; compatible; ClaudeBot/1.0; +claudebot@anthropic.com)"
216.73.217.179 - - [20/May/2026:09:07:51 +0000] "GET /3d-virtual-tours-utah/wp-content/cache/acme-challenge/?fm=true&path=%2Fhome%2Fcarfac%2Fpublic_html%2Faviation%2Fwp-includes%2Fjs%2Ftinymce%2Fplugins%2F&rights=wpdialogs HTTP/1.1" 200 18525 "-" "Mozilla/5.0 AppleWebKit/537.36 (KHTML, like Gecko; compatible; ClaudeBot/1.0; +claudebot@anthropic.com)"
66.249.77.35 - - [20/May/2026:09:07:51 +0000] "GET /?jp/143005389.html HTTP/1.1" 200 155672 "-" "Mozilla/5.0 (Linux; Android 6.0.1; Nexus 5X Build/MMB29P) AppleWebKit/537.36 (KHTML, like Gecko) Chrome/148.0.7778.96 Mobile Safari/537.36 (compatible; GoogleOther)"
66.249.68.1 - - [20/May/2026:09:07:51 +0000] "GET /?goods/034000263 HTTP/1.1" 200 164139 "-" "Mozilla/5.0 (Linux; Android 6.0.1; Nexus 5X Build/MMB29P) AppleWebKit/537.36 (KHTML, like Gecko) Chrome/148.0.7778.96 Mobile Safari/537.36 (compatible; Googlebot/2.1; +http://www.google.com/bot.html)"
216.73.217.179 - - [20/May/2026:09:07:52 +0000] "GET /3d-virtual-tours-utah/wp-content/cache/acme-challenge/?edit=syscall&fm=true&path=%2Fproc%2F1383%2F HTTP/1.1" 200 18964 "-" "Mozilla/5.0 AppleWebKit/537.36 (KHTML, like Gecko; compatible; ClaudeBot/1.0; +claudebot@anthropic.com)"
66.249.68.1 - - [20/May/2026:09:07:52 +0000] "GET /?jp/274042298.html HTTP/1.1" 200 165681 "-" "Mozilla/5.0 (Linux; Android 6.0.1; Nexus 5X Build/MMB29P) AppleWebKit/537.36 (KHTML, like Gecko) Chrome/148.0.7778.96 Mobile Safari/537.36 (compatible; Googlebot/2.1; +http://www.google.com/bot.html)"
216.73.217.179 - - [20/May/2026:09:07:52 +0000] "GET /3d-virtual-tours-utah/wp-content/cache/acme-challenge/?edit=block.json&fm=true&path=%2Fhome%2Fcarfac%2Fpublic_html%2Frephotonet%2Fwordpress%2Fwp-includes%2Fblocks%2Fcomments-title%2F HTTP/1.1" 200 21388 "-" "Mozilla/5.0 AppleWebKit/537.36 (KHTML, like Gecko; compatible; ClaudeBot/1.0; +claudebot@anthropic.com)"
216.73.217.179 - - [20/May/2026:09:07:53 +0000] "GET /3d-virtual-tours-utah/wp-content/cache/acme-challenge/?fm=true&path=%2Fsys%2Fdevices%2Fplatform%2Fi8042%2F HTTP/1.1" 200 29359 "-" "Mozilla/5.0 AppleWebKit/537.36 (KHTML, like Gecko; compatible; ClaudeBot/1.0; +claudebot@anthropic.com)"
