216.73.216.61 - - [19/May/2026:10:15:33 +0000] "GET /items/O440710699875/ HTTP/1.1" 500 20 "-" "Mozilla/5.0 AppleWebKit/537.36 (KHTML, like Gecko; compatible; ClaudeBot/1.0; +claudebot@anthropic.com)"
66.249.74.162 - - [19/May/2026:10:15:33 +0000] "GET /?items/O44092518097/ HTTP/1.1" 200 23697 "-" "Mozilla/5.0 (Linux; Android 6.0.1; Nexus 5X Build/MMB29P) AppleWebKit/537.36 (KHTML, like Gecko) Chrome/148.0.7778.96 Mobile Safari/537.36 (compatible; Googlebot/2.1; +http://www.google.com/bot.html)"
66.249.74.161 - - [19/May/2026:10:15:35 +0000] "GET /items/O4405674811/ HTTP/1.1" 200 23259 "-" "Mozilla/5.0 (Linux; Android 6.0.1; Nexus 5X Build/MMB29P) AppleWebKit/537.36 (KHTML, like Gecko) Chrome/148.0.7778.96 Mobile Safari/537.36 (compatible; Googlebot/2.1; +http://www.google.com/bot.html)"
216.73.216.61 - - [19/May/2026:10:15:38 +0000] "GET /items/O4408101212042/ HTTP/1.1" 500 20 "-" "Mozilla/5.0 AppleWebKit/537.36 (KHTML, like Gecko; compatible; ClaudeBot/1.0; +claudebot@anthropic.com)"
66.249.74.162 - - [19/May/2026:10:15:40 +0000] "GET /items/O44092504463/ HTTP/1.1" 200 23563 "-" "Mozilla/5.0 (Linux; Android 6.0.1; Nexus 5X Build/MMB29P) AppleWebKit/537.36 (KHTML, like Gecko) Chrome/148.0.7778.96 Mobile Safari/537.36 (compatible; Googlebot/2.1; +http://www.google.com/bot.html)"
216.73.216.61 - - [19/May/2026:10:15:43 +0000] "GET /items/O440868167311/ HTTP/1.1" 500 20 "-" "Mozilla/5.0 AppleWebKit/537.36 (KHTML, like Gecko; compatible; ClaudeBot/1.0; +claudebot@anthropic.com)"
66.249.74.161 - - [19/May/2026:10:15:44 +0000] "GET /items/O44092968807/ HTTP/1.1" 200 23854 "-" "Mozilla/5.0 (Linux; Android 6.0.1; Nexus 5X Build/MMB29P) AppleWebKit/537.36 (KHTML, like Gecko) Chrome/148.0.7778.96 Mobile Safari/537.36 (compatible; Googlebot/2.1; +http://www.google.com/bot.html)"
66.249.74.162 - - [19/May/2026:10:15:45 +0000] "GET /?items/O44082193964/ HTTP/1.1" 200 23897 "-" "Mozilla/5.0 (Linux; Android 6.0.1; Nexus 5X Build/MMB29P) AppleWebKit/537.36 (KHTML, like Gecko) Chrome/148.0.7778.96 Mobile Safari/537.36 (compatible; Googlebot/2.1; +http://www.google.com/bot.html)"
66.249.74.162 - - [19/May/2026:10:15:46 +0000] "GET /?items/O4404499619/ HTTP/1.1" 200 23338 "-" "Mozilla/5.0 (Linux; Android 6.0.1; Nexus 5X Build/MMB29P) AppleWebKit/537.36 (KHTML, like Gecko) Chrome/148.0.7778.96 Mobile Safari/537.36 (compatible; Googlebot/2.1; +http://www.google.com/bot.html)"
216.73.216.61 - - [19/May/2026:10:15:48 +0000] "GET /items/O44046250974/ HTTP/1.1" 500 20 "-" "Mozilla/5.0 AppleWebKit/537.36 (KHTML, like Gecko; compatible; ClaudeBot/1.0; +claudebot@anthropic.com)"
66.249.74.161 - - [19/May/2026:10:15:48 +0000] "GET /?items/O44082373565/ HTTP/1.1" 200 23211 "-" "Mozilla/5.0 (Linux; Android 6.0.1; Nexus 5X Build/MMB29P) AppleWebKit/537.36 (KHTML, like Gecko) Chrome/148.0.7778.96 Mobile Safari/537.36 (compatible; Googlebot/2.1; +http://www.google.com/bot.html)"
66.249.74.163 - - [19/May/2026:10:15:49 +0000] "GET /?items/O44092615434/ HTTP/1.1" 200 24706 "-" "Mozilla/5.0 (Linux; Android 6.0.1; Nexus 5X Build/MMB29P) AppleWebKit/537.36 (KHTML, like Gecko) Chrome/148.0.7778.96 Mobile Safari/537.36 (compatible; Googlebot/2.1; +http://www.google.com/bot.html)"
66.249.74.163 - - [19/May/2026:10:15:49 +0000] "GET /items/O44092592855/ HTTP/1.1" 200 23526 "-" "Mozilla/5.0 (Linux; Android 6.0.1; Nexus 5X Build/MMB29P) AppleWebKit/537.36 (KHTML, like Gecko) Chrome/148.0.7778.96 Mobile Safari/537.36 (compatible; Googlebot/2.1; +http://www.google.com/bot.html)"
66.249.74.161 - - [19/May/2026:10:15:52 +0000] "GET /?items/O44071944310/ HTTP/1.1" 200 23347 "-" "Mozilla/5.0 (Linux; Android 6.0.1; Nexus 5X Build/MMB29P) AppleWebKit/537.36 (KHTML, like Gecko) Chrome/148.0.7778.96 Mobile Safari/537.36 (compatible; Googlebot/2.1; +http://www.google.com/bot.html)"
216.73.216.61 - - [19/May/2026:10:15:53 +0000] "GET /items/O440688183892/ HTTP/1.1" 500 20 "-" "Mozilla/5.0 AppleWebKit/537.36 (KHTML, like Gecko; compatible; ClaudeBot/1.0; +claudebot@anthropic.com)"
66.249.74.161 - - [19/May/2026:10:15:54 +0000] "GET /items/O44082358159/ HTTP/1.1" 200 23885 "-" "Mozilla/5.0 (Linux; Android 6.0.1; Nexus 5X Build/MMB29P) AppleWebKit/537.36 (KHTML, like Gecko) Chrome/148.0.7778.96 Mobile Safari/537.36 (compatible; Googlebot/2.1; +http://www.google.com/bot.html)"
66.249.74.162 - - [19/May/2026:10:15:57 +0000] "GET /items/O44082214932/ HTTP/1.1" 200 24086 "-" "Mozilla/5.0 (Linux; Android 6.0.1; Nexus 5X Build/MMB29P) AppleWebKit/537.36 (KHTML, like Gecko) Chrome/148.0.7778.96 Mobile Safari/537.36 (compatible; Googlebot/2.1; +http://www.google.com/bot.html)"
216.73.216.61 - - [19/May/2026:10:15:58 +0000] "GET /items/O440755951140/ HTTP/1.1" 500 20 "-" "Mozilla/5.0 AppleWebKit/537.36 (KHTML, like Gecko; compatible; ClaudeBot/1.0; +claudebot@anthropic.com)"
66.249.74.162 - - [19/May/2026:10:16:02 +0000] "GET /items/O44092577615/ HTTP/1.1" 200 23602 "-" "Mozilla/5.0 (Linux; Android 6.0.1; Nexus 5X Build/MMB29P) AppleWebKit/537.36 (KHTML, like Gecko) Chrome/148.0.7778.96 Mobile Safari/537.36 (compatible; Googlebot/2.1; +http://www.google.com/bot.html)"
216.73.216.61 - - [19/May/2026:10:16:03 +0000] "GET /items/O440436205537/ HTTP/1.1" 500 20 "-" "Mozilla/5.0 AppleWebKit/537.36 (KHTML, like Gecko; compatible; ClaudeBot/1.0; +claudebot@anthropic.com)"
66.249.74.162 - - [19/May/2026:10:16:05 +0000] "GET /?items/O44071799537/ HTTP/1.1" 200 23656 "-" "Mozilla/5.0 (Linux; Android 6.0.1; Nexus 5X Build/MMB29P) AppleWebKit/537.36 (KHTML, like Gecko) Chrome/148.0.7778.96 Mobile Safari/537.36 (compatible; Googlebot/2.1; +http://www.google.com/bot.html)"
66.249.74.163 - - [19/May/2026:10:16:05 +0000] "GET /?items/O44092827206/ HTTP/1.1" 200 24674 "-" "Mozilla/5.0 (Linux; Android 6.0.1; Nexus 5X Build/MMB29P) AppleWebKit/537.36 (KHTML, like Gecko) Chrome/148.0.7778.96 Mobile Safari/537.36 (compatible; Googlebot/2.1; +http://www.google.com/bot.html)"
216.73.216.61 - - [19/May/2026:10:16:08 +0000] "GET /items/O44077593711/ HTTP/1.1" 500 20 "-" "Mozilla/5.0 AppleWebKit/537.36 (KHTML, like Gecko; compatible; ClaudeBot/1.0; +claudebot@anthropic.com)"
66.249.74.161 - - [19/May/2026:10:16:08 +0000] "GET /items/O44082317482/ HTTP/1.1" 200 23821 "-" "Mozilla/5.0 (Linux; Android 6.0.1; Nexus 5X Build/MMB29P) AppleWebKit/537.36 (KHTML, like Gecko) Chrome/148.0.7778.96 Mobile Safari/537.36 (compatible; Googlebot/2.1; +http://www.google.com/bot.html)"
74.7.242.11 - - [19/May/2026:10:16:10 +0000] "GET /items/O440625470151/ HTTP/1.1" 500 20 "https://davekochphoto.com/sitemap_searche_282.xml" "Mozilla/5.0 AppleWebKit/537.36 (KHTML, like Gecko; compatible; GPTBot/1.3; +https://openai.com/gptbot)"
66.249.74.162 - - [19/May/2026:10:16:10 +0000] "GET /items/O44082138703/ HTTP/1.1" 200 23877 "-" "Mozilla/5.0 (Linux; Android 6.0.1; Nexus 5X Build/MMB29P) AppleWebKit/537.36 (KHTML, like Gecko) Chrome/148.0.7778.96 Mobile Safari/537.36 (compatible; Googlebot/2.1; +http://www.google.com/bot.html)"
66.249.74.161 - - [19/May/2026:10:16:11 +0000] "GET /?items/O44092515342/ HTTP/1.1" 200 24102 "-" "Mozilla/5.0 (Linux; Android 6.0.1; Nexus 5X Build/MMB29P) AppleWebKit/537.36 (KHTML, like Gecko) Chrome/148.0.7778.96 Mobile Safari/537.36 (compatible; Googlebot/2.1; +http://www.google.com/bot.html)"
216.73.216.61 - - [19/May/2026:10:16:13 +0000] "GET /items/O440719840411/ HTTP/1.1" 500 20 "-" "Mozilla/5.0 AppleWebKit/537.36 (KHTML, like Gecko; compatible; ClaudeBot/1.0; +claudebot@anthropic.com)"
66.249.74.161 - - [19/May/2026:10:16:14 +0000] "GET /?items/O4405897316/ HTTP/1.1" 200 23434 "-" "Mozilla/5.0 (Linux; Android 6.0.1; Nexus 5X Build/MMB29P) AppleWebKit/537.36 (KHTML, like Gecko) Chrome/148.0.7778.96 Mobile Safari/537.36 (compatible; Googlebot/2.1; +http://www.google.com/bot.html)"
66.249.74.161 - - [19/May/2026:10:16:16 +0000] "GET /items/O44071702182/ HTTP/1.1" 200 23252 "-" "Mozilla/5.0 (Linux; Android 6.0.1; Nexus 5X Build/MMB29P) AppleWebKit/537.36 (KHTML, like Gecko) Chrome/148.0.7778.96 Mobile Safari/537.36 (compatible; Googlebot/2.1; +http://www.google.com/bot.html)"
216.73.216.61 - - [19/May/2026:10:16:18 +0000] "GET /items/O44077947691/ HTTP/1.1" 500 20 "-" "Mozilla/5.0 AppleWebKit/537.36 (KHTML, like Gecko; compatible; ClaudeBot/1.0; +claudebot@anthropic.com)"
66.249.74.161 - - [19/May/2026:10:16:19 +0000] "GET /items/O44082150895/ HTTP/1.1" 200 23924 "-" "Mozilla/5.0 (Linux; Android 6.0.1; Nexus 5X Build/MMB29P) AppleWebKit/537.36 (KHTML, like Gecko) Chrome/148.0.7778.96 Mobile Safari/537.36 (compatible; Googlebot/2.1; +http://www.google.com/bot.html)"
66.249.74.161 - - [19/May/2026:10:16:22 +0000] "GET /?items/O44082217900/ HTTP/1.1" 200 23416 "-" "Mozilla/5.0 (Linux; Android 6.0.1; Nexus 5X Build/MMB29P) AppleWebKit/537.36 (KHTML, like Gecko) Chrome/148.0.7778.96 Mobile Safari/537.36 (compatible; Googlebot/2.1; +http://www.google.com/bot.html)"
66.249.74.161 - - [19/May/2026:10:16:22 +0000] "GET /?items/O44092939999/ HTTP/1.1" 200 23423 "-" "Mozilla/5.0 (Linux; Android 6.0.1; Nexus 5X Build/MMB29P) AppleWebKit/537.36 (KHTML, like Gecko) Chrome/148.0.7778.96 Mobile Safari/537.36 (compatible; Googlebot/2.1; +http://www.google.com/bot.html)"
216.73.216.61 - - [19/May/2026:10:16:23 +0000] "GET /items/O440554784662/ HTTP/1.1" 500 20 "-" "Mozilla/5.0 AppleWebKit/537.36 (KHTML, like Gecko; compatible; ClaudeBot/1.0; +claudebot@anthropic.com)"
66.249.74.161 - - [19/May/2026:10:16:23 +0000] "GET /?items/O44082103209/ HTTP/1.1" 200 23413 "-" "Mozilla/5.0 (Linux; Android 6.0.1; Nexus 5X Build/MMB29P) AppleWebKit/537.36 (KHTML, like Gecko) Chrome/148.0.7778.96 Mobile Safari/537.36 (compatible; Googlebot/2.1; +http://www.google.com/bot.html)"
2a03:2880:f806:3e:: - - [19/May/2026:10:16:23 +0000] "GET /items/C70087440/ HTTP/1.1" 500 20 "-" "meta-externalagent/1.1 (+https://developers.facebook.com/docs/sharing/webmasters/crawler)"
66.249.74.161 - - [19/May/2026:10:16:25 +0000] "GET /?items/O440420794/ HTTP/1.1" 200 24060 "-" "Mozilla/5.0 (Linux; Android 6.0.1; Nexus 5X Build/MMB29P) AppleWebKit/537.36 (KHTML, like Gecko) Chrome/148.0.7778.96 Mobile Safari/537.36 (compatible; Googlebot/2.1; +http://www.google.com/bot.html)"
66.249.74.161 - - [19/May/2026:10:16:26 +0000] "GET /items/O44071801802/ HTTP/1.1" 200 24561 "-" "Mozilla/5.0 (Linux; Android 6.0.1; Nexus 5X Build/MMB29P) AppleWebKit/537.36 (KHTML, like Gecko) Chrome/148.0.7778.96 Mobile Safari/537.36 (compatible; Googlebot/2.1; +http://www.google.com/bot.html)"
216.73.216.61 - - [19/May/2026:10:16:28 +0000] "GET /items/O44061038797/ HTTP/1.1" 500 20 "-" "Mozilla/5.0 AppleWebKit/537.36 (KHTML, like Gecko; compatible; ClaudeBot/1.0; +claudebot@anthropic.com)"
66.249.74.162 - - [19/May/2026:10:16:28 +0000] "GET /?items/O44071745072/ HTTP/1.1" 200 23582 "-" "Mozilla/5.0 (Linux; Android 6.0.1; Nexus 5X Build/MMB29P) AppleWebKit/537.36 (KHTML, like Gecko) Chrome/148.0.7778.96 Mobile Safari/537.36 (compatible; Googlebot/2.1; +http://www.google.com/bot.html)"
66.249.74.162 - - [19/May/2026:10:16:29 +0000] "GET /items/O44071910212/ HTTP/1.1" 200 23601 "-" "Mozilla/5.0 (Linux; Android 6.0.1; Nexus 5X Build/MMB29P) AppleWebKit/537.36 (KHTML, like Gecko) Chrome/148.0.7778.96 Mobile Safari/537.36 (compatible; Googlebot/2.1; +http://www.google.com/bot.html)"
216.73.216.61 - - [19/May/2026:10:16:33 +0000] "GET /items/O44071530414/ HTTP/1.1" 500 20 "-" "Mozilla/5.0 AppleWebKit/537.36 (KHTML, like Gecko; compatible; ClaudeBot/1.0; +claudebot@anthropic.com)"
66.249.74.162 - - [19/May/2026:10:16:34 +0000] "GET /items/O44082250092/ HTTP/1.1" 200 23488 "-" "Mozilla/5.0 (Linux; Android 6.0.1; Nexus 5X Build/MMB29P) AppleWebKit/537.36 (KHTML, like Gecko) Chrome/148.0.7778.96 Mobile Safari/537.36 (compatible; Googlebot/2.1; +http://www.google.com/bot.html)"
216.73.216.61 - - [19/May/2026:10:16:38 +0000] "GET /items/O440814356578/ HTTP/1.1" 500 20 "-" "Mozilla/5.0 AppleWebKit/537.36 (KHTML, like Gecko; compatible; ClaudeBot/1.0; +claudebot@anthropic.com)"
14.191.92.196 - - [19/May/2026:10:16:38 +0000] "GET /items/O440664356844/ HTTP/1.1" 500 20 "-" "Mozilla/5.0 (Windows NT 10.0; Win64; x64) AppleWebKit/537.36 (KHTML, like Gecko) Chrome/127.0.6533.120 Safari/537.36"
66.249.74.163 - - [19/May/2026:10:16:39 +0000] "GET /items/O44082282266/ HTTP/1.1" 200 24529 "-" "Mozilla/5.0 (Linux; Android 6.0.1; Nexus 5X Build/MMB29P) AppleWebKit/537.36 (KHTML, like Gecko) Chrome/148.0.7778.96 Mobile Safari/537.36 (compatible; Googlebot/2.1; +http://www.google.com/bot.html)"
66.249.74.163 - - [19/May/2026:10:16:41 +0000] "GET /items/O44082047879/ HTTP/1.1" 200 24530 "-" "Mozilla/5.0 (Linux; Android 6.0.1; Nexus 5X Build/MMB29P) AppleWebKit/537.36 (KHTML, like Gecko) Chrome/148.0.7778.96 Mobile Safari/537.36 (compatible; Googlebot/2.1; +http://www.google.com/bot.html)"
66.249.74.162 - - [19/May/2026:10:16:42 +0000] "GET /items/O4405687103/ HTTP/1.1" 200 24976 "-" "Mozilla/5.0 (Linux; Android 6.0.1; Nexus 5X Build/MMB29P) AppleWebKit/537.36 (KHTML, like Gecko) Chrome/148.0.7778.96 Mobile Safari/537.36 (compatible; Googlebot/2.1; +http://www.google.com/bot.html)"
216.73.216.61 - - [19/May/2026:10:16:43 +0000] "GET /items/O44074540660/ HTTP/1.1" 500 20 "-" "Mozilla/5.0 AppleWebKit/537.36 (KHTML, like Gecko; compatible; ClaudeBot/1.0; +claudebot@anthropic.com)"
66.249.74.161 - - [19/May/2026:10:16:45 +0000] "GET /?items/O44092577247/ HTTP/1.1" 200 24863 "-" "Mozilla/5.0 (Linux; Android 6.0.1; Nexus 5X Build/MMB29P) AppleWebKit/537.36 (KHTML, like Gecko) Chrome/148.0.7778.96 Mobile Safari/537.36 (compatible; Googlebot/2.1; +http://www.google.com/bot.html)"
66.249.74.162 - - [19/May/2026:10:16:45 +0000] "GET /items/O44082267672/ HTTP/1.1" 200 24136 "-" "Mozilla/5.0 (Linux; Android 6.0.1; Nexus 5X Build/MMB29P) AppleWebKit/537.36 (KHTML, like Gecko) Chrome/148.0.7778.96 Mobile Safari/537.36 (compatible; Googlebot/2.1; +http://www.google.com/bot.html)"
66.249.74.161 - - [19/May/2026:10:16:50 +0000] "GET /items/O44082059455/ HTTP/1.1" 200 23494 "-" "Mozilla/5.0 (Linux; Android 6.0.1; Nexus 5X Build/MMB29P) AppleWebKit/537.36 (KHTML, like Gecko) Chrome/148.0.7778.96 Mobile Safari/537.36 (compatible; Googlebot/2.1; +http://www.google.com/bot.html)"
216.73.216.61 - - [19/May/2026:10:16:52 +0000] "GET /items/O440515620283/ HTTP/1.1" 500 20 "-" "Mozilla/5.0 AppleWebKit/537.36 (KHTML, like Gecko; compatible; ClaudeBot/1.0; +claudebot@anthropic.com)"
153.67.13.168 - - [19/May/2026:10:16:55 +0000] "GET /UtahStateFair2017/index_files/activityi.html HTTP/1.1" 200 480 "-" "Mozilla/5.0 (Linux; Android 5.0; SM-G900P Build/LRX21T) AppleWebKit/537.36 (KHTML, like Gecko) Chrome/59.0.7002.1827 Mobile Safari/537.36"
66.249.74.161 - - [19/May/2026:10:16:55 +0000] "GET /items/O44092617239/ HTTP/1.1" 200 23573 "-" "Mozilla/5.0 (Linux; Android 6.0.1; Nexus 5X Build/MMB29P) AppleWebKit/537.36 (KHTML, like Gecko) Chrome/148.0.7778.96 Mobile Safari/537.36 (compatible; Googlebot/2.1; +http://www.google.com/bot.html)"
66.249.74.161 - - [19/May/2026:10:16:56 +0000] "GET /items/O44092944264/ HTTP/1.1" 200 23376 "-" "Mozilla/5.0 (Linux; Android 6.0.1; Nexus 5X Build/MMB29P) AppleWebKit/537.36 (KHTML, like Gecko) Chrome/148.0.7778.96 Mobile Safari/537.36 (compatible; Googlebot/2.1; +http://www.google.com/bot.html)"
216.73.216.61 - - [19/May/2026:10:16:57 +0000] "GET /items/O440859134609/ HTTP/1.1" 500 20 "-" "Mozilla/5.0 AppleWebKit/537.36 (KHTML, like Gecko; compatible; ClaudeBot/1.0; +claudebot@anthropic.com)"
66.249.74.161 - - [19/May/2026:10:16:58 +0000] "GET /items/O44082330727/ HTTP/1.1" 200 24514 "-" "Mozilla/5.0 (Linux; Android 6.0.1; Nexus 5X Build/MMB29P) AppleWebKit/537.36 (KHTML, like Gecko) Chrome/148.0.7778.96 Mobile Safari/537.36 (compatible; Googlebot/2.1; +http://www.google.com/bot.html)"
216.73.216.61 - - [19/May/2026:10:17:02 +0000] "GET /items/O440415419168/ HTTP/1.1" 500 20 "-" "Mozilla/5.0 AppleWebKit/537.36 (KHTML, like Gecko; compatible; ClaudeBot/1.0; +claudebot@anthropic.com)"
66.249.74.161 - - [19/May/2026:10:17:03 +0000] "GET /?items/O4404372019/ HTTP/1.1" 200 24058 "-" "Mozilla/5.0 (Linux; Android 6.0.1; Nexus 5X Build/MMB29P) AppleWebKit/537.36 (KHTML, like Gecko) Chrome/148.0.7778.96 Mobile Safari/537.36 (compatible; Googlebot/2.1; +http://www.google.com/bot.html)"
66.249.74.161 - - [19/May/2026:10:17:04 +0000] "GET /items/O44082132607/ HTTP/1.1" 200 23929 "-" "Mozilla/5.0 (Linux; Android 6.0.1; Nexus 5X Build/MMB29P) AppleWebKit/537.36 (KHTML, like Gecko) Chrome/148.0.7778.96 Mobile Safari/537.36 (compatible; Googlebot/2.1; +http://www.google.com/bot.html)"
90.219.175.77 - - [19/May/2026:10:17:07 +0000] "GET /items/O44067136273/ HTTP/1.1" 500 20 "-" "Mozilla/5.0 (Macintosh; Intel Mac OS X 15_2_0) AppleWebKit/537.36 (KHTML, like Gecko) Chrome/133.0.6943.53 Safari/537.36"
216.73.216.61 - - [19/May/2026:10:17:07 +0000] "GET /items/O440524838557/ HTTP/1.1" 500 20 "-" "Mozilla/5.0 AppleWebKit/537.36 (KHTML, like Gecko; compatible; ClaudeBot/1.0; +claudebot@anthropic.com)"
66.249.74.161 - - [19/May/2026:10:17:09 +0000] "GET /items/O44071571621/ HTTP/1.1" 200 23746 "-" "Mozilla/5.0 (Linux; Android 6.0.1; Nexus 5X Build/MMB29P) AppleWebKit/537.36 (KHTML, like Gecko) Chrome/148.0.7778.96 Mobile Safari/537.36 (compatible; Googlebot/2.1; +http://www.google.com/bot.html)"
66.249.74.161 - - [19/May/2026:10:17:09 +0000] "GET /items/O44092553231/ HTTP/1.1" 200 23827 "-" "Mozilla/5.0 (Linux; Android 6.0.1; Nexus 5X Build/MMB29P) AppleWebKit/537.36 (KHTML, like Gecko) Chrome/148.0.7778.96 Mobile Safari/537.36 (compatible; Googlebot/2.1; +http://www.google.com/bot.html)"
66.249.74.162 - - [19/May/2026:10:17:10 +0000] "GET /?items/O4404333800/ HTTP/1.1" 200 24432 "-" "Mozilla/5.0 (Linux; Android 6.0.1; Nexus 5X Build/MMB29P) AppleWebKit/537.36 (KHTML, like Gecko) Chrome/148.0.7778.96 Mobile Safari/537.36 (compatible; Googlebot/2.1; +http://www.google.com/bot.html)"
66.249.74.162 - - [19/May/2026:10:17:10 +0000] "GET /?items/O44082351604/ HTTP/1.1" 200 22876 "-" "Mozilla/5.0 (Linux; Android 6.0.1; Nexus 5X Build/MMB29P) AppleWebKit/537.36 (KHTML, like Gecko) Chrome/148.0.7778.96 Mobile Safari/537.36 (compatible; Googlebot/2.1; +http://www.google.com/bot.html)"
66.249.74.161 - - [19/May/2026:10:17:11 +0000] "GET /?items/O44092531271/ HTTP/1.1" 200 23892 "-" "Mozilla/5.0 (Linux; Android 6.0.1; Nexus 5X Build/MMB29P) AppleWebKit/537.36 (KHTML, like Gecko) Chrome/148.0.7778.96 Mobile Safari/537.36 (compatible; Googlebot/2.1; +http://www.google.com/bot.html)"
216.73.216.61 - - [19/May/2026:10:17:12 +0000] "GET /items/O440688046541/ HTTP/1.1" 500 20 "-" "Mozilla/5.0 AppleWebKit/537.36 (KHTML, like Gecko; compatible; ClaudeBot/1.0; +claudebot@anthropic.com)"
74.7.242.11 - - [19/May/2026:10:17:13 +0000] "GET /items/O440728828063/ HTTP/1.1" 500 20 "https://davekochphoto.com/sitemap_searche_282.xml" "Mozilla/5.0 AppleWebKit/537.36 (KHTML, like Gecko; compatible; GPTBot/1.3; +https://openai.com/gptbot)"
66.249.74.161 - - [19/May/2026:10:17:14 +0000] "GET /items/O44082233191/ HTTP/1.1" 200 24370 "-" "Mozilla/5.0 (Linux; Android 6.0.1; Nexus 5X Build/MMB29P) AppleWebKit/537.36 (KHTML, like Gecko) Chrome/148.0.7778.96 Mobile Safari/537.36 (compatible; Googlebot/2.1; +http://www.google.com/bot.html)"
66.249.74.161 - - [19/May/2026:10:17:14 +0000] "GET /?items/O44082400971/ HTTP/1.1" 200 23367 "-" "Mozilla/5.0 (Linux; Android 6.0.1; Nexus 5X Build/MMB29P) AppleWebKit/537.36 (KHTML, like Gecko) Chrome/148.0.7778.96 Mobile Safari/537.36 (compatible; Googlebot/2.1; +http://www.google.com/bot.html)"
216.73.216.61 - - [19/May/2026:10:17:17 +0000] "GET /items/O440625457208/ HTTP/1.1" 500 20 "-" "Mozilla/5.0 AppleWebKit/537.36 (KHTML, like Gecko; compatible; ClaudeBot/1.0; +claudebot@anthropic.com)"
66.249.74.161 - - [19/May/2026:10:17:17 +0000] "GET /?items/O4404369933/ HTTP/1.1" 200 24147 "-" "Mozilla/5.0 (Linux; Android 6.0.1; Nexus 5X Build/MMB29P) AppleWebKit/537.36 (KHTML, like Gecko) Chrome/148.0.7778.96 Mobile Safari/537.36 (compatible; Googlebot/2.1; +http://www.google.com/bot.html)"
66.249.74.161 - - [19/May/2026:10:17:17 +0000] "GET /items/O44082092983/ HTTP/1.1" 200 24073 "-" "Mozilla/5.0 (Linux; Android 6.0.1; Nexus 5X Build/MMB29P) AppleWebKit/537.36 (KHTML, like Gecko) Chrome/148.0.7778.96 Mobile Safari/537.36 (compatible; Googlebot/2.1; +http://www.google.com/bot.html)"
216.73.216.61 - - [19/May/2026:10:17:22 +0000] "GET /items/O440782947912/ HTTP/1.1" 500 20 "-" "Mozilla/5.0 AppleWebKit/537.36 (KHTML, like Gecko; compatible; ClaudeBot/1.0; +claudebot@anthropic.com)"
66.249.74.162 - - [19/May/2026:10:17:22 +0000] "GET /items/O440482285/ HTTP/1.1" 200 23959 "-" "Mozilla/5.0 (Linux; Android 6.0.1; Nexus 5X Build/MMB29P) AppleWebKit/537.36 (KHTML, like Gecko) Chrome/148.0.7778.96 Mobile Safari/537.36 (compatible; Googlebot/2.1; +http://www.google.com/bot.html)"
66.249.74.161 - - [19/May/2026:10:17:25 +0000] "GET /?items/O44092690790/ HTTP/1.1" 200 23361 "-" "Mozilla/5.0 (Linux; Android 6.0.1; Nexus 5X Build/MMB29P) AppleWebKit/537.36 (KHTML, like Gecko) Chrome/148.0.7778.96 Mobile Safari/537.36 (compatible; Googlebot/2.1; +http://www.google.com/bot.html)"
66.249.74.162 - - [19/May/2026:10:17:26 +0000] "GET /items/O44071877982/ HTTP/1.1" 200 23272 "-" "Mozilla/5.0 (Linux; Android 6.0.1; Nexus 5X Build/MMB29P) AppleWebKit/537.36 (KHTML, like Gecko) Chrome/148.0.7778.96 Mobile Safari/537.36 (compatible; Googlebot/2.1; +http://www.google.com/bot.html)"
66.249.74.161 - - [19/May/2026:10:17:27 +0000] "GET /?items/O44071747070/ HTTP/1.1" 200 25286 "-" "Mozilla/5.0 (Linux; Android 6.0.1; Nexus 5X Build/MMB29P) AppleWebKit/537.36 (KHTML, like Gecko) Chrome/148.0.7778.96 Mobile Safari/537.36 (compatible; Googlebot/2.1; +http://www.google.com/bot.html)"
216.73.216.61 - - [19/May/2026:10:17:27 +0000] "GET /items/O440814412128/ HTTP/1.1" 500 20 "-" "Mozilla/5.0 AppleWebKit/537.36 (KHTML, like Gecko; compatible; ClaudeBot/1.0; +claudebot@anthropic.com)"
2a03:2880:f806:4c:: - - [19/May/2026:10:17:29 +0000] "GET /items/V192705359/ HTTP/1.1" 500 20 "-" "meta-externalagent/1.1 (+https://developers.facebook.com/docs/sharing/webmasters/crawler)"
66.249.74.161 - - [19/May/2026:10:17:29 +0000] "GET /items/O44092800122/ HTTP/1.1" 200 23607 "-" "Mozilla/5.0 (Linux; Android 6.0.1; Nexus 5X Build/MMB29P) AppleWebKit/537.36 (KHTML, like Gecko) Chrome/148.0.7778.96 Mobile Safari/537.36 (compatible; Googlebot/2.1; +http://www.google.com/bot.html)"
216.73.216.61 - - [19/May/2026:10:17:32 +0000] "GET /items/O440814277647/ HTTP/1.1" 500 20 "-" "Mozilla/5.0 AppleWebKit/537.36 (KHTML, like Gecko; compatible; ClaudeBot/1.0; +claudebot@anthropic.com)"
66.249.74.162 - - [19/May/2026:10:17:35 +0000] "GET /items/O4405678323/ HTTP/1.1" 200 23177 "-" "Mozilla/5.0 (Linux; Android 6.0.1; Nexus 5X Build/MMB29P) AppleWebKit/537.36 (KHTML, like Gecko) Chrome/148.0.7778.96 Mobile Safari/537.36 (compatible; Googlebot/2.1; +http://www.google.com/bot.html)"
37.228.250.48 - - [19/May/2026:10:17:37 +0000] "GET /items/O44067201305/ HTTP/1.1" 500 20 "-" "Mozilla/5.0 (Macintosh; Intel Mac OS X 11_3_1) AppleWebKit/537.36 (KHTML, like Gecko) Chrome/130.0.6723.116 Safari/537.36"
216.73.216.61 - - [19/May/2026:10:17:37 +0000] "GET /items/O440599633442/ HTTP/1.1" 500 20 "-" "Mozilla/5.0 AppleWebKit/537.36 (KHTML, like Gecko; compatible; ClaudeBot/1.0; +claudebot@anthropic.com)"
66.249.74.162 - - [19/May/2026:10:17:40 +0000] "GET /items/O44092720380/ HTTP/1.1" 200 24217 "-" "Mozilla/5.0 (Linux; Android 6.0.1; Nexus 5X Build/MMB29P) AppleWebKit/537.36 (KHTML, like Gecko) Chrome/148.0.7778.96 Mobile Safari/537.36 (compatible; Googlebot/2.1; +http://www.google.com/bot.html)"
216.73.216.61 - - [19/May/2026:10:17:42 +0000] "GET /items/O440640315794/ HTTP/1.1" 500 20 "-" "Mozilla/5.0 AppleWebKit/537.36 (KHTML, like Gecko; compatible; ClaudeBot/1.0; +claudebot@anthropic.com)"
66.249.74.161 - - [19/May/2026:10:17:43 +0000] "GET /items/O4404457589/ HTTP/1.1" 200 24332 "-" "Mozilla/5.0 (Linux; Android 6.0.1; Nexus 5X Build/MMB29P) AppleWebKit/537.36 (KHTML, like Gecko) Chrome/148.0.7778.96 Mobile Safari/537.36 (compatible; Googlebot/2.1; +http://www.google.com/bot.html)"
66.249.74.161 - - [19/May/2026:10:17:43 +0000] "GET /?items/O44061481012/ HTTP/1.1" 200 23681 "-" "Mozilla/5.0 (Linux; Android 6.0.1; Nexus 5X Build/MMB29P) AppleWebKit/537.36 (KHTML, like Gecko) Chrome/148.0.7778.96 Mobile Safari/537.36 (compatible; Googlebot/2.1; +http://www.google.com/bot.html)"
66.249.74.162 - - [19/May/2026:10:17:44 +0000] "GET /?items/O44092580551/ HTTP/1.1" 200 24028 "-" "Mozilla/5.0 (Linux; Android 6.0.1; Nexus 5X Build/MMB29P) AppleWebKit/537.36 (KHTML, like Gecko) Chrome/148.0.7778.96 Mobile Safari/537.36 (compatible; Googlebot/2.1; +http://www.google.com/bot.html)"
66.249.74.161 - - [19/May/2026:10:17:44 +0000] "GET /?items/O44071997212/ HTTP/1.1" 200 23773 "-" "Mozilla/5.0 (Linux; Android 6.0.1; Nexus 5X Build/MMB29P) AppleWebKit/537.36 (KHTML, like Gecko) Chrome/148.0.7778.96 Mobile Safari/537.36 (compatible; Googlebot/2.1; +http://www.google.com/bot.html)"
66.249.74.161 - - [19/May/2026:10:17:45 +0000] "GET /?items/O44082180830/ HTTP/1.1" 200 24441 "-" "Mozilla/5.0 (Linux; Android 6.0.1; Nexus 5X Build/MMB29P) AppleWebKit/537.36 (KHTML, like Gecko) Chrome/148.0.7778.96 Mobile Safari/537.36 (compatible; Googlebot/2.1; +http://www.google.com/bot.html)"
216.73.216.61 - - [19/May/2026:10:17:47 +0000] "GET /items/O440499311867/ HTTP/1.1" 500 20 "-" "Mozilla/5.0 AppleWebKit/537.36 (KHTML, like Gecko; compatible; ClaudeBot/1.0; +claudebot@anthropic.com)"
66.249.74.161 - - [19/May/2026:10:17:48 +0000] "GET /?items/O44061045888/ HTTP/1.1" 200 24702 "-" "Mozilla/5.0 (Linux; Android 6.0.1; Nexus 5X Build/MMB29P) AppleWebKit/537.36 (KHTML, like Gecko) Chrome/148.0.7778.96 Mobile Safari/537.36 (compatible; Googlebot/2.1; +http://www.google.com/bot.html)"
66.249.74.163 - - [19/May/2026:10:17:48 +0000] "GET /items/O44082232512/ HTTP/1.1" 200 23194 "-" "Mozilla/5.0 (Linux; Android 6.0.1; Nexus 5X Build/MMB29P) AppleWebKit/537.36 (KHTML, like Gecko) Chrome/148.0.7778.96 Mobile Safari/537.36 (compatible; Googlebot/2.1; +http://www.google.com/bot.html)"
66.249.74.163 - - [19/May/2026:10:17:51 +0000] "GET /items/O44082044215/ HTTP/1.1" 200 23506 "-" "Mozilla/5.0 (Linux; Android 6.0.1; Nexus 5X Build/MMB29P) AppleWebKit/537.36 (KHTML, like Gecko) Chrome/148.0.7778.96 Mobile Safari/537.36 (compatible; Googlebot/2.1; +http://www.google.com/bot.html)"
216.73.216.61 - - [19/May/2026:10:17:52 +0000] "GET /items/O440466094376/ HTTP/1.1" 500 20 "-" "Mozilla/5.0 AppleWebKit/537.36 (KHTML, like Gecko; compatible; ClaudeBot/1.0; +claudebot@anthropic.com)"
66.249.82.161 - - [19/May/2026:10:17:55 +0000] "GET /.well-known/traffic-advice HTTP/1.1" 500 20 "-" "Chrome Privacy Preserving Prefetch Proxy"
2001:4860:7:507::f7 - - [19/May/2026:10:17:55 +0000] "GET /?items/O44071864851/ HTTP/1.1" 200 653 "https://www.google.com/" "Mozilla/5.0 (Linux; Android 10; K) AppleWebKit/537.36 (KHTML, like Gecko) Chrome/148.0.0.0 Mobile Safari/537.36"
66.249.74.163 - - [19/May/2026:10:17:56 +0000] "GET /items/O44071804732/ HTTP/1.1" 200 23192 "-" "Mozilla/5.0 (Linux; Android 6.0.1; Nexus 5X Build/MMB29P) AppleWebKit/537.36 (KHTML, like Gecko) Chrome/148.0.7778.96 Mobile Safari/537.36 (compatible; Googlebot/2.1; +http://www.google.com/bot.html)"
216.73.216.61 - - [19/May/2026:10:17:57 +0000] "GET /items/O440986888244/ HTTP/1.1" 500 20 "-" "Mozilla/5.0 AppleWebKit/537.36 (KHTML, like Gecko; compatible; ClaudeBot/1.0; +claudebot@anthropic.com)"
66.249.74.161 - - [19/May/2026:10:17:58 +0000] "GET /?items/O4405693139/ HTTP/1.1" 200 23424 "-" "Mozilla/5.0 (Linux; Android 6.0.1; Nexus 5X Build/MMB29P) AppleWebKit/537.36 (KHTML, like Gecko) Chrome/148.0.7778.96 Mobile Safari/537.36 (compatible; GoogleOther)"
66.249.74.163 - - [19/May/2026:10:18:01 +0000] "GET /items/O44071684602/ HTTP/1.1" 200 23348 "-" "Mozilla/5.0 (Linux; Android 6.0.1; Nexus 5X Build/MMB29P) AppleWebKit/537.36 (KHTML, like Gecko) Chrome/148.0.7778.96 Mobile Safari/537.36 (compatible; Googlebot/2.1; +http://www.google.com/bot.html)"
216.73.216.61 - - [19/May/2026:10:18:03 +0000] "GET /items/O440554537089/ HTTP/1.1" 500 20 "-" "Mozilla/5.0 AppleWebKit/537.36 (KHTML, like Gecko; compatible; ClaudeBot/1.0; +claudebot@anthropic.com)"
14.247.154.191 - - [19/May/2026:10:18:05 +0000] "GET /items/O44067216256/ HTTP/1.1" 500 20 "-" "Mozilla/5.0 (Macintosh; Intel Mac OS X 14_5_1) AppleWebKit/537.36 (KHTML, like Gecko) Chrome/130.0.6723.191 Safari/537.36"
66.249.74.161 - - [19/May/2026:10:18:06 +0000] "GET /items/O4404165113/ HTTP/1.1" 200 23403 "-" "Mozilla/5.0 (Linux; Android 6.0.1; Nexus 5X Build/MMB29P) AppleWebKit/537.36 (KHTML, like Gecko) Chrome/148.0.7778.96 Mobile Safari/537.36 (compatible; Googlebot/2.1; +http://www.google.com/bot.html)"
66.249.74.162 - - [19/May/2026:10:18:07 +0000] "GET /?items/O4404136849/ HTTP/1.1" 200 23548 "-" "Mozilla/5.0 (Linux; Android 6.0.1; Nexus 5X Build/MMB29P) AppleWebKit/537.36 (KHTML, like Gecko) Chrome/148.0.7778.96 Mobile Safari/537.36 (compatible; Googlebot/2.1; +http://www.google.com/bot.html)"
216.73.216.61 - - [19/May/2026:10:18:08 +0000] "GET /items/O440554739092/ HTTP/1.1" 500 20 "-" "Mozilla/5.0 AppleWebKit/537.36 (KHTML, like Gecko; compatible; ClaudeBot/1.0; +claudebot@anthropic.com)"
66.249.74.162 - - [19/May/2026:10:18:10 +0000] "GET /items/O440424031/ HTTP/1.1" 200 23500 "-" "Mozilla/5.0 (Linux; Android 6.0.1; Nexus 5X Build/MMB29P) AppleWebKit/537.36 (KHTML, like Gecko) Chrome/148.0.7778.96 Mobile Safari/537.36 (compatible; Googlebot/2.1; +http://www.google.com/bot.html)"
216.73.216.61 - - [19/May/2026:10:18:13 +0000] "GET /items/O440557569855/ HTTP/1.1" 500 20 "-" "Mozilla/5.0 AppleWebKit/537.36 (KHTML, like Gecko; compatible; ClaudeBot/1.0; +claudebot@anthropic.com)"
66.249.74.161 - - [19/May/2026:10:18:15 +0000] "GET /items/O44092999496/ HTTP/1.1" 200 23693 "-" "Mozilla/5.0 (Linux; Android 6.0.1; Nexus 5X Build/MMB29P) AppleWebKit/537.36 (KHTML, like Gecko) Chrome/148.0.7778.96 Mobile Safari/537.36 (compatible; Googlebot/2.1; +http://www.google.com/bot.html)"
74.7.242.11 - - [19/May/2026:10:18:15 +0000] "GET /items/O440457214538/ HTTP/1.1" 500 20 "https://davekochphoto.com/sitemap_searche_264.xml" "Mozilla/5.0 AppleWebKit/537.36 (KHTML, like Gecko; compatible; GPTBot/1.3; +https://openai.com/gptbot)"
66.249.74.161 - - [19/May/2026:10:18:15 +0000] "GET /?items/O44082459070/ HTTP/1.1" 200 23646 "-" "Mozilla/5.0 (Linux; Android 6.0.1; Nexus 5X Build/MMB29P) AppleWebKit/537.36 (KHTML, like Gecko) Chrome/148.0.7778.96 Mobile Safari/537.36 (compatible; Googlebot/2.1; +http://www.google.com/bot.html)"
66.249.74.161 - - [19/May/2026:10:18:16 +0000] "GET /?items/O44071924658/ HTTP/1.1" 200 23609 "-" "Mozilla/5.0 (Linux; Android 6.0.1; Nexus 5X Build/MMB29P) AppleWebKit/537.36 (KHTML, like Gecko) Chrome/148.0.7778.96 Mobile Safari/537.36 (compatible; Googlebot/2.1; +http://www.google.com/bot.html)"
216.73.216.61 - - [19/May/2026:10:18:18 +0000] "GET /items/O440463158016/ HTTP/1.1" 500 20 "-" "Mozilla/5.0 AppleWebKit/537.36 (KHTML, like Gecko; compatible; ClaudeBot/1.0; +claudebot@anthropic.com)"
40.77.167.20 - - [19/May/2026:10:18:18 +0000] "GET /photographers-need-to-put-nature-first/ HTTP/1.1" 200 24429 "-" "Mozilla/5.0 AppleWebKit/537.36 (KHTML, like Gecko; compatible; bingbot/2.0; +http://www.bing.com/bingbot.htm) Chrome/116.0.1938.76 Safari/537.36"
66.249.74.161 - - [19/May/2026:10:18:19 +0000] "GET /items/O440439366/ HTTP/1.1" 200 23381 "-" "Mozilla/5.0 (Linux; Android 6.0.1; Nexus 5X Build/MMB29P) AppleWebKit/537.36 (KHTML, like Gecko) Chrome/148.0.7778.96 Mobile Safari/537.36 (compatible; Googlebot/2.1; +http://www.google.com/bot.html)"
66.249.74.161 - - [19/May/2026:10:18:21 +0000] "GET /?items/O44071768855/ HTTP/1.1" 200 23243 "-" "Mozilla/5.0 (Linux; Android 6.0.1; Nexus 5X Build/MMB29P) AppleWebKit/537.36 (KHTML, like Gecko) Chrome/148.0.7778.96 Mobile Safari/537.36 (compatible; Googlebot/2.1; +http://www.google.com/bot.html)"
66.249.74.161 - - [19/May/2026:10:18:22 +0000] "GET /?items/O44092565506/ HTTP/1.1" 200 23317 "-" "Mozilla/5.0 (Linux; Android 6.0.1; Nexus 5X Build/MMB29P) AppleWebKit/537.36 (KHTML, like Gecko) Chrome/148.0.7778.96 Mobile Safari/537.36 (compatible; Googlebot/2.1; +http://www.google.com/bot.html)"
216.73.216.61 - - [19/May/2026:10:18:23 +0000] "GET /items/O440554756729/ HTTP/1.1" 500 20 "-" "Mozilla/5.0 AppleWebKit/537.36 (KHTML, like Gecko; compatible; ClaudeBot/1.0; +claudebot@anthropic.com)"
66.249.74.161 - - [19/May/2026:10:18:22 +0000] "GET /?items/O44082111886/ HTTP/1.1" 200 24211 "-" "Mozilla/5.0 (Linux; Android 6.0.1; Nexus 5X Build/MMB29P) AppleWebKit/537.36 (KHTML, like Gecko) Chrome/148.0.7778.96 Mobile Safari/537.36 (compatible; Googlebot/2.1; +http://www.google.com/bot.html)"
66.249.74.161 - - [19/May/2026:10:18:23 +0000] "GET /items/O4404198850/ HTTP/1.1" 200 23460 "-" "Mozilla/5.0 (Linux; Android 6.0.1; Nexus 5X Build/MMB29P) AppleWebKit/537.36 (KHTML, like Gecko) Chrome/148.0.7778.96 Mobile Safari/537.36 (compatible; Googlebot/2.1; +http://www.google.com/bot.html)"
66.249.74.162 - - [19/May/2026:10:18:27 +0000] "GET /items/O4405530086/ HTTP/1.1" 200 23793 "-" "Mozilla/5.0 (Linux; Android 6.0.1; Nexus 5X Build/MMB29P) AppleWebKit/537.36 (KHTML, like Gecko) Chrome/148.0.7778.96 Mobile Safari/537.36 (compatible; Googlebot/2.1; +http://www.google.com/bot.html)"
216.73.216.61 - - [19/May/2026:10:18:28 +0000] "GET /items/O440664036892/ HTTP/1.1" 500 20 "-" "Mozilla/5.0 AppleWebKit/537.36 (KHTML, like Gecko; compatible; ClaudeBot/1.0; +claudebot@anthropic.com)"
114.10.149.145 - - [19/May/2026:10:18:28 +0000] "GET /favicon.ico HTTP/1.1" 500 20 "https://davekochphoto.com/copyright/" "Mozilla/5.0 (Linux; Android 10; K) AppleWebKit/537.36 (KHTML, like Gecko) Chrome/148.0.0.0 Mobile Safari/537.36"
66.249.74.161 - - [19/May/2026:10:18:28 +0000] "GET /?items/O4404460391/ HTTP/1.1" 200 23457 "-" "Mozilla/5.0 (Linux; Android 6.0.1; Nexus 5X Build/MMB29P) AppleWebKit/537.36 (KHTML, like Gecko) Chrome/148.0.7778.96 Mobile Safari/537.36 (compatible; Googlebot/2.1; +http://www.google.com/bot.html)"
114.10.149.145 - - [19/May/2026:10:18:28 +0000] "GET /copyright/ HTTP/1.1" 200 633949 "https://www.google.com/" "Mozilla/5.0 (Linux; Android 10; K) AppleWebKit/537.36 (KHTML, like Gecko) Chrome/148.0.0.0 Mobile Safari/537.36"
66.249.74.161 - - [19/May/2026:10:18:28 +0000] "GET /?items/O4405917568/ HTTP/1.1" 200 23975 "-" "Mozilla/5.0 (Linux; Android 6.0.1; Nexus 5X Build/MMB29P) AppleWebKit/537.36 (KHTML, like Gecko) Chrome/148.0.7778.96 Mobile Safari/537.36 (compatible; Googlebot/2.1; +http://www.google.com/bot.html)"
20.15.133.184 - - [19/May/2026:10:18:31 +0000] "GET /items/O4404129127/ HTTP/1.1" 200 23565 "-" "Mozilla/5.0 AppleWebKit/537.36 (KHTML, like Gecko; compatible; bingbot/2.0; +http://www.bing.com/bingbot.htm) Chrome/116.0.1938.76 Safari/537.36"
66.249.74.162 - - [19/May/2026:10:18:31 +0000] "GET /items/O4404152845/ HTTP/1.1" 200 23778 "-" "Mozilla/5.0 (Linux; Android 6.0.1; Nexus 5X Build/MMB29P) AppleWebKit/537.36 (KHTML, like Gecko) Chrome/148.0.7778.96 Mobile Safari/537.36 (compatible; Googlebot/2.1; +http://www.google.com/bot.html)"
216.73.216.61 - - [19/May/2026:10:18:33 +0000] "GET /items/O440554607184/ HTTP/1.1" 500 20 "-" "Mozilla/5.0 AppleWebKit/537.36 (KHTML, like Gecko; compatible; ClaudeBot/1.0; +claudebot@anthropic.com)"
111.248.50.41 - - [19/May/2026:10:18:35 +0000] "GET /items/O44067262641/ HTTP/1.1" 500 20 "-" "Mozilla/5.0 (Macintosh; Intel Mac OS X 15_2_1) AppleWebKit/537.36 (KHTML, like Gecko) Chrome/127.0.6533.120 Safari/537.36"
2a03:2880:f806:48:: - - [19/May/2026:10:18:36 +0000] "GET /items/N63084107/ HTTP/1.1" 500 20 "-" "meta-externalagent/1.1 (+https://developers.facebook.com/docs/sharing/webmasters/crawler)"
66.249.74.161 - - [19/May/2026:10:18:35 +0000] "GET /items/O4404419674/ HTTP/1.1" 200 23517 "-" "Mozilla/5.0 (Linux; Android 6.0.1; Nexus 5X Build/MMB29P) AppleWebKit/537.36 (KHTML, like Gecko) Chrome/148.0.7778.96 Mobile Safari/537.36 (compatible; Googlebot/2.1; +http://www.google.com/bot.html)"
216.73.216.61 - - [19/May/2026:10:18:38 +0000] "GET /items/O440457202894/ HTTP/1.1" 500 20 "-" "Mozilla/5.0 AppleWebKit/537.36 (KHTML, like Gecko; compatible; ClaudeBot/1.0; +claudebot@anthropic.com)"
66.249.74.161 - - [19/May/2026:10:18:40 +0000] "GET /items/O4404143644/ HTTP/1.1" 200 23288 "-" "Mozilla/5.0 (Linux; Android 6.0.1; Nexus 5X Build/MMB29P) AppleWebKit/537.36 (KHTML, like Gecko) Chrome/148.0.7778.96 Mobile Safari/537.36 (compatible; Googlebot/2.1; +http://www.google.com/bot.html)"
66.249.74.161 - - [19/May/2026:10:18:41 +0000] "GET /?items/O440449530/ HTTP/1.1" 200 23024 "-" "Mozilla/5.0 (Linux; Android 6.0.1; Nexus 5X Build/MMB29P) AppleWebKit/537.36 (KHTML, like Gecko) Chrome/148.0.7778.96 Mobile Safari/537.36 (compatible; Googlebot/2.1; +http://www.google.com/bot.html)"
216.73.216.61 - - [19/May/2026:10:18:43 +0000] "GET /items/O440968870352/ HTTP/1.1" 500 20 "-" "Mozilla/5.0 AppleWebKit/537.36 (KHTML, like Gecko; compatible; ClaudeBot/1.0; +claudebot@anthropic.com)"
66.249.74.161 - - [19/May/2026:10:18:44 +0000] "GET /items/O4404106840/ HTTP/1.1" 200 23468 "-" "Mozilla/5.0 (Linux; Android 6.0.1; Nexus 5X Build/MMB29P) AppleWebKit/537.36 (KHTML, like Gecko) Chrome/148.0.7778.96 Mobile Safari/537.36 (compatible; Googlebot/2.1; +http://www.google.com/bot.html)"
66.249.74.161 - - [19/May/2026:10:18:45 +0000] "GET /?items/O44071562078/ HTTP/1.1" 200 23606 "-" "Mozilla/5.0 (Linux; Android 6.0.1; Nexus 5X Build/MMB29P) AppleWebKit/537.36 (KHTML, like Gecko) Chrome/148.0.7778.96 Mobile Safari/537.36 (compatible; Googlebot/2.1; +http://www.google.com/bot.html)"
66.249.74.161 - - [19/May/2026:10:18:45 +0000] "GET /?items/O4404333655/ HTTP/1.1" 200 23546 "-" "Mozilla/5.0 (Linux; Android 6.0.1; Nexus 5X Build/MMB29P) AppleWebKit/537.36 (KHTML, like Gecko) Chrome/148.0.7778.96 Mobile Safari/537.36 (compatible; Googlebot/2.1; +http://www.google.com/bot.html)"
216.73.216.61 - - [19/May/2026:10:18:48 +0000] "GET /items/O440563671869/ HTTP/1.1" 500 20 "-" "Mozilla/5.0 AppleWebKit/537.36 (KHTML, like Gecko; compatible; ClaudeBot/1.0; +claudebot@anthropic.com)"
66.249.74.161 - - [19/May/2026:10:18:50 +0000] "GET /items/O4404364468/ HTTP/1.1" 200 23530 "-" "Mozilla/5.0 (Linux; Android 6.0.1; Nexus 5X Build/MMB29P) AppleWebKit/537.36 (KHTML, like Gecko) Chrome/148.0.7778.96 Mobile Safari/537.36 (compatible; Googlebot/2.1; +http://www.google.com/bot.html)"
66.249.74.162 - - [19/May/2026:10:18:51 +0000] "GET /?items/O44082375562/ HTTP/1.1" 200 24401 "-" "Mozilla/5.0 (Linux; Android 6.0.1; Nexus 5X Build/MMB29P) AppleWebKit/537.36 (KHTML, like Gecko) Chrome/148.0.7778.96 Mobile Safari/537.36 (compatible; Googlebot/2.1; +http://www.google.com/bot.html)"
216.73.216.61 - - [19/May/2026:10:18:53 +0000] "GET /items/O440856012234/ HTTP/1.1" 500 20 "-" "Mozilla/5.0 AppleWebKit/537.36 (KHTML, like Gecko; compatible; ClaudeBot/1.0; +claudebot@anthropic.com)"
66.249.74.161 - - [19/May/2026:10:18:53 +0000] "GET /items/O44061266491/ HTTP/1.1" 200 23548 "-" "Mozilla/5.0 (Linux; Android 6.0.1; Nexus 5X Build/MMB29P) AppleWebKit/537.36 (KHTML, like Gecko) Chrome/148.0.7778.96 Mobile Safari/537.36 (compatible; Googlebot/2.1; +http://www.google.com/bot.html)"
66.249.74.161 - - [19/May/2026:10:18:54 +0000] "GET /items/O44042458/ HTTP/1.1" 200 23443 "-" "Mozilla/5.0 (Linux; Android 6.0.1; Nexus 5X Build/MMB29P) AppleWebKit/537.36 (KHTML, like Gecko) Chrome/148.0.7778.96 Mobile Safari/537.36 (compatible; Googlebot/2.1; +http://www.google.com/bot.html)"
66.249.74.163 - - [19/May/2026:10:18:55 +0000] "GET /?items/O44082390777/ HTTP/1.1" 200 23594 "-" "Mozilla/5.0 (Linux; Android 6.0.1; Nexus 5X Build/MMB29P) AppleWebKit/537.36 (KHTML, like Gecko) Chrome/148.0.7778.96 Mobile Safari/537.36 (compatible; Googlebot/2.1; +http://www.google.com/bot.html)"
66.249.74.161 - - [19/May/2026:10:18:55 +0000] "GET /items/O44092985908/ HTTP/1.1" 200 24713 "-" "Mozilla/5.0 (Linux; Android 6.0.1; Nexus 5X Build/MMB29P) AppleWebKit/537.36 (KHTML, like Gecko) Chrome/148.0.7778.96 Mobile Safari/537.36 (compatible; Googlebot/2.1; +http://www.google.com/bot.html)"
216.73.216.61 - - [19/May/2026:10:18:58 +0000] "GET /items/O440817353136/ HTTP/1.1" 500 20 "-" "Mozilla/5.0 AppleWebKit/537.36 (KHTML, like Gecko; compatible; ClaudeBot/1.0; +claudebot@anthropic.com)"
66.249.74.161 - - [19/May/2026:10:18:58 +0000] "GET /?items/O44061022994/ HTTP/1.1" 200 23402 "-" "Mozilla/5.0 (Linux; Android 6.0.1; Nexus 5X Build/MMB29P) AppleWebKit/537.36 (KHTML, like Gecko) Chrome/148.0.7778.96 Mobile Safari/537.36 (compatible; Googlebot/2.1; +http://www.google.com/bot.html)"
66.249.74.162 - - [19/May/2026:10:18:58 +0000] "GET /items/O44071605096/ HTTP/1.1" 200 23692 "-" "Mozilla/5.0 (Linux; Android 6.0.1; Nexus 5X Build/MMB29P) AppleWebKit/537.36 (KHTML, like Gecko) Chrome/148.0.7778.96 Mobile Safari/537.36 (compatible; Googlebot/2.1; +http://www.google.com/bot.html)"
113.183.163.207 - - [19/May/2026:10:19:00 +0000] "GET /wp-content/uploads/2018/05/500_4638-Edit.jpg HTTP/1.1" 200 1171542 "https://google.com, https://davekochphoto.com/portfolio/fall-colors/500_4638-edit/" "Mozilla/5.0 (Macintosh; Intel Mac OS X 10_14_1; rv:59.0.2) Gecko/20100101 Firefox/59.0.2"
66.249.74.161 - - [19/May/2026:10:19:01 +0000] "GET /items/O44061037897/ HTTP/1.1" 200 23370 "-" "Mozilla/5.0 (Linux; Android 6.0.1; Nexus 5X Build/MMB29P) AppleWebKit/537.36 (KHTML, like Gecko) Chrome/148.0.7778.96 Mobile Safari/537.36 (compatible; Googlebot/2.1; +http://www.google.com/bot.html)"
66.249.74.162 - - [19/May/2026:10:19:02 +0000] "GET /items/O4405602093/ HTTP/1.1" 200 23529 "-" "Mozilla/5.0 (Linux; Android 6.0.1; Nexus 5X Build/MMB29P) AppleWebKit/537.36 (KHTML, like Gecko) Chrome/148.0.7778.96 Mobile Safari/537.36 (compatible; Googlebot/2.1; +http://www.google.com/bot.html)"
216.73.216.61 - - [19/May/2026:10:19:03 +0000] "GET /items/O440616486268/ HTTP/1.1" 500 20 "-" "Mozilla/5.0 AppleWebKit/537.36 (KHTML, like Gecko; compatible; ClaudeBot/1.0; +claudebot@anthropic.com)"
45.165.110.9 - - [19/May/2026:10:19:04 +0000] "GET /items/O44067281480/ HTTP/1.1" 500 20 "-" "Mozilla/5.0 (Macintosh; Intel Mac OS X 15.4; rv:133.0) Gecko/20100101 Firefox/133.0"
66.249.74.161 - - [19/May/2026:10:19:06 +0000] "GET /items/O4405859229/ HTTP/1.1" 200 23266 "-" "Mozilla/5.0 (Linux; Android 6.0.1; Nexus 5X Build/MMB29P) AppleWebKit/537.36 (KHTML, like Gecko) Chrome/148.0.7778.96 Mobile Safari/537.36 (compatible; Googlebot/2.1; +http://www.google.com/bot.html)"
112.215.151.211 - - [19/May/2026:10:19:07 +0000] "GET /favicon.ico HTTP/1.1" 500 20 "https://davekochphoto.com/copyright/" "Mozilla/5.0 (Linux; Android 10; K) AppleWebKit/537.36 (KHTML, like Gecko) Chrome/148.0.0.0 Mobile Safari/537.36"
216.73.216.61 - - [19/May/2026:10:19:08 +0000] "GET /items/O440563979694/ HTTP/1.1" 500 20 "-" "Mozilla/5.0 AppleWebKit/537.36 (KHTML, like Gecko; compatible; ClaudeBot/1.0; +claudebot@anthropic.com)"
112.215.151.211 - - [19/May/2026:10:19:07 +0000] "GET /copyright/ HTTP/1.1" 200 633949 "https://www.google.com/" "Mozilla/5.0 (Linux; Android 10; K) AppleWebKit/537.36 (KHTML, like Gecko) Chrome/148.0.0.0 Mobile Safari/537.36"
66.249.74.161 - - [19/May/2026:10:19:10 +0000] "GET /?items/O44082497119/ HTTP/1.1" 200 24356 "-" "Mozilla/5.0 (Linux; Android 6.0.1; Nexus 5X Build/MMB29P) AppleWebKit/537.36 (KHTML, like Gecko) Chrome/148.0.7778.96 Mobile Safari/537.36 (compatible; GoogleOther)"
216.73.216.61 - - [19/May/2026:10:19:13 +0000] "GET /items/O440554866069/ HTTP/1.1" 500 20 "-" "Mozilla/5.0 AppleWebKit/537.36 (KHTML, like Gecko; compatible; ClaudeBot/1.0; +claudebot@anthropic.com)"
66.249.74.161 - - [19/May/2026:10:19:12 +0000] "GET /items/O44071525212/ HTTP/1.1" 200 24839 "-" "Mozilla/5.0 (Linux; Android 6.0.1; Nexus 5X Build/MMB29P) AppleWebKit/537.36 (KHTML, like Gecko) Chrome/148.0.7778.96 Mobile Safari/537.36 (compatible; Googlebot/2.1; +http://www.google.com/bot.html)"
66.249.74.161 - - [19/May/2026:10:19:13 +0000] "GET /?items/O44082101497/ HTTP/1.1" 200 23571 "-" "Mozilla/5.0 (Linux; Android 6.0.1; Nexus 5X Build/MMB29P) AppleWebKit/537.36 (KHTML, like Gecko) Chrome/148.0.7778.96 Mobile Safari/537.36 (compatible; Googlebot/2.1; +http://www.google.com/bot.html)"
66.249.74.161 - - [19/May/2026:10:19:13 +0000] "GET /?items/O4405535895/ HTTP/1.1" 200 23445 "-" "Mozilla/5.0 (Linux; Android 6.0.1; Nexus 5X Build/MMB29P) AppleWebKit/537.36 (KHTML, like Gecko) Chrome/148.0.7778.96 Mobile Safari/537.36 (compatible; GoogleOther)"
66.249.74.161 - - [19/May/2026:10:19:16 +0000] "GET /?items/O44071902973/ HTTP/1.1" 200 23524 "-" "Mozilla/5.0 (Linux; Android 6.0.1; Nexus 5X Build/MMB29P) AppleWebKit/537.36 (KHTML, like Gecko) Chrome/148.0.7778.96 Mobile Safari/537.36 (compatible; Googlebot/2.1; +http://www.google.com/bot.html)"
66.249.74.161 - - [19/May/2026:10:19:16 +0000] "GET /?items/O44082032706/ HTTP/1.1" 200 23960 "-" "Mozilla/5.0 (Linux; Android 6.0.1; Nexus 5X Build/MMB29P) AppleWebKit/537.36 (KHTML, like Gecko) Chrome/148.0.7778.96 Mobile Safari/537.36 (compatible; Googlebot/2.1; +http://www.google.com/bot.html)"
74.7.242.11 - - [19/May/2026:10:19:17 +0000] "GET /items/O440560785828/ HTTP/1.1" 500 20 "https://davekochphoto.com/sitemap_searche_131.xml" "Mozilla/5.0 AppleWebKit/537.36 (KHTML, like Gecko; compatible; GPTBot/1.3; +https://openai.com/gptbot)"
66.249.74.161 - - [19/May/2026:10:19:17 +0000] "GET /items/O44061247891/ HTTP/1.1" 200 23520 "-" "Mozilla/5.0 (Linux; Android 6.0.1; Nexus 5X Build/MMB29P) AppleWebKit/537.36 (KHTML, like Gecko) Chrome/148.0.7778.96 Mobile Safari/537.36 (compatible; Googlebot/2.1; +http://www.google.com/bot.html)"
216.73.216.61 - - [19/May/2026:10:19:18 +0000] "GET /items/O440956624092/ HTTP/1.1" 500 20 "-" "Mozilla/5.0 AppleWebKit/537.36 (KHTML, like Gecko; compatible; ClaudeBot/1.0; +claudebot@anthropic.com)"
66.249.74.161 - - [19/May/2026:10:19:19 +0000] "GET /items/O44061254091/ HTTP/1.1" 200 23490 "-" "Mozilla/5.0 (Linux; Android 6.0.1; Nexus 5X Build/MMB29P) AppleWebKit/537.36 (KHTML, like Gecko) Chrome/148.0.7778.96 Mobile Safari/537.36 (compatible; Googlebot/2.1; +http://www.google.com/bot.html)"
66.249.74.161 - - [19/May/2026:10:19:20 +0000] "GET /?items/O44071976090/ HTTP/1.1" 200 23031 "-" "Mozilla/5.0 (Linux; Android 6.0.1; Nexus 5X Build/MMB29P) AppleWebKit/537.36 (KHTML, like Gecko) Chrome/148.0.7778.96 Mobile Safari/537.36 (compatible; Googlebot/2.1; +http://www.google.com/bot.html)"
216.73.216.61 - - [19/May/2026:10:19:23 +0000] "GET /items/O440716749411/ HTTP/1.1" 500 20 "-" "Mozilla/5.0 AppleWebKit/537.36 (KHTML, like Gecko; compatible; ClaudeBot/1.0; +claudebot@anthropic.com)"
66.249.74.162 - - [19/May/2026:10:19:25 +0000] "GET /items/O4405565513/ HTTP/1.1" 200 23660 "-" "Mozilla/5.0 (Linux; Android 6.0.1; Nexus 5X Build/MMB29P) AppleWebKit/537.36 (KHTML, like Gecko) Chrome/148.0.7778.96 Mobile Safari/537.36 (compatible; Googlebot/2.1; +http://www.google.com/bot.html)"
66.249.74.161 - - [19/May/2026:10:19:25 +0000] "GET /?items/O44082268671/ HTTP/1.1" 200 23641 "-" "Mozilla/5.0 (Linux; Android 6.0.1; Nexus 5X Build/MMB29P) AppleWebKit/537.36 (KHTML, like Gecko) Chrome/148.0.7778.96 Mobile Safari/537.36 (compatible; Googlebot/2.1; +http://www.google.com/bot.html)"
66.249.74.161 - - [19/May/2026:10:19:26 +0000] "GET /?items/O44061389528/ HTTP/1.1" 200 24361 "-" "Mozilla/5.0 (Linux; Android 6.0.1; Nexus 5X Build/MMB29P) AppleWebKit/537.36 (KHTML, like Gecko) Chrome/148.0.7778.96 Mobile Safari/537.36 (compatible; Googlebot/2.1; +http://www.google.com/bot.html)"
216.73.216.61 - - [19/May/2026:10:19:28 +0000] "GET /items/O440820120493/ HTTP/1.1" 500 20 "-" "Mozilla/5.0 AppleWebKit/537.36 (KHTML, like Gecko; compatible; ClaudeBot/1.0; +claudebot@anthropic.com)"
66.249.74.161 - - [19/May/2026:10:19:28 +0000] "GET /items/O44061182852/ HTTP/1.1" 200 24586 "-" "Mozilla/5.0 (Linux; Android 6.0.1; Nexus 5X Build/MMB29P) AppleWebKit/537.36 (KHTML, like Gecko) Chrome/148.0.7778.96 Mobile Safari/537.36 (compatible; Googlebot/2.1; +http://www.google.com/bot.html)"
66.249.74.161 - - [19/May/2026:10:19:31 +0000] "GET /?items/O44061226289/ HTTP/1.1" 200 23843 "-" "Mozilla/5.0 (Linux; Android 6.0.1; Nexus 5X Build/MMB29P) AppleWebKit/537.36 (KHTML, like Gecko) Chrome/148.0.7778.96 Mobile Safari/537.36 (compatible; Googlebot/2.1; +http://www.google.com/bot.html)"
31.164.208.159 - - [19/May/2026:10:19:32 +0000] "GET /items/O44067451976/ HTTP/1.1" 500 20 "-" "Mozilla/5.0 (Macintosh; Intel Mac OS X 10.15; rv:134.0) Gecko/20100101 Firefox/134.0"
216.73.216.61 - - [19/May/2026:10:19:33 +0000] "GET /items/O440817089036/ HTTP/1.1" 500 20 "-" "Mozilla/5.0 AppleWebKit/537.36 (KHTML, like Gecko; compatible; ClaudeBot/1.0; +claudebot@anthropic.com)"
66.249.74.161 - - [19/May/2026:10:19:34 +0000] "GET /items/O44071670715/ HTTP/1.1" 200 24365 "-" "Mozilla/5.0 (Linux; Android 6.0.1; Nexus 5X Build/MMB29P) AppleWebKit/537.36 (KHTML, like Gecko) Chrome/148.0.7778.96 Mobile Safari/537.36 (compatible; Googlebot/2.1; +http://www.google.com/bot.html)"
66.249.74.161 - - [19/May/2026:10:19:34 +0000] "GET /?items/O44071829809/ HTTP/1.1" 200 23897 "-" "Mozilla/5.0 (Linux; Android 6.0.1; Nexus 5X Build/MMB29P) AppleWebKit/537.36 (KHTML, like Gecko) Chrome/148.0.7778.96 Mobile Safari/537.36 (compatible; Googlebot/2.1; +http://www.google.com/bot.html)"
66.249.74.162 - - [19/May/2026:10:19:37 +0000] "GET /items/O44061002288/ HTTP/1.1" 200 23322 "-" "Mozilla/5.0 (Linux; Android 6.0.1; Nexus 5X Build/MMB29P) AppleWebKit/537.36 (KHTML, like Gecko) Chrome/148.0.7778.96 Mobile Safari/537.36 (compatible; Googlebot/2.1; +http://www.google.com/bot.html)"
66.249.74.162 - - [19/May/2026:10:19:37 +0000] "GET /?items/O44082117607/ HTTP/1.1" 200 24498 "-" "Mozilla/5.0 (Linux; Android 6.0.1; Nexus 5X Build/MMB29P) AppleWebKit/537.36 (KHTML, like Gecko) Chrome/148.0.7778.96 Mobile Safari/537.36 (compatible; Googlebot/2.1; +http://www.google.com/bot.html)"
