216.73.216.201 - - [19/May/2026:10:46:08 +0000] "GET /items/O440451026175/ HTTP/1.1" 500 20 "-" "Mozilla/5.0 AppleWebKit/537.36 (KHTML, like Gecko; compatible; ClaudeBot/1.0; +claudebot@anthropic.com)"
66.249.74.161 - - [19/May/2026:10:46:10 +0000] "GET /?items/O44082347591/ HTTP/1.1" 200 24381 "-" "Mozilla/5.0 (Linux; Android 6.0.1; Nexus 5X Build/MMB29P) AppleWebKit/537.36 (KHTML, like Gecko) Chrome/148.0.7778.96 Mobile Safari/537.36 (compatible; Googlebot/2.1; +http://www.google.com/bot.html)"
66.249.74.162 - - [19/May/2026:10:46:10 +0000] "GET /items/O4404459265/ HTTP/1.1" 200 23409 "-" "Mozilla/5.0 (Linux; Android 6.0.1; Nexus 5X Build/MMB29P) AppleWebKit/537.36 (KHTML, like Gecko) Chrome/148.0.7778.96 Mobile Safari/537.36 (compatible; Googlebot/2.1; +http://www.google.com/bot.html)"
66.249.74.161 - - [19/May/2026:10:46:12 +0000] "GET /?items/O44082438323/ HTTP/1.1" 200 24367 "-" "Mozilla/5.0 (Linux; Android 6.0.1; Nexus 5X Build/MMB29P) AppleWebKit/537.36 (KHTML, like Gecko) Chrome/148.0.7778.96 Mobile Safari/537.36 (compatible; GoogleOther)"
216.73.216.201 - - [19/May/2026:10:46:13 +0000] "GET /items/O440499331252/ HTTP/1.1" 500 20 "-" "Mozilla/5.0 AppleWebKit/537.36 (KHTML, like Gecko; compatible; ClaudeBot/1.0; +claudebot@anthropic.com)"
66.249.74.161 - - [19/May/2026:10:46:13 +0000] "GET /items/O44061497417/ HTTP/1.1" 200 24162 "-" "Mozilla/5.0 (Linux; Android 6.0.1; Nexus 5X Build/MMB29P) AppleWebKit/537.36 (KHTML, like Gecko) Chrome/148.0.7778.96 Mobile Safari/537.36 (compatible; Googlebot/2.1; +http://www.google.com/bot.html)"
66.249.74.161 - - [19/May/2026:10:46:16 +0000] "GET /?items/O44071981800/ HTTP/1.1" 200 23173 "-" "Mozilla/5.0 (Linux; Android 6.0.1; Nexus 5X Build/MMB29P) AppleWebKit/537.36 (KHTML, like Gecko) Chrome/148.0.7778.96 Mobile Safari/537.36 (compatible; GoogleOther)"
66.249.74.161 - - [19/May/2026:10:46:18 +0000] "GET /items/O44061045053/ HTTP/1.1" 200 23452 "-" "Mozilla/5.0 (Linux; Android 6.0.1; Nexus 5X Build/MMB29P) AppleWebKit/537.36 (KHTML, like Gecko) Chrome/148.0.7778.96 Mobile Safari/537.36 (compatible; Googlebot/2.1; +http://www.google.com/bot.html)"
216.73.216.201 - - [19/May/2026:10:46:18 +0000] "GET /items/O440895362272/ HTTP/1.1" 500 20 "-" "Mozilla/5.0 AppleWebKit/537.36 (KHTML, like Gecko; compatible; ClaudeBot/1.0; +claudebot@anthropic.com)"
66.249.74.161 - - [19/May/2026:10:46:21 +0000] "GET /?items/O4404432164/ HTTP/1.1" 200 23410 "-" "Mozilla/5.0 (Linux; Android 6.0.1; Nexus 5X Build/MMB29P) AppleWebKit/537.36 (KHTML, like Gecko) Chrome/148.0.7778.96 Mobile Safari/537.36 (compatible; GoogleOther)"
74.7.242.11 - - [19/May/2026:10:46:22 +0000] "GET /items/O440829435541/ HTTP/1.1" 500 20 "https://davekochphoto.com/sitemap_searche_282.xml" "Mozilla/5.0 AppleWebKit/537.36 (KHTML, like Gecko; compatible; GPTBot/1.3; +https://openai.com/gptbot)"
2a03:2880:f806:b:: - - [19/May/2026:10:46:22 +0000] "GET /items/R315300107/ HTTP/1.1" 500 20 "-" "meta-externalagent/1.1 (+https://developers.facebook.com/docs/sharing/webmasters/crawler)"
66.249.74.161 - - [19/May/2026:10:46:22 +0000] "GET /?items/O4405715571/ HTTP/1.1" 200 23882 "-" "Mozilla/5.0 (Linux; Android 6.0.1; Nexus 5X Build/MMB29P) AppleWebKit/537.36 (KHTML, like Gecko) Chrome/148.0.7778.96 Mobile Safari/537.36 (compatible; Googlebot/2.1; +http://www.google.com/bot.html)"
216.73.216.201 - - [19/May/2026:10:46:23 +0000] "GET /items/O44064027025/ HTTP/1.1" 500 20 "-" "Mozilla/5.0 AppleWebKit/537.36 (KHTML, like Gecko; compatible; ClaudeBot/1.0; +claudebot@anthropic.com)"
66.249.74.161 - - [19/May/2026:10:46:23 +0000] "GET /items/O44071631001/ HTTP/1.1" 200 24191 "-" "Mozilla/5.0 (Linux; Android 6.0.1; Nexus 5X Build/MMB29P) AppleWebKit/537.36 (KHTML, like Gecko) Chrome/148.0.7778.96 Mobile Safari/537.36 (compatible; Googlebot/2.1; +http://www.google.com/bot.html)"
66.249.74.161 - - [19/May/2026:10:46:23 +0000] "GET /?items/O44092778231/ HTTP/1.1" 200 23234 "-" "Mozilla/5.0 (Linux; Android 6.0.1; Nexus 5X Build/MMB29P) AppleWebKit/537.36 (KHTML, like Gecko) Chrome/148.0.7778.96 Mobile Safari/537.36 (compatible; Googlebot/2.1; +http://www.google.com/bot.html)"
66.249.74.161 - - [19/May/2026:10:46:24 +0000] "GET /?items/O44071971938/ HTTP/1.1" 200 23539 "-" "Mozilla/5.0 (Linux; Android 6.0.1; Nexus 5X Build/MMB29P) AppleWebKit/537.36 (KHTML, like Gecko) Chrome/148.0.7778.96 Mobile Safari/537.36 (compatible; Googlebot/2.1; +http://www.google.com/bot.html)"
66.249.74.161 - - [19/May/2026:10:46:25 +0000] "GET /?items/O44092536156/ HTTP/1.1" 200 24180 "-" "Mozilla/5.0 (Linux; Android 6.0.1; Nexus 5X Build/MMB29P) AppleWebKit/537.36 (KHTML, like Gecko) Chrome/148.0.7778.96 Mobile Safari/537.36 (compatible; Googlebot/2.1; +http://www.google.com/bot.html)"
66.249.74.161 - - [19/May/2026:10:46:25 +0000] "GET /?items/O4404341244/ HTTP/1.1" 200 24306 "-" "Mozilla/5.0 (Linux; Android 6.0.1; Nexus 5X Build/MMB29P) AppleWebKit/537.36 (KHTML, like Gecko) Chrome/148.0.7778.96 Mobile Safari/537.36 (compatible; Googlebot/2.1; +http://www.google.com/bot.html)"
66.249.74.161 - - [19/May/2026:10:46:26 +0000] "GET /?items/O4404444324/ HTTP/1.1" 200 23411 "-" "Mozilla/5.0 (Linux; Android 6.0.1; Nexus 5X Build/MMB29P) AppleWebKit/537.36 (KHTML, like Gecko) Chrome/148.0.7778.96 Mobile Safari/537.36 (compatible; GoogleOther)"
66.249.74.162 - - [19/May/2026:10:46:26 +0000] "GET /?items/O44061181752/ HTTP/1.1" 200 24358 "-" "Mozilla/5.0 (Linux; Android 6.0.1; Nexus 5X Build/MMB29P) AppleWebKit/537.36 (KHTML, like Gecko) Chrome/148.0.7778.96 Mobile Safari/537.36 (compatible; Googlebot/2.1; +http://www.google.com/bot.html)"
66.249.74.162 - - [19/May/2026:10:46:27 +0000] "GET /?items/O44061419495/ HTTP/1.1" 200 23867 "-" "Mozilla/5.0 (Linux; Android 6.0.1; Nexus 5X Build/MMB29P) AppleWebKit/537.36 (KHTML, like Gecko) Chrome/148.0.7778.96 Mobile Safari/537.36 (compatible; Googlebot/2.1; +http://www.google.com/bot.html)"
66.249.74.162 - - [19/May/2026:10:46:27 +0000] "GET /?items/O44061091395/ HTTP/1.1" 200 23368 "-" "Mozilla/5.0 (Linux; Android 6.0.1; Nexus 5X Build/MMB29P) AppleWebKit/537.36 (KHTML, like Gecko) Chrome/148.0.7778.96 Mobile Safari/537.36 (compatible; Googlebot/2.1; +http://www.google.com/bot.html)"
66.249.74.162 - - [19/May/2026:10:46:28 +0000] "GET /items/O44061305809/ HTTP/1.1" 200 24655 "-" "Mozilla/5.0 (Linux; Android 6.0.1; Nexus 5X Build/MMB29P) AppleWebKit/537.36 (KHTML, like Gecko) Chrome/148.0.7778.96 Mobile Safari/537.36 (compatible; Googlebot/2.1; +http://www.google.com/bot.html)"
216.73.216.201 - - [19/May/2026:10:46:28 +0000] "GET /items/O440493176532/ HTTP/1.1" 500 20 "-" "Mozilla/5.0 AppleWebKit/537.36 (KHTML, like Gecko; compatible; ClaudeBot/1.0; +claudebot@anthropic.com)"
66.249.74.161 - - [19/May/2026:10:46:28 +0000] "GET /?items/O4404459501/ HTTP/1.1" 200 25036 "-" "Mozilla/5.0 (Linux; Android 6.0.1; Nexus 5X Build/MMB29P) AppleWebKit/537.36 (KHTML, like Gecko) Chrome/148.0.7778.96 Mobile Safari/537.36 (compatible; GoogleOther)"
66.249.74.162 - - [19/May/2026:10:46:30 +0000] "GET /?items/O44082282874/ HTTP/1.1" 200 23103 "-" "Mozilla/5.0 (Linux; Android 6.0.1; Nexus 5X Build/MMB29P) AppleWebKit/537.36 (KHTML, like Gecko) Chrome/148.0.7778.96 Mobile Safari/537.36 (compatible; Googlebot/2.1; +http://www.google.com/bot.html)"
66.249.74.163 - - [19/May/2026:10:46:31 +0000] "GET /items/O44082479120/ HTTP/1.1" 200 23646 "-" "Mozilla/5.0 (Linux; Android 6.0.1; Nexus 5X Build/MMB29P) AppleWebKit/537.36 (KHTML, like Gecko) Chrome/148.0.7778.96 Mobile Safari/537.36 (compatible; Googlebot/2.1; +http://www.google.com/bot.html)"
66.249.74.162 - - [19/May/2026:10:46:31 +0000] "GET /?items/O44061339397/ HTTP/1.1" 200 23920 "-" "Mozilla/5.0 (Linux; Android 6.0.1; Nexus 5X Build/MMB29P) AppleWebKit/537.36 (KHTML, like Gecko) Chrome/148.0.7778.96 Mobile Safari/537.36 (compatible; Googlebot/2.1; +http://www.google.com/bot.html)"
66.249.74.161 - - [19/May/2026:10:46:32 +0000] "GET /?items/O44061104764/ HTTP/1.1" 200 23203 "-" "Mozilla/5.0 (Linux; Android 6.0.1; Nexus 5X Build/MMB29P) AppleWebKit/537.36 (KHTML, like Gecko) Chrome/148.0.7778.96 Mobile Safari/537.36 (compatible; GoogleOther)"
216.73.216.201 - - [19/May/2026:10:46:33 +0000] "GET /items/O44053696691/ HTTP/1.1" 500 20 "-" "Mozilla/5.0 AppleWebKit/537.36 (KHTML, like Gecko; compatible; ClaudeBot/1.0; +claudebot@anthropic.com)"
66.249.74.162 - - [19/May/2026:10:46:34 +0000] "GET /items/O44082018066/ HTTP/1.1" 200 23485 "-" "Mozilla/5.0 (Linux; Android 6.0.1; Nexus 5X Build/MMB29P) AppleWebKit/537.36 (KHTML, like Gecko) Chrome/148.0.7778.96 Mobile Safari/537.36 (compatible; Googlebot/2.1; +http://www.google.com/bot.html)"
40.77.167.57 - - [19/May/2026:10:46:35 +0000] "GET /wp-content/uploads/2017/03/13776020_10153586819522665_986030727161131772_n.jpg HTTP/1.1" 200 23431 "-" "Mozilla/5.0 AppleWebKit/537.36 (KHTML, like Gecko; compatible; bingbot/2.0; +http://www.bing.com/bingbot.htm) Chrome/116.0.1938.76 Safari/537.36"
66.249.74.161 - - [19/May/2026:10:46:35 +0000] "GET /?items/O44061146509/ HTTP/1.1" 200 24515 "-" "Mozilla/5.0 (Linux; Android 6.0.1; Nexus 5X Build/MMB29P) AppleWebKit/537.36 (KHTML, like Gecko) Chrome/148.0.7778.96 Mobile Safari/537.36 (compatible; Googlebot/2.1; +http://www.google.com/bot.html)"
66.249.74.161 - - [19/May/2026:10:46:36 +0000] "GET /?items/O44092865744/ HTTP/1.1" 200 24667 "-" "Mozilla/5.0 (Linux; Android 6.0.1; Nexus 5X Build/MMB29P) AppleWebKit/537.36 (KHTML, like Gecko) Chrome/148.0.7778.96 Mobile Safari/537.36 (compatible; GoogleOther)"
216.73.216.201 - - [19/May/2026:10:46:38 +0000] "GET /items/O440655235042/ HTTP/1.1" 500 20 "-" "Mozilla/5.0 AppleWebKit/537.36 (KHTML, like Gecko; compatible; ClaudeBot/1.0; +claudebot@anthropic.com)"
66.249.74.163 - - [19/May/2026:10:46:40 +0000] "GET /items/O44061367063/ HTTP/1.1" 200 23435 "-" "Mozilla/5.0 (Linux; Android 6.0.1; Nexus 5X Build/MMB29P) AppleWebKit/537.36 (KHTML, like Gecko) Chrome/148.0.7778.96 Mobile Safari/537.36 (compatible; Googlebot/2.1; +http://www.google.com/bot.html)"
66.249.74.161 - - [19/May/2026:10:46:41 +0000] "GET /items/O44092878816/ HTTP/1.1" 200 23346 "-" "Mozilla/5.0 (Linux; Android 6.0.1; Nexus 5X Build/MMB29P) AppleWebKit/537.36 (KHTML, like Gecko) Chrome/148.0.7778.96 Mobile Safari/537.36 (compatible; GoogleOther)"
66.249.74.162 - - [19/May/2026:10:46:42 +0000] "GET /?items/O4405784495/ HTTP/1.1" 200 23856 "-" "Mozilla/5.0 (Linux; Android 6.0.1; Nexus 5X Build/MMB29P) AppleWebKit/537.36 (KHTML, like Gecko) Chrome/148.0.7778.96 Mobile Safari/537.36 (compatible; Googlebot/2.1; +http://www.google.com/bot.html)"
66.249.74.161 - - [19/May/2026:10:46:43 +0000] "GET /items/O44082103362/ HTTP/1.1" 200 23351 "-" "Mozilla/5.0 (Linux; Android 6.0.1; Nexus 5X Build/MMB29P) AppleWebKit/537.36 (KHTML, like Gecko) Chrome/148.0.7778.96 Mobile Safari/537.36 (compatible; Googlebot/2.1; +http://www.google.com/bot.html)"
216.73.216.201 - - [19/May/2026:10:46:43 +0000] "GET /items/O440463324644/ HTTP/1.1" 500 20 "-" "Mozilla/5.0 AppleWebKit/537.36 (KHTML, like Gecko; compatible; ClaudeBot/1.0; +claudebot@anthropic.com)"
66.249.74.162 - - [19/May/2026:10:46:43 +0000] "GET /items/O44071724575/ HTTP/1.1" 200 23347 "-" "Mozilla/5.0 (Linux; Android 6.0.1; Nexus 5X Build/MMB29P) AppleWebKit/537.36 (KHTML, like Gecko) Chrome/148.0.7778.96 Mobile Safari/537.36 (compatible; Googlebot/2.1; +http://www.google.com/bot.html)"
66.249.74.162 - - [19/May/2026:10:46:46 +0000] "GET /?items/O44082005509/ HTTP/1.1" 200 23989 "-" "Mozilla/5.0 (Linux; Android 6.0.1; Nexus 5X Build/MMB29P) AppleWebKit/537.36 (KHTML, like Gecko) Chrome/148.0.7778.96 Mobile Safari/537.36 (compatible; GoogleOther)"
216.73.216.201 - - [19/May/2026:10:46:48 +0000] "GET /items/O440820348009/ HTTP/1.1" 500 20 "-" "Mozilla/5.0 AppleWebKit/537.36 (KHTML, like Gecko; compatible; ClaudeBot/1.0; +claudebot@anthropic.com)"
66.249.74.164 - - [19/May/2026:10:46:48 +0000] "GET /items/O44061290374/ HTTP/1.1" 200 22922 "-" "Mozilla/5.0 (Linux; Android 6.0.1; Nexus 5X Build/MMB29P) AppleWebKit/537.36 (KHTML, like Gecko) Chrome/148.0.7778.96 Mobile Safari/537.36 (compatible; Googlebot/2.1; +http://www.google.com/bot.html)"
66.249.74.164 - - [19/May/2026:10:46:49 +0000] "GET /?items/O44092828172/ HTTP/1.1" 200 23745 "-" "Mozilla/5.0 (Linux; Android 6.0.1; Nexus 5X Build/MMB29P) AppleWebKit/537.36 (KHTML, like Gecko) Chrome/148.0.7778.96 Mobile Safari/537.36 (compatible; Googlebot/2.1; +http://www.google.com/bot.html)"
81.56.126.126 - - [19/May/2026:10:46:46 +0000] "GET /sitemap_searche_589.xml HTTP/1.1" 200 5461 "-" "Mozilla/5.0 (Macintosh; Intel Mac OS X 14_4_0) AppleWebKit/537.36 (KHTML, like Gecko) Chrome/134.0.6998.45"
66.249.74.163 - - [19/May/2026:10:46:51 +0000] "GET /?items/O44061030634/ HTTP/1.1" 200 23213 "-" "Mozilla/5.0 (Linux; Android 6.0.1; Nexus 5X Build/MMB29P) AppleWebKit/537.36 (KHTML, like Gecko) Chrome/148.0.7778.96 Mobile Safari/537.36 (compatible; Googlebot/2.1; +http://www.google.com/bot.html)"
66.249.74.161 - - [19/May/2026:10:46:52 +0000] "GET /items/O44061472507/ HTTP/1.1" 200 23526 "-" "Mozilla/5.0 (Linux; Android 6.0.1; Nexus 5X Build/MMB29P) AppleWebKit/537.36 (KHTML, like Gecko) Chrome/148.0.7778.96 Mobile Safari/537.36 (compatible; Googlebot/2.1; +http://www.google.com/bot.html)"
216.73.216.201 - - [19/May/2026:10:46:53 +0000] "GET /items/O440463390994/ HTTP/1.1" 500 20 "-" "Mozilla/5.0 AppleWebKit/537.36 (KHTML, like Gecko; compatible; ClaudeBot/1.0; +claudebot@anthropic.com)"
66.249.74.163 - - [19/May/2026:10:46:55 +0000] "GET /?items/O4405671750/ HTTP/1.1" 200 23462 "-" "Mozilla/5.0 (Linux; Android 6.0.1; Nexus 5X Build/MMB29P) AppleWebKit/537.36 (KHTML, like Gecko) Chrome/148.0.7778.96 Mobile Safari/537.36 (compatible; GoogleOther)"
66.249.74.161 - - [19/May/2026:10:46:57 +0000] "GET /items/O44082109621/ HTTP/1.1" 200 24867 "-" "Mozilla/5.0 (Linux; Android 6.0.1; Nexus 5X Build/MMB29P) AppleWebKit/537.36 (KHTML, like Gecko) Chrome/148.0.7778.96 Mobile Safari/537.36 (compatible; Googlebot/2.1; +http://www.google.com/bot.html)"
66.249.74.161 - - [19/May/2026:10:46:57 +0000] "GET /?items/O44082067757/ HTTP/1.1" 200 24835 "-" "Mozilla/5.0 (Linux; Android 6.0.1; Nexus 5X Build/MMB29P) AppleWebKit/537.36 (KHTML, like Gecko) Chrome/148.0.7778.96 Mobile Safari/537.36 (compatible; Googlebot/2.1; +http://www.google.com/bot.html)"
216.73.216.201 - - [19/May/2026:10:46:58 +0000] "GET /items/O440466283292/ HTTP/1.1" 500 20 "-" "Mozilla/5.0 AppleWebKit/537.36 (KHTML, like Gecko; compatible; ClaudeBot/1.0; +claudebot@anthropic.com)"
66.249.74.162 - - [19/May/2026:10:46:59 +0000] "GET /?items/O44092958798/ HTTP/1.1" 200 23578 "-" "Mozilla/5.0 (Linux; Android 6.0.1; Nexus 5X Build/MMB29P) AppleWebKit/537.36 (KHTML, like Gecko) Chrome/148.0.7778.96 Mobile Safari/537.36 (compatible; Googlebot/2.1; +http://www.google.com/bot.html)"
66.249.74.163 - - [19/May/2026:10:47:00 +0000] "GET /?items/O44082497894/ HTTP/1.1" 200 24026 "-" "Mozilla/5.0 (Linux; Android 6.0.1; Nexus 5X Build/MMB29P) AppleWebKit/537.36 (KHTML, like Gecko) Chrome/148.0.7778.96 Mobile Safari/537.36 (compatible; GoogleOther)"
66.249.74.162 - - [19/May/2026:10:47:02 +0000] "GET /items/O4404232320/ HTTP/1.1" 200 23983 "-" "Mozilla/5.0 (Linux; Android 6.0.1; Nexus 5X Build/MMB29P) AppleWebKit/537.36 (KHTML, like Gecko) Chrome/148.0.7778.96 Mobile Safari/537.36 (compatible; Googlebot/2.1; +http://www.google.com/bot.html)"
66.249.74.162 - - [19/May/2026:10:47:03 +0000] "GET /?items/O44061347203/ HTTP/1.1" 200 24590 "-" "Mozilla/5.0 (Linux; Android 6.0.1; Nexus 5X Build/MMB29P) AppleWebKit/537.36 (KHTML, like Gecko) Chrome/148.0.7778.96 Mobile Safari/537.36 (compatible; GoogleOther)"
216.73.216.201 - - [19/May/2026:10:47:03 +0000] "GET /items/O440460071090/ HTTP/1.1" 500 20 "-" "Mozilla/5.0 AppleWebKit/537.36 (KHTML, like Gecko; compatible; ClaudeBot/1.0; +claudebot@anthropic.com)"
14.190.180.162 - - [19/May/2026:10:47:04 +0000] "GET /items/O440959755252/ HTTP/1.1" 500 20 "-" "Mozilla/5.0 (Macintosh; Intel Mac OS X 11.6; rv:136.0) Gecko/20100101 Firefox/136.0"
66.249.74.161 - - [19/May/2026:10:47:06 +0000] "GET /?items/O44061123617/ HTTP/1.1" 200 24785 "-" "Mozilla/5.0 (Linux; Android 6.0.1; Nexus 5X Build/MMB29P) AppleWebKit/537.36 (KHTML, like Gecko) Chrome/148.0.7778.96 Mobile Safari/537.36 (compatible; GoogleOther)"
66.249.74.161 - - [19/May/2026:10:47:07 +0000] "GET /items/O44071771278/ HTTP/1.1" 200 24170 "-" "Mozilla/5.0 (Linux; Android 6.0.1; Nexus 5X Build/MMB29P) AppleWebKit/537.36 (KHTML, like Gecko) Chrome/148.0.7778.96 Mobile Safari/537.36 (compatible; Googlebot/2.1; +http://www.google.com/bot.html)"
66.249.74.161 - - [19/May/2026:10:47:07 +0000] "GET /?items/O4404247367/ HTTP/1.1" 200 23400 "-" "Mozilla/5.0 (Linux; Android 6.0.1; Nexus 5X Build/MMB29P) AppleWebKit/537.36 (KHTML, like Gecko) Chrome/148.0.7778.96 Mobile Safari/537.36 (compatible; Googlebot/2.1; +http://www.google.com/bot.html)"
216.73.216.201 - - [19/May/2026:10:47:08 +0000] "GET /items/O440457455225/ HTTP/1.1" 500 20 "-" "Mozilla/5.0 AppleWebKit/537.36 (KHTML, like Gecko; compatible; ClaudeBot/1.0; +claudebot@anthropic.com)"
66.249.74.162 - - [19/May/2026:10:47:08 +0000] "GET /?items/O4404362916/ HTTP/1.1" 200 24601 "-" "Mozilla/5.0 (Linux; Android 6.0.1; Nexus 5X Build/MMB29P) AppleWebKit/537.36 (KHTML, like Gecko) Chrome/148.0.7778.96 Mobile Safari/537.36 (compatible; Googlebot/2.1; +http://www.google.com/bot.html)"
66.249.74.161 - - [19/May/2026:10:47:11 +0000] "GET /items/O44071620683/ HTTP/1.1" 200 23342 "-" "Mozilla/5.0 (Linux; Android 6.0.1; Nexus 5X Build/MMB29P) AppleWebKit/537.36 (KHTML, like Gecko) Chrome/148.0.7778.96 Mobile Safari/537.36 (compatible; Googlebot/2.1; +http://www.google.com/bot.html)"
66.249.74.161 - - [19/May/2026:10:47:11 +0000] "GET /?items/O44061067971/ HTTP/1.1" 200 23314 "-" "Mozilla/5.0 (Linux; Android 6.0.1; Nexus 5X Build/MMB29P) AppleWebKit/537.36 (KHTML, like Gecko) Chrome/148.0.7778.96 Mobile Safari/537.36 (compatible; GoogleOther)"
216.73.216.201 - - [19/May/2026:10:47:13 +0000] "GET /items/O44043437968/ HTTP/1.1" 500 20 "-" "Mozilla/5.0 AppleWebKit/537.36 (KHTML, like Gecko; compatible; ClaudeBot/1.0; +claudebot@anthropic.com)"
66.249.74.161 - - [19/May/2026:10:47:16 +0000] "GET /items/O44071909773/ HTTP/1.1" 200 23844 "-" "Mozilla/5.0 (Linux; Android 6.0.1; Nexus 5X Build/MMB29P) AppleWebKit/537.36 (KHTML, like Gecko) Chrome/148.0.7778.96 Mobile Safari/537.36 (compatible; Googlebot/2.1; +http://www.google.com/bot.html)"
66.249.74.161 - - [19/May/2026:10:47:16 +0000] "GET /?items/O4405675507/ HTTP/1.1" 200 23208 "-" "Mozilla/5.0 (Linux; Android 6.0.1; Nexus 5X Build/MMB29P) AppleWebKit/537.36 (KHTML, like Gecko) Chrome/148.0.7778.96 Mobile Safari/537.36 (compatible; Googlebot/2.1; +http://www.google.com/bot.html)"
66.249.74.161 - - [19/May/2026:10:47:17 +0000] "GET /?items/O44061324162/ HTTP/1.1" 200 23379 "-" "Mozilla/5.0 (Linux; Android 6.0.1; Nexus 5X Build/MMB29P) AppleWebKit/537.36 (KHTML, like Gecko) Chrome/148.0.7778.96 Mobile Safari/537.36 (compatible; GoogleOther)"
216.73.216.201 - - [19/May/2026:10:47:18 +0000] "GET /items/O440649206689/ HTTP/1.1" 500 20 "-" "Mozilla/5.0 AppleWebKit/537.36 (KHTML, like Gecko; compatible; ClaudeBot/1.0; +claudebot@anthropic.com)"
66.249.74.161 - - [19/May/2026:10:47:19 +0000] "GET /items/O44061474933/ HTTP/1.1" 200 23935 "-" "Mozilla/5.0 (Linux; Android 6.0.1; Nexus 5X Build/MMB29P) AppleWebKit/537.36 (KHTML, like Gecko) Chrome/148.0.7778.96 Mobile Safari/537.36 (compatible; Googlebot/2.1; +http://www.google.com/bot.html)"
66.249.74.162 - - [19/May/2026:10:47:21 +0000] "GET /?items/O44092944469/ HTTP/1.1" 200 23612 "-" "Mozilla/5.0 (Linux; Android 6.0.1; Nexus 5X Build/MMB29P) AppleWebKit/537.36 (KHTML, like Gecko) Chrome/148.0.7778.96 Mobile Safari/537.36 (compatible; GoogleOther)"
66.249.74.161 - - [19/May/2026:10:47:22 +0000] "GET /?items/O44092640065/ HTTP/1.1" 200 24030 "-" "Mozilla/5.0 (Linux; Android 6.0.1; Nexus 5X Build/MMB29P) AppleWebKit/537.36 (KHTML, like Gecko) Chrome/148.0.7778.96 Mobile Safari/537.36 (compatible; Googlebot/2.1; +http://www.google.com/bot.html)"
216.73.216.201 - - [19/May/2026:10:47:23 +0000] "GET /items/O440758542234/ HTTP/1.1" 500 20 "-" "Mozilla/5.0 AppleWebKit/537.36 (KHTML, like Gecko; compatible; ClaudeBot/1.0; +claudebot@anthropic.com)"
66.249.74.161 - - [19/May/2026:10:47:24 +0000] "GET /items/O44071749585/ HTTP/1.1" 200 23862 "-" "Mozilla/5.0 (Linux; Android 6.0.1; Nexus 5X Build/MMB29P) AppleWebKit/537.36 (KHTML, like Gecko) Chrome/148.0.7778.96 Mobile Safari/537.36 (compatible; Googlebot/2.1; +http://www.google.com/bot.html)"
74.7.242.11 - - [19/May/2026:10:47:26 +0000] "GET /items/O440959923110/ HTTP/1.1" 500 20 "https://davekochphoto.com/sitemap_searche_264.xml" "Mozilla/5.0 AppleWebKit/537.36 (KHTML, like Gecko; compatible; GPTBot/1.3; +https://openai.com/gptbot)"
66.249.74.161 - - [19/May/2026:10:47:26 +0000] "GET /?items/O44061250263/ HTTP/1.1" 200 23701 "-" "Mozilla/5.0 (Linux; Android 6.0.1; Nexus 5X Build/MMB29P) AppleWebKit/537.36 (KHTML, like Gecko) Chrome/148.0.7778.96 Mobile Safari/537.36 (compatible; GoogleOther)"
66.249.74.162 - - [19/May/2026:10:47:27 +0000] "GET /?items/O44092947593/ HTTP/1.1" 200 23898 "-" "Mozilla/5.0 (Linux; Android 6.0.1; Nexus 5X Build/MMB29P) AppleWebKit/537.36 (KHTML, like Gecko) Chrome/148.0.7778.96 Mobile Safari/537.36 (compatible; Googlebot/2.1; +http://www.google.com/bot.html)"
66.249.74.162 - - [19/May/2026:10:47:28 +0000] "GET /items/O4405987481/ HTTP/1.1" 200 24694 "-" "Mozilla/5.0 (Linux; Android 6.0.1; Nexus 5X Build/MMB29P) AppleWebKit/537.36 (KHTML, like Gecko) Chrome/148.0.7778.96 Mobile Safari/537.36 (compatible; Googlebot/2.1; +http://www.google.com/bot.html)"
216.73.216.201 - - [19/May/2026:10:47:28 +0000] "GET /items/O44067080298/ HTTP/1.1" 500 20 "-" "Mozilla/5.0 AppleWebKit/537.36 (KHTML, like Gecko; compatible; ClaudeBot/1.0; +claudebot@anthropic.com)"
2a03:2880:f806:24:: - - [19/May/2026:10:47:29 +0000] "GET /items/L146923581/ HTTP/1.1" 500 20 "-" "meta-externalagent/1.1 (+https://developers.facebook.com/docs/sharing/webmasters/crawler)"
66.249.74.161 - - [19/May/2026:10:47:29 +0000] "GET /?items/O44082446148/ HTTP/1.1" 200 23764 "-" "Mozilla/5.0 (Linux; Android 6.0.1; Nexus 5X Build/MMB29P) AppleWebKit/537.36 (KHTML, like Gecko) Chrome/148.0.7778.96 Mobile Safari/537.36 (compatible; GoogleOther)"
66.249.74.161 - - [19/May/2026:10:47:30 +0000] "GET /?items/O44082132623/ HTTP/1.1" 200 23391 "-" "Mozilla/5.0 (Linux; Android 6.0.1; Nexus 5X Build/MMB29P) AppleWebKit/537.36 (KHTML, like Gecko) Chrome/148.0.7778.96 Mobile Safari/537.36 (compatible; Googlebot/2.1; +http://www.google.com/bot.html)"
114.122.24.167 - - [19/May/2026:10:47:30 +0000] "GET /favicon.ico HTTP/1.1" 500 20 "https://davekochphoto.com/copyright/" "Mozilla/5.0 (Linux; Android 10; K) AppleWebKit/537.36 (KHTML, like Gecko) Chrome/147.0.0.0 Mobile Safari/537.36"
114.122.24.167 - - [19/May/2026:10:47:30 +0000] "GET /copyright/ HTTP/1.1" 200 633949 "https://www.google.com/" "Mozilla/5.0 (Linux; Android 10; K) AppleWebKit/537.36 (KHTML, like Gecko) Chrome/147.0.0.0 Mobile Safari/537.36"
66.249.74.161 - - [19/May/2026:10:47:32 +0000] "GET /?items/O44092878152/ HTTP/1.1" 200 24140 "-" "Mozilla/5.0 (Linux; Android 6.0.1; Nexus 5X Build/MMB29P) AppleWebKit/537.36 (KHTML, like Gecko) Chrome/148.0.7778.96 Mobile Safari/537.36 (compatible; GoogleOther)"
66.249.74.162 - - [19/May/2026:10:47:33 +0000] "GET /items/O44092800886/ HTTP/1.1" 200 23361 "-" "Mozilla/5.0 (Linux; Android 6.0.1; Nexus 5X Build/MMB29P) AppleWebKit/537.36 (KHTML, like Gecko) Chrome/148.0.7778.96 Mobile Safari/537.36 (compatible; Googlebot/2.1; +http://www.google.com/bot.html)"
216.73.216.201 - - [19/May/2026:10:47:33 +0000] "GET /items/O440421091013/ HTTP/1.1" 500 20 "-" "Mozilla/5.0 AppleWebKit/537.36 (KHTML, like Gecko; compatible; ClaudeBot/1.0; +claudebot@anthropic.com)"
66.249.74.162 - - [19/May/2026:10:47:35 +0000] "GET /?items/O44071967928/ HTTP/1.1" 200 23052 "-" "Mozilla/5.0 (Linux; Android 6.0.1; Nexus 5X Build/MMB29P) AppleWebKit/537.36 (KHTML, like Gecko) Chrome/148.0.7778.96 Mobile Safari/537.36 (compatible; Googlebot/2.1; +http://www.google.com/bot.html)"
66.249.74.163 - - [19/May/2026:10:47:36 +0000] "GET /items/O44082254526/ HTTP/1.1" 200 23283 "-" "Mozilla/5.0 (Linux; Android 6.0.1; Nexus 5X Build/MMB29P) AppleWebKit/537.36 (KHTML, like Gecko) Chrome/148.0.7778.96 Mobile Safari/537.36 (compatible; Googlebot/2.1; +http://www.google.com/bot.html)"
66.249.74.161 - - [19/May/2026:10:47:36 +0000] "GET /?items/O44082406723/ HTTP/1.1" 200 24077 "-" "Mozilla/5.0 (Linux; Android 6.0.1; Nexus 5X Build/MMB29P) AppleWebKit/537.36 (KHTML, like Gecko) Chrome/148.0.7778.96 Mobile Safari/537.36 (compatible; GoogleOther)"
216.73.216.201 - - [19/May/2026:10:47:38 +0000] "GET /items/O440944885908/ HTTP/1.1" 500 20 "-" "Mozilla/5.0 AppleWebKit/537.36 (KHTML, like Gecko; compatible; ClaudeBot/1.0; +claudebot@anthropic.com)"
66.249.74.162 - - [19/May/2026:10:47:41 +0000] "GET /items/O44082181508/ HTTP/1.1" 200 23566 "-" "Mozilla/5.0 (Linux; Android 6.0.1; Nexus 5X Build/MMB29P) AppleWebKit/537.36 (KHTML, like Gecko) Chrome/148.0.7778.96 Mobile Safari/537.36 (compatible; Googlebot/2.1; +http://www.google.com/bot.html)"
66.249.74.162 - - [19/May/2026:10:47:41 +0000] "GET /?items/O44092868462/ HTTP/1.1" 200 23359 "-" "Mozilla/5.0 (Linux; Android 6.0.1; Nexus 5X Build/MMB29P) AppleWebKit/537.36 (KHTML, like Gecko) Chrome/148.0.7778.96 Mobile Safari/537.36 (compatible; Googlebot/2.1; +http://www.google.com/bot.html)"
66.249.74.161 - - [19/May/2026:10:47:42 +0000] "GET /?items/O44082190360/ HTTP/1.1" 200 23155 "-" "Mozilla/5.0 (Linux; Android 6.0.1; Nexus 5X Build/MMB29P) AppleWebKit/537.36 (KHTML, like Gecko) Chrome/148.0.7778.96 Mobile Safari/537.36 (compatible; GoogleOther)"
216.73.216.201 - - [19/May/2026:10:47:43 +0000] "GET /items/O440493300003/ HTTP/1.1" 500 20 "-" "Mozilla/5.0 AppleWebKit/537.36 (KHTML, like Gecko; compatible; ClaudeBot/1.0; +claudebot@anthropic.com)"
66.249.74.163 - - [19/May/2026:10:47:46 +0000] "GET /?items/O44092555289/ HTTP/1.1" 200 23447 "-" "Mozilla/5.0 (Linux; Android 6.0.1; Nexus 5X Build/MMB29P) AppleWebKit/537.36 (KHTML, like Gecko) Chrome/148.0.7778.96 Mobile Safari/537.36 (compatible; GoogleOther)"
66.249.74.162 - - [19/May/2026:10:47:46 +0000] "GET /items/O44061042993/ HTTP/1.1" 200 24801 "-" "Mozilla/5.0 (Linux; Android 6.0.1; Nexus 5X Build/MMB29P) AppleWebKit/537.36 (KHTML, like Gecko) Chrome/148.0.7778.96 Mobile Safari/537.36 (compatible; Googlebot/2.1; +http://www.google.com/bot.html)"
216.73.216.201 - - [19/May/2026:10:47:48 +0000] "GET /items/O440992647618/ HTTP/1.1" 500 20 "-" "Mozilla/5.0 AppleWebKit/537.36 (KHTML, like Gecko; compatible; ClaudeBot/1.0; +claudebot@anthropic.com)"
114.122.24.167 - - [19/May/2026:10:47:49 +0000] "GET /copyright/?__cf_chl_tk=TwKnZ2t7jAEAVdXuxe3cXkdXK5ZhdbYI2R_zUyOoOEY-1779187613-1.0.1.1-F25iFkGoJpOHdRs3AinshdKwHKvAyeVqnFJZYmJETuA HTTP/1.1" 200 633949 "-" "Mozilla/5.0 (Linux; Android 10; K) AppleWebKit/537.36 (KHTML, like Gecko) Chrome/147.0.0.0 Mobile Safari/537.36"
66.249.74.163 - - [19/May/2026:10:47:49 +0000] "GET /?items/O44082288231/ HTTP/1.1" 200 23244 "-" "Mozilla/5.0 (Linux; Android 6.0.1; Nexus 5X Build/MMB29P) AppleWebKit/537.36 (KHTML, like Gecko) Chrome/148.0.7778.96 Mobile Safari/537.36 (compatible; Googlebot/2.1; +http://www.google.com/bot.html)"
66.249.74.161 - - [19/May/2026:10:47:50 +0000] "GET /items/O44071535349/ HTTP/1.1" 200 23601 "-" "Mozilla/5.0 (Linux; Android 6.0.1; Nexus 5X Build/MMB29P) AppleWebKit/537.36 (KHTML, like Gecko) Chrome/148.0.7778.96 Mobile Safari/537.36 (compatible; Googlebot/2.1; +http://www.google.com/bot.html)"
66.249.74.163 - - [19/May/2026:10:47:50 +0000] "GET /?items/O4405986919/ HTTP/1.1" 200 24050 "-" "Mozilla/5.0 (Linux; Android 6.0.1; Nexus 5X Build/MMB29P) AppleWebKit/537.36 (KHTML, like Gecko) Chrome/148.0.7778.96 Mobile Safari/537.36 (compatible; Googlebot/2.1; +http://www.google.com/bot.html)"
66.249.74.161 - - [19/May/2026:10:47:51 +0000] "GET /?items/O4405569402/ HTTP/1.1" 200 23499 "-" "Mozilla/5.0 (Linux; Android 6.0.1; Nexus 5X Build/MMB29P) AppleWebKit/537.36 (KHTML, like Gecko) Chrome/148.0.7778.96 Mobile Safari/537.36 (compatible; GoogleOther)"
66.249.74.162 - - [19/May/2026:10:47:53 +0000] "GET /?items/O44061441598/ HTTP/1.1" 200 23509 "-" "Mozilla/5.0 (Linux; Android 6.0.1; Nexus 5X Build/MMB29P) AppleWebKit/537.36 (KHTML, like Gecko) Chrome/148.0.7778.96 Mobile Safari/537.36 (compatible; Googlebot/2.1; +http://www.google.com/bot.html)"
216.73.216.201 - - [19/May/2026:10:47:53 +0000] "GET /items/O440427213358/ HTTP/1.1" 500 20 "-" "Mozilla/5.0 AppleWebKit/537.36 (KHTML, like Gecko; compatible; ClaudeBot/1.0; +claudebot@anthropic.com)"
66.249.74.162 - - [19/May/2026:10:47:53 +0000] "GET /items/O44082203208/ HTTP/1.1" 200 24761 "-" "Mozilla/5.0 (Linux; Android 6.0.1; Nexus 5X Build/MMB29P) AppleWebKit/537.36 (KHTML, like Gecko) Chrome/148.0.7778.96 Mobile Safari/537.36 (compatible; Googlebot/2.1; +http://www.google.com/bot.html)"
66.249.74.161 - - [19/May/2026:10:47:56 +0000] "GET /?items/O4404407165/ HTTP/1.1" 200 22897 "-" "Mozilla/5.0 (Linux; Android 6.0.1; Nexus 5X Build/MMB29P) AppleWebKit/537.36 (KHTML, like Gecko) Chrome/148.0.7778.96 Mobile Safari/537.36 (compatible; GoogleOther)"
216.73.216.201 - - [19/May/2026:10:47:58 +0000] "GET /items/O440892288204/ HTTP/1.1" 500 20 "-" "Mozilla/5.0 AppleWebKit/537.36 (KHTML, like Gecko; compatible; ClaudeBot/1.0; +claudebot@anthropic.com)"
66.249.74.161 - - [19/May/2026:10:47:58 +0000] "GET /?items/O4404490650/ HTTP/1.1" 200 23568 "-" "Mozilla/5.0 (Linux; Android 6.0.1; Nexus 5X Build/MMB29P) AppleWebKit/537.36 (KHTML, like Gecko) Chrome/148.0.7778.96 Mobile Safari/537.36 (compatible; Googlebot/2.1; +http://www.google.com/bot.html)"
66.249.74.163 - - [19/May/2026:10:47:59 +0000] "GET /items/O44082047765/ HTTP/1.1" 200 24072 "-" "Mozilla/5.0 (Linux; Android 6.0.1; Nexus 5X Build/MMB29P) AppleWebKit/537.36 (KHTML, like Gecko) Chrome/148.0.7778.96 Mobile Safari/537.36 (compatible; Googlebot/2.1; +http://www.google.com/bot.html)"
66.249.74.162 - - [19/May/2026:10:48:01 +0000] "GET /?items/O44092778342/ HTTP/1.1" 200 23554 "-" "Mozilla/5.0 (Linux; Android 6.0.1; Nexus 5X Build/MMB29P) AppleWebKit/537.36 (KHTML, like Gecko) Chrome/148.0.7778.96 Mobile Safari/537.36 (compatible; GoogleOther)"
66.249.74.162 - - [19/May/2026:10:48:01 +0000] "GET /?items/O4404395696/ HTTP/1.1" 200 23236 "-" "Mozilla/5.0 (Linux; Android 6.0.1; Nexus 5X Build/MMB29P) AppleWebKit/537.36 (KHTML, like Gecko) Chrome/148.0.7778.96 Mobile Safari/537.36 (compatible; Googlebot/2.1; +http://www.google.com/bot.html)"
66.249.74.161 - - [19/May/2026:10:48:02 +0000] "GET /items/O44071979733/ HTTP/1.1" 200 23274 "-" "Mozilla/5.0 (Linux; Android 6.0.1; Nexus 5X Build/MMB29P) AppleWebKit/537.36 (KHTML, like Gecko) Chrome/148.0.7778.96 Mobile Safari/537.36 (compatible; Googlebot/2.1; +http://www.google.com/bot.html)"
216.73.216.201 - - [19/May/2026:10:48:03 +0000] "GET /items/O44046234966/ HTTP/1.1" 500 20 "-" "Mozilla/5.0 AppleWebKit/537.36 (KHTML, like Gecko; compatible; ClaudeBot/1.0; +claudebot@anthropic.com)"
66.249.74.161 - - [19/May/2026:10:48:06 +0000] "GET /?items/O44061009302/ HTTP/1.1" 200 24377 "-" "Mozilla/5.0 (Linux; Android 6.0.1; Nexus 5X Build/MMB29P) AppleWebKit/537.36 (KHTML, like Gecko) Chrome/148.0.7778.96 Mobile Safari/537.36 (compatible; GoogleOther)"
66.249.74.161 - - [19/May/2026:10:48:07 +0000] "GET /items/O44061236379/ HTTP/1.1" 200 24102 "-" "Mozilla/5.0 (Linux; Android 6.0.1; Nexus 5X Build/MMB29P) AppleWebKit/537.36 (KHTML, like Gecko) Chrome/148.0.7778.96 Mobile Safari/537.36 (compatible; Googlebot/2.1; +http://www.google.com/bot.html)"
66.249.74.161 - - [19/May/2026:10:48:07 +0000] "GET /?items/O44082175736/ HTTP/1.1" 200 23304 "-" "Mozilla/5.0 (Linux; Android 6.0.1; Nexus 5X Build/MMB29P) AppleWebKit/537.36 (KHTML, like Gecko) Chrome/148.0.7778.96 Mobile Safari/537.36 (compatible; Googlebot/2.1; +http://www.google.com/bot.html)"
216.73.216.201 - - [19/May/2026:10:48:08 +0000] "GET /items/O4408101044672/ HTTP/1.1" 500 20 "-" "Mozilla/5.0 AppleWebKit/537.36 (KHTML, like Gecko; compatible; ClaudeBot/1.0; +claudebot@anthropic.com)"
66.249.74.162 - - [19/May/2026:10:48:08 +0000] "GET /?items/O44092909066/ HTTP/1.1" 200 23675 "-" "Mozilla/5.0 (Linux; Android 6.0.1; Nexus 5X Build/MMB29P) AppleWebKit/537.36 (KHTML, like Gecko) Chrome/148.0.7778.96 Mobile Safari/537.36 (compatible; GoogleOther)"
66.249.74.161 - - [19/May/2026:10:48:11 +0000] "GET /?items/O44071563773/ HTTP/1.1" 200 22850 "-" "Mozilla/5.0 (Linux; Android 6.0.1; Nexus 5X Build/MMB29P) AppleWebKit/537.36 (KHTML, like Gecko) Chrome/148.0.7778.96 Mobile Safari/537.36 (compatible; GoogleOther)"
66.249.74.161 - - [19/May/2026:10:48:12 +0000] "GET /items/O44071954117/ HTTP/1.1" 200 24014 "-" "Mozilla/5.0 (Linux; Android 6.0.1; Nexus 5X Build/MMB29P) AppleWebKit/537.36 (KHTML, like Gecko) Chrome/148.0.7778.96 Mobile Safari/537.36 (compatible; Googlebot/2.1; +http://www.google.com/bot.html)"
216.73.216.201 - - [19/May/2026:10:48:13 +0000] "GET /items/O440679155984/ HTTP/1.1" 500 20 "-" "Mozilla/5.0 AppleWebKit/537.36 (KHTML, like Gecko; compatible; ClaudeBot/1.0; +claudebot@anthropic.com)"
66.249.74.161 - - [19/May/2026:10:48:16 +0000] "GET /?items/O44082024481/ HTTP/1.1" 200 23620 "-" "Mozilla/5.0 (Linux; Android 6.0.1; Nexus 5X Build/MMB29P) AppleWebKit/537.36 (KHTML, like Gecko) Chrome/148.0.7778.96 Mobile Safari/537.36 (compatible; GoogleOther)"
81.61.124.49 - - [19/May/2026:10:48:17 +0000] "GET /items/O440412168055/ HTTP/1.1" 500 20 "-" "Mozilla/5.0 (Macintosh; Intel Mac OS X 13_6_3) AppleWebKit/537.36 (KHTML, like Gecko) Chrome/131.0.6778.139 Safari/537.36"
66.249.74.161 - - [19/May/2026:10:48:17 +0000] "GET /items/O4405573398/ HTTP/1.1" 200 23655 "-" "Mozilla/5.0 (Linux; Android 6.0.1; Nexus 5X Build/MMB29P) AppleWebKit/537.36 (KHTML, like Gecko) Chrome/148.0.7778.96 Mobile Safari/537.36 (compatible; Googlebot/2.1; +http://www.google.com/bot.html)"
216.73.217.75 - - [19/May/2026:10:48:19 +0000] "GET /items/O440655478142/ HTTP/1.1" 500 20 "-" "Mozilla/5.0 AppleWebKit/537.36 (KHTML, like Gecko; compatible; ClaudeBot/1.0; +claudebot@anthropic.com)"
66.249.74.161 - - [19/May/2026:10:48:20 +0000] "GET /items/O4405746929/ HTTP/1.1" 200 23658 "-" "Mozilla/5.0 (Linux; Android 6.0.1; Nexus 5X Build/MMB29P) AppleWebKit/537.36 (KHTML, like Gecko) Chrome/148.0.7778.96 Mobile Safari/537.36 (compatible; Googlebot/2.1; +http://www.google.com/bot.html)"
66.249.74.161 - - [19/May/2026:10:48:20 +0000] "GET /?items/O44048313/ HTTP/1.1" 200 23588 "-" "Mozilla/5.0 (Linux; Android 6.0.1; Nexus 5X Build/MMB29P) AppleWebKit/537.36 (KHTML, like Gecko) Chrome/148.0.7778.96 Mobile Safari/537.36 (compatible; Googlebot/2.1; +http://www.google.com/bot.html)"
66.249.74.161 - - [19/May/2026:10:48:21 +0000] "GET /?items/O44092878237/ HTTP/1.1" 200 23988 "-" "Mozilla/5.0 (Linux; Android 6.0.1; Nexus 5X Build/MMB29P) AppleWebKit/537.36 (KHTML, like Gecko) Chrome/148.0.7778.96 Mobile Safari/537.36 (compatible; GoogleOther)"
216.73.217.75 - - [19/May/2026:10:48:24 +0000] "GET /items/O440463113017/ HTTP/1.1" 500 20 "-" "Mozilla/5.0 AppleWebKit/537.36 (KHTML, like Gecko; compatible; ClaudeBot/1.0; +claudebot@anthropic.com)"
66.249.74.161 - - [19/May/2026:10:48:25 +0000] "GET /items/O44061229355/ HTTP/1.1" 200 23729 "-" "Mozilla/5.0 (Linux; Android 6.0.1; Nexus 5X Build/MMB29P) AppleWebKit/537.36 (KHTML, like Gecko) Chrome/148.0.7778.96 Mobile Safari/537.36 (compatible; Googlebot/2.1; +http://www.google.com/bot.html)"
66.249.74.162 - - [19/May/2026:10:48:26 +0000] "GET /?items/O44092974195/ HTTP/1.1" 200 23948 "-" "Mozilla/5.0 (Linux; Android 6.0.1; Nexus 5X Build/MMB29P) AppleWebKit/537.36 (KHTML, like Gecko) Chrome/148.0.7778.96 Mobile Safari/537.36 (compatible; GoogleOther)"
66.249.74.161 - - [19/May/2026:10:48:28 +0000] "GET /items/O4405595007/ HTTP/1.1" 200 23480 "-" "Mozilla/5.0 (Linux; Android 6.0.1; Nexus 5X Build/MMB29P) AppleWebKit/537.36 (KHTML, like Gecko) Chrome/148.0.7778.96 Mobile Safari/537.36 (compatible; Googlebot/2.1; +http://www.google.com/bot.html)"
216.73.217.75 - - [19/May/2026:10:48:29 +0000] "GET /items/O440655019167/ HTTP/1.1" 500 20 "-" "Mozilla/5.0 AppleWebKit/537.36 (KHTML, like Gecko; compatible; ClaudeBot/1.0; +claudebot@anthropic.com)"
74.7.242.11 - - [19/May/2026:10:48:31 +0000] "GET /items/O440725745313/ HTTP/1.1" 500 20 "https://davekochphoto.com/sitemap_searche_282.xml" "Mozilla/5.0 AppleWebKit/537.36 (KHTML, like Gecko; compatible; GPTBot/1.3; +https://openai.com/gptbot)"
66.249.74.161 - - [19/May/2026:10:48:31 +0000] "GET /?items/O4405848435/ HTTP/1.1" 200 23658 "-" "Mozilla/5.0 (Linux; Android 6.0.1; Nexus 5X Build/MMB29P) AppleWebKit/537.36 (KHTML, like Gecko) Chrome/148.0.7778.96 Mobile Safari/537.36 (compatible; GoogleOther)"
66.249.74.161 - - [19/May/2026:10:48:31 +0000] "GET /?items/O44061484000/ HTTP/1.1" 200 23847 "-" "Mozilla/5.0 (Linux; Android 6.0.1; Nexus 5X Build/MMB29P) AppleWebKit/537.36 (KHTML, like Gecko) Chrome/148.0.7778.96 Mobile Safari/537.36 (compatible; Googlebot/2.1; +http://www.google.com/bot.html)"
66.249.74.161 - - [19/May/2026:10:48:32 +0000] "GET /?items/O44071655651/ HTTP/1.1" 200 24943 "-" "Mozilla/5.0 (Linux; Android 6.0.1; Nexus 5X Build/MMB29P) AppleWebKit/537.36 (KHTML, like Gecko) Chrome/148.0.7778.96 Mobile Safari/537.36 (compatible; Googlebot/2.1; +http://www.google.com/bot.html)"
216.73.217.75 - - [19/May/2026:10:48:34 +0000] "GET /items/O440463283447/ HTTP/1.1" 500 20 "-" "Mozilla/5.0 AppleWebKit/537.36 (KHTML, like Gecko; compatible; ClaudeBot/1.0; +claudebot@anthropic.com)"
66.249.74.161 - - [19/May/2026:10:48:34 +0000] "GET /?items/O44082206936/ HTTP/1.1" 200 23912 "-" "Mozilla/5.0 (Linux; Android 6.0.1; Nexus 5X Build/MMB29P) AppleWebKit/537.36 (KHTML, like Gecko) Chrome/148.0.7778.96 Mobile Safari/537.36 (compatible; GoogleOther)"
66.249.74.162 - - [19/May/2026:10:48:34 +0000] "GET /items/O44071785315/ HTTP/1.1" 200 23060 "-" "Mozilla/5.0 (Linux; Android 6.0.1; Nexus 5X Build/MMB29P) AppleWebKit/537.36 (KHTML, like Gecko) Chrome/148.0.7778.96 Mobile Safari/537.36 (compatible; Googlebot/2.1; +http://www.google.com/bot.html)"
2a03:2880:f806:27:: - - [19/May/2026:10:48:36 +0000] "GET /items/N217404511/ HTTP/1.1" 500 20 "-" "meta-externalagent/1.1 (+https://developers.facebook.com/docs/sharing/webmasters/crawler)"
66.249.74.161 - - [19/May/2026:10:48:36 +0000] "GET /?items/O44071762035/ HTTP/1.1" 200 23236 "-" "Mozilla/5.0 (Linux; Android 6.0.1; Nexus 5X Build/MMB29P) AppleWebKit/537.36 (KHTML, like Gecko) Chrome/148.0.7778.96 Mobile Safari/537.36 (compatible; GoogleOther)"
216.73.217.75 - - [19/May/2026:10:48:39 +0000] "GET /items/O440415498183/ HTTP/1.1" 500 20 "-" "Mozilla/5.0 AppleWebKit/537.36 (KHTML, like Gecko; compatible; ClaudeBot/1.0; +claudebot@anthropic.com)"
66.249.74.162 - - [19/May/2026:10:48:39 +0000] "GET /items/O44071544607/ HTTP/1.1" 200 24829 "-" "Mozilla/5.0 (Linux; Android 6.0.1; Nexus 5X Build/MMB29P) AppleWebKit/537.36 (KHTML, like Gecko) Chrome/148.0.7778.96 Mobile Safari/537.36 (compatible; Googlebot/2.1; +http://www.google.com/bot.html)"
66.249.74.161 - - [19/May/2026:10:48:42 +0000] "GET /?items/O44061125577/ HTTP/1.1" 200 23686 "-" "Mozilla/5.0 (Linux; Android 6.0.1; Nexus 5X Build/MMB29P) AppleWebKit/537.36 (KHTML, like Gecko) Chrome/148.0.7778.96 Mobile Safari/537.36 (compatible; Googlebot/2.1; +http://www.google.com/bot.html)"
66.249.74.162 - - [19/May/2026:10:48:42 +0000] "GET /items/O44071668047/ HTTP/1.1" 200 23399 "-" "Mozilla/5.0 (Linux; Android 6.0.1; Nexus 5X Build/MMB29P) AppleWebKit/537.36 (KHTML, like Gecko) Chrome/148.0.7778.96 Mobile Safari/537.36 (compatible; Googlebot/2.1; +http://www.google.com/bot.html)"
66.249.74.161 - - [19/May/2026:10:48:43 +0000] "GET /?items/O44082481774/ HTTP/1.1" 200 23071 "-" "Mozilla/5.0 (Linux; Android 6.0.1; Nexus 5X Build/MMB29P) AppleWebKit/537.36 (KHTML, like Gecko) Chrome/148.0.7778.96 Mobile Safari/537.36 (compatible; GoogleOther)"
216.73.217.75 - - [19/May/2026:10:48:44 +0000] "GET /items/O440415338079/ HTTP/1.1" 500 20 "-" "Mozilla/5.0 AppleWebKit/537.36 (KHTML, like Gecko; compatible; ClaudeBot/1.0; +claudebot@anthropic.com)"
66.249.74.161 - - [19/May/2026:10:48:47 +0000] "GET /items/O44092715504/ HTTP/1.1" 200 24197 "-" "Mozilla/5.0 (Linux; Android 6.0.1; Nexus 5X Build/MMB29P) AppleWebKit/537.36 (KHTML, like Gecko) Chrome/148.0.7778.96 Mobile Safari/537.36 (compatible; Googlebot/2.1; +http://www.google.com/bot.html)"
66.249.74.161 - - [19/May/2026:10:48:47 +0000] "GET /?items/O44092971089/ HTTP/1.1" 200 23866 "-" "Mozilla/5.0 (Linux; Android 6.0.1; Nexus 5X Build/MMB29P) AppleWebKit/537.36 (KHTML, like Gecko) Chrome/148.0.7778.96 Mobile Safari/537.36 (compatible; GoogleOther)"
216.73.217.75 - - [19/May/2026:10:48:49 +0000] "GET /items/O440515519654/ HTTP/1.1" 500 20 "-" "Mozilla/5.0 AppleWebKit/537.36 (KHTML, like Gecko; compatible; ClaudeBot/1.0; +claudebot@anthropic.com)"
66.249.74.162 - - [19/May/2026:10:48:50 +0000] "GET /?items/O44092777082/ HTTP/1.1" 200 25035 "-" "Mozilla/5.0 (Linux; Android 6.0.1; Nexus 5X Build/MMB29P) AppleWebKit/537.36 (KHTML, like Gecko) Chrome/148.0.7778.96 Mobile Safari/537.36 (compatible; Googlebot/2.1; +http://www.google.com/bot.html)"
66.249.74.162 - - [19/May/2026:10:48:50 +0000] "GET /items/O4404454330/ HTTP/1.1" 200 23116 "-" "Mozilla/5.0 (Linux; Android 6.0.1; Nexus 5X Build/MMB29P) AppleWebKit/537.36 (KHTML, like Gecko) Chrome/148.0.7778.96 Mobile Safari/537.36 (compatible; Googlebot/2.1; +http://www.google.com/bot.html)"
66.249.74.163 - - [19/May/2026:10:48:51 +0000] "GET /items/O44082056318/ HTTP/1.1" 200 23913 "-" "Mozilla/5.0 (Linux; Android 6.0.1; Nexus 5X Build/MMB29P) AppleWebKit/537.36 (KHTML, like Gecko) Chrome/148.0.7778.96 Mobile Safari/537.36 (compatible; Googlebot/2.1; +http://www.google.com/bot.html)"
66.249.74.163 - - [19/May/2026:10:48:52 +0000] "GET /?items/O44092642165/ HTTP/1.1" 200 24466 "-" "Mozilla/5.0 (Linux; Android 6.0.1; Nexus 5X Build/MMB29P) AppleWebKit/537.36 (KHTML, like Gecko) Chrome/148.0.7778.96 Mobile Safari/537.36 (compatible; GoogleOther)"
216.73.217.75 - - [19/May/2026:10:48:54 +0000] "GET /items/O440616127261/ HTTP/1.1" 500 20 "-" "Mozilla/5.0 AppleWebKit/537.36 (KHTML, like Gecko; compatible; ClaudeBot/1.0; +claudebot@anthropic.com)"
1.187.236.82 - - [19/May/2026:10:48:54 +0000] "GET /goblin-milky-way-or-racing-the-dawn-to-shoot-the-milky-way/ HTTP/1.1" 500 20 "-" "Mozilla/5.0 (Linux; Android 6.0; Nexus 5 Build/MRA58N) AppleWebKit/537.36 (KHTML, like Gecko) Chrome/49.0.1132.1402 Mobile Safari/537.36"
66.249.74.163 - - [19/May/2026:10:48:55 +0000] "GET /items/O4405755531/ HTTP/1.1" 200 23327 "-" "Mozilla/5.0 (Linux; Android 6.0.1; Nexus 5X Build/MMB29P) AppleWebKit/537.36 (KHTML, like Gecko) Chrome/148.0.7778.96 Mobile Safari/537.36 (compatible; Googlebot/2.1; +http://www.google.com/bot.html)"
66.249.74.162 - - [19/May/2026:10:48:58 +0000] "GET /items/O44082201040/ HTTP/1.1" 200 24216 "-" "Mozilla/5.0 (Linux; Android 6.0.1; Nexus 5X Build/MMB29P) AppleWebKit/537.36 (KHTML, like Gecko) Chrome/148.0.7778.96 Mobile Safari/537.36 (compatible; GoogleOther)"
216.73.217.75 - - [19/May/2026:10:48:59 +0000] "GET /items/O440965572981/ HTTP/1.1" 500 20 "-" "Mozilla/5.0 AppleWebKit/537.36 (KHTML, like Gecko; compatible; ClaudeBot/1.0; +claudebot@anthropic.com)"
66.249.74.161 - - [19/May/2026:10:49:00 +0000] "GET /?items/O440457875/ HTTP/1.1" 200 23639 "-" "Mozilla/5.0 (Linux; Android 6.0.1; Nexus 5X Build/MMB29P) AppleWebKit/537.36 (KHTML, like Gecko) Chrome/148.0.7778.96 Mobile Safari/537.36 (compatible; Googlebot/2.1; +http://www.google.com/bot.html)"
66.249.74.163 - - [19/May/2026:10:49:01 +0000] "GET /items/O44082255908/ HTTP/1.1" 200 23511 "-" "Mozilla/5.0 (Linux; Android 6.0.1; Nexus 5X Build/MMB29P) AppleWebKit/537.36 (KHTML, like Gecko) Chrome/148.0.7778.96 Mobile Safari/537.36 (compatible; Googlebot/2.1; +http://www.google.com/bot.html)"
66.249.74.163 - - [19/May/2026:10:49:01 +0000] "GET /?items/O44082014887/ HTTP/1.1" 200 24418 "-" "Mozilla/5.0 (Linux; Android 6.0.1; Nexus 5X Build/MMB29P) AppleWebKit/537.36 (KHTML, like Gecko) Chrome/148.0.7778.96 Mobile Safari/537.36 (compatible; Googlebot/2.1; +http://www.google.com/bot.html)"
66.249.74.161 - - [19/May/2026:10:49:03 +0000] "GET /?items/O44061188780/ HTTP/1.1" 200 23606 "-" "Mozilla/5.0 (Linux; Android 6.0.1; Nexus 5X Build/MMB29P) AppleWebKit/537.36 (KHTML, like Gecko) Chrome/148.0.7778.96 Mobile Safari/537.36 (compatible; GoogleOther)"
216.73.217.75 - - [19/May/2026:10:49:04 +0000] "GET /items/O440868078769/ HTTP/1.1" 500 20 "-" "Mozilla/5.0 AppleWebKit/537.36 (KHTML, like Gecko; compatible; ClaudeBot/1.0; +claudebot@anthropic.com)"
95.119.140.224 - - [19/May/2026:10:49:04 +0000] "GET /items/O440412440333/ HTTP/1.1" 500 20 "-" "Mozilla/5.0 (Macintosh; Intel Mac OS X 15_1_0) AppleWebKit/537.36 (KHTML, like Gecko) Chrome/129.0.6668.100 Safari/537.36"
66.249.74.163 - - [19/May/2026:10:49:04 +0000] "GET /items/O4405691417/ HTTP/1.1" 200 23493 "-" "Mozilla/5.0 (Linux; Android 6.0.1; Nexus 5X Build/MMB29P) AppleWebKit/537.36 (KHTML, like Gecko) Chrome/148.0.7778.96 Mobile Safari/537.36 (compatible; Googlebot/2.1; +http://www.google.com/bot.html)"
66.249.74.162 - - [19/May/2026:10:49:07 +0000] "GET /?items/O4404155632/ HTTP/1.1" 200 23489 "-" "Mozilla/5.0 (Linux; Android 6.0.1; Nexus 5X Build/MMB29P) AppleWebKit/537.36 (KHTML, like Gecko) Chrome/148.0.7778.96 Mobile Safari/537.36 (compatible; Googlebot/2.1; +http://www.google.com/bot.html)"
66.249.74.161 - - [19/May/2026:10:49:07 +0000] "GET /?items/O44061385224/ HTTP/1.1" 200 23782 "-" "Mozilla/5.0 (Linux; Android 6.0.1; Nexus 5X Build/MMB29P) AppleWebKit/537.36 (KHTML, like Gecko) Chrome/148.0.7778.96 Mobile Safari/537.36 (compatible; GoogleOther)"
216.73.217.75 - - [19/May/2026:10:49:09 +0000] "GET /items/O440466227656/ HTTP/1.1" 500 20 "-" "Mozilla/5.0 AppleWebKit/537.36 (KHTML, like Gecko; compatible; ClaudeBot/1.0; +claudebot@anthropic.com)"
66.249.74.162 - - [19/May/2026:10:49:10 +0000] "GET /items/O4405629899/ HTTP/1.1" 200 23470 "-" "Mozilla/5.0 (Linux; Android 6.0.1; Nexus 5X Build/MMB29P) AppleWebKit/537.36 (KHTML, like Gecko) Chrome/148.0.7778.96 Mobile Safari/537.36 (compatible; Googlebot/2.1; +http://www.google.com/bot.html)"
66.249.74.162 - - [19/May/2026:10:49:10 +0000] "GET /?items/O44061439903/ HTTP/1.1" 200 23313 "-" "Mozilla/5.0 (Linux; Android 6.0.1; Nexus 5X Build/MMB29P) AppleWebKit/537.36 (KHTML, like Gecko) Chrome/148.0.7778.96 Mobile Safari/537.36 (compatible; Googlebot/2.1; +http://www.google.com/bot.html)"
66.249.74.161 - - [19/May/2026:10:49:12 +0000] "GET /?items/O44071951822/ HTTP/1.1" 200 23513 "-" "Mozilla/5.0 (Linux; Android 6.0.1; Nexus 5X Build/MMB29P) AppleWebKit/537.36 (KHTML, like Gecko) Chrome/148.0.7778.96 Mobile Safari/537.36 (compatible; GoogleOther)"
66.249.74.161 - - [19/May/2026:10:49:13 +0000] "GET /items/O44061129345/ HTTP/1.1" 200 23350 "-" "Mozilla/5.0 (Linux; Android 6.0.1; Nexus 5X Build/MMB29P) AppleWebKit/537.36 (KHTML, like Gecko) Chrome/148.0.7778.96 Mobile Safari/537.36 (compatible; Googlebot/2.1; +http://www.google.com/bot.html)"
216.73.217.75 - - [19/May/2026:10:49:14 +0000] "GET /items/O440463289686/ HTTP/1.1" 500 20 "-" "Mozilla/5.0 AppleWebKit/537.36 (KHTML, like Gecko; compatible; ClaudeBot/1.0; +claudebot@anthropic.com)"
66.249.74.161 - - [19/May/2026:10:49:14 +0000] "GET /?items/O44092942010/ HTTP/1.1" 200 24145 "-" "Mozilla/5.0 (Linux; Android 6.0.1; Nexus 5X Build/MMB29P) AppleWebKit/537.36 (KHTML, like Gecko) Chrome/148.0.7778.96 Mobile Safari/537.36 (compatible; GoogleOther)"
66.249.74.162 - - [19/May/2026:10:49:17 +0000] "GET /?items/O44092840637/ HTTP/1.1" 200 24206 "-" "Mozilla/5.0 (Linux; Android 6.0.1; Nexus 5X Build/MMB29P) AppleWebKit/537.36 (KHTML, like Gecko) Chrome/148.0.7778.96 Mobile Safari/537.36 (compatible; GoogleOther)"
66.249.74.161 - - [19/May/2026:10:49:18 +0000] "GET /items/O44071874608/ HTTP/1.1" 200 23819 "-" "Mozilla/5.0 (Linux; Android 6.0.1; Nexus 5X Build/MMB29P) AppleWebKit/537.36 (KHTML, like Gecko) Chrome/148.0.7778.96 Mobile Safari/537.36 (compatible; Googlebot/2.1; +http://www.google.com/bot.html)"
216.73.217.75 - - [19/May/2026:10:49:19 +0000] "GET /items/O440616383136/ HTTP/1.1" 500 20 "-" "Mozilla/5.0 AppleWebKit/537.36 (KHTML, like Gecko; compatible; ClaudeBot/1.0; +claudebot@anthropic.com)"
66.249.74.161 - - [19/May/2026:10:49:20 +0000] "GET /?items/O4404191964/ HTTP/1.1" 200 23859 "-" "Mozilla/5.0 (Linux; Android 6.0.1; Nexus 5X Build/MMB29P) AppleWebKit/537.36 (KHTML, like Gecko) Chrome/148.0.7778.96 Mobile Safari/537.36 (compatible; GoogleOther)"
66.249.74.162 - - [19/May/2026:10:49:21 +0000] "GET /?items/O44092573404/ HTTP/1.1" 200 23940 "-" "Mozilla/5.0 (Linux; Android 6.0.1; Nexus 5X Build/MMB29P) AppleWebKit/537.36 (KHTML, like Gecko) Chrome/148.0.7778.96 Mobile Safari/537.36 (compatible; Googlebot/2.1; +http://www.google.com/bot.html)"
66.249.74.162 - - [19/May/2026:10:49:21 +0000] "GET /?items/O4405589379/ HTTP/1.1" 200 23645 "-" "Mozilla/5.0 (Linux; Android 6.0.1; Nexus 5X Build/MMB29P) AppleWebKit/537.36 (KHTML, like Gecko) Chrome/148.0.7778.96 Mobile Safari/537.36 (compatible; Googlebot/2.1; +http://www.google.com/bot.html)"
66.249.74.162 - - [19/May/2026:10:49:22 +0000] "GET /?items/O4404323001/ HTTP/1.1" 200 23486 "-" "Mozilla/5.0 (Linux; Android 6.0.1; Nexus 5X Build/MMB29P) AppleWebKit/537.36 (KHTML, like Gecko) Chrome/148.0.7778.96 Mobile Safari/537.36 (compatible; Googlebot/2.1; +http://www.google.com/bot.html)"
66.249.74.161 - - [19/May/2026:10:49:22 +0000] "GET /items/O4404429904/ HTTP/1.1" 200 23435 "-" "Mozilla/5.0 (Linux; Android 6.0.1; Nexus 5X Build/MMB29P) AppleWebKit/537.36 (KHTML, like Gecko) Chrome/148.0.7778.96 Mobile Safari/537.36 (compatible; Googlebot/2.1; +http://www.google.com/bot.html)"
