37.27.51.141 - - [19/May/2026:16:40:39 +0000] "GET /items/F305798820/ HTTP/1.1" 200 2428 "-" "Mozilla/5.0 (compatible; SERankingBacklinksBot/1.0; +https://seranking.com/backlinks-crawler)"
37.27.51.141 - - [19/May/2026:16:40:44 +0000] "GET /items/F305804002/ HTTP/1.1" 200 2428 "-" "Mozilla/5.0 (compatible; SERankingBacklinksBot/1.0; +https://seranking.com/backlinks-crawler)"
37.27.51.141 - - [19/May/2026:16:40:47 +0000] "GET /items/F305809628/ HTTP/1.1" 200 2428 "-" "Mozilla/5.0 (compatible; SERankingBacklinksBot/1.0; +https://seranking.com/backlinks-crawler)"
14.184.110.201 - - [19/May/2026:16:40:51 +0000] "GET /family/supply/ew3dogrt40rpnd8.html HTTP/1.1" 200 2428 "-" "Mozilla/5.0 (Macintosh; Intel Mac OS X 13.5; rv:136.0) Gecko/20100101 Firefox/136.0"
37.27.51.141 - - [19/May/2026:16:40:52 +0000] "GET /items/F305886012/ HTTP/1.1" 200 2428 "-" "Mozilla/5.0 (compatible; SERankingBacklinksBot/1.0; +https://seranking.com/backlinks-crawler)"
37.27.51.141 - - [19/May/2026:16:40:56 +0000] "GET /items/F305895012/ HTTP/1.1" 200 2428 "-" "Mozilla/5.0 (compatible; SERankingBacklinksBot/1.0; +https://seranking.com/backlinks-crawler)"
37.27.51.141 - - [19/May/2026:16:41:01 +0000] "GET /items/F305930002/ HTTP/1.1" 200 2428 "-" "Mozilla/5.0 (compatible; SERankingBacklinksBot/1.0; +https://seranking.com/backlinks-crawler)"
37.27.51.141 - - [19/May/2026:16:41:06 +0000] "GET /items/F305946759/ HTTP/1.1" 200 2428 "-" "Mozilla/5.0 (compatible; SERankingBacklinksBot/1.0; +https://seranking.com/backlinks-crawler)"
37.27.51.141 - - [19/May/2026:16:41:11 +0000] "GET /items/F305991860/ HTTP/1.1" 200 2428 "-" "Mozilla/5.0 (compatible; SERankingBacklinksBot/1.0; +https://seranking.com/backlinks-crawler)"
37.27.51.141 - - [19/May/2026:16:41:16 +0000] "GET /items/F306020557/ HTTP/1.1" 200 2428 "-" "Mozilla/5.0 (compatible; SERankingBacklinksBot/1.0; +https://seranking.com/backlinks-crawler)"
202.76.178.92 - - [19/May/2026:16:41:20 +0000] "GET /field/appliance/emlm6y95mi97pvq.html HTTP/1.1" 200 2428 "-" "Mozilla/5.0 (Macintosh; Intel Mac OS X 14.2; rv:127.0) Gecko/20100101 Firefox/127.0"
37.27.51.141 - - [19/May/2026:16:41:20 +0000] "GET /items/F306081648/ HTTP/1.1" 200 2428 "-" "Mozilla/5.0 (compatible; SERankingBacklinksBot/1.0; +https://seranking.com/backlinks-crawler)"
37.27.51.141 - - [19/May/2026:16:41:25 +0000] "GET /items/F306094709/ HTTP/1.1" 200 2428 "-" "Mozilla/5.0 (compatible; SERankingBacklinksBot/1.0; +https://seranking.com/backlinks-crawler)"
37.27.51.141 - - [19/May/2026:16:41:29 +0000] "GET /items/F306145214/ HTTP/1.1" 200 2428 "-" "Mozilla/5.0 (compatible; SERankingBacklinksBot/1.0; +https://seranking.com/backlinks-crawler)"
136.144.43.103 - - [19/May/2026:16:41:30 +0000] "GET /wp-login.php HTTP/1.1" 200 2428 "-" "Mozilla/5.0"
37.27.51.141 - - [19/May/2026:16:41:34 +0000] "GET /items/F306297072/ HTTP/1.1" 200 2428 "-" "Mozilla/5.0 (compatible; SERankingBacklinksBot/1.0; +https://seranking.com/backlinks-crawler)"
37.27.51.141 - - [19/May/2026:16:41:38 +0000] "GET /items/F306328688/ HTTP/1.1" 200 2428 "-" "Mozilla/5.0 (compatible; SERankingBacklinksBot/1.0; +https://seranking.com/backlinks-crawler)"
37.27.51.141 - - [19/May/2026:16:41:43 +0000] "GET /items/F306386062/ HTTP/1.1" 200 2428 "-" "Mozilla/5.0 (compatible; SERankingBacklinksBot/1.0; +https://seranking.com/backlinks-crawler)"
37.27.51.141 - - [19/May/2026:16:41:49 +0000] "GET /items/F306498567/ HTTP/1.1" 200 2428 "-" "Mozilla/5.0 (compatible; SERankingBacklinksBot/1.0; +https://seranking.com/backlinks-crawler)"
113.187.206.128 - - [19/May/2026:16:41:49 +0000] "GET /flock/edition/ed2mbrq5rbqcco7.html HTTP/1.1" 200 2428 "-" "Mozilla/5.0 (Macintosh; Intel Mac OS X 10.15; rv:127.0) Gecko/20100101 Firefox/127.0"
37.27.51.141 - - [19/May/2026:16:41:54 +0000] "GET /items/F306527820/ HTTP/1.1" 200 2428 "-" "Mozilla/5.0 (compatible; SERankingBacklinksBot/1.0; +https://seranking.com/backlinks-crawler)"
37.27.51.141 - - [19/May/2026:16:42:00 +0000] "GET /items/F306571133/ HTTP/1.1" 200 2428 "-" "Mozilla/5.0 (compatible; SERankingBacklinksBot/1.0; +https://seranking.com/backlinks-crawler)"
37.27.51.141 - - [19/May/2026:16:42:04 +0000] "GET /items/F306702426/ HTTP/1.1" 200 2428 "-" "Mozilla/5.0 (compatible; SERankingBacklinksBot/1.0; +https://seranking.com/backlinks-crawler)"
37.27.51.141 - - [19/May/2026:16:42:09 +0000] "GET /items/F306725365/ HTTP/1.1" 200 2428 "-" "Mozilla/5.0 (compatible; SERankingBacklinksBot/1.0; +https://seranking.com/backlinks-crawler)"
37.27.51.141 - - [19/May/2026:16:42:14 +0000] "GET /items/F306754274/ HTTP/1.1" 200 2428 "-" "Mozilla/5.0 (compatible; SERankingBacklinksBot/1.0; +https://seranking.com/backlinks-crawler)"
14.249.242.120 - - [19/May/2026:16:42:18 +0000] "GET /form/crop/fzft0s3bg3jt3t0.html HTTP/1.1" 200 2428 "-" "Mozilla/5.0 (Macintosh; Intel Mac OS X 14.4; rv:132.0) Gecko/20100101 Firefox/132.0"
37.27.51.141 - - [19/May/2026:16:42:18 +0000] "GET /items/F306756315/ HTTP/1.1" 200 2428 "-" "Mozilla/5.0 (compatible; SERankingBacklinksBot/1.0; +https://seranking.com/backlinks-crawler)"
37.27.51.141 - - [19/May/2026:16:42:23 +0000] "GET /items/F306776224/ HTTP/1.1" 200 2428 "-" "Mozilla/5.0 (compatible; SERankingBacklinksBot/1.0; +https://seranking.com/backlinks-crawler)"
37.27.51.141 - - [19/May/2026:16:42:26 +0000] "GET /items/F306790406/ HTTP/1.1" 200 2428 "-" "Mozilla/5.0 (compatible; SERankingBacklinksBot/1.0; +https://seranking.com/backlinks-crawler)"
37.27.51.141 - - [19/May/2026:16:42:30 +0000] "GET /items/F306826951/ HTTP/1.1" 200 2428 "-" "Mozilla/5.0 (compatible; SERankingBacklinksBot/1.0; +https://seranking.com/backlinks-crawler)"
37.27.51.141 - - [19/May/2026:16:42:33 +0000] "GET /items/F306860476/ HTTP/1.1" 200 2428 "-" "Mozilla/5.0 (compatible; SERankingBacklinksBot/1.0; +https://seranking.com/backlinks-crawler)"
37.27.51.141 - - [19/May/2026:16:42:38 +0000] "GET /items/F306862628/ HTTP/1.1" 200 2428 "-" "Mozilla/5.0 (compatible; SERankingBacklinksBot/1.0; +https://seranking.com/backlinks-crawler)"
37.27.51.141 - - [19/May/2026:16:42:41 +0000] "GET /items/F306864537/ HTTP/1.1" 200 2428 "-" "Mozilla/5.0 (compatible; SERankingBacklinksBot/1.0; +https://seranking.com/backlinks-crawler)"
37.27.51.141 - - [19/May/2026:16:42:44 +0000] "GET /items/F306965224/ HTTP/1.1" 200 2428 "-" "Mozilla/5.0 (compatible; SERankingBacklinksBot/1.0; +https://seranking.com/backlinks-crawler)"
146.174.170.96 - - [19/May/2026:16:42:46 +0000] "GET /format/fruit/f0pymqdb2vh3nfy.html HTTP/1.1" 200 2428 "-" "Mozilla/5.0 (Macintosh; Intel Mac OS X 11.4; rv:130.0) Gecko/20100101 Firefox/130.0"
37.27.51.141 - - [19/May/2026:16:42:49 +0000] "GET /items/F307010335/ HTTP/1.1" 200 2428 "-" "Mozilla/5.0 (compatible; SERankingBacklinksBot/1.0; +https://seranking.com/backlinks-crawler)"
37.27.51.141 - - [19/May/2026:16:42:54 +0000] "GET /items/F307040931/ HTTP/1.1" 200 2428 "-" "Mozilla/5.0 (compatible; SERankingBacklinksBot/1.0; +https://seranking.com/backlinks-crawler)"
37.27.51.141 - - [19/May/2026:16:42:59 +0000] "GET /items/F307042840/ HTTP/1.1" 200 2428 "-" "Mozilla/5.0 (compatible; SERankingBacklinksBot/1.0; +https://seranking.com/backlinks-crawler)"
37.27.51.141 - - [19/May/2026:16:43:03 +0000] "GET /items/F307093466/ HTTP/1.1" 200 2428 "-" "Mozilla/5.0 (compatible; SERankingBacklinksBot/1.0; +https://seranking.com/backlinks-crawler)"
37.27.51.141 - - [19/May/2026:16:43:08 +0000] "GET /items/F307154335/ HTTP/1.1" 200 2428 "-" "Mozilla/5.0 (compatible; SERankingBacklinksBot/1.0; +https://seranking.com/backlinks-crawler)"
37.27.51.141 - - [19/May/2026:16:43:12 +0000] "GET /items/F307164789/ HTTP/1.1" 200 2428 "-" "Mozilla/5.0 (compatible; SERankingBacklinksBot/1.0; +https://seranking.com/backlinks-crawler)"
37.27.51.141 - - [19/May/2026:16:43:16 +0000] "GET /items/F307280446/ HTTP/1.1" 200 2428 "-" "Mozilla/5.0 (compatible; SERankingBacklinksBot/1.0; +https://seranking.com/backlinks-crawler)"
87.11.253.207 - - [19/May/2026:16:43:16 +0000] "GET /format/volume/ffpcmqdb2zh3hfy.html HTTP/1.1" 200 2428 "-" "Mozilla/5.0 (Macintosh; Intel Mac OS X 15.4; rv:134.0) Gecko/20100101 Firefox/134.0"
37.27.51.141 - - [19/May/2026:16:43:21 +0000] "GET /items/F307376961/ HTTP/1.1" 200 2428 "-" "Mozilla/5.0 (compatible; SERankingBacklinksBot/1.0; +https://seranking.com/backlinks-crawler)"
37.27.51.141 - - [19/May/2026:16:43:24 +0000] "GET /items/F307433901/ HTTP/1.1" 200 2428 "-" "Mozilla/5.0 (compatible; SERankingBacklinksBot/1.0; +https://seranking.com/backlinks-crawler)"
37.27.51.141 - - [19/May/2026:16:43:28 +0000] "GET /items/F307579133/ HTTP/1.1" 200 2428 "-" "Mozilla/5.0 (compatible; SERankingBacklinksBot/1.0; +https://seranking.com/backlinks-crawler)"
37.27.51.141 - - [19/May/2026:16:43:31 +0000] "GET /items/F307622002/ HTTP/1.1" 200 2428 "-" "Mozilla/5.0 (compatible; SERankingBacklinksBot/1.0; +https://seranking.com/backlinks-crawler)"
37.27.51.141 - - [19/May/2026:16:43:34 +0000] "GET /items/F307646749/ HTTP/1.1" 200 2428 "-" "Mozilla/5.0 (compatible; SERankingBacklinksBot/1.0; +https://seranking.com/backlinks-crawler)"
37.27.51.141 - - [19/May/2026:16:43:37 +0000] "GET /items/F307670032/ HTTP/1.1" 200 2428 "-" "Mozilla/5.0 (compatible; SERankingBacklinksBot/1.0; +https://seranking.com/backlinks-crawler)"
37.27.51.141 - - [19/May/2026:16:43:41 +0000] "GET /items/F307680486/ HTTP/1.1" 200 2428 "-" "Mozilla/5.0 (compatible; SERankingBacklinksBot/1.0; +https://seranking.com/backlinks-crawler)"
37.27.51.141 - - [19/May/2026:16:43:44 +0000] "GET /items/F307731012/ HTTP/1.1" 200 2428 "-" "Mozilla/5.0 (compatible; SERankingBacklinksBot/1.0; +https://seranking.com/backlinks-crawler)"
106.213.177.244 - - [19/May/2026:16:43:46 +0000] "GET /framework/belonging/fibik0zb0qrp0d8.html HTTP/1.1" 200 2428 "-" "Mozilla/5.0 (Macintosh; Intel Mac OS X 11_7_0) AppleWebKit/537.36 (KHTML, like Gecko) Chrome/129.0.6668.29 Safari/537.36"
37.27.51.141 - - [19/May/2026:16:43:48 +0000] "GET /items/F307758911/ HTTP/1.1" 200 2428 "-" "Mozilla/5.0 (compatible; SERankingBacklinksBot/1.0; +https://seranking.com/backlinks-crawler)"
37.27.51.141 - - [19/May/2026:16:43:51 +0000] "GET /items/F307869729/ HTTP/1.1" 200 2428 "-" "Mozilla/5.0 (compatible; SERankingBacklinksBot/1.0; +https://seranking.com/backlinks-crawler)"
37.27.51.141 - - [19/May/2026:16:43:54 +0000] "GET /items/F307907527/ HTTP/1.1" 200 2428 "-" "Mozilla/5.0 (compatible; SERankingBacklinksBot/1.0; +https://seranking.com/backlinks-crawler)"
37.27.51.141 - - [19/May/2026:16:43:58 +0000] "GET /items/F307964113/ HTTP/1.1" 200 2428 "-" "Mozilla/5.0 (compatible; SERankingBacklinksBot/1.0; +https://seranking.com/backlinks-crawler)"
66.249.68.68 - - [19/May/2026:16:44:00 +0000] "GET /make/proceeds/faxpialbyh1b5bi.html HTTP/1.1" 200 59441 "-" "Mozilla/5.0 (Linux; Android 6.0.1; Nexus 5X Build/MMB29P) AppleWebKit/537.36 (KHTML, like Gecko) Chrome/148.0.7778.96 Mobile Safari/537.36 (compatible; Googlebot/2.1; +http://www.google.com/bot.html)"
37.27.51.141 - - [19/May/2026:16:44:02 +0000] "GET /items/F307968830/ HTTP/1.1" 200 2428 "-" "Mozilla/5.0 (compatible; SERankingBacklinksBot/1.0; +https://seranking.com/backlinks-crawler)"
37.27.51.141 - - [19/May/2026:16:44:06 +0000] "GET /items/F308024173/ HTTP/1.1" 200 2428 "-" "Mozilla/5.0 (compatible; SERankingBacklinksBot/1.0; +https://seranking.com/backlinks-crawler)"
37.27.51.141 - - [19/May/2026:16:44:10 +0000] "GET /items/F308062981/ HTTP/1.1" 200 2428 "-" "Mozilla/5.0 (compatible; SERankingBacklinksBot/1.0; +https://seranking.com/backlinks-crawler)"
14.175.19.139 - - [19/May/2026:16:44:15 +0000] "GET /framework/class/fc6irjub7aak7kr.html HTTP/1.1" 200 2428 "-" "Mozilla/5.0 (Macintosh; Intel Mac OS X 12_3_1) AppleWebKit/537.36 (KHTML, like Gecko) Chrome/130.0.6723.191 Safari/537.36"
37.27.51.141 - - [19/May/2026:16:44:15 +0000] "GET /items/F308064234/ HTTP/1.1" 200 2428 "-" "Mozilla/5.0 (compatible; SERankingBacklinksBot/1.0; +https://seranking.com/backlinks-crawler)"
37.27.51.141 - - [19/May/2026:16:44:19 +0000] "GET /items/F308095274/ HTTP/1.1" 200 2428 "-" "Mozilla/5.0 (compatible; SERankingBacklinksBot/1.0; +https://seranking.com/backlinks-crawler)"
37.27.51.141 - - [19/May/2026:16:44:23 +0000] "GET /items/F308107103/ HTTP/1.1" 200 2428 "-" "Mozilla/5.0 (compatible; SERankingBacklinksBot/1.0; +https://seranking.com/backlinks-crawler)"
37.27.51.141 - - [19/May/2026:16:44:26 +0000] "GET /items/F308114173/ HTTP/1.1" 200 2428 "-" "Mozilla/5.0 (compatible; SERankingBacklinksBot/1.0; +https://seranking.com/backlinks-crawler)"
37.27.51.141 - - [19/May/2026:16:44:30 +0000] "GET /items/F308176274/ HTTP/1.1" 200 2428 "-" "Mozilla/5.0 (compatible; SERankingBacklinksBot/1.0; +https://seranking.com/backlinks-crawler)"
37.27.51.141 - - [19/May/2026:16:44:33 +0000] "GET /items/F308191688/ HTTP/1.1" 200 2428 "-" "Mozilla/5.0 (compatible; SERankingBacklinksBot/1.0; +https://seranking.com/backlinks-crawler)"
37.27.51.141 - - [19/May/2026:16:44:37 +0000] "GET /items/F308225224/ HTTP/1.1" 200 2428 "-" "Mozilla/5.0 (compatible; SERankingBacklinksBot/1.0; +https://seranking.com/backlinks-crawler)"
37.27.51.141 - - [19/May/2026:16:44:40 +0000] "GET /items/F308225779/ HTTP/1.1" 200 2428 "-" "Mozilla/5.0 (compatible; SERankingBacklinksBot/1.0; +https://seranking.com/backlinks-crawler)"
37.27.51.141 - - [19/May/2026:16:44:44 +0000] "GET /items/F308258284/ HTTP/1.1" 200 2428 "-" "Mozilla/5.0 (compatible; SERankingBacklinksBot/1.0; +https://seranking.com/backlinks-crawler)"
37.27.51.141 - - [19/May/2026:16:44:48 +0000] "GET /items/F308272133/ HTTP/1.1" 200 2428 "-" "Mozilla/5.0 (compatible; SERankingBacklinksBot/1.0; +https://seranking.com/backlinks-crawler)"
177.12.98.77 - - [19/May/2026:16:44:49 +0000] "GET /framework/output/fk5feutbuiljq72.html HTTP/1.1" 200 2428 "-" "Mozilla/5.0 (Windows NT 10.0; Win64; x64) AppleWebKit/537.36 (KHTML, like Gecko) Chrome/133.0.6943.141 Safari/537.36"
37.27.51.141 - - [19/May/2026:16:44:51 +0000] "GET /items/F308279901/ HTTP/1.1" 200 2428 "-" "Mozilla/5.0 (compatible; SERankingBacklinksBot/1.0; +https://seranking.com/backlinks-crawler)"
37.27.51.141 - - [19/May/2026:16:44:56 +0000] "GET /items/F308283729/ HTTP/1.1" 200 2428 "-" "Mozilla/5.0 (compatible; SERankingBacklinksBot/1.0; +https://seranking.com/backlinks-crawler)"
37.27.51.141 - - [19/May/2026:16:45:03 +0000] "GET /items/F308321173/ HTTP/1.1" 200 2428 "-" "Mozilla/5.0 (compatible; SERankingBacklinksBot/1.0; +https://seranking.com/backlinks-crawler)"
37.27.51.141 - - [19/May/2026:16:45:10 +0000] "GET /items/F308334567/ HTTP/1.1" 200 2428 "-" "Mozilla/5.0 (compatible; SERankingBacklinksBot/1.0; +https://seranking.com/backlinks-crawler)"
179.12.106.215 - - [19/May/2026:16:45:12 +0000] "GET /fraternity/assortment/f04i15sbh7wieud.html HTTP/1.1" 200 2428 "-" "Mozilla/5.0 (Macintosh; Intel Mac OS X 11_6_8) AppleWebKit/537.36 (KHTML, like Gecko) Chrome/126.0.6478.55 Safari/537.36"
37.27.51.141 - - [19/May/2026:16:45:17 +0000] "GET /items/F308337507/ HTTP/1.1" 200 2428 "-" "Mozilla/5.0 (compatible; SERankingBacklinksBot/1.0; +https://seranking.com/backlinks-crawler)"
37.27.51.141 - - [19/May/2026:16:45:24 +0000] "GET /items/F308355153/ HTTP/1.1" 200 2428 "-" "Mozilla/5.0 (compatible; SERankingBacklinksBot/1.0; +https://seranking.com/backlinks-crawler)"
37.27.51.141 - - [19/May/2026:16:45:30 +0000] "GET /items/F308359658/ HTTP/1.1" 200 2428 "-" "Mozilla/5.0 (compatible; SERankingBacklinksBot/1.0; +https://seranking.com/backlinks-crawler)"
37.27.51.141 - - [19/May/2026:16:45:38 +0000] "GET /items/F308377981/ HTTP/1.1" 200 2428 "-" "Mozilla/5.0 (compatible; SERankingBacklinksBot/1.0; +https://seranking.com/backlinks-crawler)"
14.167.97.119 - - [19/May/2026:16:45:41 +0000] "GET /fraternity/kind/fclq6y9bmrpzvz6.html HTTP/1.1" 200 2428 "-" "Mozilla/5.0 (Macintosh; Intel Mac OS X 12_7_3) AppleWebKit/537.36 (KHTML, like Gecko) Chrome/132.0.6834.83 Safari/537.36"
37.27.51.141 - - [19/May/2026:16:45:44 +0000] "GET /items/F308406456/ HTTP/1.1" 200 2428 "-" "Mozilla/5.0 (compatible; SERankingBacklinksBot/1.0; +https://seranking.com/backlinks-crawler)"
37.27.51.141 - - [19/May/2026:16:45:51 +0000] "GET /items/F308414446/ HTTP/1.1" 200 2428 "-" "Mozilla/5.0 (compatible; SERankingBacklinksBot/1.0; +https://seranking.com/backlinks-crawler)"
37.27.51.141 - - [19/May/2026:16:45:59 +0000] "GET /items/F308418618/ HTTP/1.1" 200 2428 "-" "Mozilla/5.0 (compatible; SERankingBacklinksBot/1.0; +https://seranking.com/backlinks-crawler)"
37.27.51.141 - - [19/May/2026:16:46:06 +0000] "GET /items/F308473274/ HTTP/1.1" 200 2428 "-" "Mozilla/5.0 (compatible; SERankingBacklinksBot/1.0; +https://seranking.com/backlinks-crawler)"
94.132.251.17 - - [19/May/2026:16:46:10 +0000] "GET /gamut/implement/ecxdial5yulj972.html HTTP/1.1" 200 2428 "-" "Mozilla/5.0 (Windows NT 10.0; Win64; x64) AppleWebKit/537.36 (KHTML, like Gecko) Chrome/133.0.6943.141 Safari/537.36"
37.27.51.141 - - [19/May/2026:16:46:13 +0000] "GET /items/F308473385/ HTTP/1.1" 200 2428 "-" "Mozilla/5.0 (compatible; SERankingBacklinksBot/1.0; +https://seranking.com/backlinks-crawler)"
37.27.51.141 - - [19/May/2026:16:46:20 +0000] "GET /items/F308491951/ HTTP/1.1" 200 2428 "-" "Mozilla/5.0 (compatible; SERankingBacklinksBot/1.0; +https://seranking.com/backlinks-crawler)"
37.27.51.141 - - [19/May/2026:16:46:27 +0000] "GET /items/F308508264/ HTTP/1.1" 200 2428 "-" "Mozilla/5.0 (compatible; SERankingBacklinksBot/1.0; +https://seranking.com/backlinks-crawler)"
37.27.51.141 - - [19/May/2026:16:46:34 +0000] "GET /items/F308522335/ HTTP/1.1" 200 2428 "-" "Mozilla/5.0 (compatible; SERankingBacklinksBot/1.0; +https://seranking.com/backlinks-crawler)"
113.188.206.111 - - [19/May/2026:16:46:40 +0000] "GET /genre/object/fnbfk0zb00rp8d8.html HTTP/1.1" 200 2428 "-" "Mozilla/5.0 (Macintosh; Intel Mac OS X 14.2; rv:133.0) Gecko/20100101 Firefox/133.0"
37.27.51.141 - - [19/May/2026:16:46:41 +0000] "GET /items/F308569244/ HTTP/1.1" 200 2428 "-" "Mozilla/5.0 (compatible; SERankingBacklinksBot/1.0; +https://seranking.com/backlinks-crawler)"
37.27.51.141 - - [19/May/2026:16:46:48 +0000] "GET /items/F308615254/ HTTP/1.1" 200 2428 "-" "Mozilla/5.0 (compatible; SERankingBacklinksBot/1.0; +https://seranking.com/backlinks-crawler)"
37.27.51.141 - - [19/May/2026:16:46:55 +0000] "GET /items/F308621557/ HTTP/1.1" 200 2428 "-" "Mozilla/5.0 (compatible; SERankingBacklinksBot/1.0; +https://seranking.com/backlinks-crawler)"
37.27.51.141 - - [19/May/2026:16:47:03 +0000] "GET /items/F308653840/ HTTP/1.1" 200 2428 "-" "Mozilla/5.0 (compatible; SERankingBacklinksBot/1.0; +https://seranking.com/backlinks-crawler)"
146.174.165.177 - - [19/May/2026:16:47:08 +0000] "GET /genre/shop/fi8shxwbxoomfa5.html HTTP/1.1" 200 2428 "-" "Mozilla/5.0 (Macintosh; Intel Mac OS X 15.2; rv:134.0) Gecko/20100101 Firefox/134.0"
37.27.51.141 - - [19/May/2026:16:47:10 +0000] "GET /items/F308657002/ HTTP/1.1" 200 2428 "-" "Mozilla/5.0 (compatible; SERankingBacklinksBot/1.0; +https://seranking.com/backlinks-crawler)"
37.27.51.141 - - [19/May/2026:16:47:16 +0000] "GET /items/F308784567/ HTTP/1.1" 200 2428 "-" "Mozilla/5.0 (compatible; SERankingBacklinksBot/1.0; +https://seranking.com/backlinks-crawler)"
37.27.51.141 - - [19/May/2026:16:47:23 +0000] "GET /items/F308814507/ HTTP/1.1" 200 2428 "-" "Mozilla/5.0 (compatible; SERankingBacklinksBot/1.0; +https://seranking.com/backlinks-crawler)"
37.27.51.141 - - [19/May/2026:16:47:31 +0000] "GET /items/F308902466/ HTTP/1.1" 200 2428 "-" "Mozilla/5.0 (compatible; SERankingBacklinksBot/1.0; +https://seranking.com/backlinks-crawler)"
114.10.77.107 - - [19/May/2026:16:47:37 +0000] "GET /genus/residue/edfq0s32gc31mpk.html HTTP/1.1" 200 2428 "-" "Mozilla/5.0 (Macintosh; Intel Mac OS X 13.3; rv:125.0) Gecko/20100101 Firefox/125.0"
37.27.51.141 - - [19/May/2026:16:47:37 +0000] "GET /items/F308905840/ HTTP/1.1" 200 2428 "-" "Mozilla/5.0 (compatible; SERankingBacklinksBot/1.0; +https://seranking.com/backlinks-crawler)"
37.27.51.141 - - [19/May/2026:16:47:45 +0000] "GET /items/F308912254/ HTTP/1.1" 200 2428 "-" "Mozilla/5.0 (compatible; SERankingBacklinksBot/1.0; +https://seranking.com/backlinks-crawler)"
37.27.51.141 - - [19/May/2026:16:47:51 +0000] "GET /items/F308951749/ HTTP/1.1" 200 2428 "-" "Mozilla/5.0 (compatible; SERankingBacklinksBot/1.0; +https://seranking.com/backlinks-crawler)"
37.27.51.141 - - [19/May/2026:16:47:58 +0000] "GET /items/F308973911/ HTTP/1.1" 200 2428 "-" "Mozilla/5.0 (compatible; SERankingBacklinksBot/1.0; +https://seranking.com/backlinks-crawler)"
37.27.51.141 - - [19/May/2026:16:48:05 +0000] "GET /items/F308993931/ HTTP/1.1" 200 2428 "-" "Mozilla/5.0 (compatible; SERankingBacklinksBot/1.0; +https://seranking.com/backlinks-crawler)"
14.166.98.64 - - [19/May/2026:16:48:06 +0000] "GET /group/specification/e8syptgh5dgqoqx.html HTTP/1.1" 200 2428 "-" "Mozilla/5.0 (Windows NT 10.0; Win64; x64) AppleWebKit/537.36 (KHTML, like Gecko) Chrome/128.0.6613.36 Safari/537.36"
37.27.51.141 - - [19/May/2026:16:48:11 +0000] "GET /items/F309022951/ HTTP/1.1" 200 2428 "-" "Mozilla/5.0 (compatible; SERankingBacklinksBot/1.0; +https://seranking.com/backlinks-crawler)"
37.27.51.141 - - [19/May/2026:16:48:18 +0000] "GET /items/F309024072/ HTTP/1.1" 200 2428 "-" "Mozilla/5.0 (compatible; SERankingBacklinksBot/1.0; +https://seranking.com/backlinks-crawler)"
37.27.51.141 - - [19/May/2026:16:48:25 +0000] "GET /items/F309066264/ HTTP/1.1" 200 2428 "-" "Mozilla/5.0 (compatible; SERankingBacklinksBot/1.0; +https://seranking.com/backlinks-crawler)"
37.27.51.141 - - [19/May/2026:16:48:32 +0000] "GET /items/F309090345/ HTTP/1.1" 200 2428 "-" "Mozilla/5.0 (compatible; SERankingBacklinksBot/1.0; +https://seranking.com/backlinks-crawler)"
14.167.239.114 - - [19/May/2026:16:48:35 +0000] "GET /guild/outgrowth/f3qozfebfx64csn.html HTTP/1.1" 200 2428 "-" "Mozilla/5.0 (Macintosh; Intel Mac OS X 15_3_1) AppleWebKit/537.36 (KHTML, like Gecko) Chrome/125.0.6422.176 Safari/537.36"
37.27.51.141 - - [19/May/2026:16:48:39 +0000] "GET /items/F309145577/ HTTP/1.1" 200 2428 "-" "Mozilla/5.0 (compatible; SERankingBacklinksBot/1.0; +https://seranking.com/backlinks-crawler)"
37.27.51.141 - - [19/May/2026:16:48:47 +0000] "GET /items/F309201042/ HTTP/1.1" 200 2428 "-" "Mozilla/5.0 (compatible; SERankingBacklinksBot/1.0; +https://seranking.com/backlinks-crawler)"
37.27.51.141 - - [19/May/2026:16:48:54 +0000] "GET /items/F309212284/ HTTP/1.1" 200 2428 "-" "Mozilla/5.0 (compatible; SERankingBacklinksBot/1.0; +https://seranking.com/backlinks-crawler)"
37.27.51.141 - - [19/May/2026:16:49:00 +0000] "GET /items/F309220052/ HTTP/1.1" 200 2428 "-" "Mozilla/5.0 (compatible; SERankingBacklinksBot/1.0; +https://seranking.com/backlinks-crawler)"
113.173.57.164 - - [19/May/2026:16:49:03 +0000] "GET /ilk/feature/enpwmqdb2adn9nu.html HTTP/1.1" 200 2428 "-" "Mozilla/5.0 (Macintosh; Intel Mac OS X 12.2; rv:130.0) Gecko/20100101 Firefox/130.0"
37.27.51.141 - - [19/May/2026:16:49:07 +0000] "GET /items/F309241436/ HTTP/1.1" 200 2428 "-" "Mozilla/5.0 (compatible; SERankingBacklinksBot/1.0; +https://seranking.com/backlinks-crawler)"
37.27.51.141 - - [19/May/2026:16:49:14 +0000] "GET /items/F309363507/ HTTP/1.1" 200 2428 "-" "Mozilla/5.0 (compatible; SERankingBacklinksBot/1.0; +https://seranking.com/backlinks-crawler)"
37.27.51.141 - - [19/May/2026:16:49:21 +0000] "GET /items/F309377779/ HTTP/1.1" 200 2428 "-" "Mozilla/5.0 (compatible; SERankingBacklinksBot/1.0; +https://seranking.com/backlinks-crawler)"
37.27.51.141 - - [19/May/2026:16:49:27 +0000] "GET /items/F309433921/ HTTP/1.1" 200 2428 "-" "Mozilla/5.0 (compatible; SERankingBacklinksBot/1.0; +https://seranking.com/backlinks-crawler)"
66.249.68.66 - - [19/May/2026:16:49:30 +0000] "GET /flock/apparatus/fdwl5lkblxcaayt.html HTTP/1.1" 200 65063 "-" "Mozilla/5.0 (Linux; Android 6.0.1; Nexus 5X Build/MMB29P) AppleWebKit/537.36 (KHTML, like Gecko) Chrome/148.0.7778.96 Mobile Safari/537.36 (compatible; GoogleOther)"
37.27.51.141 - - [19/May/2026:16:49:34 +0000] "GET /items/F309450789/ HTTP/1.1" 200 2428 "-" "Mozilla/5.0 (compatible; SERankingBacklinksBot/1.0; +https://seranking.com/backlinks-crawler)"
157.42.20.193 - - [19/May/2026:16:49:39 +0000] "GET /ilk/instance/e78zhxwtxhwi6ud.html HTTP/1.1" 200 2428 "-" "Mozilla/5.0 (Macintosh; Intel Mac OS X 11.4; rv:130.0) Gecko/20100101 Firefox/130.0"
37.27.51.141 - - [19/May/2026:16:49:42 +0000] "GET /items/F309481840/ HTTP/1.1" 200 2428 "-" "Mozilla/5.0 (compatible; SERankingBacklinksBot/1.0; +https://seranking.com/backlinks-crawler)"
37.27.51.141 - - [19/May/2026:16:49:48 +0000] "GET /items/F309491638/ HTTP/1.1" 200 2428 "-" "Mozilla/5.0 (compatible; SERankingBacklinksBot/1.0; +https://seranking.com/backlinks-crawler)"
37.27.51.141 - - [19/May/2026:16:49:55 +0000] "GET /items/F309500749/ HTTP/1.1" 200 2428 "-" "Mozilla/5.0 (compatible; SERankingBacklinksBot/1.0; +https://seranking.com/backlinks-crawler)"
61.6.33.241 - - [19/May/2026:16:50:02 +0000] "GET /kind/instance/ergedh4xt14e2el.html HTTP/1.1" 200 2428 "-" "Mozilla/5.0 (Windows NT 10.0; Win64; x64) AppleWebKit/537.36 (KHTML, like Gecko) Chrome/127.0.6533.17 Safari/537.36"
37.27.51.141 - - [19/May/2026:16:50:04 +0000] "GET /items/F309598517/ HTTP/1.1" 200 2428 "-" "Mozilla/5.0 (compatible; SERankingBacklinksBot/1.0; +https://seranking.com/backlinks-crawler)"
37.27.51.141 - - [19/May/2026:16:50:11 +0000] "GET /items/F309680961/ HTTP/1.1" 200 2428 "-" "Mozilla/5.0 (compatible; SERankingBacklinksBot/1.0; +https://seranking.com/backlinks-crawler)"
37.27.51.141 - - [19/May/2026:16:50:18 +0000] "GET /items/F309716850/ HTTP/1.1" 200 2428 "-" "Mozilla/5.0 (compatible; SERankingBacklinksBot/1.0; +https://seranking.com/backlinks-crawler)"
37.27.51.141 - - [19/May/2026:16:50:25 +0000] "GET /items/F309754214/ HTTP/1.1" 200 2428 "-" "Mozilla/5.0 (compatible; SERankingBacklinksBot/1.0; +https://seranking.com/backlinks-crawler)"
14.232.207.41 - - [19/May/2026:16:50:31 +0000] "GET /kingdom/asset/f65aeutbunljf72.html HTTP/1.1" 200 2428 "-" "Mozilla/5.0 (Macintosh; Intel Mac OS X 14_5_0) AppleWebKit/537.36 (KHTML, like Gecko) Chrome/130.0.6723.69 Safari/537.36"
37.27.51.141 - - [19/May/2026:16:50:32 +0000] "GET /items/F309764880/ HTTP/1.1" 200 2428 "-" "Mozilla/5.0 (compatible; SERankingBacklinksBot/1.0; +https://seranking.com/backlinks-crawler)"
37.27.51.141 - - [19/May/2026:16:50:38 +0000] "GET /items/F309790981/ HTTP/1.1" 200 2428 "-" "Mozilla/5.0 (compatible; SERankingBacklinksBot/1.0; +https://seranking.com/backlinks-crawler)"
37.27.51.141 - - [19/May/2026:16:50:45 +0000] "GET /items/F309856709/ HTTP/1.1" 200 2428 "-" "Mozilla/5.0 (compatible; SERankingBacklinksBot/1.0; +https://seranking.com/backlinks-crawler)"
37.27.51.141 - - [19/May/2026:16:50:52 +0000] "GET /items/F309970981/ HTTP/1.1" 200 2428 "-" "Mozilla/5.0 (compatible; SERankingBacklinksBot/1.0; +https://seranking.com/backlinks-crawler)"
124.122.229.121 - - [19/May/2026:16:51:00 +0000] "GET /label/sort/eoxrial7yuljn72.html HTTP/1.1" 200 2428 "-" "Mozilla/5.0 (Macintosh; U; PPC Mac OS X; de-de) AppleWebKit/125.5.6 (KHTML, like Gecko) Safari/125.12_Adobe"
37.27.51.141 - - [19/May/2026:16:51:00 +0000] "GET /items/F310000921/ HTTP/1.1" 200 2428 "-" "Mozilla/5.0 (compatible; SERankingBacklinksBot/1.0; +https://seranking.com/backlinks-crawler)"
37.27.51.141 - - [19/May/2026:16:51:08 +0000] "GET /items/F310052446/ HTTP/1.1" 200 2428 "-" "Mozilla/5.0 (compatible; SERankingBacklinksBot/1.0; +https://seranking.com/backlinks-crawler)"
37.27.51.141 - - [19/May/2026:16:51:11 +0000] "GET /items/F310082143/ HTTP/1.1" 200 2428 "-" "Mozilla/5.0 (compatible; SERankingBacklinksBot/1.0; +https://seranking.com/backlinks-crawler)"
37.27.51.141 - - [19/May/2026:16:51:15 +0000] "GET /items/F310130305/ HTTP/1.1" 200 2428 "-" "Mozilla/5.0 (compatible; SERankingBacklinksBot/1.0; +https://seranking.com/backlinks-crawler)"
37.27.51.141 - - [19/May/2026:16:51:18 +0000] "GET /items/F310211749/ HTTP/1.1" 200 2428 "-" "Mozilla/5.0 (compatible; SERankingBacklinksBot/1.0; +https://seranking.com/backlinks-crawler)"
37.27.51.141 - - [19/May/2026:16:51:22 +0000] "GET /items/F310229305/ HTTP/1.1" 200 2428 "-" "Mozilla/5.0 (compatible; SERankingBacklinksBot/1.0; +https://seranking.com/backlinks-crawler)"
37.27.51.141 - - [19/May/2026:16:51:25 +0000] "GET /items/F310272729/ HTTP/1.1" 200 2428 "-" "Mozilla/5.0 (compatible; SERankingBacklinksBot/1.0; +https://seranking.com/backlinks-crawler)"
37.27.51.141 - - [19/May/2026:16:51:28 +0000] "GET /items/F310315244/ HTTP/1.1" 200 2428 "-" "Mozilla/5.0 (compatible; SERankingBacklinksBot/1.0; +https://seranking.com/backlinks-crawler)"
14.233.12.87 - - [19/May/2026:16:51:29 +0000] "GET /list/module/e0p0mqd22adnanu.html HTTP/1.1" 200 2428 "-" "Mozilla/5.0 (Macintosh; Intel Mac OS X 15.1; rv:133.0) Gecko/20100101 Firefox/133.0"
37.27.51.141 - - [19/May/2026:16:51:32 +0000] "GET /items/F310437183/ HTTP/1.1" 200 2428 "-" "Mozilla/5.0 (compatible; SERankingBacklinksBot/1.0; +https://seranking.com/backlinks-crawler)"
37.27.51.141 - - [19/May/2026:16:51:36 +0000] "GET /items/F310459466/ HTTP/1.1" 200 2428 "-" "Mozilla/5.0 (compatible; SERankingBacklinksBot/1.0; +https://seranking.com/backlinks-crawler)"
37.27.51.141 - - [19/May/2026:16:51:40 +0000] "GET /items/F310459921/ HTTP/1.1" 200 2428 "-" "Mozilla/5.0 (compatible; SERankingBacklinksBot/1.0; +https://seranking.com/backlinks-crawler)"
37.27.51.141 - - [19/May/2026:16:51:43 +0000] "GET /items/F310761759/ HTTP/1.1" 200 2428 "-" "Mozilla/5.0 (compatible; SERankingBacklinksBot/1.0; +https://seranking.com/backlinks-crawler)"
37.27.51.141 - - [19/May/2026:16:51:46 +0000] "GET /items/F310796284/ HTTP/1.1" 200 2428 "-" "Mozilla/5.0 (compatible; SERankingBacklinksBot/1.0; +https://seranking.com/backlinks-crawler)"
37.27.51.141 - - [19/May/2026:16:51:49 +0000] "GET /items/F310850305/ HTTP/1.1" 200 2428 "-" "Mozilla/5.0 (compatible; SERankingBacklinksBot/1.0; +https://seranking.com/backlinks-crawler)"
37.27.51.141 - - [19/May/2026:16:51:53 +0000] "GET /items/F310931638/ HTTP/1.1" 200 2428 "-" "Mozilla/5.0 (compatible; SERankingBacklinksBot/1.0; +https://seranking.com/backlinks-crawler)"
37.27.51.141 - - [19/May/2026:16:51:58 +0000] "GET /items/F310999810/ HTTP/1.1" 200 2428 "-" "Mozilla/5.0 (compatible; SERankingBacklinksBot/1.0; +https://seranking.com/backlinks-crawler)"
45.174.83.1 - - [19/May/2026:16:51:58 +0000] "GET /lot/entity/eif40s32gc31cpk.html HTTP/1.1" 200 2428 "-" "Mozilla/5.0 (Macintosh; Intel Mac OS X 14_6_1) AppleWebKit/537.36 (KHTML, like Gecko) Chrome/127.0.6533.72 Safari/537.36"
37.27.51.141 - - [19/May/2026:16:52:01 +0000] "GET /items/F311031204/ HTTP/1.1" 200 2428 "-" "Mozilla/5.0 (compatible; SERankingBacklinksBot/1.0; +https://seranking.com/backlinks-crawler)"
37.27.51.141 - - [19/May/2026:16:52:07 +0000] "GET /items/F311050769/ HTTP/1.1" 200 2428 "-" "Mozilla/5.0 (compatible; SERankingBacklinksBot/1.0; +https://seranking.com/backlinks-crawler)"
37.27.51.141 - - [19/May/2026:16:52:10 +0000] "GET /items/F311161355/ HTTP/1.1" 200 2428 "-" "Mozilla/5.0 (compatible; SERankingBacklinksBot/1.0; +https://seranking.com/backlinks-crawler)"
37.27.51.141 - - [19/May/2026:16:52:15 +0000] "GET /items/F311187911/ HTTP/1.1" 200 2428 "-" "Mozilla/5.0 (compatible; SERankingBacklinksBot/1.0; +https://seranking.com/backlinks-crawler)"
37.27.51.141 - - [19/May/2026:16:52:19 +0000] "GET /items/F311233688/ HTTP/1.1" 200 2428 "-" "Mozilla/5.0 (compatible; SERankingBacklinksBot/1.0; +https://seranking.com/backlinks-crawler)"
37.27.51.141 - - [19/May/2026:16:52:24 +0000] "GET /items/F311237749/ HTTP/1.1" 200 2428 "-" "Mozilla/5.0 (compatible; SERankingBacklinksBot/1.0; +https://seranking.com/backlinks-crawler)"
93.148.99.54 - - [19/May/2026:16:52:28 +0000] "GET /lot/entity/fcqmzfebfq64fsn.html HTTP/1.1" 200 2428 "-" "Mozilla/5.0 (Macintosh; Intel Mac OS X 11.4; rv:136.0) Gecko/20100101 Firefox/136.0"
37.27.51.141 - - [19/May/2026:16:52:32 +0000] "GET /items/F311278709/ HTTP/1.1" 200 2428 "-" "Mozilla/5.0 (compatible; SERankingBacklinksBot/1.0; +https://seranking.com/backlinks-crawler)"
37.27.51.141 - - [19/May/2026:16:52:35 +0000] "GET /items/F311401658/ HTTP/1.1" 200 2428 "-" "Mozilla/5.0 (compatible; SERankingBacklinksBot/1.0; +https://seranking.com/backlinks-crawler)"
37.27.51.141 - - [19/May/2026:16:52:39 +0000] "GET /items/F311457800/ HTTP/1.1" 200 2428 "-" "Mozilla/5.0 (compatible; SERankingBacklinksBot/1.0; +https://seranking.com/backlinks-crawler)"
37.27.51.141 - - [19/May/2026:16:52:42 +0000] "GET /items/F311483446/ HTTP/1.1" 200 2428 "-" "Mozilla/5.0 (compatible; SERankingBacklinksBot/1.0; +https://seranking.com/backlinks-crawler)"
37.27.51.141 - - [19/May/2026:16:52:45 +0000] "GET /items/F311515840/ HTTP/1.1" 200 2428 "-" "Mozilla/5.0 (compatible; SERankingBacklinksBot/1.0; +https://seranking.com/backlinks-crawler)"
37.27.51.141 - - [19/May/2026:16:52:49 +0000] "GET /items/F311576719/ HTTP/1.1" 200 2428 "-" "Mozilla/5.0 (compatible; SERankingBacklinksBot/1.0; +https://seranking.com/backlinks-crawler)"
37.27.51.141 - - [19/May/2026:16:52:53 +0000] "GET /items/F311701022/ HTTP/1.1" 200 2428 "-" "Mozilla/5.0 (compatible; SERankingBacklinksBot/1.0; +https://seranking.com/backlinks-crawler)"
37.27.51.141 - - [19/May/2026:16:52:56 +0000] "GET /items/F311721618/ HTTP/1.1" 200 2428 "-" "Mozilla/5.0 (compatible; SERankingBacklinksBot/1.0; +https://seranking.com/backlinks-crawler)"
14.187.94.201 - - [19/May/2026:16:52:56 +0000] "GET /lot/offering/eysiptgz5dgqqqx.html HTTP/1.1" 200 2428 "-" "Mozilla/5.0 (Macintosh; Intel Mac OS X 12_2_1) AppleWebKit/537.36 (KHTML, like Gecko) Chrome/126.0.6478.55 Safari/537.36"
37.27.51.141 - - [19/May/2026:16:52:59 +0000] "GET /items/F311739264/ HTTP/1.1" 200 2428 "-" "Mozilla/5.0 (compatible; SERankingBacklinksBot/1.0; +https://seranking.com/backlinks-crawler)"
37.27.51.141 - - [19/May/2026:16:53:03 +0000] "GET /items/F311761325/ HTTP/1.1" 200 2428 "-" "Mozilla/5.0 (compatible; SERankingBacklinksBot/1.0; +https://seranking.com/backlinks-crawler)"
37.27.51.141 - - [19/May/2026:16:53:06 +0000] "GET /items/F311784375/ HTTP/1.1" 200 2428 "-" "Mozilla/5.0 (compatible; SERankingBacklinksBot/1.0; +https://seranking.com/backlinks-crawler)"
37.27.51.141 - - [19/May/2026:16:53:11 +0000] "GET /items/F311838618/ HTTP/1.1" 200 2428 "-" "Mozilla/5.0 (compatible; SERankingBacklinksBot/1.0; +https://seranking.com/backlinks-crawler)"
37.27.51.141 - - [19/May/2026:16:53:15 +0000] "GET /items/F311914769/ HTTP/1.1" 200 2428 "-" "Mozilla/5.0 (compatible; SERankingBacklinksBot/1.0; +https://seranking.com/backlinks-crawler)"
37.27.51.141 - - [19/May/2026:16:53:20 +0000] "GET /items/F312022103/ HTTP/1.1" 200 2428 "-" "Mozilla/5.0 (compatible; SERankingBacklinksBot/1.0; +https://seranking.com/backlinks-crawler)"
14.235.150.162 - - [19/May/2026:16:53:24 +0000] "GET /lot/product/f0ll6y9bmqpzmz6.html HTTP/1.1" 200 2428 "-" "Mozilla/5.0 (Windows NT 10.0; Win64; x64) AppleWebKit/537.36 (KHTML, like Gecko) Chrome/127.0.6533.120 Safari/537.36"
37.27.51.141 - - [19/May/2026:16:53:25 +0000] "GET /items/F312122335/ HTTP/1.1" 200 2428 "-" "Mozilla/5.0 (compatible; SERankingBacklinksBot/1.0; +https://seranking.com/backlinks-crawler)"
37.27.51.141 - - [19/May/2026:16:53:29 +0000] "GET /items/F312134587/ HTTP/1.1" 200 2428 "-" "Mozilla/5.0 (compatible; SERankingBacklinksBot/1.0; +https://seranking.com/backlinks-crawler)"
37.27.51.141 - - [19/May/2026:16:53:34 +0000] "GET /items/F312176335/ HTTP/1.1" 200 2428 "-" "Mozilla/5.0 (compatible; SERankingBacklinksBot/1.0; +https://seranking.com/backlinks-crawler)"
37.27.51.141 - - [19/May/2026:16:53:38 +0000] "GET /items/F312249911/ HTTP/1.1" 200 2428 "-" "Mozilla/5.0 (compatible; SERankingBacklinksBot/1.0; +https://seranking.com/backlinks-crawler)"
37.27.51.141 - - [19/May/2026:16:53:43 +0000] "GET /items/F312263305/ HTTP/1.1" 200 2428 "-" "Mozilla/5.0 (compatible; SERankingBacklinksBot/1.0; +https://seranking.com/backlinks-crawler)"
37.27.51.141 - - [19/May/2026:16:53:48 +0000] "GET /items/F312315042/ HTTP/1.1" 200 2428 "-" "Mozilla/5.0 (compatible; SERankingBacklinksBot/1.0; +https://seranking.com/backlinks-crawler)"
37.27.51.141 - - [19/May/2026:16:53:53 +0000] "GET /items/F312316517/ HTTP/1.1" 200 2428 "-" "Mozilla/5.0 (compatible; SERankingBacklinksBot/1.0; +https://seranking.com/backlinks-crawler)"
146.174.178.101 - - [19/May/2026:16:53:54 +0000] "GET /make/cargo/ftmbjnabzle0gcv.html HTTP/1.1" 200 2428 "-" "Mozilla/5.0 (Macintosh; Intel Mac OS X 11.0; rv:136.0) Gecko/20100101 Firefox/136.0"
37.27.51.141 - - [19/May/2026:16:53:56 +0000] "GET /items/F312328214/ HTTP/1.1" 200 2428 "-" "Mozilla/5.0 (compatible; SERankingBacklinksBot/1.0; +https://seranking.com/backlinks-crawler)"
37.27.51.141 - - [19/May/2026:16:54:00 +0000] "GET /items/F312410335/ HTTP/1.1" 200 2428 "-" "Mozilla/5.0 (compatible; SERankingBacklinksBot/1.0; +https://seranking.com/backlinks-crawler)"
37.27.51.141 - - [19/May/2026:16:54:03 +0000] "GET /items/F312466466/ HTTP/1.1" 200 2428 "-" "Mozilla/5.0 (compatible; SERankingBacklinksBot/1.0; +https://seranking.com/backlinks-crawler)"
37.27.51.141 - - [19/May/2026:16:54:06 +0000] "GET /items/F312468830/ HTTP/1.1" 200 2428 "-" "Mozilla/5.0 (compatible; SERankingBacklinksBot/1.0; +https://seranking.com/backlinks-crawler)"
37.27.51.141 - - [19/May/2026:16:54:10 +0000] "GET /items/F312471204/ HTTP/1.1" 200 2428 "-" "Mozilla/5.0 (compatible; SERankingBacklinksBot/1.0; +https://seranking.com/backlinks-crawler)"
37.27.51.141 - - [19/May/2026:16:54:13 +0000] "GET /items/F312495729/ HTTP/1.1" 200 2428 "-" "Mozilla/5.0 (compatible; SERankingBacklinksBot/1.0; +https://seranking.com/backlinks-crawler)"
37.27.51.141 - - [19/May/2026:16:54:17 +0000] "GET /items/F312518335/ HTTP/1.1" 200 2428 "-" "Mozilla/5.0 (compatible; SERankingBacklinksBot/1.0; +https://seranking.com/backlinks-crawler)"
37.27.51.141 - - [19/May/2026:16:54:20 +0000] "GET /items/F312623527/ HTTP/1.1" 200 2428 "-" "Mozilla/5.0 (compatible; SERankingBacklinksBot/1.0; +https://seranking.com/backlinks-crawler)"
77.231.134.169 - - [19/May/2026:16:54:23 +0000] "GET /nomenclature/produce/fbudf7ibv1y808f.html HTTP/1.1" 200 2428 "-" "Mozilla/5.0 (Macintosh; Intel Mac OS X 13.2; rv:126.0) Gecko/20100101 Firefox/126.0"
37.27.51.141 - - [19/May/2026:16:54:24 +0000] "GET /items/F312663800/ HTTP/1.1" 200 2428 "-" "Mozilla/5.0 (compatible; SERankingBacklinksBot/1.0; +https://seranking.com/backlinks-crawler)"
37.27.51.141 - - [19/May/2026:16:54:27 +0000] "GET /items/F312664709/ HTTP/1.1" 200 2428 "-" "Mozilla/5.0 (compatible; SERankingBacklinksBot/1.0; +https://seranking.com/backlinks-crawler)"
37.27.51.141 - - [19/May/2026:16:54:31 +0000] "GET /items/F312679436/ HTTP/1.1" 200 2428 "-" "Mozilla/5.0 (compatible; SERankingBacklinksBot/1.0; +https://seranking.com/backlinks-crawler)"
37.27.51.141 - - [19/May/2026:16:54:35 +0000] "GET /items/F312730052/ HTTP/1.1" 200 2428 "-" "Mozilla/5.0 (compatible; SERankingBacklinksBot/1.0; +https://seranking.com/backlinks-crawler)"
37.27.51.141 - - [19/May/2026:16:54:39 +0000] "GET /items/F312731961/ HTTP/1.1" 200 2428 "-" "Mozilla/5.0 (compatible; SERankingBacklinksBot/1.0; +https://seranking.com/backlinks-crawler)"
37.27.51.141 - - [19/May/2026:16:54:43 +0000] "GET /items/F312826810/ HTTP/1.1" 200 2428 "-" "Mozilla/5.0 (compatible; SERankingBacklinksBot/1.0; +https://seranking.com/backlinks-crawler)"
37.27.51.141 - - [19/May/2026:16:54:46 +0000] "GET /items/F312845820/ HTTP/1.1" 200 2428 "-" "Mozilla/5.0 (compatible; SERankingBacklinksBot/1.0; +https://seranking.com/backlinks-crawler)"
37.27.51.141 - - [19/May/2026:16:54:50 +0000] "GET /items/F312859103/ HTTP/1.1" 200 2428 "-" "Mozilla/5.0 (compatible; SERankingBacklinksBot/1.0; +https://seranking.com/backlinks-crawler)"
202.76.172.181 - - [19/May/2026:16:54:51 +0000] "GET /order/tool/fp5oeutbunlj172.html HTTP/1.1" 200 2428 "-" "Mozilla/5.0 (Macintosh; Intel Mac OS X 14.3; rv:132.0) Gecko/20100101 Firefox/132.0"
37.27.51.141 - - [19/May/2026:16:54:53 +0000] "GET /items/F312875638/ HTTP/1.1" 200 2428 "-" "Mozilla/5.0 (compatible; SERankingBacklinksBot/1.0; +https://seranking.com/backlinks-crawler)"
37.27.51.141 - - [19/May/2026:16:54:56 +0000] "GET /items/F312905557/ HTTP/1.1" 200 2428 "-" "Mozilla/5.0 (compatible; SERankingBacklinksBot/1.0; +https://seranking.com/backlinks-crawler)"
37.27.51.141 - - [19/May/2026:16:55:00 +0000] "GET /items/F312931547/ HTTP/1.1" 200 2428 "-" "Mozilla/5.0 (compatible; SERankingBacklinksBot/1.0; +https://seranking.com/backlinks-crawler)"
37.27.51.141 - - [19/May/2026:16:55:03 +0000] "GET /items/F313007820/ HTTP/1.1" 200 2428 "-" "Mozilla/5.0 (compatible; SERankingBacklinksBot/1.0; +https://seranking.com/backlinks-crawler)"
37.27.51.141 - - [19/May/2026:16:55:07 +0000] "GET /items/F313018739/ HTTP/1.1" 200 2428 "-" "Mozilla/5.0 (compatible; SERankingBacklinksBot/1.0; +https://seranking.com/backlinks-crawler)"
37.27.51.141 - - [19/May/2026:16:55:10 +0000] "GET /items/F313155648/ HTTP/1.1" 200 2428 "-" "Mozilla/5.0 (compatible; SERankingBacklinksBot/1.0; +https://seranking.com/backlinks-crawler)"
37.27.51.141 - - [19/May/2026:16:55:15 +0000] "GET /items/F313173860/ HTTP/1.1" 200 2428 "-" "Mozilla/5.0 (compatible; SERankingBacklinksBot/1.0; +https://seranking.com/backlinks-crawler)"
37.27.51.141 - - [19/May/2026:16:55:19 +0000] "GET /items/F313178143/ HTTP/1.1" 200 2428 "-" "Mozilla/5.0 (compatible; SERankingBacklinksBot/1.0; +https://seranking.com/backlinks-crawler)"
14.168.178.36 - - [19/May/2026:16:55:21 +0000] "GET /organization/detail/ejt22ih3i2h3pfy.html HTTP/1.1" 200 2428 "-" "Mozilla/5.0 (Macintosh; Intel Mac OS X 14_3_1) AppleWebKit/537.36 (KHTML, like Gecko) Chrome/127.0.6533.17 Safari/537.36"
37.27.51.141 - - [19/May/2026:16:55:23 +0000] "GET /items/F313274335/ HTTP/1.1" 200 2428 "-" "Mozilla/5.0 (compatible; SERankingBacklinksBot/1.0; +https://seranking.com/backlinks-crawler)"
37.27.51.141 - - [19/May/2026:16:55:28 +0000] "GET /items/F313295820/ HTTP/1.1" 200 2428 "-" "Mozilla/5.0 (compatible; SERankingBacklinksBot/1.0; +https://seranking.com/backlinks-crawler)"
37.27.51.141 - - [19/May/2026:16:55:31 +0000] "GET /items/F313305486/ HTTP/1.1" 200 2428 "-" "Mozilla/5.0 (compatible; SERankingBacklinksBot/1.0; +https://seranking.com/backlinks-crawler)"
37.27.51.141 - - [19/May/2026:16:55:35 +0000] "GET /items/F313378385/ HTTP/1.1" 200 2428 "-" "Mozilla/5.0 (compatible; SERankingBacklinksBot/1.0; +https://seranking.com/backlinks-crawler)"
37.27.51.141 - - [19/May/2026:16:55:38 +0000] "GET /items/F313437123/ HTTP/1.1" 200 2428 "-" "Mozilla/5.0 (compatible; SERankingBacklinksBot/1.0; +https://seranking.com/backlinks-crawler)"
37.27.51.141 - - [19/May/2026:16:55:41 +0000] "GET /items/F313441274/ HTTP/1.1" 200 2428 "-" "Mozilla/5.0 (compatible; SERankingBacklinksBot/1.0; +https://seranking.com/backlinks-crawler)"
37.27.51.141 - - [19/May/2026:16:55:45 +0000] "GET /items/F313528577/ HTTP/1.1" 200 2428 "-" "Mozilla/5.0 (compatible; SERankingBacklinksBot/1.0; +https://seranking.com/backlinks-crawler)"
202.76.141.208 - - [19/May/2026:16:55:50 +0000] "GET /pattern/build/ef1zy2prempz5z6.html HTTP/1.1" 200 2428 "-" "Mozilla/5.0 (Macintosh; Intel Mac OS X 12.7; rv:125.0) Gecko/20100101 Firefox/125.0"
113.190.59.120 - - [19/May/2026:16:56:18 +0000] "GET /pattern/segment/eba77by9nvy848f.html HTTP/1.1" 200 2428 "-" "Mozilla/5.0 (Macintosh; Intel Mac OS X 12_5_0) AppleWebKit/537.36 (KHTML, like Gecko) Chrome/130.0.6723.69 Safari/537.36"
123.28.78.37 - - [19/May/2026:16:56:48 +0000] "GET /pod/effect/evnywcb5cwbxx9s.html HTTP/1.1" 200 2428 "-" "Mozilla/5.0 (Macintosh; Intel Mac OS X 11_3_1) AppleWebKit/537.36 (KHTML, like Gecko) Chrome/125.0.6422.176 Safari/537.36"
14.226.244.94 - - [19/May/2026:16:57:17 +0000] "GET /pod/segment/fxw15lkbl3ca0yt.html HTTP/1.1" 200 2428 "-" "Mozilla/5.0 (Macintosh; Intel Mac OS X 13_5_2) AppleWebKit/537.36 (KHTML, like Gecko) Chrome/129.0.6668.100 Safari/537.36"
14.247.150.54 - - [19/May/2026:16:57:46 +0000] "GET /population/portion/fbzp8onboifdq1w.html HTTP/1.1" 200 2428 "-" "Mozilla/5.0 (Macintosh; Intel Mac OS X 12_4_1) AppleWebKit/537.36 (KHTML, like Gecko) Chrome/128.0.6613.36 Safari/537.36"
202.76.136.186 - - [19/May/2026:16:58:14 +0000] "GET /pride/accessory/eud3ae1rqy1bbbi.html HTTP/1.1" 200 2428 "-" "Mozilla/5.0 (Macintosh; U; PPC Mac OS X; en-us) AppleWebKit/418 (KHTML, like Gecko) Safari/417.9.2"
176.93.225.65 - - [19/May/2026:16:58:44 +0000] "GET /pride/product/f231ogrb467hoho.html HTTP/1.1" 200 2428 "-" "Mozilla/5.0 (Macintosh; Intel Mac OS X 11_7_0) AppleWebKit/537.36 (KHTML, like Gecko) Chrome/126.0.6478.126 Safari/537.36"
123.21.188.1 - - [19/May/2026:16:59:13 +0000] "GET /province/artifact/edsmptgb5dgqwqx.html HTTP/1.1" 200 2428 "-" "Mozilla/5.0 (Macintosh; Intel Mac OS X 13_6_0) AppleWebKit/537.36 (KHTML, like Gecko) Chrome/128.0.6613.36 Safari/537.36"
78.142.18.172 - - [19/May/2026:16:59:47 +0000] "GET /wp-login.php HTTP/1.1" 200 2428 "-" "Mozilla/5.0 (X11; Ubuntu; Linux x86_64; rv:133.0) Gecko/20100101 Firefox/133.0"
78.142.18.172 - - [19/May/2026:16:59:47 +0000] "POST /wp-login.php HTTP/1.1" 200 2428 "https://moabmonsters.com/wp-login.php" "Mozilla/5.0 (X11; Ubuntu; Linux x86_64; rv:133.0) Gecko/20100101 Firefox/133.0"
61.90.30.186 - - [19/May/2026:17:00:08 +0000] "GET /label/manufacture/e4n0wcbpcwbxz9s.html HTTP/1.1" 200 2428 "-" "Mozilla/5.0 (Macintosh; Intel Mac OS X 12_7_2) AppleWebKit/537.36 (KHTML, like Gecko) Chrome/126.0.6478.182 Safari/537.36"
204.12.208.18 - - [19/May/2026:17:00:10 +0000] "GET /wp-content/x506f80/index.php HTTP/1.1" 200 6 "https://moabmonsters.com/wp-content/x506f80/index.php" "Mozilla/5.0 (Macintosh; Intel Mac OS X 10_6_8) AppleWebKit/534.24 (KHTML, like Gecko) Iron/11.0.700.2 Chrome/11.0.700.2 Safari/534.24"
66.249.68.68 - - [19/May/2026:17:00:16 +0000] "GET /robots.txt HTTP/1.1" 304 - "-" "Mozilla/5.0 (compatible; Googlebot/2.1; +http://www.google.com/bot.html)"
66.249.68.68 - - [19/May/2026:17:00:16 +0000] "GET /model/case/e8bmk0zg0kzl6xg.html HTTP/1.1" 200 60952 "-" "Mozilla/5.0 (Linux; Android 6.0.1; Nexus 5X Build/MMB29P) AppleWebKit/537.36 (KHTML, like Gecko) Chrome/148.0.7778.96 Mobile Safari/537.36 (compatible; Googlebot/2.1; +http://www.google.com/bot.html)"
92.208.222.41 - - [19/May/2026:17:00:37 +0000] "GET /lot/portion/fznxwcbbc2312pk.html HTTP/1.1" 200 2428 "-" "Mozilla/5.0 (Macintosh; Intel Mac OS X 13.2; rv:132.0) Gecko/20100101 Firefox/132.0"
123.28.93.166 - - [19/May/2026:17:01:06 +0000] "GET /lot/prototype/euqgzfekfze05cv.html HTTP/1.1" 200 2428 "-" "Mozilla/5.0 (Macintosh; Intel Mac OS X 14_7_1) AppleWebKit/537.36 (KHTML, like Gecko) Chrome/132.0.6834.160 Safari/537.36"
204.12.208.18 - - [19/May/2026:16:59:50 +0000] "GET /wp-content/x506f80/index.php HTTP/1.1" 200 - "https://moabmonsters.com/wp-content/x506f80/index.php" "Mozilla/5.0 (Macintosh; U; Intel Mac OS X 10_6_3; ja-jp) AppleWebKit/533.16 (KHTML, like Gecko) Version/5.0 Safari/533.16"
188.80.246.53 - - [19/May/2026:17:01:39 +0000] "GET /make/fixture/edyvvzmobjmwrw3.html HTTP/1.1" 200 2428 "-" "Mozilla/5.0 (Macintosh; U; PPC Mac OS X; en) AppleWebKit/412 (KHTML, like Gecko) Safari/412"
14.168.160.88 - - [19/May/2026:17:02:04 +0000] "GET /make/mechanism/f85yeutbu5ljh72.html HTTP/1.1" 200 2428 "-" "Mozilla/5.0 (Macintosh; Intel Mac OS X 10_15_7) AppleWebKit/537.36 (KHTML, like Gecko) Chrome/134.0.6998.88 Safari/537.36"
14.186.52.145 - - [19/May/2026:17:02:34 +0000] "GET /make/produce/e9jdgk77w47h3ho.html HTTP/1.1" 200 2428 "-" "Mozilla/5.0 (Macintosh; Intel Mac OS X 11.4; rv:136.0) Gecko/20100101 Firefox/136.0"
146.174.170.185 - - [19/May/2026:17:03:01 +0000] "GET /matrix/accessory/euric4fssofdq1w.html HTTP/1.1" 200 2428 "-" "Mozilla/5.0 (Macintosh; Intel Mac OS X 13_4_1) AppleWebKit/537.36 (KHTML, like Gecko) Chrome/126.0.6478.182 Safari/537.36"
38.191.213.138 - - [19/May/2026:17:03:31 +0000] "GET /model/shop/f3pzmqdb2gh3efy.html HTTP/1.1" 200 2428 "-" "Mozilla/5.0 (Macintosh; Intel Mac OS X 14.4; rv:135.0) Gecko/20100101 Firefox/135.0"
109.155.238.192 - - [19/May/2026:17:04:05 +0000] "GET /module/entity/eajdgk7zw47hhho.html HTTP/1.1" 200 2428 "-" "Mozilla/5.0 (Macintosh; Intel Mac OS X 11_3_1) AppleWebKit/537.36 (KHTML, like Gecko) Chrome/130.0.6723.116 Safari/537.36"
146.174.169.9 - - [19/May/2026:17:04:29 +0000] "GET /nomenclature/category/e1jkgk7nw47hbho.html HTTP/1.1" 200 2428 "-" "Mozilla/5.0 (Macintosh; U; PPC Mac OS X; en-au) AppleWebKit/125.4 (KHTML, like Gecko) Safari/125.9"
41.193.212.57 - - [19/May/2026:17:04:59 +0000] "GET /nomenclature/fabrication/etxbialxyuljr72.html HTTP/1.1" 200 2428 "-" "Mozilla/5.0 (Macintosh; Intel Mac OS X 10_15_7) AppleWebKit/537.36 (KHTML, like Gecko) Chrome/134.0.6998.88 Safari/537.36"
157.39.71.248 - - [19/May/2026:17:05:27 +0000] "GET /organization/asset/evvxswjk8gjtkt0.html HTTP/1.1" 200 2428 "-" "Mozilla/5.0 (Macintosh; Intel Mac OS X 11.7; rv:128.0) Gecko/20100101 Firefox/128.0"
92.162.235.19 - - [19/May/2026:17:05:56 +0000] "GET /pack/attachment/fb31ogrb4r7hfho.html HTTP/1.1" 200 2428 "-" "Mozilla/5.0 (Macintosh; Intel Mac OS X 14_4_1) AppleWebKit/537.36 (KHTML, like Gecko) Chrome/134.0.6998.45 Safari/537.36"
102.164.30.70 - - [19/May/2026:17:06:26 +0000] "GET /pack/derivative/ef28brqjrbqcmo7.html HTTP/1.1" 200 2428 "-" "Mozilla/5.0 (Macintosh; Intel Mac OS X 13_7_0) AppleWebKit/537.36 (KHTML, like Gecko) Chrome/132.0.6834.110 Safari/537.36"
191.177.182.234 - - [19/May/2026:17:06:54 +0000] "GET /phylum/release/f3hfq65b6uxvcje.html HTTP/1.1" 200 2428 "-" "Mozilla/5.0 (Macintosh; Intel Mac OS X 13.3; rv:132.0) Gecko/20100101 Firefox/132.0"
66.249.68.69 - - [19/May/2026:17:06:57 +0000] "GET /robots.txt HTTP/1.1" 200 383 "-" "Mozilla/5.0 (compatible; Googlebot/2.1; +http://www.google.com/bot.html)"
66.249.68.68 - - [19/May/2026:17:06:57 +0000] "GET /items/N134186719/ HTTP/1.1" 200 69980 "-" "Mozilla/5.0 (compatible; Googlebot/2.1; +http://www.google.com/bot.html)"
