37.27.51.141 - - [19/May/2026:16:25:36 +0000] "GET /items/F297925052/ HTTP/1.1" 200 2428 "-" "Mozilla/5.0 (compatible; SERankingBacklinksBot/1.0; +https://seranking.com/backlinks-crawler)"
37.27.51.141 - - [19/May/2026:16:25:39 +0000] "GET /items/F297954183/ HTTP/1.1" 200 2428 "-" "Mozilla/5.0 (compatible; SERankingBacklinksBot/1.0; +https://seranking.com/backlinks-crawler)"
37.27.51.141 - - [19/May/2026:16:25:43 +0000] "GET /items/F297962416/ HTTP/1.1" 200 2428 "-" "Mozilla/5.0 (compatible; SERankingBacklinksBot/1.0; +https://seranking.com/backlinks-crawler)"
37.27.51.141 - - [19/May/2026:16:25:46 +0000] "GET /items/F298059941/ HTTP/1.1" 200 2428 "-" "Mozilla/5.0 (compatible; SERankingBacklinksBot/1.0; +https://seranking.com/backlinks-crawler)"
37.27.51.141 - - [19/May/2026:16:25:50 +0000] "GET /items/F298092234/ HTTP/1.1" 200 2428 "-" "Mozilla/5.0 (compatible; SERankingBacklinksBot/1.0; +https://seranking.com/backlinks-crawler)"
202.76.129.137 - - [19/May/2026:16:25:51 +0000] "GET /caste/chattel/ewfi0s3kgc312pk.html HTTP/1.1" 200 2428 "-" "Mozilla/5.0 (Windows NT 10.0; Win64; x64) AppleWebKit/537.36 (KHTML, like Gecko) Chrome/128.0.6613.84 Safari/537.36"
37.27.51.141 - - [19/May/2026:16:25:53 +0000] "GET /items/F298120688/ HTTP/1.1" 200 2428 "-" "Mozilla/5.0 (compatible; SERankingBacklinksBot/1.0; +https://seranking.com/backlinks-crawler)"
37.27.51.141 - - [19/May/2026:16:25:57 +0000] "GET /items/F298126870/ HTTP/1.1" 200 2428 "-" "Mozilla/5.0 (compatible; SERankingBacklinksBot/1.0; +https://seranking.com/backlinks-crawler)"
37.27.51.141 - - [19/May/2026:16:26:01 +0000] "GET /items/F298147022/ HTTP/1.1" 200 2428 "-" "Mozilla/5.0 (compatible; SERankingBacklinksBot/1.0; +https://seranking.com/backlinks-crawler)"
37.27.51.141 - - [19/May/2026:16:26:05 +0000] "GET /items/F298204951/ HTTP/1.1" 200 2428 "-" "Mozilla/5.0 (compatible; SERankingBacklinksBot/1.0; +https://seranking.com/backlinks-crawler)"
37.27.51.141 - - [19/May/2026:16:26:09 +0000] "GET /items/F298208901/ HTTP/1.1" 200 2428 "-" "Mozilla/5.0 (compatible; SERankingBacklinksBot/1.0; +https://seranking.com/backlinks-crawler)"
37.27.51.141 - - [19/May/2026:16:26:13 +0000] "GET /items/F298232416/ HTTP/1.1" 200 2428 "-" "Mozilla/5.0 (compatible; SERankingBacklinksBot/1.0; +https://seranking.com/backlinks-crawler)"
37.27.51.141 - - [19/May/2026:16:26:17 +0000] "GET /items/F298264688/ HTTP/1.1" 200 2428 "-" "Mozilla/5.0 (compatible; SERankingBacklinksBot/1.0; +https://seranking.com/backlinks-crawler)"
83.49.43.148 - - [19/May/2026:16:26:20 +0000] "GET /caste/goods/f8mljnabzge0dcv.html HTTP/1.1" 200 2428 "-" "Mozilla/5.0 (Macintosh; Intel Mac OS X 14_5_1) AppleWebKit/537.36 (KHTML, like Gecko) Chrome/130.0.6723.191 Safari/537.36"
37.27.51.141 - - [19/May/2026:16:26:21 +0000] "GET /testimonials-category/home-1/ HTTP/1.1" 200 2428 "-" "Mozilla/5.0 (compatible; SERankingBacklinksBot/1.0; +https://seranking.com/backlinks-crawler)"
37.27.51.141 - - [19/May/2026:16:26:25 +0000] "GET /items/F298288103/ HTTP/1.1" 200 2428 "-" "Mozilla/5.0 (compatible; SERankingBacklinksBot/1.0; +https://seranking.com/backlinks-crawler)"
37.27.51.141 - - [19/May/2026:16:26:29 +0000] "GET /items/F298296759/ HTTP/1.1" 200 2428 "-" "Mozilla/5.0 (compatible; SERankingBacklinksBot/1.0; +https://seranking.com/backlinks-crawler)"
37.27.51.141 - - [19/May/2026:16:26:33 +0000] "GET /items/F298426133/ HTTP/1.1" 200 2428 "-" "Mozilla/5.0 (compatible; SERankingBacklinksBot/1.0; +https://seranking.com/backlinks-crawler)"
37.27.51.141 - - [19/May/2026:16:26:36 +0000] "GET /items/F298440426/ HTTP/1.1" 200 2428 "-" "Mozilla/5.0 (compatible; SERankingBacklinksBot/1.0; +https://seranking.com/backlinks-crawler)"
37.27.51.141 - - [19/May/2026:16:26:40 +0000] "GET /items/F298477082/ HTTP/1.1" 200 2428 "-" "Mozilla/5.0 (compatible; SERankingBacklinksBot/1.0; +https://seranking.com/backlinks-crawler)"
37.27.51.141 - - [19/May/2026:16:26:44 +0000] "GET /items/F298510385/ HTTP/1.1" 200 2428 "-" "Mozilla/5.0 (compatible; SERankingBacklinksBot/1.0; +https://seranking.com/backlinks-crawler)"
37.27.51.141 - - [19/May/2026:16:26:47 +0000] "GET /items/F298511416/ HTTP/1.1" 200 2428 "-" "Mozilla/5.0 (compatible; SERankingBacklinksBot/1.0; +https://seranking.com/backlinks-crawler)"
82.14.188.217 - - [19/May/2026:16:26:50 +0000] "GET /caste/property/fdkpt98b9c0ydmh.html HTTP/1.1" 200 2428 "-" "Mozilla/5.0 (Macintosh; Intel Mac OS X 15.1; rv:134.0) Gecko/20100101 Firefox/134.0"
37.27.51.141 - - [19/May/2026:16:26:50 +0000] "GET /items/F298528840/ HTTP/1.1" 200 2428 "-" "Mozilla/5.0 (compatible; SERankingBacklinksBot/1.0; +https://seranking.com/backlinks-crawler)"
37.27.51.141 - - [19/May/2026:16:26:55 +0000] "GET /items/F298566648/ HTTP/1.1" 200 2428 "-" "Mozilla/5.0 (compatible; SERankingBacklinksBot/1.0; +https://seranking.com/backlinks-crawler)"
37.27.51.141 - - [19/May/2026:16:26:59 +0000] "GET /items/F298680830/ HTTP/1.1" 200 2428 "-" "Mozilla/5.0 (compatible; SERankingBacklinksBot/1.0; +https://seranking.com/backlinks-crawler)"
37.27.51.141 - - [19/May/2026:16:27:03 +0000] "GET /items/F298744739/ HTTP/1.1" 200 2428 "-" "Mozilla/5.0 (compatible; SERankingBacklinksBot/1.0; +https://seranking.com/backlinks-crawler)"
37.27.51.141 - - [19/May/2026:16:27:07 +0000] "GET /items/F298761042/ HTTP/1.1" 200 2428 "-" "Mozilla/5.0 (compatible; SERankingBacklinksBot/1.0; +https://seranking.com/backlinks-crawler)"
37.27.51.141 - - [19/May/2026:16:27:10 +0000] "GET /items/F298856113/ HTTP/1.1" 200 2428 "-" "Mozilla/5.0 (compatible; SERankingBacklinksBot/1.0; +https://seranking.com/backlinks-crawler)"
37.27.51.141 - - [19/May/2026:16:27:13 +0000] "GET /items/F298856901/ HTTP/1.1" 200 2428 "-" "Mozilla/5.0 (compatible; SERankingBacklinksBot/1.0; +https://seranking.com/backlinks-crawler)"
37.27.51.141 - - [19/May/2026:16:27:16 +0000] "GET /items/F298866456/ HTTP/1.1" 200 2428 "-" "Mozilla/5.0 (compatible; SERankingBacklinksBot/1.0; +https://seranking.com/backlinks-crawler)"
77.96.163.251 - - [19/May/2026:16:27:19 +0000] "GET /categorization/section/e87x48vuksv545c.html HTTP/1.1" 200 2428 "-" "Mozilla/5.0 (Macintosh; Intel Mac OS X 12_5_1) AppleWebKit/537.36 (KHTML, like Gecko) Chrome/127.0.6533.120 Safari/537.36"
37.27.51.141 - - [19/May/2026:16:27:19 +0000] "GET /items/F298873769/ HTTP/1.1" 200 2428 "-" "Mozilla/5.0 (compatible; SERankingBacklinksBot/1.0; +https://seranking.com/backlinks-crawler)"
37.27.51.141 - - [19/May/2026:16:27:24 +0000] "GET /items/F298907850/ HTTP/1.1" 200 2428 "-" "Mozilla/5.0 (compatible; SERankingBacklinksBot/1.0; +https://seranking.com/backlinks-crawler)"
37.27.51.141 - - [19/May/2026:16:27:28 +0000] "GET /items/F298948921/ HTTP/1.1" 200 2428 "-" "Mozilla/5.0 (compatible; SERankingBacklinksBot/1.0; +https://seranking.com/backlinks-crawler)"
37.27.51.141 - - [19/May/2026:16:27:32 +0000] "GET /items/F298960385/ HTTP/1.1" 200 2428 "-" "Mozilla/5.0 (compatible; SERankingBacklinksBot/1.0; +https://seranking.com/backlinks-crawler)"
37.27.51.141 - - [19/May/2026:16:27:35 +0000] "GET /items/F299009668/ HTTP/1.1" 200 2428 "-" "Mozilla/5.0 (compatible; SERankingBacklinksBot/1.0; +https://seranking.com/backlinks-crawler)"
37.27.51.141 - - [19/May/2026:16:27:39 +0000] "GET /items/F299011022/ HTTP/1.1" 200 2428 "-" "Mozilla/5.0 (compatible; SERankingBacklinksBot/1.0; +https://seranking.com/backlinks-crawler)"
37.27.51.141 - - [19/May/2026:16:27:42 +0000] "GET /items/F299027880/ HTTP/1.1" 200 2428 "-" "Mozilla/5.0 (compatible; SERankingBacklinksBot/1.0; +https://seranking.com/backlinks-crawler)"
77.227.110.57 - - [19/May/2026:16:27:48 +0000] "GET /characteristic/attribute/fepsmqdb2th3dfy.html HTTP/1.1" 200 2428 "-" "Mozilla/5.0 (Macintosh; Intel Mac OS X 12_6_0) AppleWebKit/537.36 (KHTML, like Gecko) Chrome/129.0.6668.58 Safari/537.36"
37.27.51.141 - - [19/May/2026:16:27:48 +0000] "GET /items/F299055567/ HTTP/1.1" 200 2428 "-" "Mozilla/5.0 (compatible; SERankingBacklinksBot/1.0; +https://seranking.com/backlinks-crawler)"
37.27.51.141 - - [19/May/2026:16:27:51 +0000] "GET /testimonials-category/home-6/ HTTP/1.1" 200 2428 "-" "Mozilla/5.0 (compatible; SERankingBacklinksBot/1.0; +https://seranking.com/backlinks-crawler)"
37.27.51.141 - - [19/May/2026:16:27:55 +0000] "GET /items/F299114305/ HTTP/1.1" 200 2428 "-" "Mozilla/5.0 (compatible; SERankingBacklinksBot/1.0; +https://seranking.com/backlinks-crawler)"
37.27.51.141 - - [19/May/2026:16:27:58 +0000] "GET /items/F299121941/ HTTP/1.1" 200 2428 "-" "Mozilla/5.0 (compatible; SERankingBacklinksBot/1.0; +https://seranking.com/backlinks-crawler)"
37.27.51.141 - - [19/May/2026:16:28:01 +0000] "GET /items/F299135668/ HTTP/1.1" 200 2428 "-" "Mozilla/5.0 (compatible; SERankingBacklinksBot/1.0; +https://seranking.com/backlinks-crawler)"
37.27.51.141 - - [19/May/2026:16:28:05 +0000] "GET /items/F299196426/ HTTP/1.1" 200 2428 "-" "Mozilla/5.0 (compatible; SERankingBacklinksBot/1.0; +https://seranking.com/backlinks-crawler)"
37.27.51.141 - - [19/May/2026:16:28:08 +0000] "GET /items/F299225335/ HTTP/1.1" 200 2428 "-" "Mozilla/5.0 (compatible; SERankingBacklinksBot/1.0; +https://seranking.com/backlinks-crawler)"
37.27.51.141 - - [19/May/2026:16:28:11 +0000] "GET /items/F299357638/ HTTP/1.1" 200 2428 "-" "Mozilla/5.0 (compatible; SERankingBacklinksBot/1.0; +https://seranking.com/backlinks-crawler)"
37.27.51.141 - - [19/May/2026:16:28:15 +0000] "GET /items/F299394537/ HTTP/1.1" 200 2428 "-" "Mozilla/5.0 (compatible; SERankingBacklinksBot/1.0; +https://seranking.com/backlinks-crawler)"
37.27.51.141 - - [19/May/2026:16:28:18 +0000] "GET /items/F299402173/ HTTP/1.1" 200 2428 "-" "Mozilla/5.0 (compatible; SERankingBacklinksBot/1.0; +https://seranking.com/backlinks-crawler)"
37.27.51.141 - - [19/May/2026:16:28:21 +0000] "GET /items/F299436507/ HTTP/1.1" 200 2428 "-" "Mozilla/5.0 (compatible; SERankingBacklinksBot/1.0; +https://seranking.com/backlinks-crawler)"
86.180.134.26 - - [19/May/2026:16:28:22 +0000] "GET /chart/collection/e4k1t98e9t8ul6p.html HTTP/1.1" 200 2428 "-" "Mozilla/5.0 (Macintosh; Intel Mac OS X 15_3_1) AppleWebKit/537.36 (KHTML, like Gecko) Chrome/129.0.6668.29 Safari/537.36"
37.27.51.141 - - [19/May/2026:16:28:25 +0000] "GET /items/F299439860/ HTTP/1.1" 200 2428 "-" "Mozilla/5.0 (compatible; SERankingBacklinksBot/1.0; +https://seranking.com/backlinks-crawler)"
37.27.51.141 - - [19/May/2026:16:28:28 +0000] "GET /items/F299448072/ HTTP/1.1" 200 2428 "-" "Mozilla/5.0 (compatible; SERankingBacklinksBot/1.0; +https://seranking.com/backlinks-crawler)"
37.27.51.141 - - [19/May/2026:16:28:32 +0000] "GET /items/F299530436/ HTTP/1.1" 200 2428 "-" "Mozilla/5.0 (compatible; SERankingBacklinksBot/1.0; +https://seranking.com/backlinks-crawler)"
37.27.51.141 - - [19/May/2026:16:28:35 +0000] "GET /items/F299576668/ HTTP/1.1" 200 2428 "-" "Mozilla/5.0 (compatible; SERankingBacklinksBot/1.0; +https://seranking.com/backlinks-crawler)"
37.27.51.141 - - [19/May/2026:16:28:38 +0000] "GET /items/F299579032/ HTTP/1.1" 200 2428 "-" "Mozilla/5.0 (compatible; SERankingBacklinksBot/1.0; +https://seranking.com/backlinks-crawler)"
37.27.51.141 - - [19/May/2026:16:28:42 +0000] "GET /items/F299599406/ HTTP/1.1" 200 2428 "-" "Mozilla/5.0 (compatible; SERankingBacklinksBot/1.0; +https://seranking.com/backlinks-crawler)"
37.27.51.141 - - [19/May/2026:16:28:45 +0000] "GET /items/F299693113/ HTTP/1.1" 200 2428 "-" "Mozilla/5.0 (compatible; SERankingBacklinksBot/1.0; +https://seranking.com/backlinks-crawler)"
45.165.85.16 - - [19/May/2026:16:28:47 +0000] "GET /clade/device/ewfb0s3kgc31epk.html HTTP/1.1" 200 2428 "-" "Mozilla/5.0 (Windows NT 10.0; Win64; x64) AppleWebKit/537.36 (KHTML, like Gecko) Chrome/125.0.6422.141 Safari/537.36"
37.27.51.141 - - [19/May/2026:16:28:50 +0000] "GET /items/F299716274/ HTTP/1.1" 200 2428 "-" "Mozilla/5.0 (compatible; SERankingBacklinksBot/1.0; +https://seranking.com/backlinks-crawler)"
37.27.51.141 - - [19/May/2026:16:28:53 +0000] "GET /items/F299733486/ HTTP/1.1" 200 2428 "-" "Mozilla/5.0 (compatible; SERankingBacklinksBot/1.0; +https://seranking.com/backlinks-crawler)"
37.27.51.141 - - [19/May/2026:16:29:02 +0000] "GET /items/F299740133/ HTTP/1.1" 200 2428 "-" "Mozilla/5.0 (compatible; SERankingBacklinksBot/1.0; +https://seranking.com/backlinks-crawler)"
37.27.51.141 - - [19/May/2026:16:29:05 +0000] "GET /items/F299742486/ HTTP/1.1" 200 2428 "-" "Mozilla/5.0 (compatible; SERankingBacklinksBot/1.0; +https://seranking.com/backlinks-crawler)"
37.27.51.141 - - [19/May/2026:16:29:09 +0000] "GET /items/F299763648/ HTTP/1.1" 200 2428 "-" "Mozilla/5.0 (compatible; SERankingBacklinksBot/1.0; +https://seranking.com/backlinks-crawler)"
37.27.51.141 - - [19/May/2026:16:29:14 +0000] "GET /items/F299766345/ HTTP/1.1" 200 2428 "-" "Mozilla/5.0 (compatible; SERankingBacklinksBot/1.0; +https://seranking.com/backlinks-crawler)"
45.180.99.125 - - [19/May/2026:16:29:16 +0000] "GET /clique/abtameru/f0jvgk7bwhbxb9s.html HTTP/1.1" 200 2428 "-" "Mozilla/5.0 (Macintosh; Intel Mac OS X 12_7_3) AppleWebKit/537.36 (KHTML, like Gecko) Chrome/132.0.6834.83 Safari/537.36"
37.27.51.141 - - [19/May/2026:16:29:18 +0000] "GET /items/F299805618/ HTTP/1.1" 200 2428 "-" "Mozilla/5.0 (compatible; SERankingBacklinksBot/1.0; +https://seranking.com/backlinks-crawler)"
37.27.51.141 - - [19/May/2026:16:29:22 +0000] "GET /accommodation-type/photo-tour/ HTTP/1.1" 200 2428 "-" "Mozilla/5.0 (compatible; SERankingBacklinksBot/1.0; +https://seranking.com/backlinks-crawler)"
37.27.51.141 - - [19/May/2026:16:29:27 +0000] "GET /items/F299809214/ HTTP/1.1" 200 2428 "-" "Mozilla/5.0 (compatible; SERankingBacklinksBot/1.0; +https://seranking.com/backlinks-crawler)"
37.27.51.141 - - [19/May/2026:16:29:31 +0000] "GET /items/F299823729/ HTTP/1.1" 200 2428 "-" "Mozilla/5.0 (compatible; SERankingBacklinksBot/1.0; +https://seranking.com/backlinks-crawler)"
37.27.51.141 - - [19/May/2026:16:29:35 +0000] "GET /items/F299827325/ HTTP/1.1" 200 2428 "-" "Mozilla/5.0 (compatible; SERankingBacklinksBot/1.0; +https://seranking.com/backlinks-crawler)"
37.27.51.141 - - [19/May/2026:16:29:39 +0000] "GET /items/F299852850/ HTTP/1.1" 200 2428 "-" "Mozilla/5.0 (compatible; SERankingBacklinksBot/1.0; +https://seranking.com/backlinks-crawler)"
37.27.51.141 - - [19/May/2026:16:29:43 +0000] "GET /items/F300019688/ HTTP/1.1" 200 2428 "-" "Mozilla/5.0 (compatible; SERankingBacklinksBot/1.0; +https://seranking.com/backlinks-crawler)"
115.164.33.197 - - [19/May/2026:16:29:44 +0000] "GET /clique/lot/e9ou91c4plca5yt.html HTTP/1.1" 200 2428 "-" "Mozilla/5.0 (Windows NT 10.0; Win64; x64) AppleWebKit/537.36 (KHTML, like Gecko) Chrome/129.0.6668.58 Safari/537.36"
37.27.51.141 - - [19/May/2026:16:29:47 +0000] "GET /items/F300095850/ HTTP/1.1" 200 2428 "-" "Mozilla/5.0 (compatible; SERankingBacklinksBot/1.0; +https://seranking.com/backlinks-crawler)"
37.27.51.141 - - [19/May/2026:16:29:51 +0000] "GET /items/F300204426/ HTTP/1.1" 200 2428 "-" "Mozilla/5.0 (compatible; SERankingBacklinksBot/1.0; +https://seranking.com/backlinks-crawler)"
37.27.51.141 - - [19/May/2026:16:29:56 +0000] "GET /items/F300213315/ HTTP/1.1" 200 2428 "-" "Mozilla/5.0 (compatible; SERankingBacklinksBot/1.0; +https://seranking.com/backlinks-crawler)"
37.27.51.141 - - [19/May/2026:16:30:00 +0000] "GET /items/F300229840/ HTTP/1.1" 200 2428 "-" "Mozilla/5.0 (compatible; SERankingBacklinksBot/1.0; +https://seranking.com/backlinks-crawler)"
37.27.51.141 - - [19/May/2026:16:30:04 +0000] "GET /items/F300242113/ HTTP/1.1" 200 2428 "-" "Mozilla/5.0 (compatible; SERankingBacklinksBot/1.0; +https://seranking.com/backlinks-crawler)"
37.27.51.141 - - [19/May/2026:16:30:09 +0000] "GET /items/F300256406/ HTTP/1.1" 200 2428 "-" "Mozilla/5.0 (compatible; SERankingBacklinksBot/1.0; +https://seranking.com/backlinks-crawler)"
14.186.213.240 - - [19/May/2026:16:30:13 +0000] "GET /club/lot/fbxvialby91brbi.html HTTP/1.1" 200 2428 "-" "Mozilla/5.0 (Macintosh; Intel Mac OS X 11_5_1) AppleWebKit/537.36 (KHTML, like Gecko) Chrome/124.0.6367.155 Safari/537.36"
37.27.51.141 - - [19/May/2026:16:30:13 +0000] "GET /items/F300262022/ HTTP/1.1" 200 2428 "-" "Mozilla/5.0 (compatible; SERankingBacklinksBot/1.0; +https://seranking.com/backlinks-crawler)"
37.27.51.141 - - [19/May/2026:16:30:19 +0000] "GET /items/F300279911/ HTTP/1.1" 200 2428 "-" "Mozilla/5.0 (compatible; SERankingBacklinksBot/1.0; +https://seranking.com/backlinks-crawler)"
37.27.51.141 - - [19/May/2026:16:30:28 +0000] "GET /items/F300283163/ HTTP/1.1" 200 2428 "-" "Mozilla/5.0 (compatible; SERankingBacklinksBot/1.0; +https://seranking.com/backlinks-crawler)"
37.27.51.141 - - [19/May/2026:16:30:38 +0000] "GET /items/F300310628/ HTTP/1.1" 200 2428 "-" "Mozilla/5.0 (compatible; SERankingBacklinksBot/1.0; +https://seranking.com/backlinks-crawler)"
200.59.182.5 - - [19/May/2026:16:30:43 +0000] "GET /cluster/property/f4fj0s3bgkjtqt0.html HTTP/1.1" 200 2428 "-" "Mozilla/5.0 (Macintosh; Intel Mac OS X 12.6; rv:125.0) Gecko/20100101 Firefox/125.0"
37.27.51.141 - - [19/May/2026:16:30:48 +0000] "GET /items/F300312759/ HTTP/1.1" 200 2428 "-" "Mozilla/5.0 (compatible; SERankingBacklinksBot/1.0; +https://seranking.com/backlinks-crawler)"
37.27.51.141 - - [19/May/2026:16:30:58 +0000] "GET /items/F300314880/ HTTP/1.1" 200 2428 "-" "Mozilla/5.0 (compatible; SERankingBacklinksBot/1.0; +https://seranking.com/backlinks-crawler)"
37.27.51.141 - - [19/May/2026:16:31:08 +0000] "GET /items/F300316577/ HTTP/1.1" 200 2428 "-" "Mozilla/5.0 (compatible; SERankingBacklinksBot/1.0; +https://seranking.com/backlinks-crawler)"
14.167.115.234 - - [19/May/2026:16:31:12 +0000] "GET /cohort/package/fwuyf7ibv1y8u8f.html HTTP/1.1" 200 2428 "-" "Mozilla/5.0 (Windows NT 10.0; Win64; x64) AppleWebKit/537.36 (KHTML, like Gecko) Chrome/128.0.6613.36 Safari/537.36"
37.27.51.141 - - [19/May/2026:16:31:12 +0000] "GET /items/F300322870/ HTTP/1.1" 200 2428 "-" "Mozilla/5.0 (compatible; SERankingBacklinksBot/1.0; +https://seranking.com/backlinks-crawler)"
37.27.51.141 - - [19/May/2026:16:31:16 +0000] "GET /items/F300334133/ HTTP/1.1" 200 2428 "-" "Mozilla/5.0 (compatible; SERankingBacklinksBot/1.0; +https://seranking.com/backlinks-crawler)"
37.27.51.141 - - [19/May/2026:16:31:19 +0000] "GET /items/F300379810/ HTTP/1.1" 200 2428 "-" "Mozilla/5.0 (compatible; SERankingBacklinksBot/1.0; +https://seranking.com/backlinks-crawler)"
37.27.51.141 - - [19/May/2026:16:31:22 +0000] "GET /items/F300400739/ HTTP/1.1" 200 2428 "-" "Mozilla/5.0 (compatible; SERankingBacklinksBot/1.0; +https://seranking.com/backlinks-crawler)"
37.27.51.141 - - [19/May/2026:16:31:25 +0000] "GET /items/F300422668/ HTTP/1.1" 200 2428 "-" "Mozilla/5.0 (compatible; SERankingBacklinksBot/1.0; +https://seranking.com/backlinks-crawler)"
37.27.51.141 - - [19/May/2026:16:31:29 +0000] "GET /product-category/moab-tour/pri HTTP/1.1" 200 2428 "-" "Mozilla/5.0 (compatible; SERankingBacklinksBot/1.0; +https://seranking.com/backlinks-crawler)"
37.27.51.141 - - [19/May/2026:16:31:32 +0000] "GET /items/F300478688/ HTTP/1.1" 200 2428 "-" "Mozilla/5.0 (compatible; SERankingBacklinksBot/1.0; +https://seranking.com/backlinks-crawler)"
37.27.51.141 - - [19/May/2026:16:31:35 +0000] "GET /items/F300484436/ HTTP/1.1" 200 2428 "-" "Mozilla/5.0 (compatible; SERankingBacklinksBot/1.0; +https://seranking.com/backlinks-crawler)"
37.27.51.141 - - [19/May/2026:16:31:39 +0000] "GET /items/F300741486/ HTTP/1.1" 200 2428 "-" "Mozilla/5.0 (compatible; SERankingBacklinksBot/1.0; +https://seranking.com/backlinks-crawler)"
90.165.244.254 - - [19/May/2026:16:31:40 +0000] "GET /cohort/produce/e121brq9rbqcgo7.html HTTP/1.1" 200 2428 "-" "Mozilla/5.0 (Macintosh; Intel Mac OS X 14_3_1) AppleWebKit/537.36 (KHTML, like Gecko) Chrome/131.0.6778.204 Safari/537.36"
37.27.51.141 - - [19/May/2026:16:31:42 +0000] "GET /items/F300754870/ HTTP/1.1" 200 2428 "-" "Mozilla/5.0 (compatible; SERankingBacklinksBot/1.0; +https://seranking.com/backlinks-crawler)"
37.27.51.141 - - [19/May/2026:16:31:46 +0000] "GET /items/F300871547/ HTTP/1.1" 200 2428 "-" "Mozilla/5.0 (compatible; SERankingBacklinksBot/1.0; +https://seranking.com/backlinks-crawler)"
37.27.51.141 - - [19/May/2026:16:31:49 +0000] "GET /items/F300899880/ HTTP/1.1" 200 2428 "-" "Mozilla/5.0 (compatible; SERankingBacklinksBot/1.0; +https://seranking.com/backlinks-crawler)"
37.27.51.141 - - [19/May/2026:16:31:53 +0000] "GET /items/F300951426/ HTTP/1.1" 200 2428 "-" "Mozilla/5.0 (compatible; SERankingBacklinksBot/1.0; +https://seranking.com/backlinks-crawler)"
37.27.51.141 - - [19/May/2026:16:31:56 +0000] "GET /items/F301050860/ HTTP/1.1" 200 2428 "-" "Mozilla/5.0 (compatible; SERankingBacklinksBot/1.0; +https://seranking.com/backlinks-crawler)"
204.12.208.18 - - [19/May/2026:16:31:58 +0000] "GET /wp-content/x506f80/index.php HTTP/1.1" 200 6 "https://moabmonsters.com/wp-content/x506f80/index.php" "Mozilla/5.0 (Windows NT 6.1; WOW64; rv:9.0.1) Gecko/20100101 Firefox/9.0.1"
37.27.51.141 - - [19/May/2026:16:31:59 +0000] "GET /items/F301100254/ HTTP/1.1" 200 2428 "-" "Mozilla/5.0 (compatible; SERankingBacklinksBot/1.0; +https://seranking.com/backlinks-crawler)"
37.27.51.141 - - [19/May/2026:16:32:03 +0000] "GET /items/F301130416/ HTTP/1.1" 200 2428 "-" "Mozilla/5.0 (compatible; SERankingBacklinksBot/1.0; +https://seranking.com/backlinks-crawler)"
37.27.51.141 - - [19/May/2026:16:32:09 +0000] "GET /items/F301149971/ HTTP/1.1" 200 2428 "-" "Mozilla/5.0 (compatible; SERankingBacklinksBot/1.0; +https://seranking.com/backlinks-crawler)"
132.255.181.135 - - [19/May/2026:16:32:10 +0000] "GET /collection/output/eanfwcbfcwbx19s.html HTTP/1.1" 200 2428 "-" "Mozilla/5.0 (Windows NT 10.0; Win64; x64) AppleWebKit/537.36 (KHTML, like Gecko) Chrome/126.0.6478.182 Safari/537.36"
37.27.51.141 - - [19/May/2026:16:32:13 +0000] "GET /items/F301188456/ HTTP/1.1" 200 2428 "-" "Mozilla/5.0 (compatible; SERankingBacklinksBot/1.0; +https://seranking.com/backlinks-crawler)"
37.27.51.141 - - [19/May/2026:16:32:17 +0000] "GET /items/F301249658/ HTTP/1.1" 200 2428 "-" "Mozilla/5.0 (compatible; SERankingBacklinksBot/1.0; +https://seranking.com/backlinks-crawler)"
37.27.51.141 - - [19/May/2026:16:32:21 +0000] "GET /items/F301254618/ HTTP/1.1" 200 2428 "-" "Mozilla/5.0 (compatible; SERankingBacklinksBot/1.0; +https://seranking.com/backlinks-crawler)"
37.27.51.141 - - [19/May/2026:16:32:25 +0000] "GET /items/F301269911/ HTTP/1.1" 200 2428 "-" "Mozilla/5.0 (compatible; SERankingBacklinksBot/1.0; +https://seranking.com/backlinks-crawler)"
37.27.51.141 - - [19/May/2026:16:32:29 +0000] "GET /items/F301319284/ HTTP/1.1" 200 2428 "-" "Mozilla/5.0 (compatible; SERankingBacklinksBot/1.0; +https://seranking.com/backlinks-crawler)"
37.27.51.141 - - [19/May/2026:16:32:32 +0000] "GET /items/F301340901/ HTTP/1.1" 200 2428 "-" "Mozilla/5.0 (compatible; SERankingBacklinksBot/1.0; +https://seranking.com/backlinks-crawler)"
37.27.51.141 - - [19/May/2026:16:32:35 +0000] "GET /items/F301525052/ HTTP/1.1" 200 2428 "-" "Mozilla/5.0 (compatible; SERankingBacklinksBot/1.0; +https://seranking.com/backlinks-crawler)"
37.27.51.141 - - [19/May/2026:16:32:38 +0000] "GET /items/F301552517/ HTTP/1.1" 200 2428 "-" "Mozilla/5.0 (compatible; SERankingBacklinksBot/1.0; +https://seranking.com/backlinks-crawler)"
69.141.124.203 - - [19/May/2026:16:32:43 +0000] "GET /collection/work/eyn8wcbhcwbxr9s.html HTTP/1.1" 200 2428 "-" "Mozilla/5.0 (Macintosh; Intel Mac OS X 14.6; rv:126.0) Gecko/20100101 Firefox/126.0"
37.27.51.141 - - [19/May/2026:16:32:43 +0000] "GET /items/F301785486/ HTTP/1.1" 200 2428 "-" "Mozilla/5.0 (compatible; SERankingBacklinksBot/1.0; +https://seranking.com/backlinks-crawler)"
37.27.51.141 - - [19/May/2026:16:32:47 +0000] "GET /items/F301868527/ HTTP/1.1" 200 2428 "-" "Mozilla/5.0 (compatible; SERankingBacklinksBot/1.0; +https://seranking.com/backlinks-crawler)"
37.27.51.141 - - [19/May/2026:16:32:51 +0000] "GET /items/F301882355/ HTTP/1.1" 200 2428 "-" "Mozilla/5.0 (compatible; SERankingBacklinksBot/1.0; +https://seranking.com/backlinks-crawler)"
37.27.51.141 - - [19/May/2026:16:32:55 +0000] "GET /items/F301892608/ HTTP/1.1" 200 2428 "-" "Mozilla/5.0 (compatible; SERankingBacklinksBot/1.0; +https://seranking.com/backlinks-crawler)"
37.27.51.141 - - [19/May/2026:16:32:59 +0000] "GET /masonry-gallery-category/masonry/ HTTP/1.1" 200 2428 "-" "Mozilla/5.0 (compatible; SERankingBacklinksBot/1.0; +https://seranking.com/backlinks-crawler)"
37.27.51.141 - - [19/May/2026:16:33:03 +0000] "GET /items/F301951547/ HTTP/1.1" 200 2428 "-" "Mozilla/5.0 (compatible; SERankingBacklinksBot/1.0; +https://seranking.com/backlinks-crawler)"
204.12.208.18 - - [19/May/2026:16:31:37 +0000] "GET /wp-content/x506f80/index.php HTTP/1.1" 200 - "https://moabmonsters.com/wp-content/x506f80/index.php" "Mozilla/4.0 (compatible; MSIE 8.0; Windows NT 5.1; Trident/4.0; .NET CLR 2.0.50727; .NET CLR 3.0.04506.30; .NET CLR 3.0.04506.648)"
79.92.246.9 - - [19/May/2026:16:33:07 +0000] "GET /colony/component/fwbtk0zb08rpqd8.html HTTP/1.1" 200 2428 "-" "Mozilla/5.0 (Macintosh; Intel Mac OS X 12_7_4) AppleWebKit/537.36 (KHTML, like Gecko) Chrome/133.0.6943.98 Safari/537.36"
37.27.51.141 - - [19/May/2026:16:33:08 +0000] "GET /items/F301969547/ HTTP/1.1" 200 2428 "-" "Mozilla/5.0 (compatible; SERankingBacklinksBot/1.0; +https://seranking.com/backlinks-crawler)"
37.27.51.141 - - [19/May/2026:16:33:12 +0000] "GET /items/F301991587/ HTTP/1.1" 200 2428 "-" "Mozilla/5.0 (compatible; SERankingBacklinksBot/1.0; +https://seranking.com/backlinks-crawler)"
37.27.51.141 - - [19/May/2026:16:33:16 +0000] "GET /items/F302012638/ HTTP/1.1" 200 2428 "-" "Mozilla/5.0 (compatible; SERankingBacklinksBot/1.0; +https://seranking.com/backlinks-crawler)"
37.27.51.141 - - [19/May/2026:16:33:20 +0000] "GET /items/F302016911/ HTTP/1.1" 200 2428 "-" "Mozilla/5.0 (compatible; SERankingBacklinksBot/1.0; +https://seranking.com/backlinks-crawler)"
37.27.51.141 - - [19/May/2026:16:33:25 +0000] "GET /items/F302024002/ HTTP/1.1" 200 2428 "-" "Mozilla/5.0 (compatible; SERankingBacklinksBot/1.0; +https://seranking.com/backlinks-crawler)"
37.27.51.141 - - [19/May/2026:16:33:28 +0000] "GET /items/F302056385/ HTTP/1.1" 200 2428 "-" "Mozilla/5.0 (compatible; SERankingBacklinksBot/1.0; +https://seranking.com/backlinks-crawler)"
37.27.51.141 - - [19/May/2026:16:33:33 +0000] "GET /items/F302093173/ HTTP/1.1" 200 2428 "-" "Mozilla/5.0 (compatible; SERankingBacklinksBot/1.0; +https://seranking.com/backlinks-crawler)"
37.27.51.141 - - [19/May/2026:16:33:36 +0000] "GET /items/F302134921/ HTTP/1.1" 200 2428 "-" "Mozilla/5.0 (compatible; SERankingBacklinksBot/1.0; +https://seranking.com/backlinks-crawler)"
14.187.9.80 - - [19/May/2026:16:33:37 +0000] "GET /colony/consignment/fakpt98b9c0yjmh.html HTTP/1.1" 200 2428 "-" "Mozilla/5.0 (Macintosh; Intel Mac OS X 14_1_0) AppleWebKit/537.36 (KHTML, like Gecko) Chrome/129.0.6668.58 Safari/537.36"
37.27.51.141 - - [19/May/2026:16:33:40 +0000] "GET /items/F302202315/ HTTP/1.1" 200 2428 "-" "Mozilla/5.0 (compatible; SERankingBacklinksBot/1.0; +https://seranking.com/backlinks-crawler)"
37.27.51.141 - - [19/May/2026:16:33:43 +0000] "GET /items/F302230214/ HTTP/1.1" 200 2428 "-" "Mozilla/5.0 (compatible; SERankingBacklinksBot/1.0; +https://seranking.com/backlinks-crawler)"
37.27.51.141 - - [19/May/2026:16:33:46 +0000] "GET /items/F302241012/ HTTP/1.1" 200 2428 "-" "Mozilla/5.0 (compatible; SERankingBacklinksBot/1.0; +https://seranking.com/backlinks-crawler)"
37.27.51.141 - - [19/May/2026:16:33:50 +0000] "GET /items/F302260921/ HTTP/1.1" 200 2428 "-" "Mozilla/5.0 (compatible; SERankingBacklinksBot/1.0; +https://seranking.com/backlinks-crawler)"
37.27.51.141 - - [19/May/2026:16:33:55 +0000] "GET /items/F302429446/ HTTP/1.1" 200 2428 "-" "Mozilla/5.0 (compatible; SERankingBacklinksBot/1.0; +https://seranking.com/backlinks-crawler)"
37.27.51.141 - - [19/May/2026:16:33:58 +0000] "GET /items/F302463971/ HTTP/1.1" 200 2428 "-" "Mozilla/5.0 (compatible; SERankingBacklinksBot/1.0; +https://seranking.com/backlinks-crawler)"
37.27.51.141 - - [19/May/2026:16:34:01 +0000] "GET /items/F302517860/ HTTP/1.1" 200 2428 "-" "Mozilla/5.0 (compatible; SERankingBacklinksBot/1.0; +https://seranking.com/backlinks-crawler)"
110.138.83.245 - - [19/May/2026:16:34:05 +0000] "GET /compilation/sort/ekcixp0vd90ymmh.html HTTP/1.1" 200 2428 "-" "Mozilla/5.0 (Windows NT 10.0; Win64; x64) AppleWebKit/537.36 (KHTML, like Gecko) Chrome/132.0.6834.83 Safari/537.36"
37.27.51.141 - - [19/May/2026:16:34:06 +0000] "GET /items/F302564880/ HTTP/1.1" 200 2428 "-" "Mozilla/5.0 (compatible; SERankingBacklinksBot/1.0; +https://seranking.com/backlinks-crawler)"
37.27.51.141 - - [19/May/2026:16:34:11 +0000] "GET /items/F302564901/ HTTP/1.1" 200 2428 "-" "Mozilla/5.0 (compatible; SERankingBacklinksBot/1.0; +https://seranking.com/backlinks-crawler)"
37.27.51.141 - - [19/May/2026:16:34:15 +0000] "GET /items/F302592800/ HTTP/1.1" 200 2428 "-" "Mozilla/5.0 (compatible; SERankingBacklinksBot/1.0; +https://seranking.com/backlinks-crawler)"
37.27.51.141 - - [19/May/2026:16:34:19 +0000] "GET /items/F302605739/ HTTP/1.1" 200 2428 "-" "Mozilla/5.0 (compatible; SERankingBacklinksBot/1.0; +https://seranking.com/backlinks-crawler)"
37.27.51.141 - - [19/May/2026:16:34:26 +0000] "GET /items/F302705961/ HTTP/1.1" 200 2428 "-" "Mozilla/5.0 (compatible; SERankingBacklinksBot/1.0; +https://seranking.com/backlinks-crawler)"
37.27.51.141 - - [19/May/2026:16:34:31 +0000] "GET /items/F302747719/ HTTP/1.1" 200 2428 "-" "Mozilla/5.0 (compatible; SERankingBacklinksBot/1.0; +https://seranking.com/backlinks-crawler)"
36.77.33.50 - - [19/May/2026:16:34:34 +0000] "GET /compilation/specimen/e4n8wcb5cwbx39s.html HTTP/1.1" 200 2428 "-" "Mozilla/5.0 (Macintosh; Intel Mac OS X 15_2_1) AppleWebKit/537.36 (KHTML, like Gecko) Chrome/127.0.6533.120 Safari/537.36"
37.27.51.141 - - [19/May/2026:16:34:35 +0000] "GET /items/F302759961/ HTTP/1.1" 200 2428 "-" "Mozilla/5.0 (compatible; SERankingBacklinksBot/1.0; +https://seranking.com/backlinks-crawler)"
37.27.51.141 - - [19/May/2026:16:34:40 +0000] "GET /masonry-gallery-category/pinterest/ HTTP/1.1" 200 2428 "-" "Mozilla/5.0 (compatible; SERankingBacklinksBot/1.0; +https://seranking.com/backlinks-crawler)"
37.27.51.141 - - [19/May/2026:16:34:45 +0000] "GET /items/F302796648/ HTTP/1.1" 200 2428 "-" "Mozilla/5.0 (compatible; SERankingBacklinksBot/1.0; +https://seranking.com/backlinks-crawler)"
37.27.51.141 - - [19/May/2026:16:34:49 +0000] "GET /items/F302822961/ HTTP/1.1" 200 2428 "-" "Mozilla/5.0 (compatible; SERankingBacklinksBot/1.0; +https://seranking.com/backlinks-crawler)"
37.27.51.141 - - [19/May/2026:16:34:53 +0000] "GET /items/F302837254/ HTTP/1.1" 200 2428 "-" "Mozilla/5.0 (compatible; SERankingBacklinksBot/1.0; +https://seranking.com/backlinks-crawler)"
37.27.51.141 - - [19/May/2026:16:34:58 +0000] "GET /items/F302862567/ HTTP/1.1" 200 2428 "-" "Mozilla/5.0 (compatible; SERankingBacklinksBot/1.0; +https://seranking.com/backlinks-crawler)"
146.174.166.177 - - [19/May/2026:16:35:02 +0000] "GET /conglomeration/ware/evf30s3zgc317pk.html HTTP/1.1" 200 2428 "-" "Mozilla/5.0 (Macintosh; Intel Mac OS X 12_5_0) AppleWebKit/537.36 (KHTML, like Gecko) Chrome/132.0.6834.160 Safari/537.36"
37.27.51.141 - - [19/May/2026:16:35:02 +0000] "GET /items/F302886759/ HTTP/1.1" 200 2428 "-" "Mozilla/5.0 (compatible; SERankingBacklinksBot/1.0; +https://seranking.com/backlinks-crawler)"
37.27.51.141 - - [19/May/2026:16:35:07 +0000] "GET /items/F302934567/ HTTP/1.1" 200 2428 "-" "Mozilla/5.0 (compatible; SERankingBacklinksBot/1.0; +https://seranking.com/backlinks-crawler)"
37.27.51.141 - - [19/May/2026:16:35:11 +0000] "GET /items/F302939284/ HTTP/1.1" 200 2428 "-" "Mozilla/5.0 (compatible; SERankingBacklinksBot/1.0; +https://seranking.com/backlinks-crawler)"
37.27.51.141 - - [19/May/2026:16:35:15 +0000] "GET /items/F303036830/ HTTP/1.1" 200 2428 "-" "Mozilla/5.0 (compatible; SERankingBacklinksBot/1.0; +https://seranking.com/backlinks-crawler)"
37.27.51.141 - - [19/May/2026:16:35:19 +0000] "GET /items/F303067547/ HTTP/1.1" 200 2428 "-" "Mozilla/5.0 (compatible; SERankingBacklinksBot/1.0; +https://seranking.com/backlinks-crawler)"
37.27.51.141 - - [19/May/2026:16:35:24 +0000] "GET /items/F303085870/ HTTP/1.1" 200 2428 "-" "Mozilla/5.0 (compatible; SERankingBacklinksBot/1.0; +https://seranking.com/backlinks-crawler)"
37.27.51.141 - - [19/May/2026:16:35:28 +0000] "GET /items/F303122880/ HTTP/1.1" 200 2428 "-" "Mozilla/5.0 (compatible; SERankingBacklinksBot/1.0; +https://seranking.com/backlinks-crawler)"
82.22.173.42 - - [19/May/2026:16:35:32 +0000] "GET /continuum/feature/f90gldob1j4e4el.html HTTP/1.1" 200 2428 "-" "Mozilla/5.0 (Windows NT 10.0; Win64; x64) AppleWebKit/537.36 (KHTML, like Gecko) Chrome/129.0.6668.100 Safari/537.36"
37.27.51.141 - - [19/May/2026:16:35:32 +0000] "GET /items/F303157325/ HTTP/1.1" 200 2428 "-" "Mozilla/5.0 (compatible; SERankingBacklinksBot/1.0; +https://seranking.com/backlinks-crawler)"
37.27.51.141 - - [19/May/2026:16:35:37 +0000] "GET /items/F303166325/ HTTP/1.1" 200 2428 "-" "Mozilla/5.0 (compatible; SERankingBacklinksBot/1.0; +https://seranking.com/backlinks-crawler)"
37.27.51.141 - - [19/May/2026:16:35:41 +0000] "GET /items/F303188931/ HTTP/1.1" 200 2428 "-" "Mozilla/5.0 (compatible; SERankingBacklinksBot/1.0; +https://seranking.com/backlinks-crawler)"
37.27.51.141 - - [19/May/2026:16:35:45 +0000] "GET /items/F303241466/ HTTP/1.1" 200 2428 "-" "Mozilla/5.0 (compatible; SERankingBacklinksBot/1.0; +https://seranking.com/backlinks-crawler)"
37.27.51.141 - - [19/May/2026:16:35:50 +0000] "GET /items/F303256325/ HTTP/1.1" 200 2428 "-" "Mozilla/5.0 (compatible; SERankingBacklinksBot/1.0; +https://seranking.com/backlinks-crawler)"
37.27.51.141 - - [19/May/2026:16:35:54 +0000] "GET /items/F303295577/ HTTP/1.1" 200 2428 "-" "Mozilla/5.0 (compatible; SERankingBacklinksBot/1.0; +https://seranking.com/backlinks-crawler)"
37.27.51.141 - - [19/May/2026:16:35:58 +0000] "GET /items/F303337870/ HTTP/1.1" 200 2428 "-" "Mozilla/5.0 (compatible; SERankingBacklinksBot/1.0; +https://seranking.com/backlinks-crawler)"
58.11.157.146 - - [19/May/2026:16:36:01 +0000] "GET /department/offshoot/f2vmswjb88n9yl4.html HTTP/1.1" 200 2428 "-" "Mozilla/5.0 (Macintosh; Intel Mac OS X 15_4_0) AppleWebKit/537.36 (KHTML, like Gecko) Chrome/131.0.6778.265 Safari/537.36"
37.27.51.141 - - [19/May/2026:16:36:02 +0000] "GET /items/F303368032/ HTTP/1.1" 200 2428 "-" "Mozilla/5.0 (compatible; SERankingBacklinksBot/1.0; +https://seranking.com/backlinks-crawler)"
37.27.51.141 - - [19/May/2026:16:36:05 +0000] "GET /items/F303373769/ HTTP/1.1" 200 2428 "-" "Mozilla/5.0 (compatible; SERankingBacklinksBot/1.0; +https://seranking.com/backlinks-crawler)"
37.27.51.141 - - [19/May/2026:16:36:08 +0000] "GET /items/F303404719/ HTTP/1.1" 200 2428 "-" "Mozilla/5.0 (compatible; SERankingBacklinksBot/1.0; +https://seranking.com/backlinks-crawler)"
37.27.51.141 - - [19/May/2026:16:36:12 +0000] "GET /items/F303503719/ HTTP/1.1" 200 2428 "-" "Mozilla/5.0 (compatible; SERankingBacklinksBot/1.0; +https://seranking.com/backlinks-crawler)"
37.27.51.141 - - [19/May/2026:16:36:15 +0000] "GET /items/F303560850/ HTTP/1.1" 200 2428 "-" "Mozilla/5.0 (compatible; SERankingBacklinksBot/1.0; +https://seranking.com/backlinks-crawler)"
37.27.51.141 - - [19/May/2026:16:36:18 +0000] "GET /accommodation/moab-oct-30-nov-3-2025/ HTTP/1.1" 200 2428 "-" "Mozilla/5.0 (compatible; SERankingBacklinksBot/1.0; +https://seranking.com/backlinks-crawler)"
37.27.51.141 - - [19/May/2026:16:36:21 +0000] "GET /items/F303584931/ HTTP/1.1" 200 2428 "-" "Mozilla/5.0 (compatible; SERankingBacklinksBot/1.0; +https://seranking.com/backlinks-crawler)"
37.27.51.141 - - [19/May/2026:16:36:25 +0000] "GET /items/F303606072/ HTTP/1.1" 200 2428 "-" "Mozilla/5.0 (compatible; SERankingBacklinksBot/1.0; +https://seranking.com/backlinks-crawler)"
37.27.51.141 - - [19/May/2026:16:36:28 +0000] "GET /items/F303695416/ HTTP/1.1" 200 2428 "-" "Mozilla/5.0 (compatible; SERankingBacklinksBot/1.0; +https://seranking.com/backlinks-crawler)"
45.190.159.204 - - [19/May/2026:16:36:30 +0000] "GET /department/property/fzrqc4fbsov5o5c.html HTTP/1.1" 200 2428 "-" "Mozilla/5.0 (Macintosh; Intel Mac OS X 12_4_0) AppleWebKit/537.36 (KHTML, like Gecko) Chrome/126.0.6478.126 Safari/537.36"
37.27.51.141 - - [19/May/2026:16:36:31 +0000] "GET /items/F303853133/ HTTP/1.1" 200 2428 "-" "Mozilla/5.0 (compatible; SERankingBacklinksBot/1.0; +https://seranking.com/backlinks-crawler)"
37.27.51.141 - - [19/May/2026:16:36:38 +0000] "GET /items/F304018406/ HTTP/1.1" 200 2428 "-" "Mozilla/5.0 (compatible; SERankingBacklinksBot/1.0; +https://seranking.com/backlinks-crawler)"
37.27.51.141 - - [19/May/2026:16:36:44 +0000] "GET /items/F304025820/ HTTP/1.1" 200 2428 "-" "Mozilla/5.0 (compatible; SERankingBacklinksBot/1.0; +https://seranking.com/backlinks-crawler)"
37.27.51.141 - - [19/May/2026:16:36:47 +0000] "GET /items/F304052931/ HTTP/1.1" 200 2428 "-" "Mozilla/5.0 (compatible; SERankingBacklinksBot/1.0; +https://seranking.com/backlinks-crawler)"
37.27.51.141 - - [19/May/2026:16:36:50 +0000] "GET /items/F304054163/ HTTP/1.1" 200 2428 "-" "Mozilla/5.0 (compatible; SERankingBacklinksBot/1.0; +https://seranking.com/backlinks-crawler)"
66.249.68.70 - - [19/May/2026:16:36:51 +0000] "GET /classification/appliance/eujngk7iw47hkho.html HTTP/1.1" 200 63111 "-" "Mozilla/5.0 (compatible; Googlebot/2.1; +http://www.google.com/bot.html)"
37.27.51.141 - - [19/May/2026:16:36:54 +0000] "GET /items/F304077123/ HTTP/1.1" 200 2428 "-" "Mozilla/5.0 (compatible; SERankingBacklinksBot/1.0; +https://seranking.com/backlinks-crawler)"
37.27.51.141 - - [19/May/2026:16:36:57 +0000] "GET /items/F304086789/ HTTP/1.1" 200 2428 "-" "Mozilla/5.0 (compatible; SERankingBacklinksBot/1.0; +https://seranking.com/backlinks-crawler)"
103.226.184.162 - - [19/May/2026:16:36:59 +0000] "GET /division/fruit/fddmae1bqb5r93m.html HTTP/1.1" 200 2428 "-" "Mozilla/5.0 (Macintosh; Intel Mac OS X 15_3_1) AppleWebKit/537.36 (KHTML, like Gecko) Chrome/125.0.6422.176 Safari/537.36"
37.27.51.141 - - [19/May/2026:16:37:02 +0000] "GET /items/F304107486/ HTTP/1.1" 200 2428 "-" "Mozilla/5.0 (compatible; SERankingBacklinksBot/1.0; +https://seranking.com/backlinks-crawler)"
37.27.51.141 - - [19/May/2026:16:37:05 +0000] "GET /items/F304145416/ HTTP/1.1" 200 2428 "-" "Mozilla/5.0 (compatible; SERankingBacklinksBot/1.0; +https://seranking.com/backlinks-crawler)"
37.27.51.141 - - [19/May/2026:16:37:09 +0000] "GET /items/F304157224/ HTTP/1.1" 200 2428 "-" "Mozilla/5.0 (compatible; SERankingBacklinksBot/1.0; +https://seranking.com/backlinks-crawler)"
37.27.51.141 - - [19/May/2026:16:37:13 +0000] "GET /items/F304208638/ HTTP/1.1" 200 2428 "-" "Mozilla/5.0 (compatible; SERankingBacklinksBot/1.0; +https://seranking.com/backlinks-crawler)"
37.27.51.141 - - [19/May/2026:16:37:16 +0000] "GET /items/F304233507/ HTTP/1.1" 200 2428 "-" "Mozilla/5.0 (compatible; SERankingBacklinksBot/1.0; +https://seranking.com/backlinks-crawler)"
37.27.51.141 - - [19/May/2026:16:37:19 +0000] "GET /items/F304243163/ HTTP/1.1" 200 2428 "-" "Mozilla/5.0 (compatible; SERankingBacklinksBot/1.0; +https://seranking.com/backlinks-crawler)"
37.27.51.141 - - [19/May/2026:16:37:25 +0000] "GET /items/F304273436/ HTTP/1.1" 200 2428 "-" "Mozilla/5.0 (compatible; SERankingBacklinksBot/1.0; +https://seranking.com/backlinks-crawler)"
37.27.51.141 - - [19/May/2026:16:37:28 +0000] "GET /items/F304373901/ HTTP/1.1" 200 2428 "-" "Mozilla/5.0 (compatible; SERankingBacklinksBot/1.0; +https://seranking.com/backlinks-crawler)"
14.235.79.186 - - [19/May/2026:16:37:28 +0000] "GET /establishment/asset/f17v48vbkfzl3xg.html HTTP/1.1" 200 2428 "-" "Mozilla/5.0 (Macintosh; U; PPC Mac OS X; en-us) AppleWebKit/125.5.5 (KHTML, like Gecko) Safari/125.11"
37.27.51.141 - - [19/May/2026:16:37:31 +0000] "GET /items/F304375688/ HTTP/1.1" 200 2428 "-" "Mozilla/5.0 (compatible; SERankingBacklinksBot/1.0; +https://seranking.com/backlinks-crawler)"
37.27.51.141 - - [19/May/2026:16:37:34 +0000] "GET /items/F304417436/ HTTP/1.1" 200 2428 "-" "Mozilla/5.0 (compatible; SERankingBacklinksBot/1.0; +https://seranking.com/backlinks-crawler)"
37.27.51.141 - - [19/May/2026:16:37:38 +0000] "GET /items/F304455567/ HTTP/1.1" 200 2428 "-" "Mozilla/5.0 (compatible; SERankingBacklinksBot/1.0; +https://seranking.com/backlinks-crawler)"
37.27.51.141 - - [19/May/2026:16:37:41 +0000] "GET /items/F304462436/ HTTP/1.1" 200 2428 "-" "Mozilla/5.0 (compatible; SERankingBacklinksBot/1.0; +https://seranking.com/backlinks-crawler)"
37.27.51.141 - - [19/May/2026:16:37:45 +0000] "GET /items/F304486163/ HTTP/1.1" 200 2428 "-" "Mozilla/5.0 (compatible; SERankingBacklinksBot/1.0; +https://seranking.com/backlinks-crawler)"
37.27.51.141 - - [19/May/2026:16:37:49 +0000] "GET /items/F304488759/ HTTP/1.1" 200 2428 "-" "Mozilla/5.0 (compatible; SERankingBacklinksBot/1.0; +https://seranking.com/backlinks-crawler)"
37.27.51.141 - - [19/May/2026:16:37:53 +0000] "GET /items/F304658638/ HTTP/1.1" 200 2428 "-" "Mozilla/5.0 (compatible; SERankingBacklinksBot/1.0; +https://seranking.com/backlinks-crawler)"
37.27.51.141 - - [19/May/2026:16:37:57 +0000] "GET /items/F304660103/ HTTP/1.1" 200 2428 "-" "Mozilla/5.0 (compatible; SERankingBacklinksBot/1.0; +https://seranking.com/backlinks-crawler)"
123.20.41.225 - - [19/May/2026:16:37:57 +0000] "GET /establishment/effect/ef2rbrq0rbqcfo7.html HTTP/1.1" 200 2428 "-" "Mozilla/5.0 (Macintosh; Intel Mac OS X 14_3_1) AppleWebKit/537.36 (KHTML, like Gecko) Chrome/131.0.6778.204 Safari/537.36"
37.27.51.141 - - [19/May/2026:16:38:01 +0000] "GET /items/F304667961/ HTTP/1.1" 200 2428 "-" "Mozilla/5.0 (compatible; SERankingBacklinksBot/1.0; +https://seranking.com/backlinks-crawler)"
37.27.51.141 - - [19/May/2026:16:38:05 +0000] "GET /items/F304675406/ HTTP/1.1" 200 2428 "-" "Mozilla/5.0 (compatible; SERankingBacklinksBot/1.0; +https://seranking.com/backlinks-crawler)"
37.27.51.141 - - [19/May/2026:16:38:09 +0000] "GET /items/F304687547/ HTTP/1.1" 200 2428 "-" "Mozilla/5.0 (compatible; SERankingBacklinksBot/1.0; +https://seranking.com/backlinks-crawler)"
37.27.51.141 - - [19/May/2026:16:38:13 +0000] "GET /items/F304716911/ HTTP/1.1" 200 2428 "-" "Mozilla/5.0 (compatible; SERankingBacklinksBot/1.0; +https://seranking.com/backlinks-crawler)"
37.27.51.141 - - [19/May/2026:16:38:18 +0000] "GET /items/F304787113/ HTTP/1.1" 200 2428 "-" "Mozilla/5.0 (compatible; SERankingBacklinksBot/1.0; +https://seranking.com/backlinks-crawler)"
37.27.51.141 - - [19/May/2026:16:38:22 +0000] "GET /items/F304788567/ HTTP/1.1" 200 2428 "-" "Mozilla/5.0 (compatible; SERankingBacklinksBot/1.0; +https://seranking.com/backlinks-crawler)"
37.27.51.141 - - [19/May/2026:16:38:26 +0000] "GET /items/F304790476/ HTTP/1.1" 200 2428 "-" "Mozilla/5.0 (compatible; SERankingBacklinksBot/1.0; +https://seranking.com/backlinks-crawler)"
122.11.242.140 - - [19/May/2026:16:38:26 +0000] "GET /establishment/piece/erwx5lknl5k6wi1.html HTTP/1.1" 200 2428 "-" "Mozilla/5.0 (Macintosh; Intel Mac OS X 11.1; rv:130.0) Gecko/20100101 Firefox/130.0"
37.27.51.141 - - [19/May/2026:16:38:30 +0000] "GET /items/F304815234/ HTTP/1.1" 200 2428 "-" "Mozilla/5.0 (compatible; SERankingBacklinksBot/1.0; +https://seranking.com/backlinks-crawler)"
37.27.51.141 - - [19/May/2026:16:38:34 +0000] "GET /items/F304825355/ HTTP/1.1" 200 2428 "-" "Mozilla/5.0 (compatible; SERankingBacklinksBot/1.0; +https://seranking.com/backlinks-crawler)"
37.27.51.141 - - [19/May/2026:16:38:38 +0000] "GET /items/F304832113/ HTTP/1.1" 200 2428 "-" "Mozilla/5.0 (compatible; SERankingBacklinksBot/1.0; +https://seranking.com/backlinks-crawler)"
37.27.51.141 - - [19/May/2026:16:38:42 +0000] "GET /items/F304888022/ HTTP/1.1" 200 2428 "-" "Mozilla/5.0 (compatible; SERankingBacklinksBot/1.0; +https://seranking.com/backlinks-crawler)"
37.27.51.141 - - [19/May/2026:16:38:46 +0000] "GET /items/F304892284/ HTTP/1.1" 200 2428 "-" "Mozilla/5.0 (compatible; SERankingBacklinksBot/1.0; +https://seranking.com/backlinks-crawler)"
37.27.51.141 - - [19/May/2026:16:38:50 +0000] "GET /items/F304909052/ HTTP/1.1" 200 2428 "-" "Mozilla/5.0 (compatible; SERankingBacklinksBot/1.0; +https://seranking.com/backlinks-crawler)"
14.187.70.28 - - [19/May/2026:16:38:54 +0000] "GET /facet/gadget/f2z08onbozfdh1w.html HTTP/1.1" 200 2428 "-" "Mozilla/5.0 (Macintosh; Intel Mac OS X 15.2; rv:134.0) Gecko/20100101 Firefox/134.0"
37.27.51.141 - - [19/May/2026:16:38:55 +0000] "GET /items/F304958335/ HTTP/1.1" 200 2428 "-" "Mozilla/5.0 (compatible; SERankingBacklinksBot/1.0; +https://seranking.com/backlinks-crawler)"
37.27.51.141 - - [19/May/2026:16:38:58 +0000] "GET /items/F304964305/ HTTP/1.1" 200 2428 "-" "Mozilla/5.0 (compatible; SERankingBacklinksBot/1.0; +https://seranking.com/backlinks-crawler)"
37.27.51.141 - - [19/May/2026:16:39:02 +0000] "GET /items/F305020658/ HTTP/1.1" 200 2428 "-" "Mozilla/5.0 (compatible; SERankingBacklinksBot/1.0; +https://seranking.com/backlinks-crawler)"
37.27.51.141 - - [19/May/2026:16:39:07 +0000] "GET /items/F305029082/ HTTP/1.1" 200 2428 "-" "Mozilla/5.0 (compatible; SERankingBacklinksBot/1.0; +https://seranking.com/backlinks-crawler)"
37.27.51.141 - - [19/May/2026:16:39:11 +0000] "GET /items/F305051143/ HTTP/1.1" 200 2428 "-" "Mozilla/5.0 (compatible; SERankingBacklinksBot/1.0; +https://seranking.com/backlinks-crawler)"
37.27.51.141 - - [19/May/2026:16:39:15 +0000] "GET /items/F305061153/ HTTP/1.1" 200 2428 "-" "Mozilla/5.0 (compatible; SERankingBacklinksBot/1.0; +https://seranking.com/backlinks-crawler)"
37.27.51.141 - - [19/May/2026:16:39:19 +0000] "GET /items/F305064759/ HTTP/1.1" 200 2428 "-" "Mozilla/5.0 (compatible; SERankingBacklinksBot/1.0; +https://seranking.com/backlinks-crawler)"
66.249.68.70 - - [19/May/2026:16:39:21 +0000] "GET /continuum/crop/e3vcswje8gjtmt0.html HTTP/1.1" 200 77763 "-" "Mozilla/5.0 (Linux; Android 6.0.1; Nexus 5X Build/MMB29P) AppleWebKit/537.36 (KHTML, like Gecko) Chrome/148.0.7778.96 Mobile Safari/537.36 (compatible; Googlebot/2.1; +http://www.google.com/bot.html)"
37.27.51.141 - - [19/May/2026:16:39:23 +0000] "GET /items/F305079941/ HTTP/1.1" 200 2428 "-" "Mozilla/5.0 (compatible; SERankingBacklinksBot/1.0; +https://seranking.com/backlinks-crawler)"
113.186.86.172 - - [19/May/2026:16:39:24 +0000] "GET /faction/installment/fh6wrjub70ak3kr.html HTTP/1.1" 200 2428 "-" "Mozilla/5.0 (Windows NT 10.0; WOW64; rv:131.0) Gecko/20100101 Firefox/131.0"
37.27.51.141 - - [19/May/2026:16:39:27 +0000] "GET /items/F305091648/ HTTP/1.1" 200 2428 "-" "Mozilla/5.0 (compatible; SERankingBacklinksBot/1.0; +https://seranking.com/backlinks-crawler)"
37.27.51.141 - - [19/May/2026:16:39:33 +0000] "GET /items/F305119325/ HTTP/1.1" 200 2428 "-" "Mozilla/5.0 (compatible; SERankingBacklinksBot/1.0; +https://seranking.com/backlinks-crawler)"
37.27.51.141 - - [19/May/2026:16:39:38 +0000] "GET /items/F305132931/ HTTP/1.1" 200 2428 "-" "Mozilla/5.0 (compatible; SERankingBacklinksBot/1.0; +https://seranking.com/backlinks-crawler)"
37.27.51.141 - - [19/May/2026:16:39:43 +0000] "GET /items/F305175911/ HTTP/1.1" 200 2428 "-" "Mozilla/5.0 (compatible; SERankingBacklinksBot/1.0; +https://seranking.com/backlinks-crawler)"
37.27.51.141 - - [19/May/2026:16:39:48 +0000] "GET /items/F305245658/ HTTP/1.1" 200 2428 "-" "Mozilla/5.0 (compatible; SERankingBacklinksBot/1.0; +https://seranking.com/backlinks-crawler)"
37.27.51.141 - - [19/May/2026:16:39:52 +0000] "GET /items/F305274123/ HTTP/1.1" 200 2428 "-" "Mozilla/5.0 (compatible; SERankingBacklinksBot/1.0; +https://seranking.com/backlinks-crawler)"
37.27.51.141 - - [19/May/2026:16:39:55 +0000] "GET /items/F305297961/ HTTP/1.1" 200 2428 "-" "Mozilla/5.0 (compatible; SERankingBacklinksBot/1.0; +https://seranking.com/backlinks-crawler)"
37.27.51.141 - - [19/May/2026:16:39:59 +0000] "GET /items/F305322618/ HTTP/1.1" 200 2428 "-" "Mozilla/5.0 (compatible; SERankingBacklinksBot/1.0; +https://seranking.com/backlinks-crawler)"
37.27.51.141 - - [19/May/2026:16:40:02 +0000] "GET /items/F305346345/ HTTP/1.1" 200 2428 "-" "Mozilla/5.0 (compatible; SERankingBacklinksBot/1.0; +https://seranking.com/backlinks-crawler)"
37.27.51.141 - - [19/May/2026:16:40:06 +0000] "GET /items/F305370183/ HTTP/1.1" 200 2428 "-" "Mozilla/5.0 (compatible; SERankingBacklinksBot/1.0; +https://seranking.com/backlinks-crawler)"
37.27.51.141 - - [19/May/2026:16:40:09 +0000] "GET /items/F305422163/ HTTP/1.1" 200 2428 "-" "Mozilla/5.0 (compatible; SERankingBacklinksBot/1.0; +https://seranking.com/backlinks-crawler)"
37.27.51.141 - - [19/May/2026:16:40:14 +0000] "GET /items/F305428688/ HTTP/1.1" 200 2428 "-" "Mozilla/5.0 (compatible; SERankingBacklinksBot/1.0; +https://seranking.com/backlinks-crawler)"
37.27.51.141 - - [19/May/2026:16:40:17 +0000] "GET /items/F305489880/ HTTP/1.1" 200 2428 "-" "Mozilla/5.0 (compatible; SERankingBacklinksBot/1.0; +https://seranking.com/backlinks-crawler)"
37.27.51.141 - - [19/May/2026:16:40:21 +0000] "GET /items/F305507557/ HTTP/1.1" 200 2428 "-" "Mozilla/5.0 (compatible; SERankingBacklinksBot/1.0; +https://seranking.com/backlinks-crawler)"
49.130.200.142 - - [19/May/2026:16:40:22 +0000] "GET /family/device/f97k48vbkgzlkxg.html HTTP/1.1" 200 2428 "-" "Mozilla/5.0 (Macintosh; Intel Mac OS X 10.15; rv:129.0) Gecko/20100101 Firefox/129.0"
37.27.51.141 - - [19/May/2026:16:40:25 +0000] "GET /items/F305510254/ HTTP/1.1" 200 2428 "-" "Mozilla/5.0 (compatible; SERankingBacklinksBot/1.0; +https://seranking.com/backlinks-crawler)"
37.27.51.141 - - [19/May/2026:16:40:28 +0000] "GET /items/F305558850/ HTTP/1.1" 200 2428 "-" "Mozilla/5.0 (compatible; SERankingBacklinksBot/1.0; +https://seranking.com/backlinks-crawler)"
37.27.51.141 - - [19/May/2026:16:40:32 +0000] "GET /items/F305661567/ HTTP/1.1" 200 2428 "-" "Mozilla/5.0 (compatible; SERankingBacklinksBot/1.0; +https://seranking.com/backlinks-crawler)"
37.27.51.141 - - [19/May/2026:16:40:36 +0000] "GET /items/F305715567/ HTTP/1.1" 200 2428 "-" "Mozilla/5.0 (compatible; SERankingBacklinksBot/1.0; +https://seranking.com/backlinks-crawler)"
