37.27.51.141 - - [19/May/2026:14:18:45 +0000] "GET /items/F267538022/ HTTP/1.1" 200 2428 "-" "Mozilla/5.0 (compatible; SERankingBacklinksBot/1.0; +https://seranking.com/backlinks-crawler)"
37.27.51.141 - - [19/May/2026:14:18:49 +0000] "GET /items/F267554446/ HTTP/1.1" 200 2428 "-" "Mozilla/5.0 (compatible; SERankingBacklinksBot/1.0; +https://seranking.com/backlinks-crawler)"
37.27.51.141 - - [19/May/2026:14:18:53 +0000] "GET /items/F267641527/ HTTP/1.1" 200 2428 "-" "Mozilla/5.0 (compatible; SERankingBacklinksBot/1.0; +https://seranking.com/backlinks-crawler)"
37.27.51.141 - - [19/May/2026:14:18:57 +0000] "GET /items/F267675375/ HTTP/1.1" 200 2428 "-" "Mozilla/5.0 (compatible; SERankingBacklinksBot/1.0; +https://seranking.com/backlinks-crawler)"
37.27.51.141 - - [19/May/2026:14:19:00 +0000] "GET /items/F267685951/ HTTP/1.1" 200 2428 "-" "Mozilla/5.0 (compatible; SERankingBacklinksBot/1.0; +https://seranking.com/backlinks-crawler)"
37.27.51.141 - - [19/May/2026:14:19:04 +0000] "GET /items/F267723759/ HTTP/1.1" 200 2428 "-" "Mozilla/5.0 (compatible; SERankingBacklinksBot/1.0; +https://seranking.com/backlinks-crawler)"
37.27.51.141 - - [19/May/2026:14:19:07 +0000] "GET /items/F315610517/ HTTP/1.1" 200 2428 "-" "Mozilla/5.0 (compatible; SERankingBacklinksBot/1.0; +https://seranking.com/backlinks-crawler)"
37.27.51.141 - - [19/May/2026:14:19:10 +0000] "GET /items/F267741971/ HTTP/1.1" 200 2428 "-" "Mozilla/5.0 (compatible; SERankingBacklinksBot/1.0; +https://seranking.com/backlinks-crawler)"
37.27.51.141 - - [19/May/2026:14:19:15 +0000] "GET /items/F267747618/ HTTP/1.1" 200 2428 "-" "Mozilla/5.0 (compatible; SERankingBacklinksBot/1.0; +https://seranking.com/backlinks-crawler)"
37.27.51.141 - - [19/May/2026:14:19:19 +0000] "GET /items/F267808577/ HTTP/1.1" 200 2428 "-" "Mozilla/5.0 (compatible; SERankingBacklinksBot/1.0; +https://seranking.com/backlinks-crawler)"
37.27.51.141 - - [19/May/2026:14:19:23 +0000] "GET /items/F267843345/ HTTP/1.1" 200 2428 "-" "Mozilla/5.0 (compatible; SERankingBacklinksBot/1.0; +https://seranking.com/backlinks-crawler)"
37.27.51.141 - - [19/May/2026:14:19:28 +0000] "GET /items/F267853688/ HTTP/1.1" 200 2428 "-" "Mozilla/5.0 (compatible; SERankingBacklinksBot/1.0; +https://seranking.com/backlinks-crawler)"
66.249.68.70 - - [19/May/2026:14:19:30 +0000] "GET /faction/return/e4pjmqdc2adnonu.html HTTP/1.1" 200 61978 "-" "Mozilla/5.0 (Linux; Android 6.0.1; Nexus 5X Build/MMB29P) AppleWebKit/537.36 (KHTML, like Gecko) Chrome/148.0.7778.96 Mobile Safari/537.36 (compatible; GoogleOther)"
37.27.51.141 - - [19/May/2026:14:19:33 +0000] "GET /items/F267873830/ HTTP/1.1" 200 2428 "-" "Mozilla/5.0 (compatible; SERankingBacklinksBot/1.0; +https://seranking.com/backlinks-crawler)"
37.27.51.141 - - [19/May/2026:14:19:37 +0000] "GET /items/F267963830/ HTTP/1.1" 200 2428 "-" "Mozilla/5.0 (compatible; SERankingBacklinksBot/1.0; +https://seranking.com/backlinks-crawler)"
37.27.51.141 - - [19/May/2026:14:19:41 +0000] "GET /items/F267976658/ HTTP/1.1" 200 2428 "-" "Mozilla/5.0 (compatible; SERankingBacklinksBot/1.0; +https://seranking.com/backlinks-crawler)"
37.27.51.141 - - [19/May/2026:14:19:45 +0000] "GET /items/F267980143/ HTTP/1.1" 200 2428 "-" "Mozilla/5.0 (compatible; SERankingBacklinksBot/1.0; +https://seranking.com/backlinks-crawler)"
37.27.51.141 - - [19/May/2026:14:19:48 +0000] "GET /items/F268015133/ HTTP/1.1" 200 2428 "-" "Mozilla/5.0 (compatible; SERankingBacklinksBot/1.0; +https://seranking.com/backlinks-crawler)"
66.249.68.68 - - [19/May/2026:14:19:49 +0000] "GET /strain/release/eqk9t98b9t8uy6p.html HTTP/1.1" 200 65468 "-" "Mozilla/5.0 (Linux; Android 6.0.1; Nexus 5X Build/MMB29P) AppleWebKit/537.36 (KHTML, like Gecko) Chrome/148.0.7778.96 Mobile Safari/537.36 (compatible; Googlebot/2.1; +http://www.google.com/bot.html)"
37.27.51.141 - - [19/May/2026:14:19:57 +0000] "GET /items/F268185234/ HTTP/1.1" 200 2428 "-" "Mozilla/5.0 (compatible; SERankingBacklinksBot/1.0; +https://seranking.com/backlinks-crawler)"
37.27.51.141 - - [19/May/2026:14:20:01 +0000] "GET /items/F268234628/ HTTP/1.1" 200 2428 "-" "Mozilla/5.0 (compatible; SERankingBacklinksBot/1.0; +https://seranking.com/backlinks-crawler)"
37.27.51.141 - - [19/May/2026:14:20:04 +0000] "GET /items/F268255658/ HTTP/1.1" 200 2428 "-" "Mozilla/5.0 (compatible; SERankingBacklinksBot/1.0; +https://seranking.com/backlinks-crawler)"
37.27.51.141 - - [19/May/2026:14:20:09 +0000] "GET /items/F268271961/ HTTP/1.1" 200 2428 "-" "Mozilla/5.0 (compatible; SERankingBacklinksBot/1.0; +https://seranking.com/backlinks-crawler)"
37.27.51.141 - - [19/May/2026:14:20:13 +0000] "GET /items/F268333406/ HTTP/1.1" 200 2428 "-" "Mozilla/5.0 (compatible; SERankingBacklinksBot/1.0; +https://seranking.com/backlinks-crawler)"
37.27.51.141 - - [19/May/2026:14:20:17 +0000] "GET /items/F268336103/ HTTP/1.1" 200 2428 "-" "Mozilla/5.0 (compatible; SERankingBacklinksBot/1.0; +https://seranking.com/backlinks-crawler)"
85.244.176.15 - - [19/May/2026:14:20:19 +0000] "GET /items/F60569284/ HTTP/1.1" 200 2428 "-" "Mozilla/5.0 (Macintosh; Intel Mac OS X 13_5_0) AppleWebKit/537.36 (KHTML, like Gecko) Chrome/133.0.6943.53 Safari/537.36"
37.27.51.141 - - [19/May/2026:14:20:21 +0000] "GET /items/F268410234/ HTTP/1.1" 200 2428 "-" "Mozilla/5.0 (compatible; SERankingBacklinksBot/1.0; +https://seranking.com/backlinks-crawler)"
37.27.51.141 - - [19/May/2026:14:20:24 +0000] "GET /items/F268412476/ HTTP/1.1" 200 2428 "-" "Mozilla/5.0 (compatible; SERankingBacklinksBot/1.0; +https://seranking.com/backlinks-crawler)"
37.27.51.141 - - [19/May/2026:14:20:28 +0000] "GET /items/F268427557/ HTTP/1.1" 200 2428 "-" "Mozilla/5.0 (compatible; SERankingBacklinksBot/1.0; +https://seranking.com/backlinks-crawler)"
66.249.68.68 - - [19/May/2026:14:20:30 +0000] "GET /cluster/installment/fe6hrjub7cak9kr.html HTTP/1.1" 200 59054 "-" "Mozilla/5.0 (Linux; Android 6.0.1; Nexus 5X Build/MMB29P) AppleWebKit/537.36 (KHTML, like Gecko) Chrome/148.0.7778.96 Mobile Safari/537.36 (compatible; Googlebot/2.1; +http://www.google.com/bot.html)"
37.27.51.141 - - [19/May/2026:14:20:31 +0000] "GET /items/F268435325/ HTTP/1.1" 200 2428 "-" "Mozilla/5.0 (compatible; SERankingBacklinksBot/1.0; +https://seranking.com/backlinks-crawler)"
37.27.51.141 - - [19/May/2026:14:20:34 +0000] "GET /items/F268479426/ HTTP/1.1" 200 2428 "-" "Mozilla/5.0 (compatible; SERankingBacklinksBot/1.0; +https://seranking.com/backlinks-crawler)"
37.27.51.141 - - [19/May/2026:14:20:39 +0000] "GET /items/F268538254/ HTTP/1.1" 200 2428 "-" "Mozilla/5.0 (compatible; SERankingBacklinksBot/1.0; +https://seranking.com/backlinks-crawler)"
37.27.51.141 - - [19/May/2026:14:20:43 +0000] "GET /items/F268592032/ HTTP/1.1" 200 2428 "-" "Mozilla/5.0 (compatible; SERankingBacklinksBot/1.0; +https://seranking.com/backlinks-crawler)"
37.27.51.141 - - [19/May/2026:14:20:46 +0000] "GET /items/F315655517/ HTTP/1.1" 200 2428 "-" "Mozilla/5.0 (compatible; SERankingBacklinksBot/1.0; +https://seranking.com/backlinks-crawler)"
37.27.51.141 - - [19/May/2026:14:20:50 +0000] "GET /items/F268656941/ HTTP/1.1" 200 2428 "-" "Mozilla/5.0 (compatible; SERankingBacklinksBot/1.0; +https://seranking.com/backlinks-crawler)"
37.27.51.141 - - [19/May/2026:14:20:53 +0000] "GET /items/F268667284/ HTTP/1.1" 200 2428 "-" "Mozilla/5.0 (compatible; SERankingBacklinksBot/1.0; +https://seranking.com/backlinks-crawler)"
37.27.51.141 - - [19/May/2026:14:20:58 +0000] "GET /items/F268688446/ HTTP/1.1" 200 2428 "-" "Mozilla/5.0 (compatible; SERankingBacklinksBot/1.0; +https://seranking.com/backlinks-crawler)"
37.27.51.141 - - [19/May/2026:14:21:01 +0000] "GET /items/F268724335/ HTTP/1.1" 200 2428 "-" "Mozilla/5.0 (compatible; SERankingBacklinksBot/1.0; +https://seranking.com/backlinks-crawler)"
37.27.51.141 - - [19/May/2026:14:21:05 +0000] "GET /items/F268788456/ HTTP/1.1" 200 2428 "-" "Mozilla/5.0 (compatible; SERankingBacklinksBot/1.0; +https://seranking.com/backlinks-crawler)"
37.27.51.141 - - [19/May/2026:14:21:08 +0000] "GET /items/F268820961/ HTTP/1.1" 200 2428 "-" "Mozilla/5.0 (compatible; SERankingBacklinksBot/1.0; +https://seranking.com/backlinks-crawler)"
37.27.51.141 - - [19/May/2026:14:21:11 +0000] "GET /items/F268871931/ HTTP/1.1" 200 2428 "-" "Mozilla/5.0 (compatible; SERankingBacklinksBot/1.0; +https://seranking.com/backlinks-crawler)"
91.218.89.69 - - [19/May/2026:14:21:51 +0000] "GET /items/F66340325/ HTTP/1.1" 200 2428 "-" "Mozilla/5.0 (Macintosh; Intel Mac OS X 11.6; rv:136.0) Gecko/20100101 Firefox/136.0"
66.249.68.66 - - [19/May/2026:14:23:01 +0000] "GET /caste/fragment/ekq8zfecfze05cv.html HTTP/1.1" 200 69661 "-" "Mozilla/5.0 (Linux; Android 6.0.1; Nexus 5X Build/MMB29P) AppleWebKit/537.36 (KHTML, like Gecko) Chrome/148.0.7778.96 Mobile Safari/537.36 (compatible; Googlebot/2.1; +http://www.google.com/bot.html)"
14.245.61.114 - - [19/May/2026:14:23:30 +0000] "GET /items/F68468143/ HTTP/1.1" 200 2428 "-" "Mozilla/5.0 (Macintosh; Intel Mac OS X 12.7; rv:133.0) Gecko/20100101 Firefox/133.0"
66.249.68.66 - - [19/May/2026:14:23:41 +0000] "GET /rubric/brand/erwa5lkql5k6ni1.html HTTP/1.1" 200 69602 "-" "Mozilla/5.0 (Linux; Android 6.0.1; Nexus 5X Build/MMB29P) AppleWebKit/537.36 (KHTML, like Gecko) Chrome/148.0.7778.96 Mobile Safari/537.36 (compatible; Googlebot/2.1; +http://www.google.com/bot.html)"
94.8.46.91 - - [19/May/2026:14:26:49 +0000] "GET /items/F100969840/ HTTP/1.1" 200 2428 "-" "Mozilla/5.0 (Windows NT 10.0; Win64; x64) AppleWebKit/537.36 (KHTML, like Gecko) Chrome/133.0.6943.98 Safari/537.36"
203.190.40.252 - - [19/May/2026:14:27:46 +0000] "GET /wp-login.php HTTP/1.1" 200 2428 "-" "Mozilla/5.0 (X11; Ubuntu; Linux x86_64) AppleWebKit/537.36 (KHTML, like Gecko) Chrome/133.0.0.0 Safari/537.36"
203.190.40.252 - - [19/May/2026:14:27:47 +0000] "POST /wp-login.php HTTP/1.1" 200 2428 "https://moabmonsters.com/wp-login.php" "Mozilla/5.0 (X11; Ubuntu; Linux x86_64) AppleWebKit/537.36 (KHTML, like Gecko) Chrome/133.0.0.0 Safari/537.36"
49.35.193.156 - - [19/May/2026:14:28:31 +0000] "GET /items/F107215052/ HTTP/1.1" 200 2428 "-" "Mozilla/5.0 (Windows NT 10.0; Win64; x64) AppleWebKit/537.36 (KHTML, like Gecko) Chrome/130.0.6723.69 Safari/537.36"
202.76.190.148 - - [19/May/2026:14:30:10 +0000] "GET /items/F112950204/ HTTP/1.1" 200 2428 "-" "Mozilla/5.0 (Macintosh; Intel Mac OS X 11.2; rv:129.0) Gecko/20100101 Firefox/129.0"
14.191.30.61 - - [19/May/2026:14:31:50 +0000] "GET /items/F126794668/ HTTP/1.1" 200 2428 "-" "Mozilla/5.0 (Macintosh; Intel Mac OS X 10_15_7) AppleWebKit/537.36 (KHTML, like Gecko) Chrome/130.0.6723.69 Safari/537.36"
54.39.210.168 - - [19/May/2026:14:33:03 +0000] "GET /index.php/sitemap.xml HTTP/1.1" 200 13 "-" "Mozilla/5.0 (compatible; AhrefsBot/7.0; +http://ahrefs.com/robot/)"
190.102.47.251 - - [19/May/2026:14:33:32 +0000] "GET /items/F146631789/ HTTP/1.1" 200 2428 "-" "Mozilla/5.0 (Macintosh; Intel Mac OS X 11_6_8) AppleWebKit/537.36 (KHTML, like Gecko) Chrome/126.0.6478.55 Safari/537.36"
113.165.30.19 - - [19/May/2026:14:35:10 +0000] "GET /items/F154988284/ HTTP/1.1" 200 2428 "-" "Mozilla/5.0 (Macintosh; Intel Mac OS X 14.3; rv:126.0) Gecko/20100101 Firefox/126.0"
66.249.68.69 - - [19/May/2026:14:35:22 +0000] "GET /chapter/produce/f3ein32b3xus0gb.html HTTP/1.1" 200 60973 "-" "Mozilla/5.0 (compatible; Googlebot/2.1; +http://www.google.com/bot.html)"
115.178.55.181 - - [19/May/2026:14:36:50 +0000] "GET /items/F159418325/ HTTP/1.1" 200 2428 "-" "Mozilla/5.0 (Macintosh; Intel Mac OS X 14.5; rv:133.0) Gecko/20100101 Firefox/133.0"
66.249.68.69 - - [19/May/2026:14:37:05 +0000] "GET /assortment/segment/d50mldon1xomfa5.html HTTP/1.1" 200 81410 "-" "Mozilla/5.0 (Linux; Android 6.0.1; Nexus 5X Build/MMB29P) AppleWebKit/537.36 (KHTML, like Gecko) Chrome/148.0.7778.96 Mobile Safari/537.36 (compatible; Googlebot/2.1; +http://www.google.com/bot.html)"
93.199.141.115 - - [19/May/2026:14:38:30 +0000] "GET /items/F171713901/ HTTP/1.1" 200 2428 "-" "Mozilla/5.0 (Macintosh; Intel Mac OS X 12.1; rv:125.0) Gecko/20100101 Firefox/125.0"
204.12.208.18 - - [19/May/2026:14:38:35 +0000] "GET /wp-content/x506f80/index.php HTTP/1.1" 200 6 "https://moabmonsters.com/wp-content/x506f80/index.php" "Mozilla/5.0 (Macintosh; Intel Mac OS X 10_6_8) AppleWebKit/535.1 (KHTML, like Gecko) Chrome/13.0.782.220 Safari/535.1"
103.168.67.107 - - [19/May/2026:14:38:40 +0000] "POST / HTTP/1.1" 200 2428 "-" "Mozilla/5.0 (Windows NT 10.0; Win64; x64) AppleWebKit/537.36"
103.168.67.107 - - [19/May/2026:14:38:40 +0000] "POST / HTTP/1.1" 200 2428 "-" "Mozilla/5.0 (Windows NT 10.0; Win64; x64) AppleWebKit/537.36"
204.12.208.18 - - [19/May/2026:14:38:15 +0000] "GET /wp-content/x506f80/index.php HTTP/1.1" 200 - "https://moabmonsters.com/wp-content/x506f80/index.php" "Mozilla/5.0 (Macintosh; Intel Mac OS X 10_8) AppleWebKit/536.25 (KHTML, like Gecko) Version/6.0 Safari/536.25"
202.76.141.91 - - [19/May/2026:14:40:09 +0000] "GET /items/F177006911/ HTTP/1.1" 200 2428 "-" "Mozilla/5.0 (Macintosh; Intel Mac OS X 10_15_7) AppleWebKit/537.36 (KHTML, like Gecko) Chrome/124.0.6367.82 Safari/537.36"
103.168.67.107 - - [19/May/2026:14:40:27 +0000] "POST / HTTP/1.1" 200 2428 "-" "Mozilla/5.0 (Windows NT 10.0; Win64; x64) AppleWebKit/537.36"
103.168.67.107 - - [19/May/2026:14:40:27 +0000] "POST / HTTP/1.1" 200 2428 "-" "Mozilla/5.0 (Windows NT 10.0; Win64; x64) AppleWebKit/537.36"
93.2.212.151 - - [19/May/2026:14:41:50 +0000] "GET /items/F191412971/ HTTP/1.1" 200 2428 "-" "Mozilla/5.0 (Macintosh; Intel Mac OS X 12_7_2) AppleWebKit/537.36 (KHTML, like Gecko) Chrome/130.0.6723.191 Safari/537.36"
66.249.68.68 - - [19/May/2026:14:42:17 +0000] "GET /phylum/artwork/eur3c4ftsofd31w.html HTTP/1.1" 200 66488 "-" "Mozilla/5.0 (Linux; Android 6.0.1; Nexus 5X Build/MMB29P) AppleWebKit/537.36 (KHTML, like Gecko) Chrome/148.0.7778.96 Mobile Safari/537.36 (compatible; Googlebot/2.1; +http://www.google.com/bot.html)"
66.249.68.67 - - [19/May/2026:14:43:07 +0000] "GET /union/batch/eqpbmqdd2adntnu.html HTTP/1.1" 200 78673 "-" "Mozilla/5.0 (Linux; Android 6.0.1; Nexus 5X Build/MMB29P) AppleWebKit/537.36 (KHTML, like Gecko) Chrome/148.0.7778.96 Mobile Safari/537.36 (compatible; Googlebot/2.1; +http://www.google.com/bot.html)"
92.211.35.49 - - [19/May/2026:14:43:30 +0000] "GET /items/F195606537/ HTTP/1.1" 200 2428 "-" "Mozilla/5.0 (Macintosh; Intel Mac OS X 10_15_7) AppleWebKit/537.36 (KHTML, like Gecko) Chrome/128.0.6613.137 Safari/537.36"
37.66.145.37 - - [19/May/2026:14:45:10 +0000] "GET /items/F203693719/ HTTP/1.1" 200 2428 "-" "Mozilla/5.0 (Macintosh; Intel Mac OS X 11_3_1) AppleWebKit/537.36 (KHTML, like Gecko) Chrome/125.0.6422.176 Safari/537.36"
103.121.101.234 - - [19/May/2026:14:46:50 +0000] "GET /items/F207349951/ HTTP/1.1" 200 2428 "-" "Mozilla/5.0 (Macintosh; Intel Mac OS X 10_15_7) AppleWebKit/537.36 (KHTML, like Gecko) Chrome/132.0.6834.83 Safari/537.36"
83.38.190.166 - - [19/May/2026:14:48:30 +0000] "GET /items/F230402113/ HTTP/1.1" 200 2428 "-" "Mozilla/5.0 (Macintosh; Intel Mac OS X 14_5_1) AppleWebKit/537.36 (KHTML, like Gecko) Chrome/130.0.6723.191 Safari/537.36"
202.172.25.51 - - [19/May/2026:14:49:12 +0000] "GET /wp-login.php HTTP/1.1" 200 2428 "-" "Mozilla/5.0 (Windows NT 10.0; Win64; x64) AppleWebKit/537.36 (KHTML, like Gecko) Chrome/133.0.0.0 Safari/537.36 Edg/133.0.0.0"
202.172.25.51 - - [19/May/2026:14:49:13 +0000] "POST /wp-login.php HTTP/1.1" 200 2428 "https://moabmonsters.com/wp-login.php" "Mozilla/5.0 (Windows NT 10.0; Win64; x64) AppleWebKit/537.36 (KHTML, like Gecko) Chrome/133.0.0.0 Safari/537.36 Edg/133.0.0.0"
188.163.56.105 - - [19/May/2026:14:50:10 +0000] "GET /items/F231561759/ HTTP/1.1" 200 2428 "-" "Mozilla/5.0 (Windows NT 10.0; Win64; x64) AppleWebKit/537.36 (KHTML, like Gecko) Chrome/124.0.6367.207 Safari/537.36"
90.60.230.49 - - [19/May/2026:14:51:50 +0000] "GET /items/F238462951/ HTTP/1.1" 200 2428 "-" "Mozilla/5.0 (Macintosh; Intel Mac OS X 13_4_1) AppleWebKit/537.36 (KHTML, like Gecko) Chrome/126.0.6478.182 Safari/537.36"
14.183.93.79 - - [19/May/2026:14:53:30 +0000] "GET /items/F241108517/ HTTP/1.1" 200 2428 "-" "Mozilla/5.0 (Windows NT 10.0; Win64; x64) AppleWebKit/537.36 (KHTML, like Gecko) Chrome/129.0.6668.29 Safari/537.36"
37.19.210.169 - - [19/May/2026:14:55:12 +0000] "GET /items/F253743042/ HTTP/1.1" 200 2428 "-" "Mozilla/5.0 (Windows NT 10.0; Win64; x64) AppleWebKit/537.36 (KHTML, like Gecko) Chrome/125.0.6422.176 Safari/537.36"
14.247.158.200 - - [19/May/2026:14:56:50 +0000] "GET /items/F268435082/ HTTP/1.1" 200 2428 "-" "Mozilla/5.0 (Windows NT 10.0; Win64; x64) AppleWebKit/537.36 (KHTML, like Gecko) Chrome/126.0.6478.182 Safari/537.36"
191.102.129.127 - - [19/May/2026:14:57:20 +0000] "GET / HTTP/1.1" 200 2428 "-" "Mozilla/5.0 (Windows NT 10.0; Win64; x64) AppleWebKit/537.36 (KHTML, like Gecko) Chrome/137.0.0.0 Safari/537.36"
212.145.208.161 - - [19/May/2026:14:58:29 +0000] "GET /items/F268942810/ HTTP/1.1" 200 2428 "-" "Mozilla/5.0 (Macintosh; Intel Mac OS X 14.5; rv:126.0) Gecko/20100101 Firefox/126.0"
14.184.125.255 - - [19/May/2026:15:01:19 +0000] "GET /items/F278364567/ HTTP/1.1" 200 2428 "-" "Mozilla/5.0 (Windows NT 10.0; WOW64; rv:135.0) Gecko/20100101 Firefox/135.0"
146.174.184.226 - - [19/May/2026:15:03:10 +0000] "GET /items/F281735416/ HTTP/1.1" 200 2428 "-" "Mozilla/5.0 (Macintosh; Intel Mac OS X 13_5_2) AppleWebKit/537.36 (KHTML, like Gecko) Chrome/132.0.6834.110 Safari/537.36"
146.174.179.195 - - [19/May/2026:15:05:02 +0000] "GET /items/F282311062/ HTTP/1.1" 200 2428 "-" "Mozilla/5.0 (Macintosh; Intel Mac OS X 14_7_1) AppleWebKit/537.36 (KHTML, like Gecko) Chrome/132.0.6834.160 Safari/537.36"
204.12.208.18 - - [19/May/2026:15:06:53 +0000] "GET /wp-content/x506f80/index.php HTTP/1.1" 200 6 "https://moabmonsters.com/wp-content/x506f80/index.php" "Mozilla/5.0 (Windows NT 5.1; rv:6.0) Gecko/20100101 Firefox/6.0"
74.138.151.125 - - [19/May/2026:15:06:56 +0000] "GET /items/F298162325/ HTTP/1.1" 200 2428 "-" "Mozilla/5.0 (Macintosh; Intel Mac OS X 14.5; rv:126.0) Gecko/20100101 Firefox/126.0"
103.168.67.107 - - [19/May/2026:15:07:37 +0000] "POST / HTTP/1.1" 200 2428 "-" "Mozilla/5.0 (Windows NT 10.0; Win64; x64) AppleWebKit/537.36"
103.168.67.107 - - [19/May/2026:15:07:38 +0000] "POST / HTTP/1.1" 200 2428 "-" "Mozilla/5.0 (Windows NT 10.0; Win64; x64) AppleWebKit/537.36"
204.12.208.18 - - [19/May/2026:15:06:33 +0000] "GET /wp-content/x506f80/index.php HTTP/1.1" 200 - "https://moabmonsters.com/wp-content/x506f80/index.php" "Mozilla/4.0 (compatible; MSIE 7.0; Windows NT 5.1; SV1; .NET CLR 1.1.4322)"
196.171.87.112 - - [19/May/2026:15:08:48 +0000] "GET /items/F299351002/ HTTP/1.1" 200 2428 "-" "Mozilla/5.0 (Macintosh; Intel Mac OS X 15.0; rv:127.0) Gecko/20100101 Firefox/127.0"
203.190.11.3 - - [19/May/2026:15:09:36 +0000] "GET /wp-login.php HTTP/1.1" 200 2428 "-" "Mozilla/5.0 (Macintosh; Intel Mac OS X 14_7_4) AppleWebKit/537.36 (KHTML, like Gecko) Chrome/133.0.0.0 Safari/537.36"
203.190.11.3 - - [19/May/2026:15:09:37 +0000] "POST /wp-login.php HTTP/1.1" 200 2428 "https://moabmonsters.com/wp-login.php" "Mozilla/5.0 (Macintosh; Intel Mac OS X 14_7_4) AppleWebKit/537.36 (KHTML, like Gecko) Chrome/133.0.0.0 Safari/537.36"
165.99.34.225 - - [19/May/2026:15:10:39 +0000] "GET /items/F44585416/ HTTP/1.1" 200 2428 "-" "Mozilla/5.0 (Macintosh; Intel Mac OS X 13_3_1) AppleWebKit/537.36 (KHTML, like Gecko) Chrome/131.0.6778.139 Safari/537.36"
66.249.68.68 - - [19/May/2026:15:11:50 +0000] "GET /collection/appliance/eiiq3v6ejf64fsn.html HTTP/1.1" 200 96780 "-" "Mozilla/5.0 (compatible; Googlebot/2.1; +http://www.google.com/bot.html)"
186.134.36.77 - - [19/May/2026:15:12:32 +0000] "GET /items/F45419820/ HTTP/1.1" 200 2428 "-" "Mozilla/5.0 (Macintosh; Intel Mac OS X 15.4; rv:134.0) Gecko/20100101 Firefox/134.0"
5.45.167.174 - - [19/May/2026:15:14:23 +0000] "GET /items/F52903436/ HTTP/1.1" 200 2428 "-" "Mozilla/5.0 (Macintosh; Intel Mac OS X 13_6_4) AppleWebKit/537.36 (KHTML, like Gecko) Chrome/133.0.6943.141 Safari/537.36"
146.174.177.203 - - [19/May/2026:15:16:15 +0000] "GET /items/F58314800/ HTTP/1.1" 200 2428 "-" "Mozilla/5.0 (Macintosh; Intel Mac OS X 15.2; rv:128.0) Gecko/20100101 Firefox/128.0"
66.249.68.66 - - [19/May/2026:15:16:50 +0000] "GET /design/appliance/eqx9ialsyuljs72.html HTTP/1.1" 200 65613 "-" "Mozilla/5.0 (compatible; Googlebot/2.1; +http://www.google.com/bot.html)"
191.102.129.210 - - [19/May/2026:15:17:42 +0000] "GET / HTTP/1.1" 200 2428 "-" "Mozilla/5.0 (Windows NT 10.0; Win64; x64) AppleWebKit/537.36 (KHTML, like Gecko) Chrome/137.0.0.0 Safari/537.36"
119.237.184.157 - - [19/May/2026:15:18:07 +0000] "GET /items/F60602254/ HTTP/1.1" 200 2428 "-" "Mozilla/5.0 (Macintosh; Intel Mac OS X 12_6_0) AppleWebKit/537.36 (KHTML, like Gecko) Chrome/132.0.6834.83 Safari/537.36"
138.204.208.92 - - [19/May/2026:15:20:04 +0000] "GET /items/F66307921/ HTTP/1.1" 200 2428 "-" "Mozilla/5.0 (Macintosh; Intel Mac OS X 12.6; rv:125.0) Gecko/20100101 Firefox/125.0"
73.93.229.113 - - [19/May/2026:15:21:51 +0000] "GET /items/F81276153/ HTTP/1.1" 200 2428 "-" "Mozilla/5.0 (Macintosh; Intel Mac OS X 13_3_0) AppleWebKit/537.36 (KHTML, like Gecko) Chrome/128.0.6613.84 Safari/537.36"
31.36.134.230 - - [19/May/2026:15:23:43 +0000] "GET /items/F81822678/ HTTP/1.1" 200 2428 "-" "Mozilla/5.0 (Macintosh; Intel Mac OS X 14_5_0) AppleWebKit/537.36 (KHTML, like Gecko) Chrome/133.0.6943.98 Safari/537.36"
14.187.178.207 - - [19/May/2026:15:25:35 +0000] "GET /items/F88987133/ HTTP/1.1" 200 2428 "-" "Mozilla/5.0 (Macintosh; Intel Mac OS X 12.5; rv:135.0) Gecko/20100101 Firefox/135.0"
14.255.166.22 - - [19/May/2026:15:27:27 +0000] "GET /items/F94423577/ HTTP/1.1" 200 2428 "-" "Mozilla/5.0 (Macintosh; Intel Mac OS X 12_7_3) AppleWebKit/537.36 (KHTML, like Gecko) Chrome/132.0.6834.83 Safari/537.36"
14.235.242.172 - - [19/May/2026:15:29:19 +0000] "GET /items/F98047658/ HTTP/1.1" 200 2428 "-" "Mozilla/5.0 (Macintosh; Intel Mac OS X 13.3; rv:125.0) Gecko/20100101 Firefox/125.0"
66.249.68.66 - - [19/May/2026:15:29:29 +0000] "GET /items/S188049012// HTTP/1.1" 200 65776 "-" "Mozilla/5.0 (Linux; Android 6.0.1; Nexus 5X Build/MMB29P) AppleWebKit/537.36 (KHTML, like Gecko) Chrome/148.0.7778.96 Mobile Safari/537.36 (compatible; Googlebot/2.1; +http://www.google.com/bot.html)"
165.210.33.192 - - [19/May/2026:15:30:31 +0000] "GET /wp-login.php HTTP/1.1" 200 2428 "-" "Mozilla/5.0 (X11; Ubuntu; Linux x86_64) AppleWebKit/537.36 (KHTML, like Gecko) Chrome/133.0.0.0 Safari/537.36"
165.210.33.192 - - [19/May/2026:15:30:33 +0000] "POST /wp-login.php HTTP/1.1" 200 2428 "https://moabmonsters.com/wp-login.php" "Mozilla/5.0 (X11; Ubuntu; Linux x86_64) AppleWebKit/537.36 (KHTML, like Gecko) Chrome/133.0.0.0 Safari/537.36"
66.249.68.68 - - [19/May/2026:15:31:26 +0000] "GET /grouping/bit/el9cumxia6xv4je.html HTTP/1.1" 200 60213 "-" "Mozilla/5.0 (compatible; Googlebot/2.1; +http://www.google.com/bot.html)"
37.27.51.141 - - [19/May/2026:15:32:03 +0000] "GET /items/F268981840/ HTTP/1.1" 200 2428 "-" "Mozilla/5.0 (compatible; SERankingBacklinksBot/1.0; +https://seranking.com/backlinks-crawler)"
37.27.51.141 - - [19/May/2026:15:32:06 +0000] "GET /items/F268999163/ HTTP/1.1" 200 2428 "-" "Mozilla/5.0 (compatible; SERankingBacklinksBot/1.0; +https://seranking.com/backlinks-crawler)"
37.27.51.141 - - [19/May/2026:15:32:10 +0000] "GET /items/F269067123/ HTTP/1.1" 200 2428 "-" "Mozilla/5.0 (compatible; SERankingBacklinksBot/1.0; +https://seranking.com/backlinks-crawler)"
37.27.51.141 - - [19/May/2026:15:32:13 +0000] "GET /items/F269095688/ HTTP/1.1" 200 2428 "-" "Mozilla/5.0 (compatible; SERankingBacklinksBot/1.0; +https://seranking.com/backlinks-crawler)"
37.27.51.141 - - [19/May/2026:15:32:17 +0000] "GET /items/F269097153/ HTTP/1.1" 200 2428 "-" "Mozilla/5.0 (compatible; SERankingBacklinksBot/1.0; +https://seranking.com/backlinks-crawler)"
37.27.51.141 - - [19/May/2026:15:32:20 +0000] "GET /items/F269149577/ HTTP/1.1" 200 2428 "-" "Mozilla/5.0 (compatible; SERankingBacklinksBot/1.0; +https://seranking.com/backlinks-crawler)"
37.27.51.141 - - [19/May/2026:15:32:23 +0000] "GET /items/F269201224/ HTTP/1.1" 200 2428 "-" "Mozilla/5.0 (compatible; SERankingBacklinksBot/1.0; +https://seranking.com/backlinks-crawler)"
37.27.51.141 - - [19/May/2026:15:32:27 +0000] "GET /items/F269271759/ HTTP/1.1" 200 2428 "-" "Mozilla/5.0 (compatible; SERankingBacklinksBot/1.0; +https://seranking.com/backlinks-crawler)"
37.27.51.141 - - [19/May/2026:15:32:30 +0000] "GET /items/F269316183/ HTTP/1.1" 200 2428 "-" "Mozilla/5.0 (compatible; SERankingBacklinksBot/1.0; +https://seranking.com/backlinks-crawler)"
37.27.51.141 - - [19/May/2026:15:32:34 +0000] "GET /items/F269335981/ HTTP/1.1" 200 2428 "-" "Mozilla/5.0 (compatible; SERankingBacklinksBot/1.0; +https://seranking.com/backlinks-crawler)"
37.27.51.141 - - [19/May/2026:15:32:38 +0000] "GET /items/F269360961/ HTTP/1.1" 200 2428 "-" "Mozilla/5.0 (compatible; SERankingBacklinksBot/1.0; +https://seranking.com/backlinks-crawler)"
37.27.51.141 - - [19/May/2026:15:32:42 +0000] "GET /items/F269390113/ HTTP/1.1" 200 2428 "-" "Mozilla/5.0 (compatible; SERankingBacklinksBot/1.0; +https://seranking.com/backlinks-crawler)"
37.27.51.141 - - [19/May/2026:15:32:46 +0000] "GET /items/F269395951/ HTTP/1.1" 200 2428 "-" "Mozilla/5.0 (compatible; SERankingBacklinksBot/1.0; +https://seranking.com/backlinks-crawler)"
37.27.51.141 - - [19/May/2026:15:32:51 +0000] "GET /items/F269594638/ HTTP/1.1" 200 2428 "-" "Mozilla/5.0 (compatible; SERankingBacklinksBot/1.0; +https://seranking.com/backlinks-crawler)"
37.27.51.141 - - [19/May/2026:15:32:55 +0000] "GET /items/F269641214/ HTTP/1.1" 200 2428 "-" "Mozilla/5.0 (compatible; SERankingBacklinksBot/1.0; +https://seranking.com/backlinks-crawler)"
37.27.51.141 - - [19/May/2026:15:32:59 +0000] "GET /items/F315667547/ HTTP/1.1" 200 2428 "-" "Mozilla/5.0 (compatible; SERankingBacklinksBot/1.0; +https://seranking.com/backlinks-crawler)"
37.27.51.141 - - [19/May/2026:15:33:03 +0000] "GET /items/F269648062/ HTTP/1.1" 200 2428 "-" "Mozilla/5.0 (compatible; SERankingBacklinksBot/1.0; +https://seranking.com/backlinks-crawler)"
37.27.51.141 - - [19/May/2026:15:33:07 +0000] "GET /items/F269664941/ HTTP/1.1" 200 2428 "-" "Mozilla/5.0 (compatible; SERankingBacklinksBot/1.0; +https://seranking.com/backlinks-crawler)"
37.27.51.141 - - [19/May/2026:15:33:11 +0000] "GET /items/F269673264/ HTTP/1.1" 200 2428 "-" "Mozilla/5.0 (compatible; SERankingBacklinksBot/1.0; +https://seranking.com/backlinks-crawler)"
37.27.51.141 - - [19/May/2026:15:33:15 +0000] "GET /items/F269685072/ HTTP/1.1" 200 2428 "-" "Mozilla/5.0 (compatible; SERankingBacklinksBot/1.0; +https://seranking.com/backlinks-crawler)"
37.27.51.141 - - [19/May/2026:15:33:19 +0000] "GET /items/F269700153/ HTTP/1.1" 200 2428 "-" "Mozilla/5.0 (compatible; SERankingBacklinksBot/1.0; +https://seranking.com/backlinks-crawler)"
119.76.14.236 - - [19/May/2026:15:33:19 +0000] "GET /items/F122505264/ HTTP/1.1" 200 2428 "-" "Mozilla/5.0 (Macintosh; Intel Mac OS X 14_3_1) AppleWebKit/537.36 (KHTML, like Gecko) Chrome/131.0.6778.204 Safari/537.36"
37.27.51.141 - - [19/May/2026:15:33:22 +0000] "GET /items/F269813779/ HTTP/1.1" 200 2428 "-" "Mozilla/5.0 (compatible; SERankingBacklinksBot/1.0; +https://seranking.com/backlinks-crawler)"
37.27.51.141 - - [19/May/2026:15:33:25 +0000] "GET /items/F269834608/ HTTP/1.1" 200 2428 "-" "Mozilla/5.0 (compatible; SERankingBacklinksBot/1.0; +https://seranking.com/backlinks-crawler)"
37.27.51.141 - - [19/May/2026:15:33:30 +0000] "GET /items/F269879032/ HTTP/1.1" 200 2428 "-" "Mozilla/5.0 (compatible; SERankingBacklinksBot/1.0; +https://seranking.com/backlinks-crawler)"
37.27.51.141 - - [19/May/2026:15:33:34 +0000] "GET /items/F269884769/ HTTP/1.1" 200 2428 "-" "Mozilla/5.0 (compatible; SERankingBacklinksBot/1.0; +https://seranking.com/backlinks-crawler)"
37.27.51.141 - - [19/May/2026:15:33:38 +0000] "GET /items/F269905688/ HTTP/1.1" 200 2428 "-" "Mozilla/5.0 (compatible; SERankingBacklinksBot/1.0; +https://seranking.com/backlinks-crawler)"
37.27.51.141 - - [19/May/2026:15:33:41 +0000] "GET /items/F269909961/ HTTP/1.1" 200 2428 "-" "Mozilla/5.0 (compatible; SERankingBacklinksBot/1.0; +https://seranking.com/backlinks-crawler)"
37.27.51.141 - - [19/May/2026:15:33:44 +0000] "GET /items/F269989951/ HTTP/1.1" 200 2428 "-" "Mozilla/5.0 (compatible; SERankingBacklinksBot/1.0; +https://seranking.com/backlinks-crawler)"
37.27.51.141 - - [19/May/2026:15:33:49 +0000] "GET /items/F270079406/ HTTP/1.1" 200 2428 "-" "Mozilla/5.0 (compatible; SERankingBacklinksBot/1.0; +https://seranking.com/backlinks-crawler)"
37.27.51.141 - - [19/May/2026:15:33:53 +0000] "GET /items/F270156678/ HTTP/1.1" 200 2428 "-" "Mozilla/5.0 (compatible; SERankingBacklinksBot/1.0; +https://seranking.com/backlinks-crawler)"
37.27.51.141 - - [19/May/2026:15:33:56 +0000] "GET /items/F270180426/ HTTP/1.1" 200 2428 "-" "Mozilla/5.0 (compatible; SERankingBacklinksBot/1.0; +https://seranking.com/backlinks-crawler)"
37.27.51.141 - - [19/May/2026:15:34:00 +0000] "GET /items/F270189183/ HTTP/1.1" 200 2428 "-" "Mozilla/5.0 (compatible; SERankingBacklinksBot/1.0; +https://seranking.com/backlinks-crawler)"
37.27.51.141 - - [19/May/2026:15:34:03 +0000] "GET /items/F270236779/ HTTP/1.1" 200 2428 "-" "Mozilla/5.0 (compatible; SERankingBacklinksBot/1.0; +https://seranking.com/backlinks-crawler)"
37.27.51.141 - - [19/May/2026:15:34:07 +0000] "GET /items/F270252860/ HTTP/1.1" 200 2428 "-" "Mozilla/5.0 (compatible; SERankingBacklinksBot/1.0; +https://seranking.com/backlinks-crawler)"
37.27.51.141 - - [19/May/2026:15:34:12 +0000] "GET /items/F270335880/ HTTP/1.1" 200 2428 "-" "Mozilla/5.0 (compatible; SERankingBacklinksBot/1.0; +https://seranking.com/backlinks-crawler)"
37.27.51.141 - - [19/May/2026:15:34:19 +0000] "GET /items/F270356032/ HTTP/1.1" 200 2428 "-" "Mozilla/5.0 (compatible; SERankingBacklinksBot/1.0; +https://seranking.com/backlinks-crawler)"
37.27.51.141 - - [19/May/2026:15:34:23 +0000] "GET /items/F270372123/ HTTP/1.1" 200 2428 "-" "Mozilla/5.0 (compatible; SERankingBacklinksBot/1.0; +https://seranking.com/backlinks-crawler)"
37.27.51.141 - - [19/May/2026:15:34:26 +0000] "GET /items/F270439274/ HTTP/1.1" 200 2428 "-" "Mozilla/5.0 (compatible; SERankingBacklinksBot/1.0; +https://seranking.com/backlinks-crawler)"
37.27.51.141 - - [19/May/2026:15:34:30 +0000] "GET /items/F270468315/ HTTP/1.1" 200 2428 "-" "Mozilla/5.0 (compatible; SERankingBacklinksBot/1.0; +https://seranking.com/backlinks-crawler)"
66.249.68.68 - - [19/May/2026:15:34:30 +0000] "GET /faction/deliverable/f3wf5lkbl0ca9yt.html HTTP/1.1" 200 68922 "-" "Mozilla/5.0 (Linux; Android 6.0.1; Nexus 5X Build/MMB29P) AppleWebKit/537.36 (KHTML, like Gecko) Chrome/148.0.7778.96 Mobile Safari/537.36 (compatible; GoogleOther)"
37.27.51.141 - - [19/May/2026:15:34:33 +0000] "GET /items/F315742355/ HTTP/1.1" 200 2428 "-" "Mozilla/5.0 (compatible; SERankingBacklinksBot/1.0; +https://seranking.com/backlinks-crawler)"
37.27.51.141 - - [19/May/2026:15:34:36 +0000] "GET /items/F270539173/ HTTP/1.1" 200 2428 "-" "Mozilla/5.0 (compatible; SERankingBacklinksBot/1.0; +https://seranking.com/backlinks-crawler)"
37.27.51.141 - - [19/May/2026:15:34:41 +0000] "GET /items/F270651678/ HTTP/1.1" 200 2428 "-" "Mozilla/5.0 (compatible; SERankingBacklinksBot/1.0; +https://seranking.com/backlinks-crawler)"
37.27.51.141 - - [19/May/2026:15:34:46 +0000] "GET /items/F270692527/ HTTP/1.1" 200 2428 "-" "Mozilla/5.0 (compatible; SERankingBacklinksBot/1.0; +https://seranking.com/backlinks-crawler)"
37.27.51.141 - - [19/May/2026:15:34:51 +0000] "GET /items/F270723567/ HTTP/1.1" 200 2428 "-" "Mozilla/5.0 (compatible; SERankingBacklinksBot/1.0; +https://seranking.com/backlinks-crawler)"
37.27.51.141 - - [19/May/2026:15:34:56 +0000] "GET /items/F270732456/ HTTP/1.1" 200 2428 "-" "Mozilla/5.0 (compatible; SERankingBacklinksBot/1.0; +https://seranking.com/backlinks-crawler)"
37.27.51.141 - - [19/May/2026:15:35:00 +0000] "GET /items/F270793325/ HTTP/1.1" 200 2428 "-" "Mozilla/5.0 (compatible; SERankingBacklinksBot/1.0; +https://seranking.com/backlinks-crawler)"
37.27.51.141 - - [19/May/2026:15:35:04 +0000] "GET /items/F270823244/ HTTP/1.1" 200 2428 "-" "Mozilla/5.0 (compatible; SERankingBacklinksBot/1.0; +https://seranking.com/backlinks-crawler)"
37.27.51.141 - - [19/May/2026:15:35:07 +0000] "GET /items/F270961406/ HTTP/1.1" 200 2428 "-" "Mozilla/5.0 (compatible; SERankingBacklinksBot/1.0; +https://seranking.com/backlinks-crawler)"
37.27.51.141 - - [19/May/2026:15:35:11 +0000] "GET /items/F270990648/ HTTP/1.1" 200 2428 "-" "Mozilla/5.0 (compatible; SERankingBacklinksBot/1.0; +https://seranking.com/backlinks-crawler)"
113.179.160.162 - - [19/May/2026:15:35:13 +0000] "GET /items/F125010648/ HTTP/1.1" 200 2428 "-" "Mozilla/5.0 (Macintosh; Intel Mac OS X 12.5; rv:130.0) Gecko/20100101 Firefox/130.0"
37.27.51.141 - - [19/May/2026:15:35:16 +0000] "GET /items/F270999183/ HTTP/1.1" 200 2428 "-" "Mozilla/5.0 (compatible; SERankingBacklinksBot/1.0; +https://seranking.com/backlinks-crawler)"
37.27.51.141 - - [19/May/2026:15:35:19 +0000] "GET /items/F271020012/ HTTP/1.1" 200 2428 "-" "Mozilla/5.0 (compatible; SERankingBacklinksBot/1.0; +https://seranking.com/backlinks-crawler)"
37.27.51.141 - - [19/May/2026:15:35:24 +0000] "GET /items/F271031587/ HTTP/1.1" 200 2428 "-" "Mozilla/5.0 (compatible; SERankingBacklinksBot/1.0; +https://seranking.com/backlinks-crawler)"
37.27.51.141 - - [19/May/2026:15:35:28 +0000] "GET /items/F271051052/ HTTP/1.1" 200 2428 "-" "Mozilla/5.0 (compatible; SERankingBacklinksBot/1.0; +https://seranking.com/backlinks-crawler)"
37.27.51.141 - - [19/May/2026:15:35:31 +0000] "GET /items/F271083345/ HTTP/1.1" 200 2428 "-" "Mozilla/5.0 (compatible; SERankingBacklinksBot/1.0; +https://seranking.com/backlinks-crawler)"
204.12.208.18 - - [19/May/2026:15:35:33 +0000] "GET /wp-content/x506f80/index.php HTTP/1.1" 200 6 "https://moabmonsters.com/wp-content/x506f80/index.php" "Mozilla/5.0 (Macintosh; Intel Mac OS X 10_6_8) AppleWebKit/535.1 (KHTML, like Gecko) Chrome/13.0.782.220 Safari/535.1"
37.27.51.141 - - [19/May/2026:15:35:36 +0000] "GET /items/F271099103/ HTTP/1.1" 200 2428 "-" "Mozilla/5.0 (compatible; SERankingBacklinksBot/1.0; +https://seranking.com/backlinks-crawler)"
37.27.51.141 - - [19/May/2026:15:35:40 +0000] "GET /items/F271112032/ HTTP/1.1" 200 2428 "-" "Mozilla/5.0 (compatible; SERankingBacklinksBot/1.0; +https://seranking.com/backlinks-crawler)"
37.27.51.141 - - [19/May/2026:15:35:44 +0000] "GET /items/F271154557/ HTTP/1.1" 200 2428 "-" "Mozilla/5.0 (compatible; SERankingBacklinksBot/1.0; +https://seranking.com/backlinks-crawler)"
37.27.51.141 - - [19/May/2026:15:35:49 +0000] "GET /items/F271220476/ HTTP/1.1" 200 2428 "-" "Mozilla/5.0 (compatible; SERankingBacklinksBot/1.0; +https://seranking.com/backlinks-crawler)"
37.27.51.141 - - [19/May/2026:15:35:52 +0000] "GET /items/F271235779/ HTTP/1.1" 200 2428 "-" "Mozilla/5.0 (compatible; SERankingBacklinksBot/1.0; +https://seranking.com/backlinks-crawler)"
37.27.51.141 - - [19/May/2026:15:35:56 +0000] "GET /items/F271324769/ HTTP/1.1" 200 2428 "-" "Mozilla/5.0 (compatible; SERankingBacklinksBot/1.0; +https://seranking.com/backlinks-crawler)"
37.27.51.141 - - [19/May/2026:15:35:59 +0000] "GET /items/F271392507/ HTTP/1.1" 200 2428 "-" "Mozilla/5.0 (compatible; SERankingBacklinksBot/1.0; +https://seranking.com/backlinks-crawler)"
37.27.51.141 - - [19/May/2026:15:36:02 +0000] "GET /items/F271394961/ HTTP/1.1" 200 2428 "-" "Mozilla/5.0 (compatible; SERankingBacklinksBot/1.0; +https://seranking.com/backlinks-crawler)"
37.27.51.141 - - [19/May/2026:15:36:06 +0000] "GET /items/F271432769/ HTTP/1.1" 200 2428 "-" "Mozilla/5.0 (compatible; SERankingBacklinksBot/1.0; +https://seranking.com/backlinks-crawler)"
37.27.51.141 - - [19/May/2026:15:36:09 +0000] "GET /items/F315807153/ HTTP/1.1" 200 2428 "-" "Mozilla/5.0 (compatible; SERankingBacklinksBot/1.0; +https://seranking.com/backlinks-crawler)"
37.27.51.141 - - [19/May/2026:15:36:12 +0000] "GET /items/F271488456/ HTTP/1.1" 200 2428 "-" "Mozilla/5.0 (compatible; SERankingBacklinksBot/1.0; +https://seranking.com/backlinks-crawler)"
37.27.51.141 - - [19/May/2026:15:36:16 +0000] "GET /items/F271499587/ HTTP/1.1" 200 2428 "-" "Mozilla/5.0 (compatible; SERankingBacklinksBot/1.0; +https://seranking.com/backlinks-crawler)"
37.27.51.141 - - [19/May/2026:15:36:19 +0000] "GET /items/F271535476/ HTTP/1.1" 200 2428 "-" "Mozilla/5.0 (compatible; SERankingBacklinksBot/1.0; +https://seranking.com/backlinks-crawler)"
37.27.51.141 - - [19/May/2026:15:36:24 +0000] "GET /items/F271574961/ HTTP/1.1" 200 2428 "-" "Mozilla/5.0 (compatible; SERankingBacklinksBot/1.0; +https://seranking.com/backlinks-crawler)"
37.27.51.141 - - [19/May/2026:15:36:31 +0000] "GET /items/F271597466/ HTTP/1.1" 200 2428 "-" "Mozilla/5.0 (compatible; SERankingBacklinksBot/1.0; +https://seranking.com/backlinks-crawler)"
66.249.68.68 - - [19/May/2026:15:36:33 +0000] "GET /pride/appliance/eyjagk76w47hoho.html HTTP/1.1" 200 65559 "-" "Mozilla/5.0 (Linux; Android 6.0.1; Nexus 5X Build/MMB29P) AppleWebKit/537.36 (KHTML, like Gecko) Chrome/148.0.7778.96 Mobile Safari/537.36 (compatible; Googlebot/2.1; +http://www.google.com/bot.html)"
37.27.51.141 - - [19/May/2026:15:36:35 +0000] "GET /items/F271670476/ HTTP/1.1" 200 2428 "-" "Mozilla/5.0 (compatible; SERankingBacklinksBot/1.0; +https://seranking.com/backlinks-crawler)"
37.27.51.141 - - [19/May/2026:15:36:39 +0000] "GET /items/F271687466/ HTTP/1.1" 200 2428 "-" "Mozilla/5.0 (compatible; SERankingBacklinksBot/1.0; +https://seranking.com/backlinks-crawler)"
204.12.208.18 - - [19/May/2026:15:35:13 +0000] "GET /wp-content/x506f80/index.php HTTP/1.1" 200 - "https://moabmonsters.com/wp-content/x506f80/index.php" "Mozilla/4.0 (compatible; MSIE 7.0; Windows NT 5.1; SV1; .NET CLR 1.1.4322; .NET CLR 2.0.50727; InfoPath.1)"
37.27.51.141 - - [19/May/2026:15:36:43 +0000] "GET /items/F271706719/ HTTP/1.1" 200 2428 "-" "Mozilla/5.0 (compatible; SERankingBacklinksBot/1.0; +https://seranking.com/backlinks-crawler)"
37.27.51.141 - - [19/May/2026:15:36:46 +0000] "GET /items/F271720325/ HTTP/1.1" 200 2428 "-" "Mozilla/5.0 (compatible; SERankingBacklinksBot/1.0; +https://seranking.com/backlinks-crawler)"
37.27.51.141 - - [19/May/2026:15:36:49 +0000] "GET /items/F271752042/ HTTP/1.1" 200 2428 "-" "Mozilla/5.0 (compatible; SERankingBacklinksBot/1.0; +https://seranking.com/backlinks-crawler)"
37.27.51.141 - - [19/May/2026:15:36:53 +0000] "GET /items/F271758456/ HTTP/1.1" 200 2428 "-" "Mozilla/5.0 (compatible; SERankingBacklinksBot/1.0; +https://seranking.com/backlinks-crawler)"
37.27.51.141 - - [19/May/2026:15:36:57 +0000] "GET /items/F271832587/ HTTP/1.1" 200 2428 "-" "Mozilla/5.0 (compatible; SERankingBacklinksBot/1.0; +https://seranking.com/backlinks-crawler)"
37.27.51.141 - - [19/May/2026:15:37:01 +0000] "GET /items/F271899759/ HTTP/1.1" 200 2428 "-" "Mozilla/5.0 (compatible; SERankingBacklinksBot/1.0; +https://seranking.com/backlinks-crawler)"
37.27.51.141 - - [19/May/2026:15:37:04 +0000] "GET /items/F271935204/ HTTP/1.1" 200 2428 "-" "Mozilla/5.0 (compatible; SERankingBacklinksBot/1.0; +https://seranking.com/backlinks-crawler)"
66.249.68.68 - - [19/May/2026:15:37:04 +0000] "GET /element/manufacture/eg9fumxga6xv0je.html HTTP/1.1" 200 59450 "-" "Mozilla/5.0 (Linux; Android 6.0.1; Nexus 5X Build/MMB29P) AppleWebKit/537.36 (KHTML, like Gecko) Chrome/148.0.7778.96 Mobile Safari/537.36 (compatible; Googlebot/2.1; +http://www.google.com/bot.html)"
37.27.51.141 - - [19/May/2026:15:37:07 +0000] "GET /items/F272009224/ HTTP/1.1" 200 2428 "-" "Mozilla/5.0 (compatible; SERankingBacklinksBot/1.0; +https://seranking.com/backlinks-crawler)"
37.27.51.141 - - [19/May/2026:15:37:11 +0000] "GET /items/F272015850/ HTTP/1.1" 200 2428 "-" "Mozilla/5.0 (compatible; SERankingBacklinksBot/1.0; +https://seranking.com/backlinks-crawler)"
37.27.51.141 - - [19/May/2026:15:37:14 +0000] "GET /items/F272068163/ HTTP/1.1" 200 2428 "-" "Mozilla/5.0 (compatible; SERankingBacklinksBot/1.0; +https://seranking.com/backlinks-crawler)"
37.27.51.141 - - [19/May/2026:15:37:17 +0000] "GET /items/F272115183/ HTTP/1.1" 200 2428 "-" "Mozilla/5.0 (compatible; SERankingBacklinksBot/1.0; +https://seranking.com/backlinks-crawler)"
37.27.51.141 - - [19/May/2026:15:37:20 +0000] "GET /items/F272151183/ HTTP/1.1" 200 2428 "-" "Mozilla/5.0 (compatible; SERankingBacklinksBot/1.0; +https://seranking.com/backlinks-crawler)"
37.27.51.141 - - [19/May/2026:15:37:24 +0000] "GET /items/F272333224/ HTTP/1.1" 200 2428 "-" "Mozilla/5.0 (compatible; SERankingBacklinksBot/1.0; +https://seranking.com/backlinks-crawler)"
37.27.51.141 - - [19/May/2026:15:37:28 +0000] "GET /items/F272429638/ HTTP/1.1" 200 2428 "-" "Mozilla/5.0 (compatible; SERankingBacklinksBot/1.0; +https://seranking.com/backlinks-crawler)"
37.27.51.141 - - [19/May/2026:15:37:31 +0000] "GET /items/F272452133/ HTTP/1.1" 200 2428 "-" "Mozilla/5.0 (compatible; SERankingBacklinksBot/1.0; +https://seranking.com/backlinks-crawler)"
37.27.51.141 - - [19/May/2026:15:37:34 +0000] "GET /items/F272477668/ HTTP/1.1" 200 2428 "-" "Mozilla/5.0 (compatible; SERankingBacklinksBot/1.0; +https://seranking.com/backlinks-crawler)"
37.27.51.141 - - [19/May/2026:15:37:38 +0000] "GET /items/F315837648/ HTTP/1.1" 200 2428 "-" "Mozilla/5.0 (compatible; SERankingBacklinksBot/1.0; +https://seranking.com/backlinks-crawler)"
37.27.51.141 - - [19/May/2026:15:37:41 +0000] "GET /items/F272531779/ HTTP/1.1" 200 2428 "-" "Mozilla/5.0 (compatible; SERankingBacklinksBot/1.0; +https://seranking.com/backlinks-crawler)"
37.27.51.141 - - [19/May/2026:15:37:44 +0000] "GET /items/F272537749/ HTTP/1.1" 200 2428 "-" "Mozilla/5.0 (compatible; SERankingBacklinksBot/1.0; +https://seranking.com/backlinks-crawler)"
37.27.51.141 - - [19/May/2026:15:37:50 +0000] "GET /items/F272611981/ HTTP/1.1" 200 2428 "-" "Mozilla/5.0 (compatible; SERankingBacklinksBot/1.0; +https://seranking.com/backlinks-crawler)"
37.27.51.141 - - [19/May/2026:15:37:53 +0000] "GET /items/F272622911/ HTTP/1.1" 200 2428 "-" "Mozilla/5.0 (compatible; SERankingBacklinksBot/1.0; +https://seranking.com/backlinks-crawler)"
37.27.51.141 - - [19/May/2026:15:37:57 +0000] "GET /items/F272661618/ HTTP/1.1" 200 2428 "-" "Mozilla/5.0 (compatible; SERankingBacklinksBot/1.0; +https://seranking.com/backlinks-crawler)"
37.27.51.141 - - [19/May/2026:15:38:01 +0000] "GET /items/F272674547/ HTTP/1.1" 200 2428 "-" "Mozilla/5.0 (compatible; SERankingBacklinksBot/1.0; +https://seranking.com/backlinks-crawler)"
37.27.51.141 - - [19/May/2026:15:38:06 +0000] "GET /items/F272717305/ HTTP/1.1" 200 2428 "-" "Mozilla/5.0 (compatible; SERankingBacklinksBot/1.0; +https://seranking.com/backlinks-crawler)"
37.27.51.141 - - [19/May/2026:15:38:09 +0000] "GET /items/F272778042/ HTTP/1.1" 200 2428 "-" "Mozilla/5.0 (compatible; SERankingBacklinksBot/1.0; +https://seranking.com/backlinks-crawler)"
37.27.51.141 - - [19/May/2026:15:38:13 +0000] "GET /items/F272819224/ HTTP/1.1" 200 2428 "-" "Mozilla/5.0 (compatible; SERankingBacklinksBot/1.0; +https://seranking.com/backlinks-crawler)"
37.27.51.141 - - [19/May/2026:15:38:16 +0000] "GET /items/F272823729/ HTTP/1.1" 200 2428 "-" "Mozilla/5.0 (compatible; SERankingBacklinksBot/1.0; +https://seranking.com/backlinks-crawler)"
37.27.51.141 - - [19/May/2026:15:38:20 +0000] "GET /items/F272858476/ HTTP/1.1" 200 2428 "-" "Mozilla/5.0 (compatible; SERankingBacklinksBot/1.0; +https://seranking.com/backlinks-crawler)"
37.27.51.141 - - [19/May/2026:15:38:23 +0000] "GET /items/F272885719/ HTTP/1.1" 200 2428 "-" "Mozilla/5.0 (compatible; SERankingBacklinksBot/1.0; +https://seranking.com/backlinks-crawler)"
37.27.51.141 - - [19/May/2026:15:38:26 +0000] "GET /items/F272902355/ HTTP/1.1" 200 2428 "-" "Mozilla/5.0 (compatible; SERankingBacklinksBot/1.0; +https://seranking.com/backlinks-crawler)"
37.27.51.141 - - [19/May/2026:15:38:30 +0000] "GET /items/F272970648/ HTTP/1.1" 200 2428 "-" "Mozilla/5.0 (compatible; SERankingBacklinksBot/1.0; +https://seranking.com/backlinks-crawler)"
37.27.51.141 - - [19/May/2026:15:38:33 +0000] "GET /items/F272981224/ HTTP/1.1" 200 2428 "-" "Mozilla/5.0 (compatible; SERankingBacklinksBot/1.0; +https://seranking.com/backlinks-crawler)"
37.27.51.141 - - [19/May/2026:15:38:36 +0000] "GET /items/F272991234/ HTTP/1.1" 200 2428 "-" "Mozilla/5.0 (compatible; SERankingBacklinksBot/1.0; +https://seranking.com/backlinks-crawler)"
37.27.51.141 - - [19/May/2026:15:38:40 +0000] "GET /items/F273246507/ HTTP/1.1" 200 2428 "-" "Mozilla/5.0 (compatible; SERankingBacklinksBot/1.0; +https://seranking.com/backlinks-crawler)"
37.27.51.141 - - [19/May/2026:15:38:43 +0000] "GET /items/F273268870/ HTTP/1.1" 200 2428 "-" "Mozilla/5.0 (compatible; SERankingBacklinksBot/1.0; +https://seranking.com/backlinks-crawler)"
37.27.51.141 - - [19/May/2026:15:38:46 +0000] "GET /items/F273332668/ HTTP/1.1" 200 2428 "-" "Mozilla/5.0 (compatible; SERankingBacklinksBot/1.0; +https://seranking.com/backlinks-crawler)"
37.27.51.141 - - [19/May/2026:15:38:50 +0000] "GET /items/F273338284/ HTTP/1.1" 200 2428 "-" "Mozilla/5.0 (compatible; SERankingBacklinksBot/1.0; +https://seranking.com/backlinks-crawler)"
37.27.51.141 - - [19/May/2026:15:38:53 +0000] "GET /items/F273367436/ HTTP/1.1" 200 2428 "-" "Mozilla/5.0 (compatible; SERankingBacklinksBot/1.0; +https://seranking.com/backlinks-crawler)"
37.27.51.141 - - [19/May/2026:15:38:57 +0000] "GET /items/F273383173/ HTTP/1.1" 200 2428 "-" "Mozilla/5.0 (compatible; SERankingBacklinksBot/1.0; +https://seranking.com/backlinks-crawler)"
217.73.28.74 - - [19/May/2026:15:38:59 +0000] "GET /items/F139646557/ HTTP/1.1" 200 2428 "-" "Mozilla/5.0 (Macintosh; Intel Mac OS X 11.5; rv:136.0) Gecko/20100101 Firefox/136.0"
37.27.51.141 - - [19/May/2026:15:39:01 +0000] "GET /items/F273385547/ HTTP/1.1" 200 2428 "-" "Mozilla/5.0 (compatible; SERankingBacklinksBot/1.0; +https://seranking.com/backlinks-crawler)"
37.27.51.141 - - [19/May/2026:15:39:04 +0000] "GET /items/F315843507/ HTTP/1.1" 200 2428 "-" "Mozilla/5.0 (compatible; SERankingBacklinksBot/1.0; +https://seranking.com/backlinks-crawler)"
37.27.51.141 - - [19/May/2026:15:39:07 +0000] "GET /items/F273407931/ HTTP/1.1" 200 2428 "-" "Mozilla/5.0 (compatible; SERankingBacklinksBot/1.0; +https://seranking.com/backlinks-crawler)"
37.27.51.141 - - [19/May/2026:15:39:12 +0000] "GET /items/F273419284/ HTTP/1.1" 200 2428 "-" "Mozilla/5.0 (compatible; SERankingBacklinksBot/1.0; +https://seranking.com/backlinks-crawler)"
37.27.51.141 - - [19/May/2026:15:39:16 +0000] "GET /items/F273445274/ HTTP/1.1" 200 2428 "-" "Mozilla/5.0 (compatible; SERankingBacklinksBot/1.0; +https://seranking.com/backlinks-crawler)"
37.27.51.141 - - [19/May/2026:15:39:20 +0000] "GET /items/F273497032/ HTTP/1.1" 200 2428 "-" "Mozilla/5.0 (compatible; SERankingBacklinksBot/1.0; +https://seranking.com/backlinks-crawler)"
37.27.51.141 - - [19/May/2026:15:39:23 +0000] "GET /items/F273522012/ HTTP/1.1" 200 2428 "-" "Mozilla/5.0 (compatible; SERankingBacklinksBot/1.0; +https://seranking.com/backlinks-crawler)"
37.27.51.141 - - [19/May/2026:15:39:27 +0000] "GET /items/F273600971/ HTTP/1.1" 200 2428 "-" "Mozilla/5.0 (compatible; SERankingBacklinksBot/1.0; +https://seranking.com/backlinks-crawler)"
37.27.51.141 - - [19/May/2026:15:39:31 +0000] "GET /items/F273614254/ HTTP/1.1" 200 2428 "-" "Mozilla/5.0 (compatible; SERankingBacklinksBot/1.0; +https://seranking.com/backlinks-crawler)"
37.27.51.141 - - [19/May/2026:15:39:34 +0000] "GET /items/F273624042/ HTTP/1.1" 200 2428 "-" "Mozilla/5.0 (compatible; SERankingBacklinksBot/1.0; +https://seranking.com/backlinks-crawler)"
37.27.51.141 - - [19/May/2026:15:39:38 +0000] "GET /items/F273637658/ HTTP/1.1" 200 2428 "-" "Mozilla/5.0 (compatible; SERankingBacklinksBot/1.0; +https://seranking.com/backlinks-crawler)"
37.27.51.141 - - [19/May/2026:15:39:41 +0000] "GET /items/F273703921/ HTTP/1.1" 200 2428 "-" "Mozilla/5.0 (compatible; SERankingBacklinksBot/1.0; +https://seranking.com/backlinks-crawler)"
37.27.51.141 - - [19/May/2026:15:39:45 +0000] "GET /items/F273707749/ HTTP/1.1" 200 2428 "-" "Mozilla/5.0 (compatible; SERankingBacklinksBot/1.0; +https://seranking.com/backlinks-crawler)"
37.27.51.141 - - [19/May/2026:15:39:49 +0000] "GET /items/F273738911/ HTTP/1.1" 200 2428 "-" "Mozilla/5.0 (compatible; SERankingBacklinksBot/1.0; +https://seranking.com/backlinks-crawler)"
37.27.51.141 - - [19/May/2026:15:39:52 +0000] "GET /items/F273739466/ HTTP/1.1" 200 2428 "-" "Mozilla/5.0 (compatible; SERankingBacklinksBot/1.0; +https://seranking.com/backlinks-crawler)"
37.27.51.141 - - [19/May/2026:15:39:56 +0000] "GET /items/F273741486/ HTTP/1.1" 200 2428 "-" "Mozilla/5.0 (compatible; SERankingBacklinksBot/1.0; +https://seranking.com/backlinks-crawler)"
37.27.51.141 - - [19/May/2026:15:40:00 +0000] "GET /items/F273767254/ HTTP/1.1" 200 2428 "-" "Mozilla/5.0 (compatible; SERankingBacklinksBot/1.0; +https://seranking.com/backlinks-crawler)"
37.27.51.141 - - [19/May/2026:15:40:03 +0000] "GET /items/F273796951/ HTTP/1.1" 200 2428 "-" "Mozilla/5.0 (compatible; SERankingBacklinksBot/1.0; +https://seranking.com/backlinks-crawler)"
37.27.51.141 - - [19/May/2026:15:40:08 +0000] "GET /items/F273817325/ HTTP/1.1" 200 2428 "-" "Mozilla/5.0 (compatible; SERankingBacklinksBot/1.0; +https://seranking.com/backlinks-crawler)"
37.27.51.141 - - [19/May/2026:15:40:11 +0000] "GET /items/F273832739/ HTTP/1.1" 200 2428 "-" "Mozilla/5.0 (compatible; SERankingBacklinksBot/1.0; +https://seranking.com/backlinks-crawler)"
66.249.68.66 - - [19/May/2026:15:40:12 +0000] "GET /continuum/derivative/eblu6y9rmi97xvq.html HTTP/1.1" 200 80701 "-" "Mozilla/5.0 (compatible; Googlebot/2.1; +http://www.google.com/bot.html)"
37.27.51.141 - - [19/May/2026:15:40:15 +0000] "GET /items/F273847244/ HTTP/1.1" 200 2428 "-" "Mozilla/5.0 (compatible; SERankingBacklinksBot/1.0; +https://seranking.com/backlinks-crawler)"
37.27.51.141 - - [19/May/2026:15:40:18 +0000] "GET /items/F273890335/ HTTP/1.1" 200 2428 "-" "Mozilla/5.0 (compatible; SERankingBacklinksBot/1.0; +https://seranking.com/backlinks-crawler)"
