File manager - Edit - /var/log/apache2/domlogs/carfac/scooterthetort.com.carfac.com-ssl_log
Back
66.249.73.226 - - [19/May/2026:08:47:45 +0000] "GET /items/Q227253400/ HTTP/1.1" 200 184339 "-" "Mozilla/5.0 (Linux; Android 6.0.1; Nexus 5X Build/MMB29P) AppleWebKit/537.36 (KHTML, like Gecko) Chrome/148.0.7778.96 Mobile Safari/537.36 (compatible; Googlebot/2.1; +http://www.google.com/bot.html)"
66.249.73.228 - - [19/May/2026:08:47:46 +0000] "GET /items/O202311460/ HTTP/1.1" 200 184432 "-" "Mozilla/5.0 (Linux; Android 6.0.1; Nexus 5X Build/MMB29P) AppleWebKit/537.36 (KHTML, like Gecko) Chrome/148.0.7778.96 Mobile Safari/537.36 (compatible; Googlebot/2.1; +http://www.google.com/bot.html)"
66.249.73.228 - - [19/May/2026:08:50:51 +0000] "GET /items/R194207531/ HTTP/1.1" 200 179291 "-" "Mozilla/5.0 (Linux; Android 6.0.1; Nexus 5X Build/MMB29P) AppleWebKit/537.36 (KHTML, like Gecko) Chrome/148.0.7778.96 Mobile Safari/537.36 (compatible; GoogleOther)"
193.143.1.112 - - [19/May/2026:08:51:37 +0000] "GET /.env HTTP/1.1" 500 2749 "-" "Mozilla/5.0 (Linux; Android 10; MAR-LX1B) AppleWebKit/537.36 (KHTML, like Gecko) Chrome/101.0.4951.41 Mobile Safari/537.36"
66.249.73.226 - - [19/May/2026:08:51:46 +0000] "GET /items/Y257830228/ HTTP/1.1" 200 194183 "-" "Mozilla/5.0 (Linux; Android 6.0.1; Nexus 5X Build/MMB29P) AppleWebKit/537.36 (KHTML, like Gecko) Chrome/148.0.7778.96 Mobile Safari/537.36 (compatible; Googlebot/2.1; +http://www.google.com/bot.html)"
195.178.110.157 - - [19/May/2026:09:01:36 +0000] "POST / HTTP/1.1" 500 2749 "-" "Mozilla/5.0 (Windows NT 10.0; Win64; x64) AppleWebKit/537.36"
66.249.73.226 - - [19/May/2026:09:08:47 +0000] "GET /items/I208946046/ HTTP/1.1" 200 181305 "-" "Mozilla/5.0 (Linux; Android 6.0.1; Nexus 5X Build/MMB29P) AppleWebKit/537.36 (KHTML, like Gecko) Chrome/148.0.7778.96 Mobile Safari/537.36 (compatible; Googlebot/2.1; +http://www.google.com/bot.html)"
66.249.73.226 - - [19/May/2026:09:08:48 +0000] "GET /items/Z191119521/ HTTP/1.1" 200 182335 "-" "Mozilla/5.0 (Linux; Android 6.0.1; Nexus 5X Build/MMB29P) AppleWebKit/537.36 (KHTML, like Gecko) Chrome/148.0.7778.96 Mobile Safari/537.36 (compatible; Googlebot/2.1; +http://www.google.com/bot.html)"
150.249.214.254 - - [19/May/2026:09:20:13 +0000] "GET /items/Z76779359// HTTP/1.1" 200 737 "https://www.google.com/" "Mozilla/5.0 (Windows NT 10.0; Win64; x64) AppleWebKit/537.36 (KHTML, like Gecko) Chrome/110.0.0.0 Safari/537.36"
150.249.214.254 - - [19/May/2026:09:20:14 +0000] "GET /favicon.ico HTTP/1.1" 500 2749 "https://www.scooterthetort.com/items/Z76779359//" "Mozilla/5.0 (Windows NT 10.0; Win64; x64) AppleWebKit/537.36 (KHTML, like Gecko) Chrome/110.0.0.0 Safari/537.36"
66.249.73.224 - - [19/May/2026:09:20:51 +0000] "GET /items/Q152391622/ HTTP/1.1" 200 193523 "-" "Mozilla/5.0 (Linux; Android 6.0.1; Nexus 5X Build/MMB29P) AppleWebKit/537.36 (KHTML, like Gecko) Chrome/148.0.7778.96 Mobile Safari/537.36 (compatible; GoogleOther)"
47.128.110.169 - - [19/May/2026:09:21:49 +0000] "GET /blog/ HTTP/1.1" 403 - "-" "Mozilla/5.0 (Linux; Android 5.0) AppleWebKit/537.36 (KHTML, like Gecko) Mobile Safari/537.36 (compatible; Bytespider; spider-feedback@bytedance.com)"
150.249.214.251 - - [19/May/2026:09:22:19 +0000] "GET /items/W125261238/ HTTP/1.1" 500 2749 "-" "Mozilla/5.0 (Windows NT 10.0; Win64; x64) AppleWebKit/537.36 (KHTML, like Gecko) Chrome/110.0.0.0 Safari/537.36"
150.249.214.251 - - [19/May/2026:09:22:19 +0000] "GET /favicon.ico HTTP/1.1" 500 2749 "https://www.scooterthetort.com/items/W125261238/" "Mozilla/5.0 (Windows NT 10.0; Win64; x64) AppleWebKit/537.36 (KHTML, like Gecko) Chrome/110.0.0.0 Safari/537.36"
150.249.214.252 - - [19/May/2026:09:23:09 +0000] "GET /items/X113238925/ HTTP/1.1" 500 2749 "-" "Mozilla/5.0 (Windows NT 10.0; Win64; x64) AppleWebKit/537.36 (KHTML, like Gecko) Chrome/110.0.0.0 Safari/537.36"
150.249.214.252 - - [19/May/2026:09:23:10 +0000] "GET /favicon.ico HTTP/1.1" 500 2749 "https://www.scooterthetort.com/items/X113238925/" "Mozilla/5.0 (Windows NT 10.0; Win64; x64) AppleWebKit/537.36 (KHTML, like Gecko) Chrome/110.0.0.0 Safari/537.36"
150.249.214.251 - - [19/May/2026:09:25:29 +0000] "GET /items/A94181208/ HTTP/1.1" 500 2749 "-" "Mozilla/5.0 (Windows NT 10.0; Win64; x64) AppleWebKit/537.36 (KHTML, like Gecko) Chrome/110.0.0.0 Safari/537.36"
150.249.214.251 - - [19/May/2026:09:25:30 +0000] "GET /favicon.ico HTTP/1.1" 500 2749 "https://www.scooterthetort.com/items/A94181208/" "Mozilla/5.0 (Windows NT 10.0; Win64; x64) AppleWebKit/537.36 (KHTML, like Gecko) Chrome/110.0.0.0 Safari/537.36"
150.249.214.251 - - [19/May/2026:09:28:53 +0000] "GET /items/F100611571/ HTTP/1.1" 500 2749 "-" "Mozilla/5.0 (Windows NT 10.0; Win64; x64) AppleWebKit/537.36 (KHTML, like Gecko) Chrome/110.0.0.0 Safari/537.36"
150.249.214.251 - - [19/May/2026:09:28:54 +0000] "GET /favicon.ico HTTP/1.1" 500 2749 "https://www.scooterthetort.com/items/F100611571/" "Mozilla/5.0 (Windows NT 10.0; Win64; x64) AppleWebKit/537.36 (KHTML, like Gecko) Chrome/110.0.0.0 Safari/537.36"
66.249.73.227 - - [19/May/2026:09:38:48 +0000] "GET /items/B158809521/ HTTP/1.1" 200 179900 "-" "Mozilla/5.0 (Linux; Android 6.0.1; Nexus 5X Build/MMB29P) AppleWebKit/537.36 (KHTML, like Gecko) Chrome/148.0.7778.96 Mobile Safari/537.36 (compatible; Googlebot/2.1; +http://www.google.com/bot.html)"
66.249.73.228 - - [19/May/2026:09:38:49 +0000] "GET /items/B214402743/ HTTP/1.1" 200 200632 "-" "Mozilla/5.0 (Linux; Android 6.0.1; Nexus 5X Build/MMB29P) AppleWebKit/537.36 (KHTML, like Gecko) Chrome/148.0.7778.96 Mobile Safari/537.36 (compatible; Googlebot/2.1; +http://www.google.com/bot.html)"
150.249.214.251 - - [19/May/2026:09:38:56 +0000] "GET /items/I141938804/// HTTP/1.1" 500 2749 "-" "Mozilla/5.0 (Windows NT 10.0; Win64; x64) AppleWebKit/537.36 (KHTML, like Gecko) Chrome/110.0.0.0 Safari/537.36"
150.249.214.251 - - [19/May/2026:09:38:57 +0000] "GET /favicon.ico HTTP/1.1" 500 2749 "https://www.scooterthetort.com/items/I141938804///" "Mozilla/5.0 (Windows NT 10.0; Win64; x64) AppleWebKit/537.36 (KHTML, like Gecko) Chrome/110.0.0.0 Safari/537.36"
150.249.214.249 - - [19/May/2026:09:43:22 +0000] "GET /items/G107101258/ HTTP/1.1" 200 772 "https://www.google.com/" "Mozilla/5.0 (Windows NT 10.0; Win64; x64) AppleWebKit/537.36 (KHTML, like Gecko) Chrome/110.0.0.0 Safari/537.36"
150.249.214.249 - - [19/May/2026:09:43:22 +0000] "GET /favicon.ico HTTP/1.1" 500 2749 "https://www.scooterthetort.com/items/G107101258/" "Mozilla/5.0 (Windows NT 10.0; Win64; x64) AppleWebKit/537.36 (KHTML, like Gecko) Chrome/110.0.0.0 Safari/537.36"
66.249.73.228 - - [19/May/2026:09:47:45 +0000] "GET /items/N160417581/ HTTP/1.1" 200 185650 "-" "Mozilla/5.0 (Linux; Android 6.0.1; Nexus 5X Build/MMB29P) AppleWebKit/537.36 (KHTML, like Gecko) Chrome/148.0.7778.96 Mobile Safari/537.36 (compatible; Googlebot/2.1; +http://www.google.com/bot.html)"
66.249.73.227 - - [19/May/2026:09:50:51 +0000] "GET /items/L296399945/ HTTP/1.1" 200 191425 "-" "Mozilla/5.0 (Linux; Android 6.0.1; Nexus 5X Build/MMB29P) AppleWebKit/537.36 (KHTML, like Gecko) Chrome/148.0.7778.96 Mobile Safari/537.36 (compatible; GoogleOther)"
66.249.73.227 - - [19/May/2026:09:52:45 +0000] "GET /items/L151085945// HTTP/1.1" 200 200161 "-" "Mozilla/5.0 (Linux; Android 6.0.1; Nexus 5X Build/MMB29P) AppleWebKit/537.36 (KHTML, like Gecko) Chrome/148.0.7778.96 Mobile Safari/537.36 (compatible; Googlebot/2.1; +http://www.google.com/bot.html)"
66.249.73.227 - - [19/May/2026:09:52:45 +0000] "GET /items/K270592228/ HTTP/1.1" 200 185746 "-" "Mozilla/5.0 (Linux; Android 6.0.1; Nexus 5X Build/MMB29P) AppleWebKit/537.36 (KHTML, like Gecko) Chrome/148.0.7778.96 Mobile Safari/537.36 (compatible; Googlebot/2.1; +http://www.google.com/bot.html)"
66.249.73.228 - - [19/May/2026:09:55:46 +0000] "GET /items/I182725006/ HTTP/1.1" 200 198653 "-" "Mozilla/5.0 (Linux; Android 6.0.1; Nexus 5X Build/MMB29P) AppleWebKit/537.36 (KHTML, like Gecko) Chrome/148.0.7778.96 Mobile Safari/537.36 (compatible; Googlebot/2.1; +http://www.google.com/bot.html)"
66.249.73.226 - - [19/May/2026:10:01:31 +0000] "GET /items/C202583268/ HTTP/1.1" 200 182357 "-" "Mozilla/5.0 (compatible; Googlebot/2.1; +http://www.google.com/bot.html)"
2a03:2880:f806:41:: - - [19/May/2026:10:01:57 +0000] "GET /sample-page-2-2/ HTTP/1.1" 500 2749 "-" "meta-externalagent/1.1 (+https://developers.facebook.com/docs/sharing/webmasters/crawler)"
150.249.214.252 - - [19/May/2026:10:05:23 +0000] "GET /items/W125261238// HTTP/1.1" 500 2749 "-" "Mozilla/5.0 (Windows NT 10.0; Win64; x64) AppleWebKit/537.36 (KHTML, like Gecko) Chrome/110.0.0.0 Safari/537.36"
150.249.214.252 - - [19/May/2026:10:05:24 +0000] "GET /favicon.ico HTTP/1.1" 500 2749 "https://www.scooterthetort.com/items/W125261238//" "Mozilla/5.0 (Windows NT 10.0; Win64; x64) AppleWebKit/537.36 (KHTML, like Gecko) Chrome/110.0.0.0 Safari/537.36"
2a03:2880:f806:8:: - - [19/May/2026:10:07:22 +0000] "GET /markup-html-tags-and-formatting/ HTTP/1.1" 500 2749 "-" "meta-externalagent/1.1 (+https://developers.facebook.com/docs/sharing/webmasters/crawler)"
66.249.73.228 - - [19/May/2026:10:08:46 +0000] "GET /items/W151492632/ HTTP/1.1" 200 200047 "-" "Mozilla/5.0 (Linux; Android 6.0.1; Nexus 5X Build/MMB29P) AppleWebKit/537.36 (KHTML, like Gecko) Chrome/148.0.7778.96 Mobile Safari/537.36 (compatible; Googlebot/2.1; +http://www.google.com/bot.html)"
150.249.214.249 - - [19/May/2026:10:14:24 +0000] "GET /toyu/top/CSfTop HTTP/1.1" 500 2749 "https://www.google.com/" "Mozilla/5.0 (Windows NT 10.0; Win64; x64) AppleWebKit/537.36 (KHTML, like Gecko) Chrome/110.0.0.0 Safari/537.36"
150.249.214.249 - - [19/May/2026:10:14:26 +0000] "GET /favicon.ico HTTP/1.1" 500 2749 "https://www.scooterthetort.com/toyu/top/CSfTop" "Mozilla/5.0 (Windows NT 10.0; Win64; x64) AppleWebKit/537.36 (KHTML, like Gecko) Chrome/110.0.0.0 Safari/537.36"
47.128.110.12 - - [19/May/2026:10:15:06 +0000] "GET /blog/ HTTP/1.1" 403 - "-" "Mozilla/5.0 (Linux; Android 5.0) AppleWebKit/537.36 (KHTML, like Gecko) Mobile Safari/537.36 (compatible; Bytespider; spider-feedback@bytedance.com)"
47.128.110.143 - - [19/May/2026:10:15:33 +0000] "GET /robots.txt HTTP/1.1" 304 - "-" "Mozilla/5.0 (Linux; Android 5.0) AppleWebKit/537.36 (KHTML, like Gecko) Mobile Safari/537.36 (compatible; Bytespider; spider-feedback@bytedance.com)"
66.249.73.168 - - [19/May/2026:10:15:51 +0000] "GET /robots.txt HTTP/1.1" 304 - "-" "Mozilla/5.0 (compatible; Googlebot/2.1; +http://www.google.com/bot.html)"
66.249.73.168 - - [19/May/2026:10:15:51 +0000] "GET /items/B107407581/ HTTP/1.1" 200 185747 "-" "Mozilla/5.0 (Linux; Android 6.0.1; Nexus 5X Build/MMB29P) AppleWebKit/537.36 (KHTML, like Gecko) Chrome/148.0.7778.96 Mobile Safari/537.36 (compatible; Googlebot/2.1; +http://www.google.com/bot.html)"
66.249.73.226 - - [19/May/2026:10:17:51 +0000] "GET /items/Q220236086/ HTTP/1.1" 200 190602 "-" "Mozilla/5.0 (Linux; Android 6.0.1; Nexus 5X Build/MMB29P) AppleWebKit/537.36 (KHTML, like Gecko) Chrome/148.0.7778.96 Mobile Safari/537.36 (compatible; Googlebot/2.1; +http://www.google.com/bot.html)"
66.249.73.224 - - [19/May/2026:10:20:51 +0000] "GET /items/W272566824/ HTTP/1.1" 200 184610 "-" "Mozilla/5.0 (Linux; Android 6.0.1; Nexus 5X Build/MMB29P) AppleWebKit/537.36 (KHTML, like Gecko) Chrome/148.0.7778.96 Mobile Safari/537.36 (compatible; GoogleOther)"
66.249.73.225 - - [19/May/2026:10:23:51 +0000] "GET /items/J206749147/ HTTP/1.1" 200 200743 "-" "Mozilla/5.0 (Linux; Android 6.0.1; Nexus 5X Build/MMB29P) AppleWebKit/537.36 (KHTML, like Gecko) Chrome/148.0.7778.96 Mobile Safari/537.36 (compatible; Googlebot/2.1; +http://www.google.com/bot.html)"
66.249.73.171 - - [19/May/2026:10:23:52 +0000] "GET /items/W153297026/ HTTP/1.1" 200 182855 "-" "Mozilla/5.0 (Linux; Android 6.0.1; Nexus 5X Build/MMB29P) AppleWebKit/537.36 (KHTML, like Gecko) Chrome/148.0.7778.96 Mobile Safari/537.36 (compatible; Googlebot/2.1; +http://www.google.com/bot.html)"
47.128.110.205 - - [19/May/2026:10:25:53 +0000] "GET /blog/ HTTP/1.1" 403 - "-" "Mozilla/5.0 (Linux; Android 5.0) AppleWebKit/537.36 (KHTML, like Gecko) Mobile Safari/537.36 (compatible; Bytespider; spider-feedback@bytedance.com)"
66.249.73.224 - - [19/May/2026:10:31:53 +0000] "GET /items/P230108187/ HTTP/1.1" 200 203057 "-" "Mozilla/5.0 (Linux; Android 6.0.1; Nexus 5X Build/MMB29P) AppleWebKit/537.36 (KHTML, like Gecko) Chrome/148.0.7778.96 Mobile Safari/537.36 (compatible; Googlebot/2.1; +http://www.google.com/bot.html)"
66.249.73.171 - - [19/May/2026:10:32:53 +0000] "GET /items/I69892884/ HTTP/1.1" 200 202625 "-" "Mozilla/5.0 (Linux; Android 6.0.1; Nexus 5X Build/MMB29P) AppleWebKit/537.36 (KHTML, like Gecko) Chrome/148.0.7778.96 Mobile Safari/537.36 (compatible; Googlebot/2.1; +http://www.google.com/bot.html)"
66.249.73.226 - - [19/May/2026:10:33:53 +0000] "GET /items/N167528501/ HTTP/1.1" 200 193312 "-" "Mozilla/5.0 (Linux; Android 6.0.1; Nexus 5X Build/MMB29P) AppleWebKit/537.36 (KHTML, like Gecko) Chrome/148.0.7778.96 Mobile Safari/537.36 (compatible; Googlebot/2.1; +http://www.google.com/bot.html)"
240b:c010:4d6:ba10:c4c3:eaf5:54db:7e73 - - [19/May/2026:10:42:51 +0000] "GET /items/E237358470/ HTTP/1.1" 200 730 "https://www.google.com/url?q=https://scooterthetort.com/items/E237358470/&sa=U&sqi=2&ved=2ahUKEwjjuLn2lMWUAxUmslYBHcBoMHoQFnoECEsQAQ&usg=AOvVaw342goZNoT8lobIap0Id7N4" "Mozilla/5.0 (iPhone; CPU iPhone OS 26_4_2 like Mac OS X) AppleWebKit/605.1.15 (KHTML, like Gecko) GSA/419.4.905781065 Mobile/15E148 Safari/604.1"
66.249.73.228 - - [19/May/2026:10:42:54 +0000] "GET /items/L41571359/ HTTP/1.1" 200 188658 "-" "Mozilla/5.0 (Linux; Android 6.0.1; Nexus 5X Build/MMB29P) AppleWebKit/537.36 (KHTML, like Gecko) Chrome/148.0.7778.96 Mobile Safari/537.36 (compatible; Googlebot/2.1; +http://www.google.com/bot.html)"
66.249.73.226 - - [19/May/2026:10:44:14 +0000] "GET /items/V169437733/ HTTP/1.1" 200 204662 "-" "Mozilla/5.0 (compatible; Googlebot/2.1; +http://www.google.com/bot.html)"
66.249.73.228 - - [19/May/2026:10:47:45 +0000] "GET /items/N133749359/ HTTP/1.1" 200 182904 "-" "Mozilla/5.0 (Linux; Android 6.0.1; Nexus 5X Build/MMB29P) AppleWebKit/537.36 (KHTML, like Gecko) Chrome/148.0.7778.96 Mobile Safari/537.36 (compatible; Googlebot/2.1; +http://www.google.com/bot.html)"
66.249.73.226 - - [19/May/2026:10:50:51 +0000] "GET /items/R288093511/ HTTP/1.1" 200 186023 "-" "Mozilla/5.0 (Linux; Android 6.0.1; Nexus 5X Build/MMB29P) AppleWebKit/537.36 (KHTML, like Gecko) Chrome/148.0.7778.96 Mobile Safari/537.36 (compatible; GoogleOther)"
66.249.73.225 - - [19/May/2026:10:53:42 +0000] "GET /items/J303276733/ HTTP/1.1" 200 184060 "-" "Mozilla/5.0 (compatible; Googlebot/2.1; +http://www.google.com/bot.html)"
66.249.73.225 - - [19/May/2026:10:53:59 +0000] "GET /items/T260193167/ HTTP/1.1" 200 186359 "-" "Mozilla/5.0 (Linux; Android 6.0.1; Nexus 5X Build/MMB29P) AppleWebKit/537.36 (KHTML, like Gecko) Chrome/148.0.7778.96 Mobile Safari/537.36 (compatible; Googlebot/2.1; +http://www.google.com/bot.html)"
66.249.73.226 - - [19/May/2026:10:54:43 +0000] "GET /items/H104639187/ HTTP/1.1" 200 178111 "-" "Mozilla/5.0 (Linux; Android 6.0.1; Nexus 5X Build/MMB29P) AppleWebKit/537.36 (KHTML, like Gecko) Chrome/148.0.7778.96 Mobile Safari/537.36 (compatible; Googlebot/2.1; +http://www.google.com/bot.html)"
150.249.214.251 - - [19/May/2026:10:59:37 +0000] "GET /items/E128122006/ HTTP/1.1" 200 773 "https://www.google.com/" "Mozilla/5.0 (Windows NT 10.0; Win64; x64) AppleWebKit/537.36 (KHTML, like Gecko) Chrome/110.0.0.0 Safari/537.36"
150.249.214.251 - - [19/May/2026:10:59:38 +0000] "GET /favicon.ico HTTP/1.1" 500 2749 "https://www.scooterthetort.com/items/E128122006/" "Mozilla/5.0 (Windows NT 10.0; Win64; x64) AppleWebKit/537.36 (KHTML, like Gecko) Chrome/110.0.0.0 Safari/537.36"
66.249.73.228 - - [19/May/2026:10:59:43 +0000] "GET /items/P314792783/ HTTP/1.1" 200 190091 "-" "Mozilla/5.0 (Linux; Android 6.0.1; Nexus 5X Build/MMB29P) AppleWebKit/537.36 (KHTML, like Gecko) Chrome/148.0.7778.96 Mobile Safari/537.36 (compatible; Googlebot/2.1; +http://www.google.com/bot.html)"
66.249.73.226 - - [19/May/2026:11:02:43 +0000] "GET /items/Y222335016/ HTTP/1.1" 200 196259 "-" "Mozilla/5.0 (Linux; Android 6.0.1; Nexus 5X Build/MMB29P) AppleWebKit/537.36 (KHTML, like Gecko) Chrome/148.0.7778.96 Mobile Safari/537.36 (compatible; Googlebot/2.1; +http://www.google.com/bot.html)"
66.249.73.225 - - [19/May/2026:11:06:44 +0000] "GET /robots.txt HTTP/1.1" 304 - "-" "Mozilla/5.0 (compatible; Googlebot/2.1; +http://www.google.com/bot.html)"
66.249.73.225 - - [19/May/2026:11:06:44 +0000] "GET /items/M266913460/ HTTP/1.1" 200 190897 "-" "Mozilla/5.0 (Linux; Android 6.0.1; Nexus 5X Build/MMB29P) AppleWebKit/537.36 (KHTML, like Gecko) Chrome/148.0.7778.96 Mobile Safari/537.36 (compatible; Googlebot/2.1; +http://www.google.com/bot.html)"
2602:fb54:1400::1e8 - - [19/May/2026:11:16:25 +0000] "GET / HTTP/1.1" 500 2749 "-" "Mozilla/5.0 (Macintosh; Intel Mac OS X 10_15_7) AppleWebKit/537.36 (KHTML, like Gecko) Chrome/147.0.0.0 Safari/537.36 Edg/147.0.0.0"
66.249.73.224 - - [19/May/2026:11:18:50 +0000] "GET /items/Y295681066/ HTTP/1.1" 200 194693 "-" "Mozilla/5.0 (Linux; Android 6.0.1; Nexus 5X Build/MMB29P) AppleWebKit/537.36 (KHTML, like Gecko) Chrome/148.0.7778.96 Mobile Safari/537.36 (compatible; Googlebot/2.1; +http://www.google.com/bot.html)"
66.249.73.226 - - [19/May/2026:11:20:50 +0000] "GET /items/N212830905/ HTTP/1.1" 200 181133 "-" "Mozilla/5.0 (Linux; Android 6.0.1; Nexus 5X Build/MMB29P) AppleWebKit/537.36 (KHTML, like Gecko) Chrome/148.0.7778.96 Mobile Safari/537.36 (compatible; Googlebot/2.1; +http://www.google.com/bot.html)"
66.249.73.225 - - [19/May/2026:11:20:51 +0000] "GET /items/L284400925/ HTTP/1.1" 200 191573 "-" "Mozilla/5.0 (Linux; Android 6.0.1; Nexus 5X Build/MMB29P) AppleWebKit/537.36 (KHTML, like Gecko) Chrome/148.0.7778.96 Mobile Safari/537.36 (compatible; GoogleOther)"
66.249.73.226 - - [19/May/2026:11:20:52 +0000] "GET /items/U96304854/ HTTP/1.1" 200 180891 "-" "Mozilla/5.0 (Linux; Android 6.0.1; Nexus 5X Build/MMB29P) AppleWebKit/537.36 (KHTML, like Gecko) Chrome/148.0.7778.96 Mobile Safari/537.36 (compatible; Googlebot/2.1; +http://www.google.com/bot.html)"
66.249.73.225 - - [19/May/2026:11:26:52 +0000] "GET /items/J153131975/ HTTP/1.1" 200 183053 "-" "Mozilla/5.0 (Linux; Android 6.0.1; Nexus 5X Build/MMB29P) AppleWebKit/537.36 (KHTML, like Gecko) Chrome/148.0.7778.96 Mobile Safari/537.36 (compatible; Googlebot/2.1; +http://www.google.com/bot.html)"
32.193.54.150 - - [19/May/2026:11:30:02 +0000] "GET /robots.txt HTTP/1.1" 304 - "-" "Mozilla/5.0 (Macintosh; Intel Mac OS X 10_10_1) AppleWebKit/600.2.5 (KHTML, like Gecko) Version/8.0.2 Safari/600.2.5 (Gort)"
2a03:2880:f806:21:: - - [19/May/2026:11:30:06 +0000] "GET /tag/dolor/ HTTP/1.1" 500 2749 "-" "meta-externalagent/1.1 (+https://developers.facebook.com/docs/sharing/webmasters/crawler)"
66.249.73.224 - - [19/May/2026:11:32:50 +0000] "GET /items/C114081874/ HTTP/1.1" 200 182844 "-" "Mozilla/5.0 (Linux; Android 6.0.1; Nexus 5X Build/MMB29P) AppleWebKit/537.36 (KHTML, like Gecko) Chrome/148.0.7778.96 Mobile Safari/537.36 (compatible; Googlebot/2.1; +http://www.google.com/bot.html)"
66.249.73.224 - - [19/May/2026:11:32:52 +0000] "GET /items/B218651187/ HTTP/1.1" 200 205053 "-" "Mozilla/5.0 (Linux; Android 6.0.1; Nexus 5X Build/MMB29P) AppleWebKit/537.36 (KHTML, like Gecko) Chrome/148.0.7778.96 Mobile Safari/537.36 (compatible; Googlebot/2.1; +http://www.google.com/bot.html)"
66.249.73.225 - - [19/May/2026:11:41:53 +0000] "GET /items/V54039389/ HTTP/1.1" 200 180474 "-" "Mozilla/5.0 (Linux; Android 6.0.1; Nexus 5X Build/MMB29P) AppleWebKit/537.36 (KHTML, like Gecko) Chrome/148.0.7778.96 Mobile Safari/537.36 (compatible; Googlebot/2.1; +http://www.google.com/bot.html)"
66.249.73.225 - - [19/May/2026:11:41:54 +0000] "GET /items/V145738713/ HTTP/1.1" 200 183089 "-" "Mozilla/5.0 (Linux; Android 6.0.1; Nexus 5X Build/MMB29P) AppleWebKit/537.36 (KHTML, like Gecko) Chrome/148.0.7778.96 Mobile Safari/537.36 (compatible; Googlebot/2.1; +http://www.google.com/bot.html)"
2a09:bac5:bd0b:2e28::499:33 - - [19/May/2026:11:48:21 +0000] "GET /wp-content/plugins/all-in-one-wp-migration/uninstall.php HTTP/1.1" 500 2749 "-" "Mozilla/5.0 (Windows NT 10.0; Win64; x64) AppleWebKit/537.36 (KHTML, like Gecko) Chrome/147.0.0.0 Safari/537.36"
2a09:bac5:bd0b:2e28::499:33 - - [19/May/2026:11:48:21 +0000] "GET /wp-content/ai1wm-backups/ HTTP/1.1" 500 2749 "-" "Mozilla/5.0 (Windows NT 10.0; Win64; x64) AppleWebKit/537.36 (KHTML, like Gecko) Chrome/147.0.0.0 Safari/537.36"
2a09:bac5:bd0b:2e28::499:33 - - [19/May/2026:11:48:21 +0000] "GET /wordpress/wp-content/plugins/all-in-one-wp-migration/uninstall.php HTTP/1.1" 500 2749 "-" "Mozilla/5.0 (Windows NT 10.0; Win64; x64) AppleWebKit/537.36 (KHTML, like Gecko) Chrome/147.0.0.0 Safari/537.36"
2a09:bac5:bd0b:2e28::499:33 - - [19/May/2026:11:48:21 +0000] "GET /wordpress/wp-content/ai1wm-backups/ HTTP/1.1" 500 2749 "-" "Mozilla/5.0 (Windows NT 10.0; Win64; x64) AppleWebKit/537.36 (KHTML, like Gecko) Chrome/147.0.0.0 Safari/537.36"
2a09:bac5:bd0b:2e28::499:33 - - [19/May/2026:11:48:22 +0000] "GET /blog/wp-content/plugins/all-in-one-wp-migration/uninstall.php HTTP/1.1" 500 2749 "-" "Mozilla/5.0 (Windows NT 10.0; Win64; x64) AppleWebKit/537.36 (KHTML, like Gecko) Chrome/147.0.0.0 Safari/537.36"
2a09:bac5:bd0b:2e28::499:33 - - [19/May/2026:11:48:22 +0000] "GET /blog/wp-content/ai1wm-backups/ HTTP/1.1" 500 2749 "-" "Mozilla/5.0 (Windows NT 10.0; Win64; x64) AppleWebKit/537.36 (KHTML, like Gecko) Chrome/147.0.0.0 Safari/537.36"
66.249.73.226 - - [19/May/2026:11:51:48 +0000] "GET /items/E229483036/ HTTP/1.1" 200 180424 "-" "Mozilla/5.0 (Linux; Android 6.0.1; Nexus 5X Build/MMB29P) AppleWebKit/537.36 (KHTML, like Gecko) Chrome/148.0.7778.96 Mobile Safari/537.36 (compatible; Googlebot/2.1; +http://www.google.com/bot.html)"
66.249.73.225 - - [19/May/2026:11:55:42 +0000] "GET /items/R132714925/ HTTP/1.1" 200 183518 "-" "Mozilla/5.0 (compatible; Googlebot/2.1; +http://www.google.com/bot.html)"
66.249.73.226 - - [19/May/2026:11:58:21 +0000] "GET /items/A188384420/ HTTP/1.1" 200 189162 "-" "Mozilla/5.0 (Linux; Android 6.0.1; Nexus 5X Build/MMB29P) AppleWebKit/537.36 (KHTML, like Gecko) Chrome/148.0.7778.96 Mobile Safari/537.36 (compatible; GoogleOther)"
66.249.73.224 - - [19/May/2026:11:59:49 +0000] "GET /items/K118102288/ HTTP/1.1" 200 205428 "-" "Mozilla/5.0 (Linux; Android 6.0.1; Nexus 5X Build/MMB29P) AppleWebKit/537.36 (KHTML, like Gecko) Chrome/148.0.7778.96 Mobile Safari/537.36 (compatible; Googlebot/2.1; +http://www.google.com/bot.html)"
66.249.73.224 - - [19/May/2026:12:00:22 +0000] "GET /items/G153461834/ HTTP/1.1" 200 186631 "-" "Mozilla/5.0 (Linux; Android 6.0.1; Nexus 5X Build/MMB29P) AppleWebKit/537.36 (KHTML, like Gecko) Chrome/148.0.7778.96 Mobile Safari/537.36 (compatible; Googlebot/2.1; +http://www.google.com/bot.html)"
66.249.73.226 - - [19/May/2026:12:07:49 +0000] "GET /items/H190184319/ HTTP/1.1" 200 186308 "-" "Mozilla/5.0 (Linux; Android 6.0.1; Nexus 5X Build/MMB29P) AppleWebKit/537.36 (KHTML, like Gecko) Chrome/148.0.7778.96 Mobile Safari/537.36 (compatible; Googlebot/2.1; +http://www.google.com/bot.html)"
66.249.73.227 - - [19/May/2026:12:16:47 +0000] "GET /items/S53919460/ HTTP/1.1" 200 185410 "-" "Mozilla/5.0 (Linux; Android 6.0.1; Nexus 5X Build/MMB29P) AppleWebKit/537.36 (KHTML, like Gecko) Chrome/148.0.7778.96 Mobile Safari/537.36 (compatible; Googlebot/2.1; +http://www.google.com/bot.html)"
66.249.73.226 - - [19/May/2026:12:17:47 +0000] "GET /items/E153001470/ HTTP/1.1" 200 184693 "-" "Mozilla/5.0 (Linux; Android 6.0.1; Nexus 5X Build/MMB29P) AppleWebKit/537.36 (KHTML, like Gecko) Chrome/148.0.7778.96 Mobile Safari/537.36 (compatible; Googlebot/2.1; +http://www.google.com/bot.html)"
66.249.73.225 - - [19/May/2026:12:22:48 +0000] "GET /items/H244638703/ HTTP/1.1" 200 185588 "-" "Mozilla/5.0 (Linux; Android 6.0.1; Nexus 5X Build/MMB29P) AppleWebKit/537.36 (KHTML, like Gecko) Chrome/148.0.7778.96 Mobile Safari/537.36 (compatible; Googlebot/2.1; +http://www.google.com/bot.html)"
2401:4900:88f3:dc0:395f:8766:e44:16b - - [19/May/2026:12:30:47 +0000] "POST /xmlrpc.php HTTP/1.1" 500 2749 "-" "Mozilla/5.0 (Windows NT 6.3; x64) AppleWebKit/537.36 (KHTML, like Gecko) Opera/78.0.0.0 Safari/537.36"
2a03:2880:f806:51:: - - [19/May/2026:12:32:05 +0000] "GET /markup-image-alignment/ HTTP/1.1" 500 2749 "-" "meta-externalagent/1.1 (+https://developers.facebook.com/docs/sharing/webmasters/crawler)"
66.249.73.224 - - [19/May/2026:12:34:48 +0000] "GET /items/K92346652/ HTTP/1.1" 200 177807 "-" "Mozilla/5.0 (Linux; Android 6.0.1; Nexus 5X Build/MMB29P) AppleWebKit/537.36 (KHTML, like Gecko) Chrome/148.0.7778.96 Mobile Safari/537.36 (compatible; Googlebot/2.1; +http://www.google.com/bot.html)"
66.249.73.226 - - [19/May/2026:12:34:48 +0000] "GET /items/I127594602/ HTTP/1.1" 200 188595 "-" "Mozilla/5.0 (Linux; Android 6.0.1; Nexus 5X Build/MMB29P) AppleWebKit/537.36 (KHTML, like Gecko) Chrome/148.0.7778.96 Mobile Safari/537.36 (compatible; Googlebot/2.1; +http://www.google.com/bot.html)"
66.249.73.224 - - [19/May/2026:12:35:51 +0000] "GET /items/I271816662/ HTTP/1.1" 200 193199 "-" "Mozilla/5.0 (Linux; Android 6.0.1; Nexus 5X Build/MMB29P) AppleWebKit/537.36 (KHTML, like Gecko) Chrome/148.0.7778.96 Mobile Safari/537.36 (compatible; GoogleOther)"
20.194.157.188 - - [19/May/2026:12:38:26 +0000] "GET /items/C250345258/ HTTP/1.1" 500 2749 "-" "Mozilla/5.0 AppleWebKit/537.36 (KHTML, like Gecko); compatible; ChatGPT-User/1.0; +https://openai.com/bot"
20.194.157.177 - - [19/May/2026:12:38:27 +0000] "GET /items/C250345258/ HTTP/1.1" 500 2749 "-" "Mozilla/5.0 AppleWebKit/537.36 (KHTML, like Gecko); compatible; ChatGPT-User/1.0; +https://openai.com/bot"
20.194.157.182 - - [19/May/2026:12:38:28 +0000] "GET /items/C250345258/ HTTP/1.1" 500 2749 "-" "Mozilla/5.0 AppleWebKit/537.36 (KHTML, like Gecko); compatible; ChatGPT-User/1.0; +https://openai.com/bot"
66.249.73.225 - - [19/May/2026:12:38:51 +0000] "GET /items/A71423450/ HTTP/1.1" 200 180979 "-" "Mozilla/5.0 (Linux; Android 6.0.1; Nexus 5X Build/MMB29P) AppleWebKit/537.36 (KHTML, like Gecko) Chrome/148.0.7778.96 Mobile Safari/537.36 (compatible; GoogleOther)"
66.249.73.225 - - [19/May/2026:12:39:12 +0000] "GET /items/A71423450/ HTTP/1.1" 200 180979 "-" "Mozilla/5.0 (Linux; Android 6.0.1; Nexus 5X Build/MMB29P) AppleWebKit/537.36 (KHTML, like Gecko) Chrome/148.0.7778.96 Mobile Safari/537.36 (compatible; Googlebot/2.1; +http://www.google.com/bot.html)"
45.150.110.164 - - [19/May/2026:12:41:12 +0000] "GET / HTTP/1.1" 500 2749 "-" "Mozilla/5.0 (compatible; SMARTSEO-checker/0.1; +https://smart-seo-tools.sbs/bot)"
66.249.73.227 - - [19/May/2026:12:48:48 +0000] "GET /items/Z80294531/ HTTP/1.1" 200 178965 "-" "Mozilla/5.0 (Linux; Android 6.0.1; Nexus 5X Build/MMB29P) AppleWebKit/537.36 (KHTML, like Gecko) Chrome/148.0.7778.96 Mobile Safari/537.36 (compatible; Googlebot/2.1; +http://www.google.com/bot.html)"
66.249.73.228 - - [19/May/2026:12:48:48 +0000] "GET /items/P161915319// HTTP/1.1" 200 186625 "-" "Mozilla/5.0 (Linux; Android 6.0.1; Nexus 5X Build/MMB29P) AppleWebKit/537.36 (KHTML, like Gecko) Chrome/148.0.7778.96 Mobile Safari/537.36 (compatible; Googlebot/2.1; +http://www.google.com/bot.html)"
66.249.73.225 - - [19/May/2026:12:54:49 +0000] "GET /items/K264336652/ HTTP/1.1" 200 197132 "-" "Mozilla/5.0 (Linux; Android 6.0.1; Nexus 5X Build/MMB29P) AppleWebKit/537.36 (KHTML, like Gecko) Chrome/148.0.7778.96 Mobile Safari/537.36 (compatible; Googlebot/2.1; +http://www.google.com/bot.html)"
103.215.74.72 - - [19/May/2026:12:58:22 +0000] "POST / HTTP/1.1" 500 2749 "-" "Mozilla/5.0 (Windows NT 10.0; Win64; x64) AppleWebKit/537.36"
2a03:2880:f806:4c:: - - [19/May/2026:12:59:48 +0000] "GET /vivamus-laoreet-nunc-nulla-nam-quam-nunc-blandit-vel-luctus-pulvinar-hendrerit/ HTTP/1.1" 500 2749 "-" "meta-externalagent/1.1 (+https://developers.facebook.com/docs/sharing/webmasters/crawler)"
66.249.73.227 - - [19/May/2026:12:59:49 +0000] "GET /items/K113937086// HTTP/1.1" 200 180417 "-" "Mozilla/5.0 (Linux; Android 6.0.1; Nexus 5X Build/MMB29P) AppleWebKit/537.36 (KHTML, like Gecko) Chrome/148.0.7778.96 Mobile Safari/537.36 (compatible; Googlebot/2.1; +http://www.google.com/bot.html)"
66.249.73.226 - - [19/May/2026:12:59:50 +0000] "GET /items/C247261632/ HTTP/1.1" 200 188035 "-" "Mozilla/5.0 (Linux; Android 6.0.1; Nexus 5X Build/MMB29P) AppleWebKit/537.36 (KHTML, like Gecko) Chrome/148.0.7778.96 Mobile Safari/537.36 (compatible; Googlebot/2.1; +http://www.google.com/bot.html)"
66.249.73.228 - - [19/May/2026:13:00:39 +0000] "GET /items/Q236322248/ HTTP/1.1" 200 187542 "-" "Mozilla/5.0 (Linux; Android 6.0.1; Nexus 5X Build/MMB29P) AppleWebKit/537.36 (KHTML, like Gecko) Chrome/148.0.7778.96 Mobile Safari/537.36 (compatible; Googlebot/2.1; +http://www.google.com/bot.html)"
66.249.73.228 - - [19/May/2026:13:02:50 +0000] "GET /items/U32979278/ HTTP/1.1" 200 190839 "-" "Mozilla/5.0 (Linux; Android 6.0.1; Nexus 5X Build/MMB29P) AppleWebKit/537.36 (KHTML, like Gecko) Chrome/148.0.7778.96 Mobile Safari/537.36 (compatible; Googlebot/2.1; +http://www.google.com/bot.html)"
66.249.73.226 - - [19/May/2026:13:03:34 +0000] "GET /items/O150971864/ HTTP/1.1" 200 199690 "-" "Mozilla/5.0 (compatible; Googlebot/2.1; +http://www.google.com/bot.html)"
47.128.110.177 - - [19/May/2026:13:04:44 +0000] "GET /blog/ HTTP/1.1" 403 - "-" "Mozilla/5.0 (Linux; Android 5.0) AppleWebKit/537.36 (KHTML, like Gecko) Mobile Safari/537.36 (compatible; Bytespider; spider-feedback@bytedance.com)"
66.249.73.226 - - [19/May/2026:13:08:35 +0000] "GET /items/L174636703/ HTTP/1.1" 200 181228 "-" "Mozilla/5.0 (Linux; Android 6.0.1; Nexus 5X Build/MMB29P) AppleWebKit/537.36 (KHTML, like Gecko) Chrome/148.0.7778.96 Mobile Safari/537.36 (compatible; Googlebot/2.1; +http://www.google.com/bot.html)"
66.249.73.227 - - [19/May/2026:13:10:51 +0000] "GET /items/G183437238/ HTTP/1.1" 200 179867 "-" "Mozilla/5.0 (Linux; Android 6.0.1; Nexus 5X Build/MMB29P) AppleWebKit/537.36 (KHTML, like Gecko) Chrome/148.0.7778.96 Mobile Safari/537.36 (compatible; Googlebot/2.1; +http://www.google.com/bot.html)"
66.249.73.228 - - [19/May/2026:13:13:21 +0000] "GET /items/N81140975/ HTTP/1.1" 200 187842 "-" "Mozilla/5.0 (Linux; Android 6.0.1; Nexus 5X Build/MMB29P) AppleWebKit/537.36 (KHTML, like Gecko) Chrome/148.0.7778.96 Mobile Safari/537.36 (compatible; GoogleOther)"
66.249.73.227 - - [19/May/2026:13:13:51 +0000] "GET /items/E53353824/ HTTP/1.1" 200 182291 "-" "Mozilla/5.0 (Linux; Android 6.0.1; Nexus 5X Build/MMB29P) AppleWebKit/537.36 (KHTML, like Gecko) Chrome/148.0.7778.96 Mobile Safari/537.36 (compatible; Googlebot/2.1; +http://www.google.com/bot.html)"
66.249.73.227 - - [19/May/2026:13:16:56 +0000] "GET /items/T157162965/ HTTP/1.1" 200 183419 "-" "Mozilla/5.0 (Linux; Android 6.0.1; Nexus 5X Build/MMB29P) AppleWebKit/537.36 (KHTML, like Gecko) Chrome/148.0.7778.96 Mobile Safari/537.36 (compatible; Googlebot/2.1; +http://www.google.com/bot.html)"
66.249.73.226 - - [19/May/2026:13:21:56 +0000] "GET /items/A180262036// HTTP/1.1" 200 177362 "-" "Mozilla/5.0 (Linux; Android 6.0.1; Nexus 5X Build/MMB29P) AppleWebKit/537.36 (KHTML, like Gecko) Chrome/148.0.7778.96 Mobile Safari/537.36 (compatible; Googlebot/2.1; +http://www.google.com/bot.html)"
66.249.73.227 - - [19/May/2026:13:21:57 +0000] "GET /items/T100046157/ HTTP/1.1" 200 189399 "-" "Mozilla/5.0 (Linux; Android 6.0.1; Nexus 5X Build/MMB29P) AppleWebKit/537.36 (KHTML, like Gecko) Chrome/148.0.7778.96 Mobile Safari/537.36 (compatible; Googlebot/2.1; +http://www.google.com/bot.html)"
66.249.73.228 - - [19/May/2026:13:22:17 +0000] "GET /items/S46655016/ HTTP/1.1" 200 181208 "-" "Mozilla/5.0 (Linux; Android 6.0.1; Nexus 5X Build/MMB29P) AppleWebKit/537.36 (KHTML, like Gecko) Chrome/148.0.7778.96 Mobile Safari/537.36 (compatible; GoogleOther)"
66.249.73.226 - - [19/May/2026:13:22:50 +0000] "GET /items/S46655016/ HTTP/1.1" 200 181208 "-" "Mozilla/5.0 (Linux; Android 6.0.1; Nexus 5X Build/MMB29P) AppleWebKit/537.36 (KHTML, like Gecko) Chrome/148.0.7778.96 Mobile Safari/537.36 (compatible; Googlebot/2.1; +http://www.google.com/bot.html)"
66.249.73.228 - - [19/May/2026:13:25:23 +0000] "GET /items/V233233905/ HTTP/1.1" 200 183028 "-" "Mozilla/5.0 (Linux; Android 6.0.1; Nexus 5X Build/MMB29P) AppleWebKit/537.36 (KHTML, like Gecko) Chrome/148.0.7778.96 Mobile Safari/537.36 (compatible; Googlebot/2.1; +http://www.google.com/bot.html)"
66.249.73.225 - - [19/May/2026:13:27:38 +0000] "GET /items/C202583268/ HTTP/1.1" 200 182357 "-" "Mozilla/5.0 (Linux; Android 6.0.1; Nexus 5X Build/MMB29P) AppleWebKit/537.36 (KHTML, like Gecko) Chrome/148.0.7778.96 Mobile Safari/537.36 (compatible; Googlebot/2.1; +http://www.google.com/bot.html)"
66.249.73.226 - - [19/May/2026:13:28:57 +0000] "GET /items/M176589460/ HTTP/1.1" 200 183493 "-" "Mozilla/5.0 (Linux; Android 6.0.1; Nexus 5X Build/MMB29P) AppleWebKit/537.36 (KHTML, like Gecko) Chrome/148.0.7778.96 Mobile Safari/537.36 (compatible; Googlebot/2.1; +http://www.google.com/bot.html)"
66.249.73.227 - - [19/May/2026:13:33:58 +0000] "GET /items/F83251369/ HTTP/1.1" 200 184639 "-" "Mozilla/5.0 (Linux; Android 6.0.1; Nexus 5X Build/MMB29P) AppleWebKit/537.36 (KHTML, like Gecko) Chrome/148.0.7778.96 Mobile Safari/537.36 (compatible; Googlebot/2.1; +http://www.google.com/bot.html)"
66.249.73.228 - - [19/May/2026:13:35:41 +0000] "GET /items/F115696713/ HTTP/1.1" 200 188978 "-" "Mozilla/5.0 (Linux; Android 6.0.1; Nexus 5X Build/MMB29P) AppleWebKit/537.36 (KHTML, like Gecko) Chrome/148.0.7778.96 Mobile Safari/537.36 (compatible; Googlebot/2.1; +http://www.google.com/bot.html)"
66.249.73.227 - - [19/May/2026:13:35:58 +0000] "GET /items/Z187661501/ HTTP/1.1" 200 182063 "-" "Mozilla/5.0 (Linux; Android 6.0.1; Nexus 5X Build/MMB29P) AppleWebKit/537.36 (KHTML, like Gecko) Chrome/148.0.7778.96 Mobile Safari/537.36 (compatible; Googlebot/2.1; +http://www.google.com/bot.html)"
2a03:2880:f806:36:: - - [19/May/2026:13:43:43 +0000] "GET /tag/pagination/ HTTP/1.1" 500 2749 "-" "meta-externalagent/1.1 (+https://developers.facebook.com/docs/sharing/webmasters/crawler)"
66.249.73.228 - - [19/May/2026:13:43:58 +0000] "GET /items/H167184703// HTTP/1.1" 200 189496 "-" "Mozilla/5.0 (Linux; Android 6.0.1; Nexus 5X Build/MMB29P) AppleWebKit/537.36 (KHTML, like Gecko) Chrome/148.0.7778.96 Mobile Safari/537.36 (compatible; Googlebot/2.1; +http://www.google.com/bot.html)"
66.249.73.228 - - [19/May/2026:13:44:58 +0000] "GET /items/X199818925/ HTTP/1.1" 200 177854 "-" "Mozilla/5.0 (Linux; Android 6.0.1; Nexus 5X Build/MMB29P) AppleWebKit/537.36 (KHTML, like Gecko) Chrome/148.0.7778.96 Mobile Safari/537.36 (compatible; Googlebot/2.1; +http://www.google.com/bot.html)"
66.249.73.228 - - [19/May/2026:13:45:54 +0000] "GET /items/V233233905/ HTTP/1.1" 200 183028 "-" "Mozilla/5.0 (Linux; Android 6.0.1; Nexus 5X Build/MMB29P) AppleWebKit/537.36 (KHTML, like Gecko) Chrome/148.0.7778.96 Mobile Safari/537.36 (compatible; Googlebot/2.1; +http://www.google.com/bot.html)"
66.249.73.226 - - [19/May/2026:13:46:51 +0000] "GET /items/D154202531/ HTTP/1.1" 200 191457 "-" "Mozilla/5.0 (Linux; Android 6.0.1; Nexus 5X Build/MMB29P) AppleWebKit/537.36 (KHTML, like Gecko) Chrome/148.0.7778.96 Mobile Safari/537.36 (compatible; Googlebot/2.1; +http://www.google.com/bot.html)"
66.249.73.228 - - [19/May/2026:13:49:45 +0000] "GET /items/M154702602/ HTTP/1.1" 200 183215 "-" "Mozilla/5.0 (Linux; Android 6.0.1; Nexus 5X Build/MMB29P) AppleWebKit/537.36 (KHTML, like Gecko) Chrome/148.0.7778.96 Mobile Safari/537.36 (compatible; Googlebot/2.1; +http://www.google.com/bot.html)"
66.249.73.226 - - [19/May/2026:13:50:51 +0000] "GET /items/I178687258/ HTTP/1.1" 200 190488 "-" "Mozilla/5.0 (Linux; Android 6.0.1; Nexus 5X Build/MMB29P) AppleWebKit/537.36 (KHTML, like Gecko) Chrome/148.0.7778.96 Mobile Safari/537.36 (compatible; GoogleOther)"
66.249.73.227 - - [19/May/2026:13:50:52 +0000] "GET /items/U165979602/ HTTP/1.1" 200 182922 "-" "Mozilla/5.0 (Linux; Android 6.0.1; Nexus 5X Build/MMB29P) AppleWebKit/537.36 (KHTML, like Gecko) Chrome/148.0.7778.96 Mobile Safari/537.36 (compatible; Googlebot/2.1; +http://www.google.com/bot.html)"
66.249.73.226 - - [19/May/2026:13:50:52 +0000] "GET /items/H72388713/ HTTP/1.1" 200 204687 "-" "Mozilla/5.0 (Linux; Android 6.0.1; Nexus 5X Build/MMB29P) AppleWebKit/537.36 (KHTML, like Gecko) Chrome/148.0.7778.96 Mobile Safari/537.36 (compatible; Googlebot/2.1; +http://www.google.com/bot.html)"
66.249.73.226 - - [19/May/2026:13:57:52 +0000] "GET /items/F190155511/ HTTP/1.1" 200 197461 "-" "Mozilla/5.0 (Linux; Android 6.0.1; Nexus 5X Build/MMB29P) AppleWebKit/537.36 (KHTML, like Gecko) Chrome/148.0.7778.96 Mobile Safari/537.36 (compatible; Googlebot/2.1; +http://www.google.com/bot.html)"
66.249.73.226 - - [19/May/2026:13:57:53 +0000] "GET /items/Q118937480/ HTTP/1.1" 200 184330 "-" "Mozilla/5.0 (Linux; Android 6.0.1; Nexus 5X Build/MMB29P) AppleWebKit/537.36 (KHTML, like Gecko) Chrome/148.0.7778.96 Mobile Safari/537.36 (compatible; Googlebot/2.1; +http://www.google.com/bot.html)"
66.249.73.226 - - [19/May/2026:14:04:54 +0000] "GET /items/W219230450/ HTTP/1.1" 200 186465 "-" "Mozilla/5.0 (Linux; Android 6.0.1; Nexus 5X Build/MMB29P) AppleWebKit/537.36 (KHTML, like Gecko) Chrome/148.0.7778.96 Mobile Safari/537.36 (compatible; Googlebot/2.1; +http://www.google.com/bot.html)"
66.249.73.227 - - [19/May/2026:14:10:54 +0000] "GET /items/G182888672/ HTTP/1.1" 200 183484 "-" "Mozilla/5.0 (Linux; Android 6.0.1; Nexus 5X Build/MMB29P) AppleWebKit/537.36 (KHTML, like Gecko) Chrome/148.0.7778.96 Mobile Safari/537.36 (compatible; Googlebot/2.1; +http://www.google.com/bot.html)"
66.249.73.228 - - [19/May/2026:14:12:54 +0000] "GET /items/Z192193339/ HTTP/1.1" 200 186363 "-" "Mozilla/5.0 (Linux; Android 6.0.1; Nexus 5X Build/MMB29P) AppleWebKit/537.36 (KHTML, like Gecko) Chrome/148.0.7778.96 Mobile Safari/537.36 (compatible; Googlebot/2.1; +http://www.google.com/bot.html)"
2a09:bac2:44be:2787::3f0:53 - - [19/May/2026:14:13:04 +0000] "GET /items/L194053521/ HTTP/1.1" 200 753 "https://search.yahoo.co.jp/" "Mozilla/5.0 (iPhone; CPU iPhone OS 18_7 like Mac OS X) AppleWebKit/605.1.15 (KHTML, like Gecko) Version/26.4 Mobile/15E148 Safari/604.1"
66.249.73.237 - - [19/May/2026:14:27:56 +0000] "GET /items/F126107127/ HTTP/1.1" 200 191935 "-" "Mozilla/5.0 (Linux; Android 6.0.1; Nexus 5X Build/MMB29P) AppleWebKit/537.36 (KHTML, like Gecko) Chrome/148.0.7778.96 Mobile Safari/537.36 (compatible; Googlebot/2.1; +http://www.google.com/bot.html)"
93.123.109.167 - - [19/May/2026:14:29:43 +0000] "POST / HTTP/1.1" 500 2749 "-" "Mozilla/5.0 (Windows NT 10.0; Win64; x64) AppleWebKit/537.36"
66.249.73.237 - - [19/May/2026:14:30:24 +0000] "GET /items/S181023086/ HTTP/1.1" 200 186034 "-" "Mozilla/5.0 (Linux; Android 6.0.1; Nexus 5X Build/MMB29P) AppleWebKit/537.36 (KHTML, like Gecko) Chrome/148.0.7778.96 Mobile Safari/537.36 (compatible; Googlebot/2.1; +http://www.google.com/bot.html)"
146.190.185.95 - - [19/May/2026:14:32:42 +0000] "GET / HTTP/1.1" 500 2749 "-" "Mozilla/5.0 (Linux, Android 10, K) AppleWebKit/537.36 (KHTML, like Gecko) Chrome/148.0.0.0 Mobile Safari/537.36"
2404:9400:3:0:216:3eff:fee1:dad6 - - [19/May/2026:14:32:44 +0000] "GET / HTTP/1.1" 500 2749 "-" "Mozilla/5.0 (Linux, Android 10, K) AppleWebKit/537.36 (KHTML, like Gecko) Chrome/148.0.0.0 Mobile Safari/537.36"
146.190.185.95 - - [19/May/2026:14:33:19 +0000] "GET / HTTP/1.1" 500 2749 "-" "Mozilla/5.0 (iPhone; U; CPU iPhone OS 4_0 like Mac OS X) AppleWebKit/533.0.0 (KHTML, like Gecko) Version/5.0.0 Mobile/8C148a Safari/6533.0.0"
66.249.73.237 - - [19/May/2026:14:34:56 +0000] "GET /items/X207348541/ HTTP/1.1" 200 188792 "-" "Mozilla/5.0 (Linux; Android 6.0.1; Nexus 5X Build/MMB29P) AppleWebKit/537.36 (KHTML, like Gecko) Chrome/148.0.7778.96 Mobile Safari/537.36 (compatible; Googlebot/2.1; +http://www.google.com/bot.html)"
2a03:2880:f806:7:: - - [19/May/2026:14:38:13 +0000] "GET /wp-content/uploads/2015/05/placeholder-03.jpg HTTP/1.1" 200 2844 "-" "meta-externalagent/1.1 (+https://developers.facebook.com/docs/sharing/webmasters/crawler)"
146.190.185.95 - - [19/May/2026:14:38:46 +0000] "GET /favicon.ico HTTP/1.1" 500 2749 "-" "Mozilla/5.0 (Linux, Android 10, K) AppleWebKit/537.36 (KHTML, like Gecko) Chrome/148.0.0.0 Mobile Safari/537.36"
66.249.73.236 - - [19/May/2026:14:40:51 +0000] "GET /items/X247154531/ HTTP/1.1" 200 184908 "-" "Mozilla/5.0 (Linux; Android 6.0.1; Nexus 5X Build/MMB29P) AppleWebKit/537.36 (KHTML, like Gecko) Chrome/148.0.7778.96 Mobile Safari/537.36 (compatible; GoogleOther)"
66.249.73.236 - - [19/May/2026:14:45:51 +0000] "GET /items/A215629884/ HTTP/1.1" 200 186940 "-" "Mozilla/5.0 (Linux; Android 6.0.1; Nexus 5X Build/MMB29P) AppleWebKit/537.36 (KHTML, like Gecko) Chrome/148.0.7778.96 Mobile Safari/537.36 (compatible; GoogleOther)"
66.249.73.235 - - [19/May/2026:14:45:52 +0000] "GET /items/Z171993955/ HTTP/1.1" 200 181422 "-" "Mozilla/5.0 (Linux; Android 6.0.1; Nexus 5X Build/MMB29P) AppleWebKit/537.36 (KHTML, like Gecko) Chrome/148.0.7778.96 Mobile Safari/537.36 (compatible; Googlebot/2.1; +http://www.google.com/bot.html)"
66.249.73.235 - - [19/May/2026:14:45:53 +0000] "GET /items/R133970753/ HTTP/1.1" 200 193053 "-" "Mozilla/5.0 (Linux; Android 6.0.1; Nexus 5X Build/MMB29P) AppleWebKit/537.36 (KHTML, like Gecko) Chrome/148.0.7778.96 Mobile Safari/537.36 (compatible; Googlebot/2.1; +http://www.google.com/bot.html)"
66.249.73.236 - - [19/May/2026:14:45:53 +0000] "GET /items/I288573652/ HTTP/1.1" 200 188318 "-" "Mozilla/5.0 (Linux; Android 6.0.1; Nexus 5X Build/MMB29P) AppleWebKit/537.36 (KHTML, like Gecko) Chrome/148.0.7778.96 Mobile Safari/537.36 (compatible; Googlebot/2.1; +http://www.google.com/bot.html)"
2a03:2880:f806:17:: - - [19/May/2026:14:46:19 +0000] "GET /a-paginated-post/ HTTP/1.1" 500 2749 "-" "meta-externalagent/1.1 (+https://developers.facebook.com/docs/sharing/webmasters/crawler)"
66.249.73.236 - - [19/May/2026:14:47:53 +0000] "GET /items/Q316641400/ HTTP/1.1" 200 188866 "-" "Mozilla/5.0 (Linux; Android 6.0.1; Nexus 5X Build/MMB29P) AppleWebKit/537.36 (KHTML, like Gecko) Chrome/148.0.7778.96 Mobile Safari/537.36 (compatible; Googlebot/2.1; +http://www.google.com/bot.html)"
66.249.73.237 - - [19/May/2026:14:48:34 +0000] "GET /items/U221237450/ HTTP/1.1" 200 206104 "-" "Mozilla/5.0 (Linux; Android 6.0.1; Nexus 5X Build/MMB29P) AppleWebKit/537.36 (KHTML, like Gecko) Chrome/148.0.7778.96 Mobile Safari/537.36 (compatible; Googlebot/2.1; +http://www.google.com/bot.html)"
66.249.73.236 - - [19/May/2026:14:52:53 +0000] "GET /items/S137275440/ HTTP/1.1" 200 181573 "-" "Mozilla/5.0 (Linux; Android 6.0.1; Nexus 5X Build/MMB29P) AppleWebKit/537.36 (KHTML, like Gecko) Chrome/148.0.7778.96 Mobile Safari/537.36 (compatible; Googlebot/2.1; +http://www.google.com/bot.html)"
66.249.73.237 - - [19/May/2026:14:53:54 +0000] "GET /items/Y229815248/ HTTP/1.1" 200 190367 "-" "Mozilla/5.0 (Linux; Android 6.0.1; Nexus 5X Build/MMB29P) AppleWebKit/537.36 (KHTML, like Gecko) Chrome/148.0.7778.96 Mobile Safari/537.36 (compatible; Googlebot/2.1; +http://www.google.com/bot.html)"
66.249.73.235 - - [19/May/2026:14:54:28 +0000] "GET /items/W172243258/ HTTP/1.1" 200 186990 "-" "Mozilla/5.0 (compatible; Googlebot/2.1; +http://www.google.com/bot.html)"
66.249.73.237 - - [19/May/2026:14:55:21 +0000] "GET /items/W33021026/ HTTP/1.1" 200 184710 "-" "Mozilla/5.0 (Linux; Android 6.0.1; Nexus 5X Build/MMB29P) AppleWebKit/537.36 (KHTML, like Gecko) Chrome/148.0.7778.96 Mobile Safari/537.36 (compatible; GoogleOther)"
66.249.73.236 - - [19/May/2026:14:55:54 +0000] "GET /items/P299899935/ HTTP/1.1" 200 193588 "-" "Mozilla/5.0 (Linux; Android 6.0.1; Nexus 5X Build/MMB29P) AppleWebKit/537.36 (KHTML, like Gecko) Chrome/148.0.7778.96 Mobile Safari/537.36 (compatible; Googlebot/2.1; +http://www.google.com/bot.html)"
66.249.73.237 - - [19/May/2026:14:57:48 +0000] "GET /items/U78968046/ HTTP/1.1" 200 179868 "-" "Mozilla/5.0 (Linux; Android 6.0.1; Nexus 5X Build/MMB29P) AppleWebKit/537.36 (KHTML, like Gecko) Chrome/148.0.7778.96 Mobile Safari/537.36 (compatible; Googlebot/2.1; +http://www.google.com/bot.html)"
66.249.73.224 - - [19/May/2026:15:01:54 +0000] "GET /items/Q231595440/ HTTP/1.1" 200 182581 "-" "Mozilla/5.0 (Linux; Android 6.0.1; Nexus 5X Build/MMB29P) AppleWebKit/537.36 (KHTML, like Gecko) Chrome/148.0.7778.96 Mobile Safari/537.36 (compatible; Googlebot/2.1; +http://www.google.com/bot.html)"
66.249.73.224 - - [19/May/2026:15:01:54 +0000] "GET /items/P305297561/ HTTP/1.1" 200 192849 "-" "Mozilla/5.0 (Linux; Android 6.0.1; Nexus 5X Build/MMB29P) AppleWebKit/537.36 (KHTML, like Gecko) Chrome/148.0.7778.96 Mobile Safari/537.36 (compatible; Googlebot/2.1; +http://www.google.com/bot.html)"
66.249.73.236 - - [19/May/2026:15:03:19 +0000] "GET /items/X159495541/ HTTP/1.1" 200 179910 "-" "Mozilla/5.0 (compatible; Googlebot/2.1; +http://www.google.com/bot.html)"
66.249.73.237 - - [19/May/2026:15:03:55 +0000] "GET /items/Q255242480/ HTTP/1.1" 200 205328 "-" "Mozilla/5.0 (Linux; Android 6.0.1; Nexus 5X Build/MMB29P) AppleWebKit/537.36 (KHTML, like Gecko) Chrome/148.0.7778.96 Mobile Safari/537.36 (compatible; Googlebot/2.1; +http://www.google.com/bot.html)"
66.249.73.224 - - [19/May/2026:15:04:16 +0000] "GET /items/Q172232238/ HTTP/1.1" 200 190349 "-" "Mozilla/5.0 (compatible; Googlebot/2.1; +http://www.google.com/bot.html)"
66.249.73.236 - - [19/May/2026:15:04:55 +0000] "GET /items/U164302662/ HTTP/1.1" 200 195008 "-" "Mozilla/5.0 (Linux; Android 6.0.1; Nexus 5X Build/MMB29P) AppleWebKit/537.36 (KHTML, like Gecko) Chrome/148.0.7778.96 Mobile Safari/537.36 (compatible; Googlebot/2.1; +http://www.google.com/bot.html)"
47.128.110.14 - - [19/May/2026:15:08:23 +0000] "GET /blog/ HTTP/1.1" 403 - "-" "Mozilla/5.0 (Linux; Android 5.0) AppleWebKit/537.36 (KHTML, like Gecko) Mobile Safari/537.36 (compatible; Bytespider; spider-feedback@bytedance.com)"
47.128.110.189 - - [19/May/2026:15:08:46 +0000] "GET /blog/ HTTP/1.1" 403 - "-" "Mozilla/5.0 (Linux; Android 5.0) AppleWebKit/537.36 (KHTML, like Gecko) Mobile Safari/537.36 (compatible; Bytespider; spider-feedback@bytedance.com)"
47.128.110.171 - - [19/May/2026:15:10:03 +0000] "GET /blog/ HTTP/1.1" 403 - "-" "Mozilla/5.0 (Linux; Android 5.0) AppleWebKit/537.36 (KHTML, like Gecko) Mobile Safari/537.36 (compatible; Bytespider; spider-feedback@bytedance.com)"
66.249.73.236 - - [19/May/2026:15:15:01 +0000] "GET /robots.txt HTTP/1.1" 304 - "-" "Mozilla/5.0 (compatible; Googlebot/2.1; +http://www.google.com/bot.html)"
66.249.73.236 - - [19/May/2026:15:15:03 +0000] "GET /items/G173149006/ HTTP/1.1" 200 182167 "-" "Mozilla/5.0 (compatible; Googlebot/2.1; +http://www.google.com/bot.html)"
66.249.73.237 - - [19/May/2026:15:15:54 +0000] "GET /items/T49736157/ HTTP/1.1" 200 177746 "-" "Mozilla/5.0 (Linux; Android 6.0.1; Nexus 5X Build/MMB29P) AppleWebKit/537.36 (KHTML, like Gecko) Chrome/148.0.7778.96 Mobile Safari/537.36 (compatible; Googlebot/2.1; +http://www.google.com/bot.html)"
66.249.73.237 - - [19/May/2026:15:15:55 +0000] "GET /items/O185481682/ HTTP/1.1" 200 185988 "-" "Mozilla/5.0 (Linux; Android 6.0.1; Nexus 5X Build/MMB29P) AppleWebKit/537.36 (KHTML, like Gecko) Chrome/148.0.7778.96 Mobile Safari/537.36 (compatible; GoogleOther)"
66.249.73.170 - - [19/May/2026:15:17:56 +0000] "GET /robots.txt HTTP/1.1" 304 - "-" "Mozilla/5.0 (compatible; Googlebot/2.1; +http://www.google.com/bot.html)"
66.249.73.172 - - [19/May/2026:15:17:56 +0000] "GET /items/G107101258/ HTTP/1.1" 200 191005 "-" "Mozilla/5.0 (Linux; Android 6.0.1; Nexus 5X Build/MMB29P) AppleWebKit/537.36 (KHTML, like Gecko) Chrome/148.0.7778.96 Mobile Safari/537.36 (compatible; Googlebot/2.1; +http://www.google.com/bot.html)"
66.249.73.224 - - [19/May/2026:15:18:54 +0000] "GET /items/B267811905// HTTP/1.1" 200 181573 "-" "Mozilla/5.0 (Linux; Android 6.0.1; Nexus 5X Build/MMB29P) AppleWebKit/537.36 (KHTML, like Gecko) Chrome/148.0.7778.96 Mobile Safari/537.36 (compatible; Googlebot/2.1; +http://www.google.com/bot.html)"
2404:7a83:e041:7f00:ac41:1d43:2aea:dec9 - - [19/May/2026:15:24:31 +0000] "GET /items/Y182919056/ HTTP/1.1" 200 193018 "https://search.yahoo.co.jp/" "Mozilla/5.0 (iPhone; CPU iPhone OS 26_4_2 like Mac OS X) AppleWebKit/605.1.15 (KHTML, like Gecko) Mobile/15E148 Version/26.4.2 YJApp-IOS jp.co.yahoo.ipn.appli/4.163.5"
66.249.73.236 - - [19/May/2026:15:24:55 +0000] "GET /items/M256284682// HTTP/1.1" 200 183247 "-" "Mozilla/5.0 (Linux; Android 6.0.1; Nexus 5X Build/MMB29P) AppleWebKit/537.36 (KHTML, like Gecko) Chrome/148.0.7778.96 Mobile Safari/537.36 (compatible; Googlebot/2.1; +http://www.google.com/bot.html)"
66.249.73.235 - - [19/May/2026:15:24:56 +0000] "GET /items/U154682672// HTTP/1.1" 200 191232 "-" "Mozilla/5.0 (Linux; Android 6.0.1; Nexus 5X Build/MMB29P) AppleWebKit/537.36 (KHTML, like Gecko) Chrome/148.0.7778.96 Mobile Safari/537.36 (compatible; Googlebot/2.1; +http://www.google.com/bot.html)"
2404:7a83:e041:7f00:ac41:1d43:2aea:dec9 - - [19/May/2026:15:25:28 +0000] "GET /shop/customer/bookmark HTTP/1.1" 200 207429 "https://scooterthetort.com/items/Y182919056/" "Mozilla/5.0 (iPhone; CPU iPhone OS 26_4_2 like Mac OS X) AppleWebKit/605.1.15 (KHTML, like Gecko) Mobile/15E148 Version/26.4.2 YJApp-IOS jp.co.yahoo.ipn.appli/4.163.5"
2404:7a83:e041:7f00:ac41:1d43:2aea:dec9 - - [19/May/2026:15:25:40 +0000] "GET /shop/customer/bookmark HTTP/1.1" 200 207429 "https://scooterthetort.com/items/Y182919056/" "Mozilla/5.0 (iPhone; CPU iPhone OS 26_4_2 like Mac OS X) AppleWebKit/605.1.15 (KHTML, like Gecko) Mobile/15E148 Version/26.4.2 YJApp-IOS jp.co.yahoo.ipn.appli/4.163.5"
2404:7a83:e041:7f00:ac41:1d43:2aea:dec9 - - [19/May/2026:15:26:34 +0000] "GET /items/Y182919056/ HTTP/1.1" 200 193018 "https://search.yahoo.co.jp/" "Mozilla/5.0 (iPhone; CPU iPhone OS 26_4_2 like Mac OS X) AppleWebKit/605.1.15 (KHTML, like Gecko) Mobile/15E148 Version/26.4.2 YJApp-IOS jp.co.yahoo.ipn.appli/4.163.5"
