66.249.73.236 - - [19/May/2026:15:30:51 +0000] "GET /items/U97784238/ HTTP/1.1" 200 194516 "-" "Mozilla/5.0 (Linux; Android 6.0.1; Nexus 5X Build/MMB29P) AppleWebKit/537.36 (KHTML, like Gecko) Chrome/148.0.7778.96 Mobile Safari/537.36 (compatible; GoogleOther)"
66.249.73.237 - - [19/May/2026:15:38:53 +0000] "GET /items/O224486804/ HTTP/1.1" 200 195257 "-" "Mozilla/5.0 (compatible; Googlebot/2.1; +http://www.google.com/bot.html)"
66.249.73.237 - - [19/May/2026:15:38:56 +0000] "GET /items/Y144272612/// HTTP/1.1" 200 178911 "-" "Mozilla/5.0 (Linux; Android 6.0.1; Nexus 5X Build/MMB29P) AppleWebKit/537.36 (KHTML, like Gecko) Chrome/148.0.7778.96 Mobile Safari/537.36 (compatible; Googlebot/2.1; +http://www.google.com/bot.html)"
66.249.73.235 - - [19/May/2026:15:54:55 +0000] "GET /items/X215301955/ HTTP/1.1" 200 182892 "-" "Mozilla/5.0 (Linux; Android 6.0.1; Nexus 5X Build/MMB29P) AppleWebKit/537.36 (KHTML, like Gecko) Chrome/148.0.7778.96 Mobile Safari/537.36 (compatible; Googlebot/2.1; +http://www.google.com/bot.html)"
66.249.73.237 - - [19/May/2026:15:55:29 +0000] "GET /items/C192318430/ HTTP/1.1" 200 183345 "-" "Mozilla/5.0 (compatible; Googlebot/2.1; +http://www.google.com/bot.html)"
66.249.73.235 - - [19/May/2026:15:56:55 +0000] "GET /items/Z104934733/ HTTP/1.1" 200 182611 "-" "Mozilla/5.0 (Linux; Android 6.0.1; Nexus 5X Build/MMB29P) AppleWebKit/537.36 (KHTML, like Gecko) Chrome/148.0.7778.96 Mobile Safari/537.36 (compatible; GoogleOther)"
103.8.27.27 - - [19/May/2026:15:58:03 +0000] "GET /app/.env HTTP/1.1" 500 2749 "-" "Mozilla/5.0 (X11; Linux x86_64)"
103.8.27.27 - - [19/May/2026:15:58:03 +0000] "GET /login/.env HTTP/1.1" 500 2749 "-" "Mozilla/5.0 (X11; Linux x86_64)"
103.8.27.27 - - [19/May/2026:15:58:03 +0000] "GET /account/.env HTTP/1.1" 500 2749 "-" "Mozilla/5.0 (X11; Linux x86_64)"
103.8.27.27 - - [19/May/2026:15:58:03 +0000] "GET /login/.env HTTP/1.1" 500 2749 "-" "Mozilla/5.0 (X11; Linux x86_64)"
66.249.73.163 - - [19/May/2026:15:59:35 +0000] "GET /items/T226205915/ HTTP/1.1" 200 182924 "-" "Mozilla/5.0 (Linux; Android 6.0.1; Nexus 5X Build/MMB29P) AppleWebKit/537.36 (KHTML, like Gecko) Chrome/148.0.7778.96 Mobile Safari/537.36 (compatible; GoogleOther)"
66.249.73.170 - - [19/May/2026:16:07:38 +0000] "GET /items/H192235743/ HTTP/1.1" 200 184133 "-" "Mozilla/5.0 (Linux; Android 6.0.1; Nexus 5X Build/MMB29P) AppleWebKit/537.36 (KHTML, like Gecko) Chrome/148.0.7778.96 Mobile Safari/537.36 (compatible; GoogleOther)"
66.249.73.237 - - [19/May/2026:16:09:51 +0000] "GET /items/B134772541/ HTTP/1.1" 200 221248 "-" "Mozilla/5.0 (Linux; Android 6.0.1; Nexus 5X Build/MMB29P) AppleWebKit/537.36 (KHTML, like Gecko) Chrome/148.0.7778.96 Mobile Safari/537.36 (compatible; Googlebot/2.1; +http://www.google.com/bot.html)"
66.249.73.236 - - [19/May/2026:16:11:55 +0000] "GET /items/I284486420/ HTTP/1.1" 200 180232 "-" "Mozilla/5.0 (Linux; Android 6.0.1; Nexus 5X Build/MMB29P) AppleWebKit/537.36 (KHTML, like Gecko) Chrome/148.0.7778.96 Mobile Safari/537.36 (compatible; Googlebot/2.1; +http://www.google.com/bot.html)"
74.7.230.47 - - [19/May/2026:16:17:47 +0000] "GET /robots.txt HTTP/1.1" 200 72 "-" "Mozilla/5.0 (Macintosh; Intel Mac OS X 10_15_7) AppleWebKit/537.36 (KHTML, like Gecko) Chrome/131.0.0.0 Safari/537.36; compatible; OAI-SearchBot/1.3; robots.txt; +https://openai.com/searchbot"
74.7.227.184 - - [19/May/2026:16:17:47 +0000] "GET / HTTP/1.1" 403 - "-" "Mozilla/5.0 AppleWebKit/537.36 (KHTML, like Gecko; compatible; GPTBot/1.3; +https://openai.com/gptbot)"
66.249.73.237 - - [19/May/2026:16:18:11 +0000] "GET /items/B264182319/ HTTP/1.1" 200 201066 "-" "Mozilla/5.0 (compatible; Googlebot/2.1; +http://www.google.com/bot.html)"
66.249.73.237 - - [19/May/2026:16:18:20 +0000] "GET /items/X302126319/ HTTP/1.1" 200 183259 "-" "Mozilla/5.0 (Linux; Android 6.0.1; Nexus 5X Build/MMB29P) AppleWebKit/537.36 (KHTML, like Gecko) Chrome/148.0.7778.96 Mobile Safari/537.36 (compatible; GoogleOther)"
66.249.73.236 - - [19/May/2026:16:18:54 +0000] "GET /items/V229203925/ HTTP/1.1" 200 181849 "-" "Mozilla/5.0 (Linux; Android 6.0.1; Nexus 5X Build/MMB29P) AppleWebKit/537.36 (KHTML, like Gecko) Chrome/148.0.7778.96 Mobile Safari/537.36 (compatible; Googlebot/2.1; +http://www.google.com/bot.html)"
47.128.110.191 - - [19/May/2026:16:23:16 +0000] "GET /blog/ HTTP/1.1" 403 - "-" "Mozilla/5.0 (Linux; Android 5.0) AppleWebKit/537.36 (KHTML, like Gecko) Mobile Safari/537.36 (compatible; Bytespider; spider-feedback@bytedance.com)"
66.249.73.169 - - [19/May/2026:16:23:42 +0000] "GET /items/X250245925/ HTTP/1.1" 200 206122 "-" "Mozilla/5.0 (Linux; Android 6.0.1; Nexus 5X Build/MMB29P) AppleWebKit/537.36 (KHTML, like Gecko) Chrome/148.0.7778.96 Mobile Safari/537.36 (compatible; GoogleOther)"
2a03:2880:f806:44:: - - [19/May/2026:16:25:08 +0000] "GET /robots.txt HTTP/1.1" 304 - "-" "facebookexternalhit/1.1 (+http://www.facebook.com/externalhit_uatext.php)"
66.249.73.235 - - [19/May/2026:16:26:55 +0000] "GET /items/C257422410/ HTTP/1.1" 200 203748 "-" "Mozilla/5.0 (Linux; Android 6.0.1; Nexus 5X Build/MMB29P) AppleWebKit/537.36 (KHTML, like Gecko) Chrome/148.0.7778.96 Mobile Safari/537.36 (compatible; Googlebot/2.1; +http://www.google.com/bot.html)"
195.178.110.155 - - [19/May/2026:16:27:22 +0000] "POST / HTTP/1.1" 500 2749 "-" "Mozilla/5.0 (Windows NT 10.0; Win64; x64) AppleWebKit/537.36"
66.249.73.237 - - [19/May/2026:16:29:03 +0000] "GET /items/R103821107/ HTTP/1.1" 200 187345 "-" "Mozilla/5.0 (Linux; Android 6.0.1; Nexus 5X Build/MMB29P) AppleWebKit/537.36 (KHTML, like Gecko) Chrome/148.0.7778.96 Mobile Safari/537.36 (compatible; GoogleOther)"
66.249.73.226 - - [19/May/2026:16:30:53 +0000] "GET /items/L161238955/ HTTP/1.1" 200 182387 "-" "Mozilla/5.0 (Linux; Android 6.0.1; Nexus 5X Build/MMB29P) AppleWebKit/537.36 (KHTML, like Gecko) Chrome/148.0.7778.96 Mobile Safari/537.36 (compatible; Googlebot/2.1; +http://www.google.com/bot.html)"
66.249.73.224 - - [19/May/2026:16:30:55 +0000] "GET /items/H148888581/ HTTP/1.1" 200 187035 "-" "Mozilla/5.0 (Linux; Android 6.0.1; Nexus 5X Build/MMB29P) AppleWebKit/537.36 (KHTML, like Gecko) Chrome/148.0.7778.96 Mobile Safari/537.36 (compatible; Googlebot/2.1; +http://www.google.com/bot.html)"
66.249.73.226 - - [19/May/2026:16:30:55 +0000] "GET /items/U298792824/ HTTP/1.1" 200 211000 "-" "Mozilla/5.0 (Linux; Android 6.0.1; Nexus 5X Build/MMB29P) AppleWebKit/537.36 (KHTML, like Gecko) Chrome/148.0.7778.96 Mobile Safari/537.36 (compatible; Googlebot/2.1; +http://www.google.com/bot.html)"
20.194.157.182 - - [19/May/2026:16:31:32 +0000] "GET /items/Q57515076/ HTTP/1.1" 500 2749 "-" "Mozilla/5.0 AppleWebKit/537.36 (KHTML, like Gecko); compatible; ChatGPT-User/1.0; +https://openai.com/bot"
20.194.157.183 - - [19/May/2026:16:31:32 +0000] "GET /items/Q57515076/ HTTP/1.1" 500 2749 "-" "Mozilla/5.0 AppleWebKit/537.36 (KHTML, like Gecko); compatible; ChatGPT-User/1.0; +https://openai.com/bot"
20.194.157.191 - - [19/May/2026:16:31:33 +0000] "GET /items/Q57515076/ HTTP/1.1" 500 2749 "-" "Mozilla/5.0 AppleWebKit/537.36 (KHTML, like Gecko); compatible; ChatGPT-User/1.0; +https://openai.com/bot"
66.249.73.227 - - [19/May/2026:16:34:25 +0000] "GET /items/J192144955// HTTP/1.1" 200 184650 "-" "Mozilla/5.0 (Linux; Android 6.0.1; Nexus 5X Build/MMB29P) AppleWebKit/537.36 (KHTML, like Gecko) Chrome/148.0.7778.96 Mobile Safari/537.36 (compatible; GoogleOther)"
66.249.73.226 - - [19/May/2026:16:36:25 +0000] "GET /items/Z218190733/ HTTP/1.1" 200 182051 "-" "Mozilla/5.0 (Linux; Android 6.0.1; Nexus 5X Build/MMB29P) AppleWebKit/537.36 (KHTML, like Gecko) Chrome/148.0.7778.96 Mobile Safari/537.36 (compatible; Googlebot/2.1; +http://www.google.com/bot.html)"
66.249.73.163 - - [19/May/2026:16:39:46 +0000] "GET /items/B293338713/ HTTP/1.1" 200 187580 "-" "Mozilla/5.0 (Linux; Android 6.0.1; Nexus 5X Build/MMB29P) AppleWebKit/537.36 (KHTML, like Gecko) Chrome/148.0.7778.96 Mobile Safari/537.36 (compatible; GoogleOther)"
66.249.73.227 - - [19/May/2026:16:40:27 +0000] "GET /items/I162926016/ HTTP/1.1" 200 181737 "-" "Mozilla/5.0 (Linux; Android 6.0.1; Nexus 5X Build/MMB29P) AppleWebKit/537.36 (KHTML, like Gecko) Chrome/148.0.7778.96 Mobile Safari/537.36 (compatible; Googlebot/2.1; +http://www.google.com/bot.html)"
66.249.73.226 - - [19/May/2026:16:40:46 +0000] "GET /items/H275316107/ HTTP/1.1" 200 195468 "-" "Mozilla/5.0 (Linux; Android 6.0.1; Nexus 5X Build/MMB29P) AppleWebKit/537.36 (KHTML, like Gecko) Chrome/148.0.7778.96 Mobile Safari/537.36 (compatible; GoogleOther)"
66.249.73.228 - - [19/May/2026:16:41:55 +0000] "GET /items/C258849814// HTTP/1.1" 200 190530 "-" "Mozilla/5.0 (Linux; Android 6.0.1; Nexus 5X Build/MMB29P) AppleWebKit/537.36 (KHTML, like Gecko) Chrome/148.0.7778.96 Mobile Safari/537.36 (compatible; Googlebot/2.1; +http://www.google.com/bot.html)"
66.249.73.227 - - [19/May/2026:16:41:56 +0000] "GET /items/B276893783// HTTP/1.1" 200 194160 "-" "Mozilla/5.0 (Linux; Android 6.0.1; Nexus 5X Build/MMB29P) AppleWebKit/537.36 (KHTML, like Gecko) Chrome/148.0.7778.96 Mobile Safari/537.36 (compatible; Googlebot/2.1; +http://www.google.com/bot.html)"
66.249.73.227 - - [19/May/2026:16:44:25 +0000] "GET /items/A89490844/ HTTP/1.1" 200 187199 "-" "Mozilla/5.0 (Linux; Android 6.0.1; Nexus 5X Build/MMB29P) AppleWebKit/537.36 (KHTML, like Gecko) Chrome/148.0.7778.96 Mobile Safari/537.36 (compatible; GoogleOther)"
66.249.73.228 - - [19/May/2026:16:45:56 +0000] "GET /items/B142944329/ HTTP/1.1" 200 192498 "-" "Mozilla/5.0 (Linux; Android 6.0.1; Nexus 5X Build/MMB29P) AppleWebKit/537.36 (KHTML, like Gecko) Chrome/148.0.7778.96 Mobile Safari/537.36 (compatible; GoogleOther)"
66.249.73.163 - - [19/May/2026:16:46:56 +0000] "GET /items/O298888440/ HTTP/1.1" 200 182059 "-" "Mozilla/5.0 (Linux; Android 6.0.1; Nexus 5X Build/MMB29P) AppleWebKit/537.36 (KHTML, like Gecko) Chrome/148.0.7778.96 Mobile Safari/537.36 (compatible; GoogleOther)"
66.249.73.228 - - [19/May/2026:16:49:25 +0000] "GET /items/T101476147/ HTTP/1.1" 200 193938 "-" "Mozilla/5.0 (Linux; Android 6.0.1; Nexus 5X Build/MMB29P) AppleWebKit/537.36 (KHTML, like Gecko) Chrome/148.0.7778.96 Mobile Safari/537.36 (compatible; GoogleOther)"
66.249.73.226 - - [19/May/2026:16:51:41 +0000] "GET /items/Y148206400/ HTTP/1.1" 200 183154 "-" "Mozilla/5.0 (Linux; Android 6.0.1; Nexus 5X Build/MMB29P) AppleWebKit/537.36 (KHTML, like Gecko) Chrome/148.0.7778.96 Mobile Safari/537.36 (compatible; GoogleOther)"
66.249.73.171 - - [19/May/2026:16:54:25 +0000] "GET /items/U199517076/ HTTP/1.1" 200 186521 "-" "Mozilla/5.0 (Linux; Android 6.0.1; Nexus 5X Build/MMB29P) AppleWebKit/537.36 (KHTML, like Gecko) Chrome/148.0.7778.96 Mobile Safari/537.36 (compatible; GoogleOther)"
66.249.73.170 - - [19/May/2026:16:55:26 +0000] "GET /items/Z234282167/ HTTP/1.1" 200 187920 "-" "Mozilla/5.0 (Linux; Android 6.0.1; Nexus 5X Build/MMB29P) AppleWebKit/537.36 (KHTML, like Gecko) Chrome/148.0.7778.96 Mobile Safari/537.36 (compatible; GoogleOther)"
66.249.73.226 - - [19/May/2026:16:56:44 +0000] "GET /items/M190075632/ HTTP/1.1" 200 185200 "-" "Mozilla/5.0 (Linux; Android 6.0.1; Nexus 5X Build/MMB29P) AppleWebKit/537.36 (KHTML, like Gecko) Chrome/148.0.7778.96 Mobile Safari/537.36 (compatible; Googlebot/2.1; +http://www.google.com/bot.html)"
66.249.73.227 - - [19/May/2026:16:56:56 +0000] "GET /items/B191637137/ HTTP/1.1" 200 178129 "-" "Mozilla/5.0 (Linux; Android 6.0.1; Nexus 5X Build/MMB29P) AppleWebKit/537.36 (KHTML, like Gecko) Chrome/148.0.7778.96 Mobile Safari/537.36 (compatible; Googlebot/2.1; +http://www.google.com/bot.html)"
66.249.73.226 - - [19/May/2026:16:57:56 +0000] "GET /items/W298075410/ HTTP/1.1" 200 189433 "-" "Mozilla/5.0 (Linux; Android 6.0.1; Nexus 5X Build/MMB29P) AppleWebKit/537.36 (KHTML, like Gecko) Chrome/148.0.7778.96 Mobile Safari/537.36 (compatible; Googlebot/2.1; +http://www.google.com/bot.html)"
66.249.73.172 - - [19/May/2026:16:59:11 +0000] "GET /items/P181025349/ HTTP/1.1" 200 180350 "-" "Mozilla/5.0 (Linux; Android 6.0.1; Nexus 5X Build/MMB29P) AppleWebKit/537.36 (KHTML, like Gecko) Chrome/148.0.7778.96 Mobile Safari/537.36 (compatible; GoogleOther)"
66.249.73.171 - - [19/May/2026:16:59:25 +0000] "GET /items/O231896834/ HTTP/1.1" 200 192917 "-" "Mozilla/5.0 (Linux; Android 6.0.1; Nexus 5X Build/MMB29P) AppleWebKit/537.36 (KHTML, like Gecko) Chrome/148.0.7778.96 Mobile Safari/537.36 (compatible; GoogleOther)"
66.249.73.224 - - [19/May/2026:17:01:56 +0000] "GET /items/X51348511/ HTTP/1.1" 200 177616 "-" "Mozilla/5.0 (Linux; Android 6.0.1; Nexus 5X Build/MMB29P) AppleWebKit/537.36 (KHTML, like Gecko) Chrome/148.0.7778.96 Mobile Safari/537.36 (compatible; Googlebot/2.1; +http://www.google.com/bot.html)"
66.249.73.225 - - [19/May/2026:17:04:56 +0000] "GET /items/I32382682/ HTTP/1.1" 200 200874 "-" "Mozilla/5.0 (Linux; Android 6.0.1; Nexus 5X Build/MMB29P) AppleWebKit/537.36 (KHTML, like Gecko) Chrome/148.0.7778.96 Mobile Safari/537.36 (compatible; GoogleOther)"
66.249.73.226 - - [19/May/2026:17:09:56 +0000] "GET /items/W254754248/ HTTP/1.1" 200 180352 "-" "Mozilla/5.0 (Linux; Android 6.0.1; Nexus 5X Build/MMB29P) AppleWebKit/537.36 (KHTML, like Gecko) Chrome/148.0.7778.96 Mobile Safari/537.36 (compatible; GoogleOther)"
66.249.73.228 - - [19/May/2026:17:10:57 +0000] "GET /items/X225558925/ HTTP/1.1" 200 193020 "-" "Mozilla/5.0 (Linux; Android 6.0.1; Nexus 5X Build/MMB29P) AppleWebKit/537.36 (KHTML, like Gecko) Chrome/148.0.7778.96 Mobile Safari/537.36 (compatible; Googlebot/2.1; +http://www.google.com/bot.html)"
66.249.73.226 - - [19/May/2026:17:14:25 +0000] "GET /items/V25486117/ HTTP/1.1" 200 186062 "-" "Mozilla/5.0 (Linux; Android 6.0.1; Nexus 5X Build/MMB29P) AppleWebKit/537.36 (KHTML, like Gecko) Chrome/148.0.7778.96 Mobile Safari/537.36 (compatible; GoogleOther)"
66.249.73.170 - - [19/May/2026:17:14:42 +0000] "GET /items/P286751723/ HTTP/1.1" 200 186195 "-" "Mozilla/5.0 (Linux; Android 6.0.1; Nexus 5X Build/MMB29P) AppleWebKit/537.36 (KHTML, like Gecko) Chrome/148.0.7778.96 Mobile Safari/537.36 (compatible; GoogleOther)"
66.249.73.228 - - [19/May/2026:17:15:56 +0000] "GET /items/P61518955/ HTTP/1.1" 200 188736 "-" "Mozilla/5.0 (Linux; Android 6.0.1; Nexus 5X Build/MMB29P) AppleWebKit/537.36 (KHTML, like Gecko) Chrome/148.0.7778.96 Mobile Safari/537.36 (compatible; Googlebot/2.1; +http://www.google.com/bot.html)"
66.249.73.227 - - [19/May/2026:17:15:58 +0000] "GET /items/Q71562844/ HTTP/1.1" 200 177285 "-" "Mozilla/5.0 (Linux; Android 6.0.1; Nexus 5X Build/MMB29P) AppleWebKit/537.36 (KHTML, like Gecko) Chrome/148.0.7778.96 Mobile Safari/537.36 (compatible; GoogleOther)"
66.249.73.227 - - [19/May/2026:17:18:27 +0000] "GET /items/D85851137/ HTTP/1.1" 200 183430 "-" "Mozilla/5.0 (Linux; Android 6.0.1; Nexus 5X Build/MMB29P) AppleWebKit/537.36 (KHTML, like Gecko) Chrome/148.0.7778.96 Mobile Safari/537.36 (compatible; GoogleOther)"
66.249.73.226 - - [19/May/2026:17:18:56 +0000] "GET /items/H21311783/// HTTP/1.1" 200 187864 "-" "Mozilla/5.0 (Linux; Android 6.0.1; Nexus 5X Build/MMB29P) AppleWebKit/537.36 (KHTML, like Gecko) Chrome/148.0.7778.96 Mobile Safari/537.36 (compatible; Googlebot/2.1; +http://www.google.com/bot.html)"
66.249.73.227 - - [19/May/2026:17:18:57 +0000] "GET /items/A280559612// HTTP/1.1" 200 182523 "-" "Mozilla/5.0 (Linux; Android 6.0.1; Nexus 5X Build/MMB29P) AppleWebKit/537.36 (KHTML, like Gecko) Chrome/148.0.7778.96 Mobile Safari/537.36 (compatible; Googlebot/2.1; +http://www.google.com/bot.html)"
66.249.73.226 - - [19/May/2026:17:19:25 +0000] "GET /items/G39217854/ HTTP/1.1" 200 189559 "-" "Mozilla/5.0 (Linux; Android 6.0.1; Nexus 5X Build/MMB29P) AppleWebKit/537.36 (KHTML, like Gecko) Chrome/148.0.7778.96 Mobile Safari/537.36 (compatible; GoogleOther)"
66.249.73.228 - - [19/May/2026:17:21:57 +0000] "GET /items/S140936208// HTTP/1.1" 200 201538 "-" "Mozilla/5.0 (Linux; Android 6.0.1; Nexus 5X Build/MMB29P) AppleWebKit/537.36 (KHTML, like Gecko) Chrome/148.0.7778.96 Mobile Safari/537.36 (compatible; Googlebot/2.1; +http://www.google.com/bot.html)"
66.249.73.226 - - [19/May/2026:17:21:58 +0000] "GET /items/H253546339// HTTP/1.1" 200 183926 "-" "Mozilla/5.0 (Linux; Android 6.0.1; Nexus 5X Build/MMB29P) AppleWebKit/537.36 (KHTML, like Gecko) Chrome/148.0.7778.96 Mobile Safari/537.36 (compatible; Googlebot/2.1; +http://www.google.com/bot.html)"
66.249.73.226 - - [19/May/2026:17:22:12 +0000] "GET /items/A80216672/ HTTP/1.1" 200 187690 "-" "Mozilla/5.0 (Linux; Android 6.0.1; Nexus 5X Build/MMB29P) AppleWebKit/537.36 (KHTML, like Gecko) Chrome/148.0.7778.96 Mobile Safari/537.36 (compatible; GoogleOther)"
185.223.152.101 - - [19/May/2026:17:23:18 +0000] "GET /wp-login.php HTTP/1.1" 500 2749 "-" "Mozilla/5.0"
66.249.73.226 - - [19/May/2026:17:24:25 +0000] "GET /items/G140693208/ HTTP/1.1" 200 190391 "-" "Mozilla/5.0 (Linux; Android 6.0.1; Nexus 5X Build/MMB29P) AppleWebKit/537.36 (KHTML, like Gecko) Chrome/148.0.7778.96 Mobile Safari/537.36 (compatible; GoogleOther)"
66.249.73.226 - - [19/May/2026:17:26:49 +0000] "GET /items/D57726925/ HTTP/1.1" 200 184321 "-" "Mozilla/5.0 (Linux; Android 6.0.1; Nexus 5X Build/MMB29P) AppleWebKit/537.36 (KHTML, like Gecko) Chrome/148.0.7778.96 Mobile Safari/537.36 (compatible; Googlebot/2.1; +http://www.google.com/bot.html)"
66.249.73.227 - - [19/May/2026:17:26:57 +0000] "GET /items/A23723804/ HTTP/1.1" 200 185226 "-" "Mozilla/5.0 (Linux; Android 6.0.1; Nexus 5X Build/MMB29P) AppleWebKit/537.36 (KHTML, like Gecko) Chrome/148.0.7778.96 Mobile Safari/537.36 (compatible; GoogleOther)"
66.249.73.226 - - [19/May/2026:17:26:59 +0000] "GET /items/I288877854/ HTTP/1.1" 200 185456 "-" "Mozilla/5.0 (Linux; Android 6.0.1; Nexus 5X Build/MMB29P) AppleWebKit/537.36 (KHTML, like Gecko) Chrome/148.0.7778.96 Mobile Safari/537.36 (compatible; GoogleOther)"
66.249.73.225 - - [19/May/2026:17:29:25 +0000] "GET /items/D128054379/ HTTP/1.1" 200 191508 "-" "Mozilla/5.0 (Linux; Android 6.0.1; Nexus 5X Build/MMB29P) AppleWebKit/537.36 (KHTML, like Gecko) Chrome/148.0.7778.96 Mobile Safari/537.36 (compatible; GoogleOther)"
66.249.73.228 - - [19/May/2026:17:33:16 +0000] "GET /items/M125517622/ HTTP/1.1" 200 180349 "-" "Mozilla/5.0 (Linux; Android 6.0.1; Nexus 5X Build/MMB29P) AppleWebKit/537.36 (KHTML, like Gecko) Chrome/148.0.7778.96 Mobile Safari/537.36 (compatible; GoogleOther)"
66.249.73.171 - - [19/May/2026:17:34:25 +0000] "GET /items/T180830723/ HTTP/1.1" 200 191455 "-" "Mozilla/5.0 (Linux; Android 6.0.1; Nexus 5X Build/MMB29P) AppleWebKit/537.36 (KHTML, like Gecko) Chrome/148.0.7778.96 Mobile Safari/537.36 (compatible; GoogleOther)"
66.249.73.226 - - [19/May/2026:17:37:15 +0000] "GET /items/L250476107/ HTTP/1.1" 200 205575 "-" "Mozilla/5.0 (Linux; Android 6.0.1; Nexus 5X Build/MMB29P) AppleWebKit/537.36 (KHTML, like Gecko) Chrome/148.0.7778.96 Mobile Safari/537.36 (compatible; GoogleOther)"
66.249.73.226 - - [19/May/2026:17:37:58 +0000] "GET /items/N60333107/ HTTP/1.1" 200 186006 "-" "Mozilla/5.0 (Linux; Android 6.0.1; Nexus 5X Build/MMB29P) AppleWebKit/537.36 (KHTML, like Gecko) Chrome/148.0.7778.96 Mobile Safari/537.36 (compatible; Googlebot/2.1; +http://www.google.com/bot.html)"
66.249.73.227 - - [19/May/2026:17:39:25 +0000] "GET /items/W140276268/ HTTP/1.1" 200 182959 "-" "Mozilla/5.0 (Linux; Android 6.0.1; Nexus 5X Build/MMB29P) AppleWebKit/537.36 (KHTML, like Gecko) Chrome/148.0.7778.96 Mobile Safari/537.36 (compatible; GoogleOther)"
66.249.73.171 - - [19/May/2026:17:40:46 +0000] "GET /items/V64285905/ HTTP/1.1" 200 197061 "-" "Mozilla/5.0 (Linux; Android 6.0.1; Nexus 5X Build/MMB29P) AppleWebKit/537.36 (KHTML, like Gecko) Chrome/148.0.7778.96 Mobile Safari/537.36 (compatible; GoogleOther)"
66.249.73.228 - - [19/May/2026:17:42:14 +0000] "GET /items/M188968066/ HTTP/1.1" 200 181964 "-" "Mozilla/5.0 (compatible; Googlebot/2.1; +http://www.google.com/bot.html)"
66.249.73.228 - - [19/May/2026:17:46:00 +0000] "GET /items/B166523753/ HTTP/1.1" 200 188836 "-" "Mozilla/5.0 (Linux; Android 6.0.1; Nexus 5X Build/MMB29P) AppleWebKit/537.36 (KHTML, like Gecko) Chrome/148.0.7778.96 Mobile Safari/537.36 (compatible; Googlebot/2.1; +http://www.google.com/bot.html)"
66.249.73.168 - - [19/May/2026:17:48:14 +0000] "GET /items/Y250698400/ HTTP/1.1" 200 186094 "-" "Mozilla/5.0 (Linux; Android 6.0.1; Nexus 5X Build/MMB29P) AppleWebKit/537.36 (KHTML, like Gecko) Chrome/148.0.7778.96 Mobile Safari/537.36 (compatible; GoogleOther)"
66.249.73.226 - - [19/May/2026:17:48:16 +0000] "GET /items/I209541400/ HTTP/1.1" 200 178014 "-" "Mozilla/5.0 (Linux; Android 6.0.1; Nexus 5X Build/MMB29P) AppleWebKit/537.36 (KHTML, like Gecko) Chrome/148.0.7778.96 Mobile Safari/537.36 (compatible; GoogleOther)"
66.249.73.224 - - [19/May/2026:17:54:00 +0000] "GET /items/H148204713/ HTTP/1.1" 200 187338 "-" "Mozilla/5.0 (Linux; Android 6.0.1; Nexus 5X Build/MMB29P) AppleWebKit/537.36 (KHTML, like Gecko) Chrome/148.0.7778.96 Mobile Safari/537.36 (compatible; Googlebot/2.1; +http://www.google.com/bot.html)"
66.249.73.226 - - [19/May/2026:17:54:01 +0000] "GET /items/M184992652// HTTP/1.1" 200 200475 "-" "Mozilla/5.0 (Linux; Android 6.0.1; Nexus 5X Build/MMB29P) AppleWebKit/537.36 (KHTML, like Gecko) Chrome/148.0.7778.96 Mobile Safari/537.36 (compatible; Googlebot/2.1; +http://www.google.com/bot.html)"
66.249.73.169 - - [19/May/2026:17:55:46 +0000] "GET /items/W302732016/ HTTP/1.1" 200 185054 "-" "Mozilla/5.0 (Linux; Android 6.0.1; Nexus 5X Build/MMB29P) AppleWebKit/537.36 (KHTML, like Gecko) Chrome/148.0.7778.96 Mobile Safari/537.36 (compatible; GoogleOther)"
66.249.73.170 - - [19/May/2026:17:57:04 +0000] "GET /items/M277256268/ HTTP/1.1" 200 180492 "-" "Mozilla/5.0 (Linux; Android 6.0.1; Nexus 5X Build/MMB29P) AppleWebKit/537.36 (KHTML, like Gecko) Chrome/148.0.7778.96 Mobile Safari/537.36 (compatible; GoogleOther)"
2a03:2880:f806:1f:: - - [19/May/2026:17:59:40 +0000] "GET /category/feature/ HTTP/1.1" 500 2749 "-" "meta-externalagent/1.1 (+https://developers.facebook.com/docs/sharing/webmasters/crawler)"
66.249.73.228 - - [19/May/2026:18:00:51 +0000] "GET /items/Z244497511/ HTTP/1.1" 200 180777 "-" "Mozilla/5.0 (Linux; Android 6.0.1; Nexus 5X Build/MMB29P) AppleWebKit/537.36 (KHTML, like Gecko) Chrome/148.0.7778.96 Mobile Safari/537.36 (compatible; GoogleOther)"
66.249.73.227 - - [19/May/2026:18:03:16 +0000] "GET /items/W33369430/ HTTP/1.1" 200 179016 "-" "Mozilla/5.0 (Linux; Android 6.0.1; Nexus 5X Build/MMB29P) AppleWebKit/537.36 (KHTML, like Gecko) Chrome/148.0.7778.96 Mobile Safari/537.36 (compatible; GoogleOther)"
66.249.73.226 - - [19/May/2026:18:04:02 +0000] "GET /items/R205439531// HTTP/1.1" 200 201383 "-" "Mozilla/5.0 (Linux; Android 6.0.1; Nexus 5X Build/MMB29P) AppleWebKit/537.36 (KHTML, like Gecko) Chrome/148.0.7778.96 Mobile Safari/537.36 (compatible; Googlebot/2.1; +http://www.google.com/bot.html)"
66.249.73.169 - - [19/May/2026:18:05:53 +0000] "GET /items/S181244046/ HTTP/1.1" 200 183750 "-" "Mozilla/5.0 (Linux; Android 6.0.1; Nexus 5X Build/MMB29P) AppleWebKit/537.36 (KHTML, like Gecko) Chrome/148.0.7778.96 Mobile Safari/537.36 (compatible; GoogleOther)"
66.249.73.227 - - [19/May/2026:18:10:46 +0000] "GET /items/S291013440/ HTTP/1.1" 200 178418 "-" "Mozilla/5.0 (Linux; Android 6.0.1; Nexus 5X Build/MMB29P) AppleWebKit/537.36 (KHTML, like Gecko) Chrome/148.0.7778.96 Mobile Safari/537.36 (compatible; GoogleOther)"
216.73.163.195 - - [19/May/2026:18:12:10 +0000] "GET /wp-login.php HTTP/1.1" 500 2749 "-" "Mozilla/5.0 (Macintosh; Intel Mac OS X 10_15_7) AppleWebKit/605.1.15 Version/17.0 Safari/605.1.15"
66.249.73.228 - - [19/May/2026:18:13:02 +0000] "GET /items/T86307763/ HTTP/1.1" 200 191593 "-" "Mozilla/5.0 (Linux; Android 6.0.1; Nexus 5X Build/MMB29P) AppleWebKit/537.36 (KHTML, like Gecko) Chrome/148.0.7778.96 Mobile Safari/537.36 (compatible; Googlebot/2.1; +http://www.google.com/bot.html)"
66.249.73.227 - - [19/May/2026:18:13:03 +0000] "GET /items/N174080501/ HTTP/1.1" 200 187790 "-" "Mozilla/5.0 (Linux; Android 6.0.1; Nexus 5X Build/MMB29P) AppleWebKit/537.36 (KHTML, like Gecko) Chrome/148.0.7778.96 Mobile Safari/537.36 (compatible; Googlebot/2.1; +http://www.google.com/bot.html)"
66.249.73.226 - - [19/May/2026:18:13:39 +0000] "GET /items/Y174281864/ HTTP/1.1" 200 179043 "-" "Mozilla/5.0 (Linux; Android 6.0.1; Nexus 5X Build/MMB29P) AppleWebKit/537.36 (KHTML, like Gecko) Chrome/148.0.7778.96 Mobile Safari/537.36 (compatible; Googlebot/2.1; +http://www.google.com/bot.html)"
66.249.73.168 - - [19/May/2026:18:14:42 +0000] "GET /items/X240186511/ HTTP/1.1" 200 184479 "-" "Mozilla/5.0 (Linux; Android 6.0.1; Nexus 5X Build/MMB29P) AppleWebKit/537.36 (KHTML, like Gecko) Chrome/148.0.7778.96 Mobile Safari/537.36 (compatible; GoogleOther)"
66.249.73.227 - - [19/May/2026:18:15:29 +0000] "GET /items/C246128076/ HTTP/1.1" 200 180157 "-" "Mozilla/5.0 (Linux; Android 6.0.1; Nexus 5X Build/MMB29P) AppleWebKit/537.36 (KHTML, like Gecko) Chrome/148.0.7778.96 Mobile Safari/537.36 (compatible; Googlebot/2.1; +http://www.google.com/bot.html)"
66.249.73.224 - - [19/May/2026:18:15:58 +0000] "GET /items/M316433046/ HTTP/1.1" 200 183729 "-" "Mozilla/5.0 (Linux; Android 6.0.1; Nexus 5X Build/MMB29P) AppleWebKit/537.36 (KHTML, like Gecko) Chrome/148.0.7778.96 Mobile Safari/537.36 (compatible; Googlebot/2.1; +http://www.google.com/bot.html)"
66.249.73.170 - - [19/May/2026:18:18:16 +0000] "GET /items/B159966571/ HTTP/1.1" 200 181232 "-" "Mozilla/5.0 (Linux; Android 6.0.1; Nexus 5X Build/MMB29P) AppleWebKit/537.36 (KHTML, like Gecko) Chrome/148.0.7778.96 Mobile Safari/537.36 (compatible; GoogleOther)"
66.249.73.226 - - [19/May/2026:18:19:45 +0000] "GET /items/Z125812713// HTTP/1.1" 200 187919 "-" "Mozilla/5.0 (compatible; Googlebot/2.1; +http://www.google.com/bot.html)"
66.249.73.171 - - [19/May/2026:18:23:32 +0000] "GET /items/A247427804/ HTTP/1.1" 200 181812 "-" "Mozilla/5.0 (Linux; Android 6.0.1; Nexus 5X Build/MMB29P) AppleWebKit/537.36 (KHTML, like Gecko) Chrome/148.0.7778.96 Mobile Safari/537.36 (compatible; GoogleOther)"
66.249.73.228 - - [19/May/2026:18:23:58 +0000] "GET /items/T96850713/ HTTP/1.1" 200 182342 "-" "Mozilla/5.0 (Linux; Android 6.0.1; Nexus 5X Build/MMB29P) AppleWebKit/537.36 (KHTML, like Gecko) Chrome/148.0.7778.96 Mobile Safari/537.36 (compatible; Googlebot/2.1; +http://www.google.com/bot.html)"
66.249.73.227 - - [19/May/2026:18:25:12 +0000] "GET /items/V197886955/ HTTP/1.1" 200 187875 "-" "Mozilla/5.0 (compatible; Googlebot/2.1; +http://www.google.com/bot.html)"
66.249.73.226 - - [19/May/2026:18:25:46 +0000] "GET /items/P116532359/ HTTP/1.1" 200 189007 "-" "Mozilla/5.0 (Linux; Android 6.0.1; Nexus 5X Build/MMB29P) AppleWebKit/537.36 (KHTML, like Gecko) Chrome/148.0.7778.96 Mobile Safari/537.36 (compatible; GoogleOther)"
66.249.73.228 - - [19/May/2026:18:26:42 +0000] "GET /items/V132296753/ HTTP/1.1" 200 184370 "-" "Mozilla/5.0 (compatible; Googlebot/2.1; +http://www.google.com/bot.html)"
66.249.73.228 - - [19/May/2026:18:27:30 +0000] "GET /items/Q117010824/ HTTP/1.1" 200 186430 "-" "Mozilla/5.0 (compatible; Googlebot/2.1; +http://www.google.com/bot.html)"
66.249.73.169 - - [19/May/2026:18:32:21 +0000] "GET /items/Z176042157/ HTTP/1.1" 200 188704 "-" "Mozilla/5.0 (Linux; Android 6.0.1; Nexus 5X Build/MMB29P) AppleWebKit/537.36 (KHTML, like Gecko) Chrome/148.0.7778.96 Mobile Safari/537.36 (compatible; GoogleOther)"
66.249.73.170 - - [19/May/2026:18:33:16 +0000] "GET /items/F206681187/ HTTP/1.1" 200 189397 "-" "Mozilla/5.0 (Linux; Android 6.0.1; Nexus 5X Build/MMB29P) AppleWebKit/537.36 (KHTML, like Gecko) Chrome/148.0.7778.96 Mobile Safari/537.36 (compatible; GoogleOther)"
23.98.142.180 - - [19/May/2026:18:33:20 +0000] "GET /items/L143699319/ HTTP/1.1" 500 2749 "-" "Mozilla/5.0 AppleWebKit/537.36 (KHTML, like Gecko); compatible; ChatGPT-User/1.0; +https://openai.com/bot"
23.98.142.185 - - [19/May/2026:18:33:21 +0000] "GET /items/L143699319/ HTTP/1.1" 500 2749 "-" "Mozilla/5.0 AppleWebKit/537.36 (KHTML, like Gecko); compatible; ChatGPT-User/1.0; +https://openai.com/bot"
23.98.142.182 - - [19/May/2026:18:33:22 +0000] "GET /items/L143699319/ HTTP/1.1" 500 2749 "-" "Mozilla/5.0 AppleWebKit/537.36 (KHTML, like Gecko); compatible; ChatGPT-User/1.0; +https://openai.com/bot"
23.98.142.184 - - [19/May/2026:18:33:23 +0000] "GET /items/L143699319/ HTTP/1.1" 500 2749 "-" "Mozilla/5.0 AppleWebKit/537.36 (KHTML, like Gecko); compatible; ChatGPT-User/1.0; +https://openai.com/bot"
66.249.73.224 - - [19/May/2026:18:37:12 +0000] "GET /items/N198065501/ HTTP/1.1" 200 191187 "-" "Mozilla/5.0 (compatible; Googlebot/2.1; +http://www.google.com/bot.html)"
66.249.73.224 - - [19/May/2026:18:38:00 +0000] "GET /items/M138629480/ HTTP/1.1" 200 182987 "-" "Mozilla/5.0 (compatible; Googlebot/2.1; +http://www.google.com/bot.html)"
66.249.73.225 - - [19/May/2026:18:39:30 +0000] "GET /items/W278302410/ HTTP/1.1" 200 185731 "-" "Mozilla/5.0 (Linux; Android 6.0.1; Nexus 5X Build/MMB29P) AppleWebKit/537.36 (KHTML, like Gecko) Chrome/148.0.7778.96 Mobile Safari/537.36 (compatible; Googlebot/2.1; +http://www.google.com/bot.html)"
66.249.73.225 - - [19/May/2026:18:40:37 +0000] "GET /items/A53597834/ HTTP/1.1" 200 178413 "-" "Mozilla/5.0 (Linux; Android 6.0.1; Nexus 5X Build/MMB29P) AppleWebKit/537.36 (KHTML, like Gecko) Chrome/148.0.7778.96 Mobile Safari/537.36 (compatible; Googlebot/2.1; +http://www.google.com/bot.html)"
66.249.73.170 - - [19/May/2026:18:40:46 +0000] "GET /items/U203970844/ HTTP/1.1" 200 194018 "-" "Mozilla/5.0 (Linux; Android 6.0.1; Nexus 5X Build/MMB29P) AppleWebKit/537.36 (KHTML, like Gecko) Chrome/148.0.7778.96 Mobile Safari/537.36 (compatible; GoogleOther)"
66.249.73.224 - - [19/May/2026:18:41:11 +0000] "GET /items/T80683905/ HTTP/1.1" 200 181636 "-" "Mozilla/5.0 (Linux; Android 6.0.1; Nexus 5X Build/MMB29P) AppleWebKit/537.36 (KHTML, like Gecko) Chrome/148.0.7778.96 Mobile Safari/537.36 (compatible; GoogleOther)"
2a03:2880:f806:13:: - - [19/May/2026:18:41:57 +0000] "GET /tag/template/ HTTP/1.1" 500 2749 "-" "meta-externalagent/1.1 (+https://developers.facebook.com/docs/sharing/webmasters/crawler)"
66.249.73.226 - - [19/May/2026:18:43:16 +0000] "GET /tag/captions/ HTTP/1.1" 200 178512 "-" "Mozilla/5.0 (Linux; Android 6.0.1; Nexus 5X Build/MMB29P) AppleWebKit/537.36 (KHTML, like Gecko) Chrome/148.0.7778.96 Mobile Safari/537.36 (compatible; Googlebot/2.1; +http://www.google.com/bot.html)"
66.249.73.169 - - [19/May/2026:18:45:11 +0000] "GET /items/J215677581/// HTTP/1.1" 200 185421 "-" "Mozilla/5.0 (Linux; Android 6.0.1; Nexus 5X Build/MMB29P) AppleWebKit/537.36 (KHTML, like Gecko) Chrome/148.0.7778.96 Mobile Safari/537.36 (compatible; GoogleOther)"
66.249.73.168 - - [19/May/2026:18:45:13 +0000] "GET /items/O235672006/ HTTP/1.1" 200 196185 "-" "Mozilla/5.0 (Linux; Android 6.0.1; Nexus 5X Build/MMB29P) AppleWebKit/537.36 (KHTML, like Gecko) Chrome/148.0.7778.96 Mobile Safari/537.36 (compatible; GoogleOther)"
66.249.73.168 - - [19/May/2026:18:45:15 +0000] "GET /items/G253645006/ HTTP/1.1" 200 185943 "-" "Mozilla/5.0 (Linux; Android 6.0.1; Nexus 5X Build/MMB29P) AppleWebKit/537.36 (KHTML, like Gecko) Chrome/148.0.7778.96 Mobile Safari/537.36 (compatible; GoogleOther)"
66.249.73.228 - - [19/May/2026:18:46:00 +0000] "GET /items/V197886955/ HTTP/1.1" 200 187875 "-" "Mozilla/5.0 (compatible; Googlebot/2.1; +http://www.google.com/bot.html)"
66.249.73.169 - - [19/May/2026:18:46:20 +0000] "GET /items/B270242915/ HTTP/1.1" 200 195874 "-" "Mozilla/5.0 (Linux; Android 6.0.1; Nexus 5X Build/MMB29P) AppleWebKit/537.36 (KHTML, like Gecko) Chrome/148.0.7778.96 Mobile Safari/537.36 (compatible; GoogleOther)"
66.249.73.171 - - [19/May/2026:18:47:01 +0000] "GET /items/S271206682/ HTTP/1.1" 200 186877 "-" "Mozilla/5.0 (Linux; Android 6.0.1; Nexus 5X Build/MMB29P) AppleWebKit/537.36 (KHTML, like Gecko) Chrome/148.0.7778.96 Mobile Safari/537.36 (compatible; GoogleOther)"
66.249.73.171 - - [19/May/2026:18:48:06 +0000] "GET /items/X256953955/ HTTP/1.1" 200 202579 "-" "Mozilla/5.0 (Linux; Android 6.0.1; Nexus 5X Build/MMB29P) AppleWebKit/537.36 (KHTML, like Gecko) Chrome/148.0.7778.96 Mobile Safari/537.36 (compatible; GoogleOther)"
66.249.73.225 - - [19/May/2026:18:48:35 +0000] "GET /items/S213452804/ HTTP/1.1" 200 203608 "-" "Mozilla/5.0 (compatible; Googlebot/2.1; +http://www.google.com/bot.html)"
66.249.73.170 - - [19/May/2026:18:50:09 +0000] "GET /items/V297581319/ HTTP/1.1" 200 181746 "-" "Mozilla/5.0 (Linux; Android 6.0.1; Nexus 5X Build/MMB29P) AppleWebKit/537.36 (KHTML, like Gecko) Chrome/148.0.7778.96 Mobile Safari/537.36 (compatible; GoogleOther)"
66.249.73.169 - - [19/May/2026:18:50:24 +0000] "GET /items/H253634753/ HTTP/1.1" 200 185024 "-" "Mozilla/5.0 (Linux; Android 6.0.1; Nexus 5X Build/MMB29P) AppleWebKit/537.36 (KHTML, like Gecko) Chrome/148.0.7778.96 Mobile Safari/537.36 (compatible; GoogleOther)"
66.249.73.224 - - [19/May/2026:18:50:51 +0000] "GET /items/N39348571/ HTTP/1.1" 200 176493 "-" "Mozilla/5.0 (Linux; Android 6.0.1; Nexus 5X Build/MMB29P) AppleWebKit/537.36 (KHTML, like Gecko) Chrome/148.0.7778.96 Mobile Safari/537.36 (compatible; GoogleOther)"
66.249.73.224 - - [19/May/2026:18:52:33 +0000] "GET /items/K124326682/ HTTP/1.1" 200 185982 "-" "Mozilla/5.0 (Linux; Android 6.0.1; Nexus 5X Build/MMB29P) AppleWebKit/537.36 (KHTML, like Gecko) Chrome/148.0.7778.96 Mobile Safari/537.36 (compatible; Googlebot/2.1; +http://www.google.com/bot.html)"
104.210.140.142 - - [19/May/2026:18:52:42 +0000] "GET /robots.txt HTTP/1.1" 304 - "-" "Mozilla/5.0 (Macintosh; Intel Mac OS X 10_15_7) AppleWebKit/537.36 (KHTML, like Gecko) Chrome/131.0.0.0 Safari/537.36; compatible; OAI-SearchBot/1.0; +https://openai.com/searchbot"
66.249.73.171 - - [19/May/2026:18:52:43 +0000] "GET /items/H264141359/ HTTP/1.1" 200 192228 "-" "Mozilla/5.0 (Linux; Android 6.0.1; Nexus 5X Build/MMB29P) AppleWebKit/537.36 (KHTML, like Gecko) Chrome/148.0.7778.96 Mobile Safari/537.36 (compatible; GoogleOther)"
66.249.73.170 - - [19/May/2026:18:53:16 +0000] "GET /items/L295825309/ HTTP/1.1" 200 191479 "-" "Mozilla/5.0 (Linux; Android 6.0.1; Nexus 5X Build/MMB29P) AppleWebKit/537.36 (KHTML, like Gecko) Chrome/148.0.7778.96 Mobile Safari/537.36 (compatible; GoogleOther)"
66.249.73.224 - - [19/May/2026:18:53:57 +0000] "GET /items/V170958733/ HTTP/1.1" 200 192321 "-" "Mozilla/5.0 (Linux; Android 6.0.1; Nexus 5X Build/MMB29P) AppleWebKit/537.36 (KHTML, like Gecko) Chrome/148.0.7778.96 Mobile Safari/537.36 (compatible; Googlebot/2.1; +http://www.google.com/bot.html)"
66.249.73.170 - - [19/May/2026:18:55:01 +0000] "GET /items/R251797521/ HTTP/1.1" 200 182018 "-" "Mozilla/5.0 (Linux; Android 6.0.1; Nexus 5X Build/MMB29P) AppleWebKit/537.36 (KHTML, like Gecko) Chrome/148.0.7778.96 Mobile Safari/537.36 (compatible; GoogleOther)"
66.249.73.225 - - [19/May/2026:18:55:27 +0000] "GET /items/B231370339/ HTTP/1.1" 200 187338 "-" "Mozilla/5.0 (Linux; Android 6.0.1; Nexus 5X Build/MMB29P) AppleWebKit/537.36 (KHTML, like Gecko) Chrome/148.0.7778.96 Mobile Safari/537.36 (compatible; Googlebot/2.1; +http://www.google.com/bot.html)"
66.249.73.225 - - [19/May/2026:18:56:06 +0000] "GET /items/T212150379/ HTTP/1.1" 200 183169 "-" "Mozilla/5.0 (compatible; Googlebot/2.1; +http://www.google.com/bot.html)"
66.249.73.169 - - [19/May/2026:18:56:24 +0000] "GET /items/G287910460/ HTTP/1.1" 200 201070 "-" "Mozilla/5.0 (Linux; Android 6.0.1; Nexus 5X Build/MMB29P) AppleWebKit/537.36 (KHTML, like Gecko) Chrome/148.0.7778.96 Mobile Safari/537.36 (compatible; GoogleOther)"
66.249.73.226 - - [19/May/2026:18:56:58 +0000] "GET /items/S215616056/ HTTP/1.1" 200 181573 "-" "Mozilla/5.0 (Linux; Android 6.0.1; Nexus 5X Build/MMB29P) AppleWebKit/537.36 (KHTML, like Gecko) Chrome/148.0.7778.96 Mobile Safari/537.36 (compatible; Googlebot/2.1; +http://www.google.com/bot.html)"
66.249.73.169 - - [19/May/2026:18:57:20 +0000] "GET /items/A255901288/ HTTP/1.1" 200 178710 "-" "Mozilla/5.0 (Linux; Android 6.0.1; Nexus 5X Build/MMB29P) AppleWebKit/537.36 (KHTML, like Gecko) Chrome/148.0.7778.96 Mobile Safari/537.36 (compatible; GoogleOther)"
66.249.73.171 - - [19/May/2026:18:59:31 +0000] "GET /items/G210308208/ HTTP/1.1" 200 189941 "-" "Mozilla/5.0 (Linux; Android 6.0.1; Nexus 5X Build/MMB29P) AppleWebKit/537.36 (KHTML, like Gecko) Chrome/148.0.7778.96 Mobile Safari/537.36 (compatible; GoogleOther)"
66.249.73.169 - - [19/May/2026:18:59:38 +0000] "GET /items/W277085612/ HTTP/1.1" 200 184744 "-" "Mozilla/5.0 (Linux; Android 6.0.1; Nexus 5X Build/MMB29P) AppleWebKit/537.36 (KHTML, like Gecko) Chrome/148.0.7778.96 Mobile Safari/537.36 (compatible; GoogleOther)"
66.249.73.226 - - [19/May/2026:19:00:28 +0000] "GET /items/S199587056/ HTTP/1.1" 200 183215 "-" "Mozilla/5.0 (Linux; Android 6.0.1; Nexus 5X Build/MMB29P) AppleWebKit/537.36 (KHTML, like Gecko) Chrome/148.0.7778.96 Mobile Safari/537.36 (compatible; Googlebot/2.1; +http://www.google.com/bot.html)"
66.249.73.170 - - [19/May/2026:19:01:57 +0000] "GET /items/H205545167/ HTTP/1.1" 200 187913 "-" "Mozilla/5.0 (Linux; Android 6.0.1; Nexus 5X Build/MMB29P) AppleWebKit/537.36 (KHTML, like Gecko) Chrome/148.0.7778.96 Mobile Safari/537.36 (compatible; GoogleOther)"
66.249.73.226 - - [19/May/2026:19:02:28 +0000] "GET /items/N121661915/ HTTP/1.1" 200 181841 "-" "Mozilla/5.0 (compatible; Googlebot/2.1; +http://www.google.com/bot.html)"
47.128.110.15 - - [19/May/2026:19:02:30 +0000] "GET /blog/ HTTP/1.1" 403 - "-" "Mozilla/5.0 (Linux; Android 5.0) AppleWebKit/537.36 (KHTML, like Gecko) Mobile Safari/537.36 (compatible; Bytespider; spider-feedback@bytedance.com)"
66.249.73.171 - - [19/May/2026:19:02:39 +0000] "GET /items/M19331016/ HTTP/1.1" 200 185359 "-" "Mozilla/5.0 (Linux; Android 6.0.1; Nexus 5X Build/MMB29P) AppleWebKit/537.36 (KHTML, like Gecko) Chrome/148.0.7778.96 Mobile Safari/537.36 (compatible; GoogleOther)"
66.249.73.224 - - [19/May/2026:19:02:46 +0000] "GET /items/B186465733/ HTTP/1.1" 200 184856 "-" "Mozilla/5.0 (Linux; Android 6.0.1; Nexus 5X Build/MMB29P) AppleWebKit/537.36 (KHTML, like Gecko) Chrome/148.0.7778.96 Mobile Safari/537.36 (compatible; Googlebot/2.1; +http://www.google.com/bot.html)"
66.249.73.170 - - [19/May/2026:19:04:15 +0000] "GET /items/I262524278/ HTTP/1.1" 200 181894 "-" "Mozilla/5.0 (Linux; Android 6.0.1; Nexus 5X Build/MMB29P) AppleWebKit/537.36 (KHTML, like Gecko) Chrome/148.0.7778.96 Mobile Safari/537.36 (compatible; GoogleOther)"
66.249.73.170 - - [19/May/2026:19:05:46 +0000] "GET /items/L239418359/ HTTP/1.1" 200 188305 "-" "Mozilla/5.0 (Linux; Android 6.0.1; Nexus 5X Build/MMB29P) AppleWebKit/537.36 (KHTML, like Gecko) Chrome/148.0.7778.96 Mobile Safari/537.36 (compatible; GoogleOther)"
66.249.73.169 - - [19/May/2026:19:06:34 +0000] "GET /items/D258335127/ HTTP/1.1" 200 202758 "-" "Mozilla/5.0 (Linux; Android 6.0.1; Nexus 5X Build/MMB29P) AppleWebKit/537.36 (KHTML, like Gecko) Chrome/148.0.7778.96 Mobile Safari/537.36 (compatible; GoogleOther)"
66.249.73.226 - - [19/May/2026:19:07:36 +0000] "GET /items/T229011329/ HTTP/1.1" 200 180860 "-" "Mozilla/5.0 (Linux; Android 6.0.1; Nexus 5X Build/MMB29P) AppleWebKit/537.36 (KHTML, like Gecko) Chrome/148.0.7778.96 Mobile Safari/537.36 (compatible; Googlebot/2.1; +http://www.google.com/bot.html)"
66.249.73.226 - - [19/May/2026:19:08:20 +0000] "GET /items/L181802379/ HTTP/1.1" 200 180798 "-" "Mozilla/5.0 (compatible; Googlebot/2.1; +http://www.google.com/bot.html)"
66.249.73.170 - - [19/May/2026:19:08:52 +0000] "GET /items/E306796632/ HTTP/1.1" 200 187263 "-" "Mozilla/5.0 (Linux; Android 6.0.1; Nexus 5X Build/MMB29P) AppleWebKit/537.36 (KHTML, like Gecko) Chrome/148.0.7778.96 Mobile Safari/537.36 (compatible; GoogleOther)"
188.245.66.85 - - [19/May/2026:19:08:52 +0000] "GET /blog-verify HTTP/1.1" 500 2749 "-" "Mozilla/5.0 (Windows NT 10.0; Win64; x64) AppleWebKit/537.36 (KHTML, like Gecko) Chrome/148.0.0.0 Safari/537.36"
66.249.73.171 - - [19/May/2026:19:08:54 +0000] "GET /items/T205444935/ HTTP/1.1" 200 184461 "-" "Mozilla/5.0 (Linux; Android 6.0.1; Nexus 5X Build/MMB29P) AppleWebKit/537.36 (KHTML, like Gecko) Chrome/148.0.7778.96 Mobile Safari/537.36 (compatible; GoogleOther)"
188.245.66.85 - - [19/May/2026:19:09:16 +0000] "GET /?wmo_hc=k7Hx9mQp2wRt HTTP/1.1" 500 2749 "-" "Mozilla/5.0 (Windows NT 10.0; Win64; x64) AppleWebKit/537.36 (KHTML, like Gecko) Chrome/148.0.0.0 Safari/537.36"
66.249.73.224 - - [19/May/2026:19:09:17 +0000] "GET /items/A157683622/ HTTP/1.1" 200 180501 "-" "Mozilla/5.0 (compatible; Googlebot/2.1; +http://www.google.com/bot.html)"
66.249.73.224 - - [19/May/2026:19:09:58 +0000] "GET /items/B240891541/ HTTP/1.1" 200 183333 "-" "Mozilla/5.0 (Linux; Android 6.0.1; Nexus 5X Build/MMB29P) AppleWebKit/537.36 (KHTML, like Gecko) Chrome/148.0.7778.96 Mobile Safari/537.36 (compatible; Googlebot/2.1; +http://www.google.com/bot.html)"
66.249.73.169 - - [19/May/2026:19:11:11 +0000] "GET /items/N52057369/ HTTP/1.1" 200 186132 "-" "Mozilla/5.0 (Linux; Android 6.0.1; Nexus 5X Build/MMB29P) AppleWebKit/537.36 (KHTML, like Gecko) Chrome/148.0.7778.96 Mobile Safari/537.36 (compatible; GoogleOther)"
66.249.73.171 - - [19/May/2026:19:12:01 +0000] "GET /items/Z237646581/ HTTP/1.1" 200 189002 "-" "Mozilla/5.0 (Linux; Android 6.0.1; Nexus 5X Build/MMB29P) AppleWebKit/537.36 (KHTML, like Gecko) Chrome/148.0.7778.96 Mobile Safari/537.36 (compatible; GoogleOther)"
66.249.73.170 - - [19/May/2026:19:13:29 +0000] "GET /items/W198612460/ HTTP/1.1" 200 179560 "-" "Mozilla/5.0 (Linux; Android 6.0.1; Nexus 5X Build/MMB29P) AppleWebKit/537.36 (KHTML, like Gecko) Chrome/148.0.7778.96 Mobile Safari/537.36 (compatible; GoogleOther)"
66.249.73.228 - - [19/May/2026:19:14:12 +0000] "GET /items/Z78625369/ HTTP/1.1" 200 177775 "-" "Mozilla/5.0 (compatible; Googlebot/2.1; +http://www.google.com/bot.html)"
66.249.73.226 - - [19/May/2026:19:14:43 +0000] "GET /items/V140546501/ HTTP/1.1" 200 184117 "-" "Mozilla/5.0 (compatible; Googlebot/2.1; +http://www.google.com/bot.html)"
66.249.73.226 - - [19/May/2026:19:14:58 +0000] "GET /items/Y33671268/ HTTP/1.1" 200 185258 "-" "Mozilla/5.0 (Linux; Android 6.0.1; Nexus 5X Build/MMB29P) AppleWebKit/537.36 (KHTML, like Gecko) Chrome/148.0.7778.96 Mobile Safari/537.36 (compatible; Googlebot/2.1; +http://www.google.com/bot.html)"
66.249.73.170 - - [19/May/2026:19:15:09 +0000] "GET /items/H254154733/ HTTP/1.1" 200 186516 "-" "Mozilla/5.0 (Linux; Android 6.0.1; Nexus 5X Build/MMB29P) AppleWebKit/537.36 (KHTML, like Gecko) Chrome/148.0.7778.96 Mobile Safari/537.36 (compatible; GoogleOther)"
66.249.73.169 - - [19/May/2026:19:15:47 +0000] "GET /items/U222072086/ HTTP/1.1" 200 189367 "-" "Mozilla/5.0 (Linux; Android 6.0.1; Nexus 5X Build/MMB29P) AppleWebKit/537.36 (KHTML, like Gecko) Chrome/148.0.7778.96 Mobile Safari/537.36 (compatible; GoogleOther)"
66.249.73.228 - - [19/May/2026:19:15:57 +0000] "GET /items/X70507935/ HTTP/1.1" 200 191052 "-" "Mozilla/5.0 (Linux; Android 6.0.1; Nexus 5X Build/MMB29P) AppleWebKit/537.36 (KHTML, like Gecko) Chrome/148.0.7778.96 Mobile Safari/537.36 (compatible; GoogleOther)"
66.249.73.227 - - [19/May/2026:19:17:55 +0000] "GET /items/U96863864/ HTTP/1.1" 200 177956 "-" "Mozilla/5.0 (compatible; Googlebot/2.1; +http://www.google.com/bot.html)"
66.249.73.169 - - [19/May/2026:19:18:06 +0000] "GET /robots.txt HTTP/1.1" 304 - "-" "Mozilla/5.0 (compatible; Googlebot/2.1; +http://www.google.com/bot.html)"
66.249.73.171 - - [19/May/2026:19:18:06 +0000] "GET /items/Z220353985/ HTTP/1.1" 200 183344 "-" "Mozilla/5.0 (Linux; Android 6.0.1; Nexus 5X Build/MMB29P) AppleWebKit/537.36 (KHTML, like Gecko) Chrome/148.0.7778.96 Mobile Safari/537.36 (compatible; GoogleOther)"
66.249.73.170 - - [19/May/2026:19:18:16 +0000] "GET /items/Q202927854/ HTTP/1.1" 200 186755 "-" "Mozilla/5.0 (Linux; Android 6.0.1; Nexus 5X Build/MMB29P) AppleWebKit/537.36 (KHTML, like Gecko) Chrome/148.0.7778.96 Mobile Safari/537.36 (compatible; GoogleOther)"
66.249.73.227 - - [19/May/2026:19:18:56 +0000] "GET /items/Q21169602/ HTTP/1.1" 200 181446 "-" "Mozilla/5.0 (Linux; Android 6.0.1; Nexus 5X Build/MMB29P) AppleWebKit/537.36 (KHTML, like Gecko) Chrome/148.0.7778.96 Mobile Safari/537.36 (compatible; GoogleOther)"
66.249.73.170 - - [19/May/2026:19:20:24 +0000] "GET /items/T312694905/ HTTP/1.1" 200 190265 "-" "Mozilla/5.0 (Linux; Android 6.0.1; Nexus 5X Build/MMB29P) AppleWebKit/537.36 (KHTML, like Gecko) Chrome/148.0.7778.96 Mobile Safari/537.36 (compatible; GoogleOther)"
66.249.73.225 - - [19/May/2026:19:21:09 +0000] "GET /items/P97388561/ HTTP/1.1" 200 190002 "-" "Mozilla/5.0 (Linux; Android 6.0.1; Nexus 5X Build/MMB29P) AppleWebKit/537.36 (KHTML, like Gecko) Chrome/148.0.7778.96 Mobile Safari/537.36 (compatible; Googlebot/2.1; +http://www.google.com/bot.html)"
66.249.73.169 - - [19/May/2026:19:21:24 +0000] "GET /items/P204394177/ HTTP/1.1" 200 179318 "-" "Mozilla/5.0 (Linux; Android 6.0.1; Nexus 5X Build/MMB29P) AppleWebKit/537.36 (KHTML, like Gecko) Chrome/148.0.7778.96 Mobile Safari/537.36 (compatible; GoogleOther)"
66.249.73.224 - - [19/May/2026:19:21:54 +0000] "GET /items/H32933723/ HTTP/1.1" 200 182460 "-" "Mozilla/5.0 (Linux; Android 6.0.1; Nexus 5X Build/MMB29P) AppleWebKit/537.36 (KHTML, like Gecko) Chrome/148.0.7778.96 Mobile Safari/537.36 (compatible; GoogleOther)"
66.249.73.170 - - [19/May/2026:19:22:43 +0000] "GET /items/Y227724874/ HTTP/1.1" 200 188877 "-" "Mozilla/5.0 (Linux; Android 6.0.1; Nexus 5X Build/MMB29P) AppleWebKit/537.36 (KHTML, like Gecko) Chrome/148.0.7778.96 Mobile Safari/537.36 (compatible; GoogleOther)"
66.249.73.225 - - [19/May/2026:19:24:10 +0000] "GET /items/K163898672/ HTTP/1.1" 200 178192 "-" "Mozilla/5.0 (Linux; Android 6.0.1; Nexus 5X Build/MMB29P) AppleWebKit/537.36 (KHTML, like Gecko) Chrome/148.0.7778.96 Mobile Safari/537.36 (compatible; Googlebot/2.1; +http://www.google.com/bot.html)"
66.249.73.171 - - [19/May/2026:19:24:31 +0000] "GET /items/G60844632/ HTTP/1.1" 200 182379 "-" "Mozilla/5.0 (Linux; Android 6.0.1; Nexus 5X Build/MMB29P) AppleWebKit/537.36 (KHTML, like Gecko) Chrome/148.0.7778.96 Mobile Safari/537.36 (compatible; GoogleOther)"
66.249.73.224 - - [19/May/2026:19:24:53 +0000] "GET /items/G149712652/ HTTP/1.1" 200 179813 "-" "Mozilla/5.0 (Linux; Android 6.0.1; Nexus 5X Build/MMB29P) AppleWebKit/537.36 (KHTML, like Gecko) Chrome/148.0.7778.96 Mobile Safari/537.36 (compatible; GoogleOther)"
66.249.73.224 - - [19/May/2026:19:24:58 +0000] "GET /items/L318421935// HTTP/1.1" 200 191142 "-" "Mozilla/5.0 (Linux; Android 6.0.1; Nexus 5X Build/MMB29P) AppleWebKit/537.36 (KHTML, like Gecko) Chrome/148.0.7778.96 Mobile Safari/537.36 (compatible; Googlebot/2.1; +http://www.google.com/bot.html)"
66.249.73.171 - - [19/May/2026:19:25:01 +0000] "GET /items/Z265749985/ HTTP/1.1" 200 196066 "-" "Mozilla/5.0 (Linux; Android 6.0.1; Nexus 5X Build/MMB29P) AppleWebKit/537.36 (KHTML, like Gecko) Chrome/148.0.7778.96 Mobile Safari/537.36 (compatible; GoogleOther)"
66.249.73.225 - - [19/May/2026:19:25:04 +0000] "GET /items/X206168187/ HTTP/1.1" 200 183594 "-" "Mozilla/5.0 (compatible; Googlebot/2.1; +http://www.google.com/bot.html)"
45.148.10.119 - - [19/May/2026:19:25:21 +0000] "POST / HTTP/1.1" 500 2749 "-" "Mozilla/5.0 (Windows NT 10.0; Win64; x64) AppleWebKit/537.36"
66.249.73.224 - - [19/May/2026:19:25:33 +0000] "GET /items/B170176743/ HTTP/1.1" 200 178992 "-" "Mozilla/5.0 (Linux; Android 6.0.1; Nexus 5X Build/MMB29P) AppleWebKit/537.36 (KHTML, like Gecko) Chrome/148.0.7778.96 Mobile Safari/537.36 (compatible; Googlebot/2.1; +http://www.google.com/bot.html)"
66.249.73.170 - - [19/May/2026:19:27:20 +0000] "GET /items/B314497581/ HTTP/1.1" 200 200075 "-" "Mozilla/5.0 (Linux; Android 6.0.1; Nexus 5X Build/MMB29P) AppleWebKit/537.36 (KHTML, like Gecko) Chrome/148.0.7778.96 Mobile Safari/537.36 (compatible; GoogleOther)"
66.249.73.169 - - [19/May/2026:19:27:39 +0000] "GET /items/J273069925/ HTTP/1.1" 200 186708 "-" "Mozilla/5.0 (Linux; Android 6.0.1; Nexus 5X Build/MMB29P) AppleWebKit/537.36 (KHTML, like Gecko) Chrome/148.0.7778.96 Mobile Safari/537.36 (compatible; GoogleOther)"
45.12.3.121 - - [19/May/2026:19:27:39 +0000] "GET / HTTP/1.1" 500 2749 "-" "Mozilla/5.0 (Windows NT 10.0; Win64; x64; rv:81.0) Gecko/20100101 Firefox/81.0"
66.249.73.169 - - [19/May/2026:19:29:38 +0000] "GET /items/Q311303612/ HTTP/1.1" 200 194428 "-" "Mozilla/5.0 (Linux; Android 6.0.1; Nexus 5X Build/MMB29P) AppleWebKit/537.36 (KHTML, like Gecko) Chrome/148.0.7778.96 Mobile Safari/537.36 (compatible; GoogleOther)"
66.249.73.228 - - [19/May/2026:19:30:18 +0000] "GET /items/D257495319/ HTTP/1.1" 200 176109 "-" "Mozilla/5.0 (Linux; Android 6.0.1; Nexus 5X Build/MMB29P) AppleWebKit/537.36 (KHTML, like Gecko) Chrome/148.0.7778.96 Mobile Safari/537.36 (compatible; Googlebot/2.1; +http://www.google.com/bot.html)"
66.249.73.226 - - [19/May/2026:19:30:24 +0000] "GET /items/U201779016/ HTTP/1.1" 200 178183 "-" "Mozilla/5.0 (compatible; Googlebot/2.1; +http://www.google.com/bot.html)"
66.249.73.170 - - [19/May/2026:19:30:46 +0000] "GET /items/H28958319/ HTTP/1.1" 200 181900 "-" "Mozilla/5.0 (Linux; Android 6.0.1; Nexus 5X Build/MMB29P) AppleWebKit/537.36 (KHTML, like Gecko) Chrome/148.0.7778.96 Mobile Safari/537.36 (compatible; GoogleOther)"
66.249.73.170 - - [19/May/2026:19:31:57 +0000] "GET /items/D195729763/ HTTP/1.1" 200 200037 "-" "Mozilla/5.0 (Linux; Android 6.0.1; Nexus 5X Build/MMB29P) AppleWebKit/537.36 (KHTML, like Gecko) Chrome/148.0.7778.96 Mobile Safari/537.36 (compatible; GoogleOther)"
74.7.175.155 - - [19/May/2026:19:33:04 +0000] "GET /robots.txt HTTP/1.1" 304 - "-" "Mozilla/5.0 (Macintosh; Intel Mac OS X 10_15_7) AppleWebKit/537.36 (KHTML, like Gecko) Chrome/131.0.0.0 Safari/537.36; compatible; OAI-SearchBot/1.3; robots.txt; +https://openai.com/searchbot"
74.7.227.140 - - [19/May/2026:19:33:04 +0000] "GET / HTTP/1.1" 403 - "-" "Mozilla/5.0 AppleWebKit/537.36 (KHTML, like Gecko; compatible; GPTBot/1.3; +https://openai.com/gptbot)"
66.249.73.170 - - [19/May/2026:19:33:54 +0000] "GET /items/N20774157/ HTTP/1.1" 200 198675 "-" "Mozilla/5.0 (Linux; Android 6.0.1; Nexus 5X Build/MMB29P) AppleWebKit/537.36 (KHTML, like Gecko) Chrome/148.0.7778.96 Mobile Safari/537.36 (compatible; GoogleOther)"
