216.73.216.176 - - [19/May/2026:12:28:30 +0000] "GET /items/O440469406441/ HTTP/1.1" 500 2749 "-" "Mozilla/5.0 AppleWebKit/537.36 (KHTML, like Gecko; compatible; ClaudeBot/1.0; +claudebot@anthropic.com)"
74.7.227.132 - - [19/May/2026:12:28:30 +0000] "GET /items/O440929921653/ HTTP/1.1" 500 2749 "https://unitphotog.com/sitemap_index.xml" "Mozilla/5.0 AppleWebKit/537.36 (KHTML, like Gecko; compatible; GPTBot/1.3; +https://openai.com/gptbot)"
216.73.216.176 - - [19/May/2026:12:28:35 +0000] "GET /items/O44064156171/ HTTP/1.1" 500 2749 "-" "Mozilla/5.0 AppleWebKit/537.36 (KHTML, like Gecko; compatible; ClaudeBot/1.0; +claudebot@anthropic.com)"
216.73.216.176 - - [19/May/2026:12:28:40 +0000] "GET /items/O44071876969/ HTTP/1.1" 500 2749 "-" "Mozilla/5.0 AppleWebKit/537.36 (KHTML, like Gecko; compatible; ClaudeBot/1.0; +claudebot@anthropic.com)"
216.73.216.176 - - [19/May/2026:12:28:45 +0000] "GET /items/O44074506418/ HTTP/1.1" 500 2749 "-" "Mozilla/5.0 AppleWebKit/537.36 (KHTML, like Gecko; compatible; ClaudeBot/1.0; +claudebot@anthropic.com)"
216.73.216.176 - - [19/May/2026:12:28:50 +0000] "GET /items/O44092607163/ HTTP/1.1" 500 2749 "-" "Mozilla/5.0 AppleWebKit/537.36 (KHTML, like Gecko; compatible; ClaudeBot/1.0; +claudebot@anthropic.com)"
216.73.216.176 - - [19/May/2026:12:28:55 +0000] "GET /items/O44092645398/ HTTP/1.1" 500 2749 "-" "Mozilla/5.0 AppleWebKit/537.36 (KHTML, like Gecko; compatible; ClaudeBot/1.0; +claudebot@anthropic.com)"
2a03:2880:f806:42:: - - [19/May/2026:12:28:56 +0000] "GET /items/O44043037838/ HTTP/1.1" 500 2749 "-" "meta-externalagent/1.1 (+https://developers.facebook.com/docs/sharing/webmasters/crawler)"
216.73.216.176 - - [19/May/2026:12:29:00 +0000] "GET /items/O44088193646/ HTTP/1.1" 500 2749 "-" "Mozilla/5.0 AppleWebKit/537.36 (KHTML, like Gecko; compatible; ClaudeBot/1.0; +claudebot@anthropic.com)"
216.73.216.176 - - [19/May/2026:12:29:05 +0000] "GET /items/O44095930134/ HTTP/1.1" 500 2749 "-" "Mozilla/5.0 AppleWebKit/537.36 (KHTML, like Gecko; compatible; ClaudeBot/1.0; +claudebot@anthropic.com)"
216.73.216.176 - - [19/May/2026:12:29:10 +0000] "GET /items/O440764593133/ HTTP/1.1" 500 2749 "-" "Mozilla/5.0 AppleWebKit/537.36 (KHTML, like Gecko; compatible; ClaudeBot/1.0; +claudebot@anthropic.com)"
216.73.216.176 - - [19/May/2026:12:29:15 +0000] "GET /items/O44067458493/ HTTP/1.1" 500 2749 "-" "Mozilla/5.0 AppleWebKit/537.36 (KHTML, like Gecko; compatible; ClaudeBot/1.0; +claudebot@anthropic.com)"
2602:fb54:1400::1e8 - - [19/May/2026:12:29:18 +0000] "GET / HTTP/1.1" 500 2749 "-" "Mozilla/5.0 (Windows NT 10.0; Win64; x64) AppleWebKit/537.36 (KHTML, like Gecko) Chrome/146.0.0.0 Safari/537.36"
2602:fb54:1400::1e8 - - [19/May/2026:12:29:19 +0000] "GET /secrets.json HTTP/1.1" 500 2749 "-" "Mozilla/5.0 (Windows NT 10.0; Win64; x64) AppleWebKit/537.36 (KHTML, like Gecko) Chrome/146.0.0.0 Safari/537.36"
2602:fb54:1400::1e8 - - [19/May/2026:12:29:19 +0000] "GET /backend/.env HTTP/1.1" 500 2749 "-" "Mozilla/5.0 (Windows NT 10.0; Win64; x64; rv:149.0) Gecko/20100101 Firefox/149.0"
2602:fb54:1400::1e8 - - [19/May/2026:12:29:19 +0000] "GET /service-account.json HTTP/1.1" 500 2749 "-" "Mozilla/5.0 (Macintosh; Intel Mac OS X 10_15_7) AppleWebKit/605.1.15 (KHTML, like Gecko) Version/18.3 Safari/605.1.15"
2602:fb54:1400::1e8 - - [19/May/2026:12:29:19 +0000] "GET /serviceAccountKey.json HTTP/1.1" 500 2749 "-" "Mozilla/5.0 (Macintosh; Intel Mac OS X 10_15_7) AppleWebKit/537.36 (KHTML, like Gecko) Chrome/147.0.0.0 Safari/537.36 Edg/147.0.0.0"
2602:fb54:1400::1e8 - - [19/May/2026:12:29:19 +0000] "GET /firebase-service-account.json HTTP/1.1" 500 2749 "-" "Mozilla/5.0 (iPhone; CPU iPhone OS 18_4 like Mac OS X) AppleWebKit/605.1.15 (KHTML, like Gecko) Version/18.4 Mobile/15E148 Safari/604.1"
2602:fb54:1400::1e8 - - [19/May/2026:12:29:19 +0000] "GET /credentials.json HTTP/1.1" 500 2749 "-" "Mozilla/5.0 (Windows NT 10.0; Win64; x64) AppleWebKit/537.36 (KHTML, like Gecko) Chrome/147.0.0.0 Safari/537.36 Edg/147.0.0.0"
2602:fb54:1400::1e8 - - [19/May/2026:12:29:19 +0000] "GET /app/.env HTTP/1.1" 500 2749 "-" "Mozilla/5.0 (Macintosh; Intel Mac OS X 10.15; rv:150.0) Gecko/20100101 Firefox/150.0"
2602:fb54:1400::1e8 - - [19/May/2026:12:29:19 +0000] "GET /api/.env HTTP/1.1" 500 2749 "-" "Mozilla/5.0 (X11; Linux x86_64; rv:150.0) Gecko/20100101 Firefox/150.0"
2602:fb54:1400::1e8 - - [19/May/2026:12:29:19 +0000] "GET /google-service-account.json HTTP/1.1" 500 2749 "-" "Mozilla/5.0 (Windows NT 10.0; Win64; x64) AppleWebKit/537.36 (KHTML, like Gecko) Chrome/146.0.0.0 Safari/537.36 Edg/146.0.0.0"
2602:fb54:1400::1e8 - - [19/May/2026:12:29:19 +0000] "GET /.aws/credentials HTTP/1.1" 500 2749 "-" "Mozilla/5.0 (X11; Linux x86_64; rv:149.0) Gecko/20100101 Firefox/149.0"
2602:fb54:1400::1e8 - - [19/May/2026:12:29:19 +0000] "GET /.env HTTP/1.1" 500 2749 "-" "Mozilla/5.0 (X11; Linux x86_64) AppleWebKit/537.36 (KHTML, like Gecko) Chrome/146.0.0.0 Safari/537.36"
2602:fb54:1400::1e8 - - [19/May/2026:12:29:19 +0000] "GET /.env.production HTTP/1.1" 500 2749 "-" "Mozilla/5.0 (Windows NT 10.0; Win64; x64; rv:150.0) Gecko/20100101 Firefox/150.0"
2602:fb54:1400::1e8 - - [19/May/2026:12:29:20 +0000] "GET /.env.local HTTP/1.1" 500 2749 "-" "Mozilla/5.0 (Windows NT 10.0; Win64; x64) AppleWebKit/537.36 (KHTML, like Gecko) Chrome/145.0.0.0 Safari/537.36"
216.73.216.176 - - [19/May/2026:12:29:20 +0000] "GET /items/O44064307998/ HTTP/1.1" 500 2749 "-" "Mozilla/5.0 AppleWebKit/537.36 (KHTML, like Gecko; compatible; ClaudeBot/1.0; +claudebot@anthropic.com)"
2602:fb54:1400::1e8 - - [19/May/2026:12:29:21 +0000] "GET / HTTP/1.1" 500 2749 "-" "Mozilla/5.0 (X11; Linux x86_64) AppleWebKit/537.36 (KHTML, like Gecko) Chrome/146.0.0.0 Safari/537.36"
2602:fb54:1400::1e8 - - [19/May/2026:12:29:22 +0000] "GET /.env.production.copy HTTP/1.1" 500 2749 "-" "Mozilla/5.0 (Macintosh; Intel Mac OS X 10.15; rv:150.0) Gecko/20100101 Firefox/150.0"
2602:fb54:1400::1e8 - - [19/May/2026:12:29:22 +0000] "GET /.git/config HTTP/1.1" 500 2749 "-" "Mozilla/5.0 (Windows NT 10.0; Win64; x64; rv:149.0) Gecko/20100101 Firefox/149.0"
2602:fb54:1400::1e8 - - [19/May/2026:12:29:22 +0000] "GET /.git/FETCH_HEAD HTTP/1.1" 500 2749 "-" "Mozilla/5.0 (X11; Linux x86_64; rv:149.0) Gecko/20100101 Firefox/149.0"
2602:fb54:1400::1e8 - - [19/May/2026:12:29:22 +0000] "GET /.git/HEAD HTTP/1.1" 500 2749 "-" "Mozilla/5.0 (X11; Linux x86_64; rv:150.0) Gecko/20100101 Firefox/150.0"
2602:fb54:1400::1e8 - - [19/May/2026:12:29:22 +0000] "GET /.git/refs/heads/master HTTP/1.1" 500 2749 "-" "Mozilla/5.0 (Macintosh; Intel Mac OS X 10_15_7) AppleWebKit/537.36 (KHTML, like Gecko) Chrome/147.0.0.0 Safari/537.36 Edg/147.0.0.0"
2602:fb54:1400::1e8 - - [19/May/2026:12:29:22 +0000] "GET /.env.backup HTTP/1.1" 500 2749 "-" "Mozilla/5.0 (Macintosh; Intel Mac OS X 10_15_7) AppleWebKit/605.1.15 (KHTML, like Gecko) Version/18.3 Safari/605.1.15"
2602:fb54:1400::1e8 - - [19/May/2026:12:29:22 +0000] "GET /.env.local.copy HTTP/1.1" 500 2749 "-" "Mozilla/5.0 (Windows NT 10.0; Win64; x64) AppleWebKit/537.36 (KHTML, like Gecko) Chrome/146.0.0.0 Safari/537.36 Edg/146.0.0.0"
2602:fb54:1400::1e8 - - [19/May/2026:12:29:22 +0000] "GET /.env.local.save HTTP/1.1" 500 2749 "-" "Mozilla/5.0 (Windows NT 10.0; Win64; x64; rv:149.0) Gecko/20100101 Firefox/149.0"
2602:fb54:1400::1e8 - - [19/May/2026:12:29:22 +0000] "GET /.env.production.save HTTP/1.1" 500 2749 "-" "Mozilla/5.0 (Macintosh; Intel Mac OS X 10_15_7) AppleWebKit/537.36 (KHTML, like Gecko) Chrome/147.0.0.0 Safari/537.36"
2602:fb54:1400::1e8 - - [19/May/2026:12:29:22 +0000] "GET /.env.production.swp HTTP/1.1" 500 2749 "-" "Mozilla/5.0 (Windows NT 10.0; Win64; x64) AppleWebKit/537.36 (KHTML, like Gecko) Chrome/146.0.0.0 Safari/537.36"
2602:fb54:1400::1e8 - - [19/May/2026:12:29:22 +0000] "GET /.env.local.orig HTTP/1.1" 500 2749 "-" "Mozilla/5.0 (Macintosh; Intel Mac OS X 10_15_7) AppleWebKit/537.36 (KHTML, like Gecko) Chrome/147.0.0.0 Safari/537.36 Edg/147.0.0.0"
2602:fb54:1400::1e8 - - [19/May/2026:12:29:22 +0000] "GET /.env.local.bak HTTP/1.1" 500 2749 "-" "Mozilla/5.0 (Windows NT 10.0; Win64; x64; rv:150.0) Gecko/20100101 Firefox/150.0"
2602:fb54:1400::1e8 - - [19/May/2026:12:29:22 +0000] "GET /.env.production.backup HTTP/1.1" 500 2749 "-" "Mozilla/5.0 (Windows NT 10.0; Win64; x64) AppleWebKit/537.36 (KHTML, like Gecko) Chrome/147.0.0.0 Safari/537.36"
2602:fb54:1400::1e8 - - [19/May/2026:12:29:22 +0000] "GET /.env.production~ HTTP/1.1" 500 2749 "-" "Mozilla/5.0 (X11; Linux x86_64) AppleWebKit/537.36 (KHTML, like Gecko) Chrome/147.0.0.0 Safari/537.36"
2602:fb54:1400::1e8 - - [19/May/2026:12:29:22 +0000] "GET /.env.production.old HTTP/1.1" 500 2749 "-" "Mozilla/5.0 (iPhone; CPU iPhone OS 18_4 like Mac OS X) AppleWebKit/605.1.15 (KHTML, like Gecko) Version/18.4 Mobile/15E148 Safari/604.1"
2602:fb54:1400::1e8 - - [19/May/2026:12:29:22 +0000] "GET /.env.production.bak HTTP/1.1" 500 2749 "-" "Mozilla/5.0 (Macintosh; Intel Mac OS X 10_15_7) AppleWebKit/605.1.15 (KHTML, like Gecko) Version/18.4 Safari/605.1.15"
2602:fb54:1400::1e8 - - [19/May/2026:12:29:23 +0000] "GET /.git/logs/HEAD HTTP/1.1" 500 2749 "-" "Mozilla/5.0 (Windows NT 10.0; Win64; x64) AppleWebKit/537.36 (KHTML, like Gecko) Chrome/146.0.0.0 Safari/537.36 Edg/146.0.0.0"
2602:fb54:1400::1e8 - - [19/May/2026:12:29:23 +0000] "GET /.env.orig HTTP/1.1" 500 2749 "-" "Mozilla/5.0 (Macintosh; Intel Mac OS X 10_15_7) AppleWebKit/537.36 (KHTML, like Gecko) Chrome/146.0.0.0 Safari/537.36"
2602:fb54:1400::1e8 - - [19/May/2026:12:29:23 +0000] "GET /.env.save HTTP/1.1" 500 2749 "-" "Mozilla/5.0 (Windows NT 10.0; Win64; x64) AppleWebKit/537.36 (KHTML, like Gecko) Chrome/147.0.0.0 Safari/537.36"
2602:fb54:1400::1e8 - - [19/May/2026:12:29:23 +0000] "GET /.env.bak HTTP/1.1" 500 2749 "-" "Mozilla/5.0 (Macintosh; Intel Mac OS X 10_15_7) AppleWebKit/605.1.15 (KHTML, like Gecko) Version/18.4 Safari/605.1.15"
2602:fb54:1400::1e8 - - [19/May/2026:12:29:23 +0000] "GET /.env.old HTTP/1.1" 500 2749 "-" "Mozilla/5.0 (iPhone; CPU iPhone OS 18_4 like Mac OS X) AppleWebKit/605.1.15 (KHTML, like Gecko) Version/18.4 Mobile/15E148 Safari/604.1"
2602:fb54:1400::1e8 - - [19/May/2026:12:29:23 +0000] "GET /.git/refs/heads/main HTTP/1.1" 500 2749 "-" "Mozilla/5.0 (Windows NT 10.0; Win64; x64) AppleWebKit/537.36 (KHTML, like Gecko) Chrome/147.0.0.0 Safari/537.36 Edg/147.0.0.0"
2602:fb54:1400::1e8 - - [19/May/2026:12:29:23 +0000] "GET /.env.local.backup HTTP/1.1" 500 2749 "-" "Mozilla/5.0 (X11; Linux x86_64; rv:150.0) Gecko/20100101 Firefox/150.0"
2602:fb54:1400::1e8 - - [19/May/2026:12:29:23 +0000] "GET /.env.production.orig HTTP/1.1" 500 2749 "-" "Mozilla/5.0 (Macintosh; Intel Mac OS X 10_15_7) AppleWebKit/537.36 (KHTML, like Gecko) Chrome/146.0.0.0 Safari/537.36"
2602:fb54:1400::1e8 - - [19/May/2026:12:29:23 +0000] "GET /.env.local~ HTTP/1.1" 500 2749 "-" "Mozilla/5.0 (X11; Linux x86_64; rv:149.0) Gecko/20100101 Firefox/149.0"
2602:fb54:1400::1e8 - - [19/May/2026:12:29:23 +0000] "GET /.env.copy HTTP/1.1" 500 2749 "-" "Mozilla/5.0 (Windows NT 10.0; Win64; x64) AppleWebKit/537.36 (KHTML, like Gecko) Chrome/145.0.0.0 Safari/537.36"
2602:fb54:1400::1e8 - - [19/May/2026:12:29:23 +0000] "GET /.env.local.old HTTP/1.1" 500 2749 "-" "Mozilla/5.0 (Macintosh; Intel Mac OS X 10.15; rv:150.0) Gecko/20100101 Firefox/150.0"
2602:fb54:1400::1e8 - - [19/May/2026:12:29:23 +0000] "GET /.env.swp HTTP/1.1" 500 2749 "-" "Mozilla/5.0 (X11; Linux x86_64) AppleWebKit/537.36 (KHTML, like Gecko) Chrome/147.0.0.0 Safari/537.36"
2602:fb54:1400::1e8 - - [19/May/2026:12:29:23 +0000] "GET /.env.local.swp HTTP/1.1" 500 2749 "-" "Mozilla/5.0 (Windows NT 10.0; Win64; x64) AppleWebKit/537.36 (KHTML, like Gecko) Chrome/147.0.0.0 Safari/537.36 Edg/147.0.0.0"
2602:fb54:1400::1e8 - - [19/May/2026:12:29:23 +0000] "GET /.env~ HTTP/1.1" 500 2749 "-" "Mozilla/5.0 (Macintosh; Intel Mac OS X 10_15_7) AppleWebKit/537.36 (KHTML, like Gecko) Chrome/147.0.0.0 Safari/537.36"
2602:fb54:1400::1e8 - - [19/May/2026:12:29:24 +0000] "GET / HTTP/1.1" 500 2749 "-" "Mozilla/5.0 (Macintosh; Intel Mac OS X 10_15_7) AppleWebKit/605.1.15 (KHTML, like Gecko) Version/18.4 Safari/605.1.15"
216.73.216.176 - - [19/May/2026:12:29:25 +0000] "GET /items/O44092738581/ HTTP/1.1" 500 2749 "-" "Mozilla/5.0 AppleWebKit/537.36 (KHTML, like Gecko; compatible; ClaudeBot/1.0; +claudebot@anthropic.com)"
216.73.216.176 - - [19/May/2026:12:29:30 +0000] "GET /items/O44085236875/ HTTP/1.1" 500 2749 "-" "Mozilla/5.0 AppleWebKit/537.36 (KHTML, like Gecko; compatible; ClaudeBot/1.0; +claudebot@anthropic.com)"
74.7.227.132 - - [19/May/2026:12:29:34 +0000] "GET /items/O440625429081/ HTTP/1.1" 500 2749 "https://unitphotog.com/sitemap_index.xml" "Mozilla/5.0 AppleWebKit/537.36 (KHTML, like Gecko; compatible; GPTBot/1.3; +https://openai.com/gptbot)"
216.73.216.176 - - [19/May/2026:12:29:35 +0000] "GET /items/O44071712698/ HTTP/1.1" 500 2749 "-" "Mozilla/5.0 AppleWebKit/537.36 (KHTML, like Gecko; compatible; ClaudeBot/1.0; +claudebot@anthropic.com)"
216.73.216.176 - - [19/May/2026:12:29:40 +0000] "GET /items/O440539784262/ HTTP/1.1" 500 2749 "-" "Mozilla/5.0 AppleWebKit/537.36 (KHTML, like Gecko; compatible; ClaudeBot/1.0; +claudebot@anthropic.com)"
216.73.216.176 - - [19/May/2026:12:29:45 +0000] "GET /items/O44082223615/ HTTP/1.1" 500 2749 "-" "Mozilla/5.0 AppleWebKit/537.36 (KHTML, like Gecko; compatible; ClaudeBot/1.0; +claudebot@anthropic.com)"
216.73.216.176 - - [19/May/2026:12:29:50 +0000] "GET /items/O44064443616/ HTTP/1.1" 500 2749 "-" "Mozilla/5.0 AppleWebKit/537.36 (KHTML, like Gecko; compatible; ClaudeBot/1.0; +claudebot@anthropic.com)"
216.73.216.176 - - [19/May/2026:12:29:55 +0000] "GET /items/O440832283443/ HTTP/1.1" 500 2749 "-" "Mozilla/5.0 AppleWebKit/537.36 (KHTML, like Gecko; compatible; ClaudeBot/1.0; +claudebot@anthropic.com)"
216.73.216.176 - - [19/May/2026:12:30:00 +0000] "GET /items/O44071802671/ HTTP/1.1" 500 2749 "-" "Mozilla/5.0 AppleWebKit/537.36 (KHTML, like Gecko; compatible; ClaudeBot/1.0; +claudebot@anthropic.com)"
2a03:2880:f806:15:: - - [19/May/2026:12:30:02 +0000] "GET /items/O44085354441/ HTTP/1.1" 500 2749 "-" "meta-externalagent/1.1 (+https://developers.facebook.com/docs/sharing/webmasters/crawler)"
216.73.216.176 - - [19/May/2026:12:30:05 +0000] "GET /items/O44071918142/ HTTP/1.1" 500 2749 "-" "Mozilla/5.0 AppleWebKit/537.36 (KHTML, like Gecko; compatible; ClaudeBot/1.0; +claudebot@anthropic.com)"
216.73.216.176 - - [19/May/2026:12:30:10 +0000] "GET /items/O44082413765/ HTTP/1.1" 500 2749 "-" "Mozilla/5.0 AppleWebKit/537.36 (KHTML, like Gecko; compatible; ClaudeBot/1.0; +claudebot@anthropic.com)"
216.73.216.176 - - [19/May/2026:12:30:15 +0000] "GET /items/O44092689273/ HTTP/1.1" 500 2749 "-" "Mozilla/5.0 AppleWebKit/537.36 (KHTML, like Gecko; compatible; ClaudeBot/1.0; +claudebot@anthropic.com)"
216.73.216.176 - - [19/May/2026:12:30:20 +0000] "GET /items/O44059764980/ HTTP/1.1" 500 2749 "-" "Mozilla/5.0 AppleWebKit/537.36 (KHTML, like Gecko; compatible; ClaudeBot/1.0; +claudebot@anthropic.com)"
216.73.216.176 - - [19/May/2026:12:30:25 +0000] "GET /items/O44085213176/ HTTP/1.1" 500 2749 "-" "Mozilla/5.0 AppleWebKit/537.36 (KHTML, like Gecko; compatible; ClaudeBot/1.0; +claudebot@anthropic.com)"
216.73.216.176 - - [19/May/2026:12:30:30 +0000] "GET /items/O440956557889/ HTTP/1.1" 500 2749 "-" "Mozilla/5.0 AppleWebKit/537.36 (KHTML, like Gecko; compatible; ClaudeBot/1.0; +claudebot@anthropic.com)"
74.7.227.132 - - [19/May/2026:12:30:35 +0000] "GET /items/O440826419903/ HTTP/1.1" 500 2749 "https://unitphotog.com/sitemap_index.xml" "Mozilla/5.0 AppleWebKit/537.36 (KHTML, like Gecko; compatible; GPTBot/1.3; +https://openai.com/gptbot)"
216.73.216.176 - - [19/May/2026:12:30:36 +0000] "GET /items/O44053534271/ HTTP/1.1" 500 2749 "-" "Mozilla/5.0 AppleWebKit/537.36 (KHTML, like Gecko; compatible; ClaudeBot/1.0; +claudebot@anthropic.com)"
176.31.139.6 - - [19/May/2026:12:30:35 +0000] "GET /sitemap_index.xml HTTP/1.1" 200 157088 "-" "Mozilla/5.0 (compatible; AhrefsBot/7.0; +http://ahrefs.com/robot/)"
216.73.216.176 - - [19/May/2026:12:30:41 +0000] "GET /items/O44064147197/ HTTP/1.1" 500 2749 "-" "Mozilla/5.0 AppleWebKit/537.36 (KHTML, like Gecko; compatible; ClaudeBot/1.0; +claudebot@anthropic.com)"
216.73.216.176 - - [19/May/2026:12:30:46 +0000] "GET /items/O44043056293/ HTTP/1.1" 500 2749 "-" "Mozilla/5.0 AppleWebKit/537.36 (KHTML, like Gecko; compatible; ClaudeBot/1.0; +claudebot@anthropic.com)"
216.73.216.176 - - [19/May/2026:12:30:51 +0000] "GET /items/O44082396953/ HTTP/1.1" 500 2749 "-" "Mozilla/5.0 AppleWebKit/537.36 (KHTML, like Gecko; compatible; ClaudeBot/1.0; +claudebot@anthropic.com)"
216.73.216.176 - - [19/May/2026:12:30:56 +0000] "GET /items/O44043407809/ HTTP/1.1" 500 2749 "-" "Mozilla/5.0 AppleWebKit/537.36 (KHTML, like Gecko; compatible; ClaudeBot/1.0; +claudebot@anthropic.com)"
216.73.216.176 - - [19/May/2026:12:31:01 +0000] "GET /items/O44092582944/ HTTP/1.1" 500 2749 "-" "Mozilla/5.0 AppleWebKit/537.36 (KHTML, like Gecko; compatible; ClaudeBot/1.0; +claudebot@anthropic.com)"
216.73.216.176 - - [19/May/2026:12:31:06 +0000] "GET /items/O440466321304/ HTTP/1.1" 500 2749 "-" "Mozilla/5.0 AppleWebKit/537.36 (KHTML, like Gecko; compatible; ClaudeBot/1.0; +claudebot@anthropic.com)"
2a03:2880:f806:2d:: - - [19/May/2026:12:31:09 +0000] "GET /items/O44092774666/ HTTP/1.1" 500 2749 "-" "meta-externalagent/1.1 (+https://developers.facebook.com/docs/sharing/webmasters/crawler)"
216.73.216.176 - - [19/May/2026:12:31:11 +0000] "GET /items/O440439091349/ HTTP/1.1" 500 2749 "-" "Mozilla/5.0 AppleWebKit/537.36 (KHTML, like Gecko; compatible; ClaudeBot/1.0; +claudebot@anthropic.com)"
216.73.216.176 - - [19/May/2026:12:31:16 +0000] "GET /items/O440941535035/ HTTP/1.1" 500 2749 "-" "Mozilla/5.0 AppleWebKit/537.36 (KHTML, like Gecko; compatible; ClaudeBot/1.0; +claudebot@anthropic.com)"
216.73.216.176 - - [19/May/2026:12:31:21 +0000] "GET /items/O44061355383/ HTTP/1.1" 500 2749 "-" "Mozilla/5.0 AppleWebKit/537.36 (KHTML, like Gecko; compatible; ClaudeBot/1.0; +claudebot@anthropic.com)"
216.73.216.176 - - [19/May/2026:12:31:26 +0000] "GET /items/O4405638989/ HTTP/1.1" 500 2749 "-" "Mozilla/5.0 AppleWebKit/537.36 (KHTML, like Gecko; compatible; ClaudeBot/1.0; +claudebot@anthropic.com)"
216.73.216.176 - - [19/May/2026:12:31:31 +0000] "GET /items/O440865043391/ HTTP/1.1" 500 2749 "-" "Mozilla/5.0 AppleWebKit/537.36 (KHTML, like Gecko; compatible; ClaudeBot/1.0; +claudebot@anthropic.com)"
216.73.216.176 - - [19/May/2026:12:31:36 +0000] "GET /items/O440737600262/ HTTP/1.1" 500 2749 "-" "Mozilla/5.0 AppleWebKit/537.36 (KHTML, like Gecko; compatible; ClaudeBot/1.0; +claudebot@anthropic.com)"
74.7.227.132 - - [19/May/2026:12:31:37 +0000] "GET /items/O440530621478/ HTTP/1.1" 500 2749 "https://unitphotog.com/sitemap_index.xml" "Mozilla/5.0 AppleWebKit/537.36 (KHTML, like Gecko; compatible; GPTBot/1.3; +https://openai.com/gptbot)"
216.73.216.176 - - [19/May/2026:12:31:41 +0000] "GET /items/O44064392271/ HTTP/1.1" 500 2749 "-" "Mozilla/5.0 AppleWebKit/537.36 (KHTML, like Gecko; compatible; ClaudeBot/1.0; +claudebot@anthropic.com)"
216.73.216.176 - - [19/May/2026:12:31:46 +0000] "GET /items/O44088400796/ HTTP/1.1" 500 2749 "-" "Mozilla/5.0 AppleWebKit/537.36 (KHTML, like Gecko; compatible; ClaudeBot/1.0; +claudebot@anthropic.com)"
216.73.216.176 - - [19/May/2026:12:31:51 +0000] "GET /items/O440968872408/ HTTP/1.1" 500 2749 "-" "Mozilla/5.0 AppleWebKit/537.36 (KHTML, like Gecko; compatible; ClaudeBot/1.0; +claudebot@anthropic.com)"
216.73.216.176 - - [19/May/2026:12:31:56 +0000] "GET /items/O44074902346/ HTTP/1.1" 500 2749 "-" "Mozilla/5.0 AppleWebKit/537.36 (KHTML, like Gecko; compatible; ClaudeBot/1.0; +claudebot@anthropic.com)"
216.73.216.176 - - [19/May/2026:12:32:01 +0000] "GET /items/O440838341998/ HTTP/1.1" 500 2749 "-" "Mozilla/5.0 AppleWebKit/537.36 (KHTML, like Gecko; compatible; ClaudeBot/1.0; +claudebot@anthropic.com)"
216.73.216.176 - - [19/May/2026:12:32:06 +0000] "GET /items/O440740639124/ HTTP/1.1" 500 2749 "-" "Mozilla/5.0 AppleWebKit/537.36 (KHTML, like Gecko; compatible; ClaudeBot/1.0; +claudebot@anthropic.com)"
216.73.216.176 - - [19/May/2026:12:32:11 +0000] "GET /items/O44059764432/ HTTP/1.1" 500 2749 "-" "Mozilla/5.0 AppleWebKit/537.36 (KHTML, like Gecko; compatible; ClaudeBot/1.0; +claudebot@anthropic.com)"
2a03:2880:f806:4d:: - - [19/May/2026:12:32:15 +0000] "GET /items/O44095728316/ HTTP/1.1" 500 2749 "-" "meta-externalagent/1.1 (+https://developers.facebook.com/docs/sharing/webmasters/crawler)"
216.73.216.176 - - [19/May/2026:12:32:16 +0000] "GET /items/O44074632773/ HTTP/1.1" 500 2749 "-" "Mozilla/5.0 AppleWebKit/537.36 (KHTML, like Gecko; compatible; ClaudeBot/1.0; +claudebot@anthropic.com)"
216.73.216.176 - - [19/May/2026:12:32:21 +0000] "GET /items/O44053853174/ HTTP/1.1" 500 2749 "-" "Mozilla/5.0 AppleWebKit/537.36 (KHTML, like Gecko; compatible; ClaudeBot/1.0; +claudebot@anthropic.com)"
216.73.216.176 - - [19/May/2026:12:32:26 +0000] "GET /items/O440710964545/ HTTP/1.1" 500 2749 "-" "Mozilla/5.0 AppleWebKit/537.36 (KHTML, like Gecko; compatible; ClaudeBot/1.0; +claudebot@anthropic.com)"
216.73.216.176 - - [19/May/2026:12:32:31 +0000] "GET /items/O44071999501/ HTTP/1.1" 500 2749 "-" "Mozilla/5.0 AppleWebKit/537.36 (KHTML, like Gecko; compatible; ClaudeBot/1.0; +claudebot@anthropic.com)"
216.73.216.176 - - [19/May/2026:12:32:36 +0000] "GET /items/O440719930828/ HTTP/1.1" 500 2749 "-" "Mozilla/5.0 AppleWebKit/537.36 (KHTML, like Gecko; compatible; ClaudeBot/1.0; +claudebot@anthropic.com)"
74.7.227.132 - - [19/May/2026:12:32:39 +0000] "GET /items/O440826210590/ HTTP/1.1" 500 2749 "https://unitphotog.com/sitemap_index.xml" "Mozilla/5.0 AppleWebKit/537.36 (KHTML, like Gecko; compatible; GPTBot/1.3; +https://openai.com/gptbot)"
216.73.216.176 - - [19/May/2026:12:32:41 +0000] "GET /items/O44074527170/ HTTP/1.1" 500 2749 "-" "Mozilla/5.0 AppleWebKit/537.36 (KHTML, like Gecko; compatible; ClaudeBot/1.0; +claudebot@anthropic.com)"
216.73.216.176 - - [19/May/2026:12:32:46 +0000] "GET /items/O440838440428/ HTTP/1.1" 500 2749 "-" "Mozilla/5.0 AppleWebKit/537.36 (KHTML, like Gecko; compatible; ClaudeBot/1.0; +claudebot@anthropic.com)"
216.73.216.176 - - [19/May/2026:12:32:51 +0000] "GET /items/O44074526417/ HTTP/1.1" 500 2749 "-" "Mozilla/5.0 AppleWebKit/537.36 (KHTML, like Gecko; compatible; ClaudeBot/1.0; +claudebot@anthropic.com)"
216.73.216.176 - - [19/May/2026:12:32:56 +0000] "GET /items/O44098909085/ HTTP/1.1" 500 2749 "-" "Mozilla/5.0 AppleWebKit/537.36 (KHTML, like Gecko; compatible; ClaudeBot/1.0; +claudebot@anthropic.com)"
216.73.216.176 - - [19/May/2026:12:33:01 +0000] "GET /items/O44092747559/ HTTP/1.1" 500 2749 "-" "Mozilla/5.0 AppleWebKit/537.36 (KHTML, like Gecko; compatible; ClaudeBot/1.0; +claudebot@anthropic.com)"
216.73.216.176 - - [19/May/2026:12:33:06 +0000] "GET /items/O44092595818/ HTTP/1.1" 500 2749 "-" "Mozilla/5.0 AppleWebKit/537.36 (KHTML, like Gecko; compatible; ClaudeBot/1.0; +claudebot@anthropic.com)"
216.73.216.176 - - [19/May/2026:12:33:11 +0000] "GET /items/O44082218664/ HTTP/1.1" 500 2749 "-" "Mozilla/5.0 AppleWebKit/537.36 (KHTML, like Gecko; compatible; ClaudeBot/1.0; +claudebot@anthropic.com)"
216.73.216.176 - - [19/May/2026:12:33:16 +0000] "GET /items/O440814012839/ HTTP/1.1" 500 2749 "-" "Mozilla/5.0 AppleWebKit/537.36 (KHTML, like Gecko; compatible; ClaudeBot/1.0; +claudebot@anthropic.com)"
216.73.216.176 - - [19/May/2026:12:33:21 +0000] "GET /items/O44098861695/ HTTP/1.1" 500 2749 "-" "Mozilla/5.0 AppleWebKit/537.36 (KHTML, like Gecko; compatible; ClaudeBot/1.0; +claudebot@anthropic.com)"
2a03:2880:f806:29:: - - [19/May/2026:12:33:22 +0000] "GET /items/O44043078104/ HTTP/1.1" 500 2749 "-" "meta-externalagent/1.1 (+https://developers.facebook.com/docs/sharing/webmasters/crawler)"
216.73.216.176 - - [19/May/2026:12:33:26 +0000] "GET /items/O44092931050/ HTTP/1.1" 500 2749 "-" "Mozilla/5.0 AppleWebKit/537.36 (KHTML, like Gecko; compatible; ClaudeBot/1.0; +claudebot@anthropic.com)"
216.73.216.176 - - [19/May/2026:12:33:31 +0000] "GET /items/O44074553335/ HTTP/1.1" 500 2749 "-" "Mozilla/5.0 AppleWebKit/537.36 (KHTML, like Gecko; compatible; ClaudeBot/1.0; +claudebot@anthropic.com)"
216.73.216.176 - - [19/May/2026:12:33:36 +0000] "GET /items/O4405762362/ HTTP/1.1" 500 2749 "-" "Mozilla/5.0 AppleWebKit/537.36 (KHTML, like Gecko; compatible; ClaudeBot/1.0; +claudebot@anthropic.com)"
74.7.227.132 - - [19/May/2026:12:33:39 +0000] "GET /items/O440826195056/ HTTP/1.1" 500 2749 "https://unitphotog.com/sitemap_index.xml" "Mozilla/5.0 AppleWebKit/537.36 (KHTML, like Gecko; compatible; GPTBot/1.3; +https://openai.com/gptbot)"
216.73.216.176 - - [19/May/2026:12:33:41 +0000] "GET /items/O440613170547/ HTTP/1.1" 500 2749 "-" "Mozilla/5.0 AppleWebKit/537.36 (KHTML, like Gecko; compatible; ClaudeBot/1.0; +claudebot@anthropic.com)"
216.73.216.176 - - [19/May/2026:12:33:46 +0000] "GET /items/O44074878233/ HTTP/1.1" 500 2749 "-" "Mozilla/5.0 AppleWebKit/537.36 (KHTML, like Gecko; compatible; ClaudeBot/1.0; +claudebot@anthropic.com)"
216.73.216.176 - - [19/May/2026:12:33:51 +0000] "GET /items/O44074503463/ HTTP/1.1" 500 2749 "-" "Mozilla/5.0 AppleWebKit/537.36 (KHTML, like Gecko; compatible; ClaudeBot/1.0; +claudebot@anthropic.com)"
216.73.216.176 - - [19/May/2026:12:33:56 +0000] "GET /items/O44074885927/ HTTP/1.1" 500 2749 "-" "Mozilla/5.0 AppleWebKit/537.36 (KHTML, like Gecko; compatible; ClaudeBot/1.0; +claudebot@anthropic.com)"
216.73.216.176 - - [19/May/2026:12:34:01 +0000] "GET /items/O44053703583/ HTTP/1.1" 500 2749 "-" "Mozilla/5.0 AppleWebKit/537.36 (KHTML, like Gecko; compatible; ClaudeBot/1.0; +claudebot@anthropic.com)"
216.73.216.176 - - [19/May/2026:12:34:06 +0000] "GET /items/O440980915229/ HTTP/1.1" 500 2749 "-" "Mozilla/5.0 AppleWebKit/537.36 (KHTML, like Gecko; compatible; ClaudeBot/1.0; +claudebot@anthropic.com)"
216.73.216.176 - - [19/May/2026:12:34:11 +0000] "GET /items/O44043093200/ HTTP/1.1" 500 2749 "-" "Mozilla/5.0 AppleWebKit/537.36 (KHTML, like Gecko; compatible; ClaudeBot/1.0; +claudebot@anthropic.com)"
216.73.216.176 - - [19/May/2026:12:34:16 +0000] "GET /items/O44082183480/ HTTP/1.1" 500 2749 "-" "Mozilla/5.0 AppleWebKit/537.36 (KHTML, like Gecko; compatible; ClaudeBot/1.0; +claudebot@anthropic.com)"
216.73.216.94 - - [19/May/2026:12:34:21 +0000] "GET /items/O440697176178/ HTTP/1.1" 500 2749 "-" "Mozilla/5.0 AppleWebKit/537.36 (KHTML, like Gecko; compatible; ClaudeBot/1.0; +claudebot@anthropic.com)"
216.73.216.94 - - [19/May/2026:12:34:26 +0000] "GET /items/O440463221985/ HTTP/1.1" 500 2749 "-" "Mozilla/5.0 AppleWebKit/537.36 (KHTML, like Gecko; compatible; ClaudeBot/1.0; +claudebot@anthropic.com)"
2a03:2880:f806:19:: - - [19/May/2026:12:34:29 +0000] "GET /items/O44064133378/ HTTP/1.1" 500 2749 "-" "meta-externalagent/1.1 (+https://developers.facebook.com/docs/sharing/webmasters/crawler)"
216.73.216.94 - - [19/May/2026:12:34:31 +0000] "GET /items/O44053662899/ HTTP/1.1" 500 2749 "-" "Mozilla/5.0 AppleWebKit/537.36 (KHTML, like Gecko; compatible; ClaudeBot/1.0; +claudebot@anthropic.com)"
216.73.216.94 - - [19/May/2026:12:34:36 +0000] "GET /items/O4405873256/ HTTP/1.1" 500 2749 "-" "Mozilla/5.0 AppleWebKit/537.36 (KHTML, like Gecko; compatible; ClaudeBot/1.0; +claudebot@anthropic.com)"
216.73.216.94 - - [19/May/2026:12:34:41 +0000] "GET /items/O4405674239/ HTTP/1.1" 500 2749 "-" "Mozilla/5.0 AppleWebKit/537.36 (KHTML, like Gecko; compatible; ClaudeBot/1.0; +claudebot@anthropic.com)"
74.7.227.132 - - [19/May/2026:12:34:44 +0000] "GET /items/O440725719346/ HTTP/1.1" 500 2749 "https://unitphotog.com/sitemap_index.xml" "Mozilla/5.0 AppleWebKit/537.36 (KHTML, like Gecko; compatible; GPTBot/1.3; +https://openai.com/gptbot)"
216.73.216.94 - - [19/May/2026:12:34:46 +0000] "GET /items/O44053598569/ HTTP/1.1" 500 2749 "-" "Mozilla/5.0 AppleWebKit/537.36 (KHTML, like Gecko; compatible; ClaudeBot/1.0; +claudebot@anthropic.com)"
216.73.216.94 - - [19/May/2026:12:34:51 +0000] "GET /items/O440773552151/ HTTP/1.1" 500 2749 "-" "Mozilla/5.0 AppleWebKit/537.36 (KHTML, like Gecko; compatible; ClaudeBot/1.0; +claudebot@anthropic.com)"
216.73.216.94 - - [19/May/2026:12:34:56 +0000] "GET /items/O44046210568/ HTTP/1.1" 500 2749 "-" "Mozilla/5.0 AppleWebKit/537.36 (KHTML, like Gecko; compatible; ClaudeBot/1.0; +claudebot@anthropic.com)"
216.73.216.94 - - [19/May/2026:12:35:01 +0000] "GET /items/O44046035487/ HTTP/1.1" 500 2749 "-" "Mozilla/5.0 AppleWebKit/537.36 (KHTML, like Gecko; compatible; ClaudeBot/1.0; +claudebot@anthropic.com)"
216.73.216.94 - - [19/May/2026:12:35:06 +0000] "GET /items/O44095533549/ HTTP/1.1" 500 2749 "-" "Mozilla/5.0 AppleWebKit/537.36 (KHTML, like Gecko; compatible; ClaudeBot/1.0; +claudebot@anthropic.com)"
216.73.216.94 - - [19/May/2026:12:35:11 +0000] "GET /items/O44053639885/ HTTP/1.1" 500 2749 "-" "Mozilla/5.0 AppleWebKit/537.36 (KHTML, like Gecko; compatible; ClaudeBot/1.0; +claudebot@anthropic.com)"
216.73.216.94 - - [19/May/2026:12:35:16 +0000] "GET /items/O44053647806/ HTTP/1.1" 500 2749 "-" "Mozilla/5.0 AppleWebKit/537.36 (KHTML, like Gecko; compatible; ClaudeBot/1.0; +claudebot@anthropic.com)"
216.73.216.94 - - [19/May/2026:12:35:21 +0000] "GET /items/O44067117759/ HTTP/1.1" 500 2749 "-" "Mozilla/5.0 AppleWebKit/537.36 (KHTML, like Gecko; compatible; ClaudeBot/1.0; +claudebot@anthropic.com)"
216.73.216.94 - - [19/May/2026:12:35:26 +0000] "GET /items/O440998748262/ HTTP/1.1" 500 2749 "-" "Mozilla/5.0 AppleWebKit/537.36 (KHTML, like Gecko; compatible; ClaudeBot/1.0; +claudebot@anthropic.com)"
216.73.216.94 - - [19/May/2026:12:35:31 +0000] "GET /items/O44077506180/ HTTP/1.1" 500 2749 "-" "Mozilla/5.0 AppleWebKit/537.36 (KHTML, like Gecko; compatible; ClaudeBot/1.0; +claudebot@anthropic.com)"
2a03:2880:f806:10:: - - [19/May/2026:12:35:36 +0000] "GET /items/O44074803041/ HTTP/1.1" 500 2749 "-" "meta-externalagent/1.1 (+https://developers.facebook.com/docs/sharing/webmasters/crawler)"
216.73.216.94 - - [19/May/2026:12:35:36 +0000] "GET /items/O440563963489/ HTTP/1.1" 500 2749 "-" "Mozilla/5.0 AppleWebKit/537.36 (KHTML, like Gecko; compatible; ClaudeBot/1.0; +claudebot@anthropic.com)"
216.73.216.94 - - [19/May/2026:12:35:41 +0000] "GET /items/O440914920561/ HTTP/1.1" 500 2749 "-" "Mozilla/5.0 AppleWebKit/537.36 (KHTML, like Gecko; compatible; ClaudeBot/1.0; +claudebot@anthropic.com)"
216.73.216.94 - - [19/May/2026:12:35:46 +0000] "GET /items/O440664096516/ HTTP/1.1" 500 2749 "-" "Mozilla/5.0 AppleWebKit/537.36 (KHTML, like Gecko; compatible; ClaudeBot/1.0; +claudebot@anthropic.com)"
74.7.227.132 - - [19/May/2026:12:35:47 +0000] "GET /items/O440527686416/ HTTP/1.1" 500 2749 "https://unitphotog.com/sitemap_index.xml" "Mozilla/5.0 AppleWebKit/537.36 (KHTML, like Gecko; compatible; GPTBot/1.3; +https://openai.com/gptbot)"
216.73.216.94 - - [19/May/2026:12:35:51 +0000] "GET /items/O44088438557/ HTTP/1.1" 500 2749 "-" "Mozilla/5.0 AppleWebKit/537.36 (KHTML, like Gecko; compatible; ClaudeBot/1.0; +claudebot@anthropic.com)"
216.73.216.94 - - [19/May/2026:12:35:57 +0000] "GET /items/O440640260677/ HTTP/1.1" 500 2749 "-" "Mozilla/5.0 AppleWebKit/537.36 (KHTML, like Gecko; compatible; ClaudeBot/1.0; +claudebot@anthropic.com)"
216.73.216.94 - - [19/May/2026:12:36:02 +0000] "GET /items/O440466199183/ HTTP/1.1" 500 2749 "-" "Mozilla/5.0 AppleWebKit/537.36 (KHTML, like Gecko; compatible; ClaudeBot/1.0; +claudebot@anthropic.com)"
216.73.216.94 - - [19/May/2026:12:36:07 +0000] "GET /items/O44043137638/ HTTP/1.1" 500 2749 "-" "Mozilla/5.0 AppleWebKit/537.36 (KHTML, like Gecko; compatible; ClaudeBot/1.0; +claudebot@anthropic.com)"
216.73.216.94 - - [19/May/2026:12:36:12 +0000] "GET /items/O44085408915/ HTTP/1.1" 500 2749 "-" "Mozilla/5.0 AppleWebKit/537.36 (KHTML, like Gecko; compatible; ClaudeBot/1.0; +claudebot@anthropic.com)"
216.73.216.94 - - [19/May/2026:12:36:17 +0000] "GET /items/O440613251622/ HTTP/1.1" 500 2749 "-" "Mozilla/5.0 AppleWebKit/537.36 (KHTML, like Gecko; compatible; ClaudeBot/1.0; +claudebot@anthropic.com)"
216.73.216.94 - - [19/May/2026:12:36:22 +0000] "GET /items/O44082314219/ HTTP/1.1" 500 2749 "-" "Mozilla/5.0 AppleWebKit/537.36 (KHTML, like Gecko; compatible; ClaudeBot/1.0; +claudebot@anthropic.com)"
216.73.216.94 - - [19/May/2026:12:36:27 +0000] "GET /items/O440545953593/ HTTP/1.1" 500 2749 "-" "Mozilla/5.0 AppleWebKit/537.36 (KHTML, like Gecko; compatible; ClaudeBot/1.0; +claudebot@anthropic.com)"
216.73.216.94 - - [19/May/2026:12:36:32 +0000] "GET /items/O44092755048/ HTTP/1.1" 500 2749 "-" "Mozilla/5.0 AppleWebKit/537.36 (KHTML, like Gecko; compatible; ClaudeBot/1.0; +claudebot@anthropic.com)"
216.73.216.94 - - [19/May/2026:12:36:37 +0000] "GET /items/O44092722774/ HTTP/1.1" 500 2749 "-" "Mozilla/5.0 AppleWebKit/537.36 (KHTML, like Gecko; compatible; ClaudeBot/1.0; +claudebot@anthropic.com)"
2a03:2880:f806:42:: - - [19/May/2026:12:36:42 +0000] "GET /items/O44053729143/ HTTP/1.1" 500 2749 "-" "meta-externalagent/1.1 (+https://developers.facebook.com/docs/sharing/webmasters/crawler)"
216.73.216.94 - - [19/May/2026:12:36:42 +0000] "GET /items/O44074860274/ HTTP/1.1" 500 2749 "-" "Mozilla/5.0 AppleWebKit/537.36 (KHTML, like Gecko; compatible; ClaudeBot/1.0; +claudebot@anthropic.com)"
216.73.216.94 - - [19/May/2026:12:36:47 +0000] "GET /items/O440965516248/ HTTP/1.1" 500 2749 "-" "Mozilla/5.0 AppleWebKit/537.36 (KHTML, like Gecko; compatible; ClaudeBot/1.0; +claudebot@anthropic.com)"
74.7.227.132 - - [19/May/2026:12:36:52 +0000] "GET /items/O440625279855/ HTTP/1.1" 500 2749 "https://unitphotog.com/sitemap_index.xml" "Mozilla/5.0 AppleWebKit/537.36 (KHTML, like Gecko; compatible; GPTBot/1.3; +https://openai.com/gptbot)"
216.73.216.94 - - [19/May/2026:12:36:52 +0000] "GET /items/O440740855475/ HTTP/1.1" 500 2749 "-" "Mozilla/5.0 AppleWebKit/537.36 (KHTML, like Gecko; compatible; ClaudeBot/1.0; +claudebot@anthropic.com)"
216.73.216.94 - - [19/May/2026:12:36:57 +0000] "GET /items/O440737524923/ HTTP/1.1" 500 2749 "-" "Mozilla/5.0 AppleWebKit/537.36 (KHTML, like Gecko; compatible; ClaudeBot/1.0; +claudebot@anthropic.com)"
216.73.216.94 - - [19/May/2026:12:37:02 +0000] "GET /items/O44082253553/ HTTP/1.1" 500 2749 "-" "Mozilla/5.0 AppleWebKit/537.36 (KHTML, like Gecko; compatible; ClaudeBot/1.0; +claudebot@anthropic.com)"
216.73.216.94 - - [19/May/2026:12:37:07 +0000] "GET /items/O44056779356/ HTTP/1.1" 500 2749 "-" "Mozilla/5.0 AppleWebKit/537.36 (KHTML, like Gecko; compatible; ClaudeBot/1.0; +claudebot@anthropic.com)"
216.73.216.94 - - [19/May/2026:12:37:12 +0000] "GET /items/O440466046477/ HTTP/1.1" 500 2749 "-" "Mozilla/5.0 AppleWebKit/537.36 (KHTML, like Gecko; compatible; ClaudeBot/1.0; +claudebot@anthropic.com)"
216.73.216.94 - - [19/May/2026:12:37:17 +0000] "GET /items/O440424069583/ HTTP/1.1" 500 2749 "-" "Mozilla/5.0 AppleWebKit/537.36 (KHTML, like Gecko; compatible; ClaudeBot/1.0; +claudebot@anthropic.com)"
216.73.216.94 - - [19/May/2026:12:37:22 +0000] "GET /items/O44071996390/ HTTP/1.1" 500 2749 "-" "Mozilla/5.0 AppleWebKit/537.36 (KHTML, like Gecko; compatible; ClaudeBot/1.0; +claudebot@anthropic.com)"
216.73.216.94 - - [19/May/2026:12:37:27 +0000] "GET /items/O440643475285/ HTTP/1.1" 500 2749 "-" "Mozilla/5.0 AppleWebKit/537.36 (KHTML, like Gecko; compatible; ClaudeBot/1.0; +claudebot@anthropic.com)"
216.73.216.94 - - [19/May/2026:12:37:32 +0000] "GET /items/O440856269528/ HTTP/1.1" 500 2749 "-" "Mozilla/5.0 AppleWebKit/537.36 (KHTML, like Gecko; compatible; ClaudeBot/1.0; +claudebot@anthropic.com)"
216.73.216.94 - - [19/May/2026:12:37:37 +0000] "GET /items/O44067441100/ HTTP/1.1" 500 2749 "-" "Mozilla/5.0 AppleWebKit/537.36 (KHTML, like Gecko; compatible; ClaudeBot/1.0; +claudebot@anthropic.com)"
216.73.216.238 - - [19/May/2026:12:37:42 +0000] "GET /items/O44064225489/ HTTP/1.1" 500 2749 "-" "Mozilla/5.0 AppleWebKit/537.36 (KHTML, like Gecko; compatible; ClaudeBot/1.0; +claudebot@anthropic.com)"
216.73.216.238 - - [19/May/2026:12:37:47 +0000] "GET /items/O440640167149/ HTTP/1.1" 500 2749 "-" "Mozilla/5.0 AppleWebKit/537.36 (KHTML, like Gecko; compatible; ClaudeBot/1.0; +claudebot@anthropic.com)"
2a03:2880:f806:e:: - - [19/May/2026:12:37:48 +0000] "GET /items/O44092810303/ HTTP/1.1" 500 2749 "-" "meta-externalagent/1.1 (+https://developers.facebook.com/docs/sharing/webmasters/crawler)"
216.73.216.238 - - [19/May/2026:12:37:52 +0000] "GET /items/O44059511699/ HTTP/1.1" 500 2749 "-" "Mozilla/5.0 AppleWebKit/537.36 (KHTML, like Gecko; compatible; ClaudeBot/1.0; +claudebot@anthropic.com)"
74.7.227.132 - - [19/May/2026:12:37:52 +0000] "GET /items/O440929767885/ HTTP/1.1" 500 2749 "https://unitphotog.com/sitemap_index.xml" "Mozilla/5.0 AppleWebKit/537.36 (KHTML, like Gecko; compatible; GPTBot/1.3; +https://openai.com/gptbot)"
216.73.216.238 - - [19/May/2026:12:37:57 +0000] "GET /items/O4405834934/ HTTP/1.1" 500 2749 "-" "Mozilla/5.0 AppleWebKit/537.36 (KHTML, like Gecko; compatible; ClaudeBot/1.0; +claudebot@anthropic.com)"
216.73.216.238 - - [19/May/2026:12:38:02 +0000] "GET /items/O44092947191/ HTTP/1.1" 500 2749 "-" "Mozilla/5.0 AppleWebKit/537.36 (KHTML, like Gecko; compatible; ClaudeBot/1.0; +claudebot@anthropic.com)"
216.73.216.238 - - [19/May/2026:12:38:07 +0000] "GET /items/O44059580334/ HTTP/1.1" 500 2749 "-" "Mozilla/5.0 AppleWebKit/537.36 (KHTML, like Gecko; compatible; ClaudeBot/1.0; +claudebot@anthropic.com)"
216.73.216.238 - - [19/May/2026:12:38:12 +0000] "GET /items/O44085307984/ HTTP/1.1" 500 2749 "-" "Mozilla/5.0 AppleWebKit/537.36 (KHTML, like Gecko; compatible; ClaudeBot/1.0; +claudebot@anthropic.com)"
216.73.216.238 - - [19/May/2026:12:38:17 +0000] "GET /items/O44071596471/ HTTP/1.1" 500 2749 "-" "Mozilla/5.0 AppleWebKit/537.36 (KHTML, like Gecko; compatible; ClaudeBot/1.0; +claudebot@anthropic.com)"
216.73.216.238 - - [19/May/2026:12:38:22 +0000] "GET /items/O44074773028/ HTTP/1.1" 500 2749 "-" "Mozilla/5.0 AppleWebKit/537.36 (KHTML, like Gecko; compatible; ClaudeBot/1.0; +claudebot@anthropic.com)"
216.73.216.238 - - [19/May/2026:12:38:27 +0000] "GET /items/O44092728063/ HTTP/1.1" 500 2749 "-" "Mozilla/5.0 AppleWebKit/537.36 (KHTML, like Gecko; compatible; ClaudeBot/1.0; +claudebot@anthropic.com)"
216.73.216.238 - - [19/May/2026:12:38:32 +0000] "GET /items/O440569735289/ HTTP/1.1" 500 2749 "-" "Mozilla/5.0 AppleWebKit/537.36 (KHTML, like Gecko; compatible; ClaudeBot/1.0; +claudebot@anthropic.com)"
216.73.216.238 - - [19/May/2026:12:38:37 +0000] "GET /items/O44053897154/ HTTP/1.1" 500 2749 "-" "Mozilla/5.0 AppleWebKit/537.36 (KHTML, like Gecko; compatible; ClaudeBot/1.0; +claudebot@anthropic.com)"
216.73.216.238 - - [19/May/2026:12:38:42 +0000] "GET /items/O440764975498/ HTTP/1.1" 500 2749 "-" "Mozilla/5.0 AppleWebKit/537.36 (KHTML, like Gecko; compatible; ClaudeBot/1.0; +claudebot@anthropic.com)"
216.73.216.238 - - [19/May/2026:12:38:47 +0000] "GET /items/O440664047553/ HTTP/1.1" 500 2749 "-" "Mozilla/5.0 AppleWebKit/537.36 (KHTML, like Gecko; compatible; ClaudeBot/1.0; +claudebot@anthropic.com)"
216.73.216.238 - - [19/May/2026:12:38:52 +0000] "GET /items/O44046322669/ HTTP/1.1" 500 2749 "-" "Mozilla/5.0 AppleWebKit/537.36 (KHTML, like Gecko; compatible; ClaudeBot/1.0; +claudebot@anthropic.com)"
2a03:2880:f806:12:: - - [19/May/2026:12:38:55 +0000] "GET /items/O44095644133/ HTTP/1.1" 500 2749 "-" "meta-externalagent/1.1 (+https://developers.facebook.com/docs/sharing/webmasters/crawler)"
74.7.227.132 - - [19/May/2026:12:38:56 +0000] "GET /items/O440625305691/ HTTP/1.1" 500 2749 "https://unitphotog.com/sitemap_index.xml" "Mozilla/5.0 AppleWebKit/537.36 (KHTML, like Gecko; compatible; GPTBot/1.3; +https://openai.com/gptbot)"
216.73.216.238 - - [19/May/2026:12:38:57 +0000] "GET /items/O44064116334/ HTTP/1.1" 500 2749 "-" "Mozilla/5.0 AppleWebKit/537.36 (KHTML, like Gecko; compatible; ClaudeBot/1.0; +claudebot@anthropic.com)"
216.73.216.238 - - [19/May/2026:12:39:03 +0000] "GET /items/O44077829848/ HTTP/1.1" 500 2749 "-" "Mozilla/5.0 AppleWebKit/537.36 (KHTML, like Gecko; compatible; ClaudeBot/1.0; +claudebot@anthropic.com)"
216.73.216.238 - - [19/May/2026:12:39:08 +0000] "GET /items/O44043456649/ HTTP/1.1" 500 2749 "-" "Mozilla/5.0 AppleWebKit/537.36 (KHTML, like Gecko; compatible; ClaudeBot/1.0; +claudebot@anthropic.com)"
216.73.216.238 - - [19/May/2026:12:39:13 +0000] "GET /items/O44077522797/ HTTP/1.1" 500 2749 "-" "Mozilla/5.0 AppleWebKit/537.36 (KHTML, like Gecko; compatible; ClaudeBot/1.0; +claudebot@anthropic.com)"
216.73.216.238 - - [19/May/2026:12:39:18 +0000] "GET /items/O440764675003/ HTTP/1.1" 500 2749 "-" "Mozilla/5.0 AppleWebKit/537.36 (KHTML, like Gecko; compatible; ClaudeBot/1.0; +claudebot@anthropic.com)"
216.73.216.238 - - [19/May/2026:12:39:23 +0000] "GET /items/O440758539461/ HTTP/1.1" 500 2749 "-" "Mozilla/5.0 AppleWebKit/537.36 (KHTML, like Gecko; compatible; ClaudeBot/1.0; +claudebot@anthropic.com)"
216.73.216.238 - - [19/May/2026:12:39:28 +0000] "GET /items/O440484249977/ HTTP/1.1" 500 2749 "-" "Mozilla/5.0 AppleWebKit/537.36 (KHTML, like Gecko; compatible; ClaudeBot/1.0; +claudebot@anthropic.com)"
216.73.216.238 - - [19/May/2026:12:39:33 +0000] "GET /items/O44095776543/ HTTP/1.1" 500 2749 "-" "Mozilla/5.0 AppleWebKit/537.36 (KHTML, like Gecko; compatible; ClaudeBot/1.0; +claudebot@anthropic.com)"
216.73.216.238 - - [19/May/2026:12:39:38 +0000] "GET /items/O44067122148/ HTTP/1.1" 500 2749 "-" "Mozilla/5.0 AppleWebKit/537.36 (KHTML, like Gecko; compatible; ClaudeBot/1.0; +claudebot@anthropic.com)"
216.73.216.238 - - [19/May/2026:12:39:43 +0000] "GET /items/O44064469806/ HTTP/1.1" 500 2749 "-" "Mozilla/5.0 AppleWebKit/537.36 (KHTML, like Gecko; compatible; ClaudeBot/1.0; +claudebot@anthropic.com)"
216.73.216.238 - - [19/May/2026:12:39:48 +0000] "GET /items/O44074766803/ HTTP/1.1" 500 2749 "-" "Mozilla/5.0 AppleWebKit/537.36 (KHTML, like Gecko; compatible; ClaudeBot/1.0; +claudebot@anthropic.com)"
216.73.216.238 - - [19/May/2026:12:39:53 +0000] "GET /items/O44067118671/ HTTP/1.1" 500 2749 "-" "Mozilla/5.0 AppleWebKit/537.36 (KHTML, like Gecko; compatible; ClaudeBot/1.0; +claudebot@anthropic.com)"
74.7.227.132 - - [19/May/2026:12:39:57 +0000] "GET /items/O440527671803/ HTTP/1.1" 500 2749 "https://unitphotog.com/sitemap_index.xml" "Mozilla/5.0 AppleWebKit/537.36 (KHTML, like Gecko; compatible; GPTBot/1.3; +https://openai.com/gptbot)"
216.73.216.238 - - [19/May/2026:12:39:58 +0000] "GET /items/O440814317619/ HTTP/1.1" 500 2749 "-" "Mozilla/5.0 AppleWebKit/537.36 (KHTML, like Gecko; compatible; ClaudeBot/1.0; +claudebot@anthropic.com)"
2a03:2880:f806:15:: - - [19/May/2026:12:40:02 +0000] "GET /items/O44056939791/ HTTP/1.1" 500 2749 "-" "meta-externalagent/1.1 (+https://developers.facebook.com/docs/sharing/webmasters/crawler)"
216.73.216.238 - - [19/May/2026:12:40:03 +0000] "GET /items/O44082408668/ HTTP/1.1" 500 2749 "-" "Mozilla/5.0 AppleWebKit/537.36 (KHTML, like Gecko; compatible; ClaudeBot/1.0; +claudebot@anthropic.com)"
216.73.216.238 - - [19/May/2026:12:40:08 +0000] "GET /items/O44092841373/ HTTP/1.1" 500 2749 "-" "Mozilla/5.0 AppleWebKit/537.36 (KHTML, like Gecko; compatible; ClaudeBot/1.0; +claudebot@anthropic.com)"
216.73.216.238 - - [19/May/2026:12:40:13 +0000] "GET /items/O44074569776/ HTTP/1.1" 500 2749 "-" "Mozilla/5.0 AppleWebKit/537.36 (KHTML, like Gecko; compatible; ClaudeBot/1.0; +claudebot@anthropic.com)"
216.73.216.238 - - [19/May/2026:12:40:18 +0000] "GET /items/O44046442916/ HTTP/1.1" 500 2749 "-" "Mozilla/5.0 AppleWebKit/537.36 (KHTML, like Gecko; compatible; ClaudeBot/1.0; +claudebot@anthropic.com)"
216.73.216.238 - - [19/May/2026:12:40:23 +0000] "GET /items/O44056507964/ HTTP/1.1" 500 2749 "-" "Mozilla/5.0 AppleWebKit/537.36 (KHTML, like Gecko; compatible; ClaudeBot/1.0; +claudebot@anthropic.com)"
216.73.216.238 - - [19/May/2026:12:40:28 +0000] "GET /items/O44092999953/ HTTP/1.1" 500 2749 "-" "Mozilla/5.0 AppleWebKit/537.36 (KHTML, like Gecko; compatible; ClaudeBot/1.0; +claudebot@anthropic.com)"
216.73.216.238 - - [19/May/2026:12:40:33 +0000] "GET /items/O440613194774/ HTTP/1.1" 500 2749 "-" "Mozilla/5.0 AppleWebKit/537.36 (KHTML, like Gecko; compatible; ClaudeBot/1.0; +claudebot@anthropic.com)"
216.73.216.238 - - [19/May/2026:12:40:38 +0000] "GET /items/O440655290389/ HTTP/1.1" 500 2749 "-" "Mozilla/5.0 AppleWebKit/537.36 (KHTML, like Gecko; compatible; ClaudeBot/1.0; +claudebot@anthropic.com)"
216.73.216.238 - - [19/May/2026:12:40:43 +0000] "GET /items/O440935754157/ HTTP/1.1" 500 2749 "-" "Mozilla/5.0 AppleWebKit/537.36 (KHTML, like Gecko; compatible; ClaudeBot/1.0; +claudebot@anthropic.com)"
216.73.216.238 - - [19/May/2026:12:40:48 +0000] "GET /items/O44071574976/ HTTP/1.1" 500 2749 "-" "Mozilla/5.0 AppleWebKit/537.36 (KHTML, like Gecko; compatible; ClaudeBot/1.0; +claudebot@anthropic.com)"
216.73.216.238 - - [19/May/2026:12:40:53 +0000] "GET /items/O44053863309/ HTTP/1.1" 500 2749 "-" "Mozilla/5.0 AppleWebKit/537.36 (KHTML, like Gecko; compatible; ClaudeBot/1.0; +claudebot@anthropic.com)"
216.73.216.238 - - [19/May/2026:12:40:58 +0000] "GET /items/O44092832774/ HTTP/1.1" 500 2749 "-" "Mozilla/5.0 AppleWebKit/537.36 (KHTML, like Gecko; compatible; ClaudeBot/1.0; +claudebot@anthropic.com)"
74.7.227.132 - - [19/May/2026:12:41:01 +0000] "GET /items/O440829193796/ HTTP/1.1" 500 2749 "https://unitphotog.com/sitemap_index.xml" "Mozilla/5.0 AppleWebKit/537.36 (KHTML, like Gecko; compatible; GPTBot/1.3; +https://openai.com/gptbot)"
216.73.216.238 - - [19/May/2026:12:41:03 +0000] "GET /items/O44071615397/ HTTP/1.1" 500 2749 "-" "Mozilla/5.0 AppleWebKit/537.36 (KHTML, like Gecko; compatible; ClaudeBot/1.0; +claudebot@anthropic.com)"
216.73.216.238 - - [19/May/2026:12:41:08 +0000] "GET /items/O44082479721/ HTTP/1.1" 500 2749 "-" "Mozilla/5.0 AppleWebKit/537.36 (KHTML, like Gecko; compatible; ClaudeBot/1.0; +claudebot@anthropic.com)"
2a03:2880:f806:3b:: - - [19/May/2026:12:41:08 +0000] "GET /items/O44043233033/ HTTP/1.1" 500 2749 "-" "meta-externalagent/1.1 (+https://developers.facebook.com/docs/sharing/webmasters/crawler)"
216.73.216.238 - - [19/May/2026:12:41:13 +0000] "GET /items/O44043131621/ HTTP/1.1" 500 2749 "-" "Mozilla/5.0 AppleWebKit/537.36 (KHTML, like Gecko; compatible; ClaudeBot/1.0; +claudebot@anthropic.com)"
216.73.216.238 - - [19/May/2026:12:41:18 +0000] "GET /items/O44056837321/ HTTP/1.1" 500 2749 "-" "Mozilla/5.0 AppleWebKit/537.36 (KHTML, like Gecko; compatible; ClaudeBot/1.0; +claudebot@anthropic.com)"
216.73.216.238 - - [19/May/2026:12:41:23 +0000] "GET /items/O44059891069/ HTTP/1.1" 500 2749 "-" "Mozilla/5.0 AppleWebKit/537.36 (KHTML, like Gecko; compatible; ClaudeBot/1.0; +claudebot@anthropic.com)"
104.244.72.22 - - [19/May/2026:12:41:24 +0000] "GET /cccsitemap.xml HTTP/1.1" 200 31 "-" "googlebot,bot,google,bing,yahoo"
216.73.216.238 - - [19/May/2026:12:41:28 +0000] "GET /items/O44061440905/ HTTP/1.1" 500 2749 "-" "Mozilla/5.0 AppleWebKit/537.36 (KHTML, like Gecko; compatible; ClaudeBot/1.0; +claudebot@anthropic.com)"
216.73.216.238 - - [19/May/2026:12:41:34 +0000] "GET /items/O440613350100/ HTTP/1.1" 500 2749 "-" "Mozilla/5.0 AppleWebKit/537.36 (KHTML, like Gecko; compatible; ClaudeBot/1.0; +claudebot@anthropic.com)"
216.73.216.238 - - [19/May/2026:12:41:39 +0000] "GET /items/O44043375014/ HTTP/1.1" 500 2749 "-" "Mozilla/5.0 AppleWebKit/537.36 (KHTML, like Gecko; compatible; ClaudeBot/1.0; +claudebot@anthropic.com)"
216.73.216.238 - - [19/May/2026:12:41:44 +0000] "GET /items/O44085085613/ HTTP/1.1" 500 2749 "-" "Mozilla/5.0 AppleWebKit/537.36 (KHTML, like Gecko; compatible; ClaudeBot/1.0; +claudebot@anthropic.com)"
216.73.216.238 - - [19/May/2026:12:41:50 +0000] "GET /items/O44071857397/ HTTP/1.1" 500 2749 "-" "Mozilla/5.0 AppleWebKit/537.36 (KHTML, like Gecko; compatible; ClaudeBot/1.0; +claudebot@anthropic.com)"
216.73.216.238 - - [19/May/2026:12:41:54 +0000] "GET /items/O440566504792/ HTTP/1.1" 500 2749 "-" "Mozilla/5.0 AppleWebKit/537.36 (KHTML, like Gecko; compatible; ClaudeBot/1.0; +claudebot@anthropic.com)"
216.73.216.238 - - [19/May/2026:12:41:59 +0000] "GET /items/O440640010987/ HTTP/1.1" 500 2749 "-" "Mozilla/5.0 AppleWebKit/537.36 (KHTML, like Gecko; compatible; ClaudeBot/1.0; +claudebot@anthropic.com)"
216.73.216.238 - - [19/May/2026:12:42:04 +0000] "GET /items/O4405772027/ HTTP/1.1" 500 2749 "-" "Mozilla/5.0 AppleWebKit/537.36 (KHTML, like Gecko; compatible; ClaudeBot/1.0; +claudebot@anthropic.com)"
74.7.227.132 - - [19/May/2026:12:42:06 +0000] "GET /items/O440530798091/ HTTP/1.1" 500 2749 "https://unitphotog.com/sitemap_index.xml" "Mozilla/5.0 AppleWebKit/537.36 (KHTML, like Gecko; compatible; GPTBot/1.3; +https://openai.com/gptbot)"
216.73.216.238 - - [19/May/2026:12:42:09 +0000] "GET /items/O44056569488/ HTTP/1.1" 500 2749 "-" "Mozilla/5.0 AppleWebKit/537.36 (KHTML, like Gecko; compatible; ClaudeBot/1.0; +claudebot@anthropic.com)"
216.73.216.238 - - [19/May/2026:12:42:14 +0000] "GET /items/O44085374243/ HTTP/1.1" 500 2749 "-" "Mozilla/5.0 AppleWebKit/537.36 (KHTML, like Gecko; compatible; ClaudeBot/1.0; +claudebot@anthropic.com)"
2a03:2880:f806:3d:: - - [19/May/2026:12:42:16 +0000] "GET /items/O44064189163/ HTTP/1.1" 500 2749 "-" "meta-externalagent/1.1 (+https://developers.facebook.com/docs/sharing/webmasters/crawler)"
216.73.216.238 - - [19/May/2026:12:42:19 +0000] "GET /items/O4404486523/ HTTP/1.1" 500 2749 "-" "Mozilla/5.0 AppleWebKit/537.36 (KHTML, like Gecko; compatible; ClaudeBot/1.0; +claudebot@anthropic.com)"
216.73.216.238 - - [19/May/2026:12:42:24 +0000] "GET /items/O44064166341/ HTTP/1.1" 500 2749 "-" "Mozilla/5.0 AppleWebKit/537.36 (KHTML, like Gecko; compatible; ClaudeBot/1.0; +claudebot@anthropic.com)"
216.73.216.238 - - [19/May/2026:12:42:29 +0000] "GET /items/O440853385946/ HTTP/1.1" 500 2749 "-" "Mozilla/5.0 AppleWebKit/537.36 (KHTML, like Gecko; compatible; ClaudeBot/1.0; +claudebot@anthropic.com)"
216.73.216.238 - - [19/May/2026:12:42:34 +0000] "GET /items/O44059615967/ HTTP/1.1" 500 2749 "-" "Mozilla/5.0 AppleWebKit/537.36 (KHTML, like Gecko; compatible; ClaudeBot/1.0; +claudebot@anthropic.com)"
